[INFO] cloning repository https://github.com/EzequielSegura/Eli
[INFO] running `Command { std: "git" "-c" "credential.helper=" "-c" "credential.helper=/workspace/cargo-home/bin/git-credential-null" "clone" "--bare" "https://github.com/EzequielSegura/Eli" "/workspace/cache/git-repos/https%3A%2F%2Fgithub.com%2FEzequielSegura%2FEli", kill_on_drop: false }`
[INFO] [stderr] Cloning into bare repository '/workspace/cache/git-repos/https%3A%2F%2Fgithub.com%2FEzequielSegura%2FEli'...
[INFO] running `Command { std: "git" "rev-parse" "HEAD", kill_on_drop: false }`
[INFO] [stdout] 6f0a38134650e8d0364aee3f9375706618960d38
[INFO] testing EzequielSegura/Eli against 1.99.0-beta.8+cargoflags=--release for beta-release-1.100-2
[INFO] running `Command { std: "git" "clone" "/workspace/cache/git-repos/https%3A%2F%2Fgithub.com%2FEzequielSegura%2FEli" "/workspace/builds/worker-3-tc1/source", kill_on_drop: false }`
[INFO] [stderr] Cloning into '/workspace/builds/worker-3-tc1/source'...
[INFO] [stderr] done.
[INFO] started tweaking git repo https://github.com/EzequielSegura/Eli
[INFO] finished tweaking git repo https://github.com/EzequielSegura/Eli
[INFO] tweaked toml for git repo https://github.com/EzequielSegura/Eli written to /workspace/builds/worker-3-tc1/source/Cargo.toml
[INFO] validating manifest of git repo https://github.com/EzequielSegura/Eli on toolchain 1.99.0-beta.8
[INFO] running `Command { std: CARGO_HOME="/workspace/cargo-home" RUSTUP_HOME="/workspace/rustup-home" "/workspace/cargo-home/bin/cargo" "+1.99.0-beta.8" "metadata" "--manifest-path" "Cargo.toml" "--no-deps", kill_on_drop: false }`
[INFO] crate git repo https://github.com/EzequielSegura/Eli already has a lockfile, it will not be regenerated
[INFO] running `Command { std: CARGO_HOME="/workspace/cargo-home" RUSTUP_HOME="/workspace/rustup-home" "/workspace/cargo-home/bin/cargo" "+1.99.0-beta.8" "fetch" "--manifest-path" "Cargo.toml", kill_on_drop: false }`
[INFO] [stderr]     Updating crates.io index
[INFO] [stderr]  Downloading crates ...
[INFO] [stderr]   Downloaded vt100 v0.16.2
[INFO] [stderr]   Downloaded tree-sitter v0.26.13
[INFO] [stderr]   Downloaded ratatui-code-editor v0.0.6
[INFO] [stderr]   Downloaded shell-words v1.1.1
[INFO] [stderr]   Downloaded portable-pty v0.9.0
[INFO] [stderr]   Downloaded serial2 v0.2.38
[INFO] [stderr]   Downloaded tree-sitter-c-sharp v0.23.5
[INFO] [stderr]   Downloaded color-spantrace v0.3.0
[INFO] [stderr]   Downloaded color-eyre v0.6.5
[INFO] running `Command { std: "docker" "create" "-v" "/var/lib/crater-agent-workspace/builds/worker-3-tc1/source:/opt/rustwide/workdir:ro,Z" "-v" "/var/lib/crater-agent-workspace/builds/worker-3-tc1/target:/opt/rustwide/target:rw,Z" "-v" "/var/lib/crater-agent-workspace/cargo-home:/opt/rustwide/cargo-home:ro,Z" "-v" "/var/lib/crater-agent-workspace/rustup-home:/opt/rustwide/rustup-home:ro,Z" "-m" "1610612736" "--network" "none" "ghcr.io/rust-lang/crates-build-env/linux@sha256:77db811e55d90add9212f6832c23229e3de5f1c1f9905e8cb07319ea15df73ac" "sleep" "infinity", kill_on_drop: false }`
[INFO] [stdout] d2b412f7d5d8c288202808096fb93ec3cdadd3947044d03f36eb06c08e372498
[INFO] running `Command { std: "docker" "start" "d2b412f7d5d8c288202808096fb93ec3cdadd3947044d03f36eb06c08e372498", kill_on_drop: false }`
[INFO] running `Command { std: "docker" "inspect" "d2b412f7d5d8c288202808096fb93ec3cdadd3947044d03f36eb06c08e372498", kill_on_drop: false }`
[INFO] running `Command { std: "docker" "exec" "-e" "SOURCE_DIR=/opt/rustwide/workdir" "-e" "CARGO_HOME=/opt/rustwide/cargo-home" "-e" "RUSTUP_HOME=/opt/rustwide/rustup-home" "-e" "CARGO_TARGET_DIR=/opt/rustwide/target" "-w" "/opt/rustwide/workdir" "--user" "0:0" "d2b412f7d5d8c288202808096fb93ec3cdadd3947044d03f36eb06c08e372498" "/opt/rustwide/cargo-home/bin/cargo" "+1.99.0-beta.8" "metadata" "--no-deps" "--format-version=1", kill_on_drop: false }`
[INFO] running `Command { std: "docker" "inspect" "d2b412f7d5d8c288202808096fb93ec3cdadd3947044d03f36eb06c08e372498", kill_on_drop: false }`
[INFO] running `Command { std: "docker" "exec" "-e" "SOURCE_DIR=/opt/rustwide/workdir" "-e" "CARGO_HOME=/opt/rustwide/cargo-home" "-e" "RUSTUP_HOME=/opt/rustwide/rustup-home" "-e" "CARGO_TARGET_DIR=/opt/rustwide/target" "-e" "CARGO_INCREMENTAL=0" "-e" "RUST_BACKTRACE=full" "-e" "RUSTFLAGS=--cap-lints=warn" "-e" "RUSTDOCFLAGS=--cap-lints=warn" "-w" "/opt/rustwide/workdir" "--user" "0:0" "d2b412f7d5d8c288202808096fb93ec3cdadd3947044d03f36eb06c08e372498" "/opt/rustwide/cargo-home/bin/cargo" "+1.99.0-beta.8" "build" "--frozen" "--message-format=json" "--release", kill_on_drop: false }`
[INFO] [stderr]    Compiling find-msvc-tools v0.1.11
[INFO] [stderr]    Compiling tree-sitter-language v0.1.7
[INFO] [stderr]    Compiling cfg-if v1.0.4
[INFO] [stderr]    Compiling memchr v2.8.3
[INFO] [stderr]    Compiling bitflags v2.13.1
[INFO] [stderr]    Compiling log v0.4.34
[INFO] [stderr]    Compiling equivalent v1.0.2
[INFO] [stderr]    Compiling allocator-api2 v0.2.21
[INFO] [stderr]    Compiling foldhash v0.2.0
[INFO] [stderr]    Compiling typenum v1.20.1
[INFO] [stderr]    Compiling thiserror v2.0.20
[INFO] [stderr]    Compiling rustix v1.1.4
[INFO] [stderr]    Compiling libc v0.2.189
[INFO] [stderr]    Compiling smallvec v1.15.2
[INFO] [stderr]    Compiling syn v2.0.119
[INFO] [stderr]    Compiling syn v3.0.4
[INFO] [stderr]    Compiling unicode-width v0.2.2
[INFO] [stderr]    Compiling cc v1.4.4
[INFO] [stderr]    Compiling either v1.18.0
[INFO] [stderr]    Compiling itoa v1.0.18
[INFO] [stderr]    Compiling linux-raw-sys v0.12.1
[INFO] [stderr]    Compiling castaway v0.2.4
[INFO] [stderr]    Compiling unicode-segmentation v1.13.3
[INFO] [stderr]    Compiling scopeguard v1.2.0
[INFO] [stderr]    Compiling static_assertions v1.1.0
[INFO] [stderr]    Compiling signal-hook v0.3.18
[INFO] [stderr]    Compiling regex-syntax v0.8.11
[INFO] [stderr]    Compiling serde_core v1.0.229
[INFO] [stderr]    Compiling itertools v0.14.0
[INFO] [stderr]    Compiling once_cell v1.21.4
[INFO] [stderr]    Compiling ryu v1.0.23
[INFO] [stderr]    Compiling compact_str v0.9.1
[INFO] [stderr]    Compiling hashbrown v0.17.1
[INFO] [stderr]    Compiling hashbrown v0.16.1
[INFO] [stderr]    Compiling lock_api v0.4.14
[INFO] [stderr]    Compiling hybrid-array v0.4.14
[INFO] [stderr]    Compiling convert_case v0.10.0
[INFO] [stderr]    Compiling aho-corasick v1.1.5
[INFO] [stderr]    Compiling block-buffer v0.12.1
[INFO] [stderr]    Compiling crypto-common v0.2.2
[INFO] [stderr]    Compiling critical-section v1.2.0
[INFO] [stderr]    Compiling unicase v2.9.0
[INFO] [stderr]    Compiling instability v0.3.13
[INFO] [stderr]    Compiling serde_json v1.0.151
[INFO] [stderr]    Compiling const-oid v0.10.2
[INFO] [stderr]    Compiling errno v0.3.14
[INFO] [stderr]    Compiling parking_lot_core v0.9.12
[INFO] [stderr]    Compiling signal-hook-registry v1.4.8
[INFO] [stderr]    Compiling mio v1.2.2
[INFO] [stderr]    Compiling indexmap v2.14.0
[INFO] [stderr]    Compiling lru v0.18.2
[INFO] [stderr]    Compiling mime_guess v2.0.5
[INFO] [stderr]    Compiling parking_lot v0.12.5
[INFO] [stderr]    Compiling tracing-core v0.1.36
[INFO] [stderr]    Compiling unicode-truncate v2.0.1
[INFO] [stderr]    Compiling digest v0.11.3
[INFO] [stderr]    Compiling bstr v1.13.1
[INFO] [stderr]    Compiling lazy_static v1.5.0
[INFO] [stderr]    Compiling cpufeatures v0.3.1
[INFO] [stderr]    Compiling indoc v2.0.7
[INFO] [stderr]    Compiling sha2 v0.11.0
[INFO] [stderr]    Compiling sharded-slab v0.1.7
[INFO] [stderr]    Compiling signal-hook-mio v0.2.5
[INFO] [stderr]    Compiling thread_local v1.1.10
[INFO] [stderr]    Compiling powerfmt v0.2.0
[INFO] [stderr]    Compiling regex-automata v0.4.18
[INFO] [stderr]    Compiling num-conv v0.2.2
[INFO] [stderr]    Compiling pin-project-lite v0.2.17
[INFO] [stderr]    Compiling cfg_aliases v0.1.1
[INFO] [stderr]    Compiling time-core v0.1.9
[INFO] [stderr]    Compiling strum_macros v0.28.0
[INFO] [stderr]    Compiling derive_more-impl v2.1.1
[INFO] [stderr]    Compiling num_threads v0.1.7
[INFO] [stderr]    Compiling deranged v0.5.8
[INFO] [stderr]    Compiling object v0.37.3
[INFO] [stderr]    Compiling same-file v1.0.6
[INFO] [stderr]    Compiling mime v0.3.17
[INFO] [stderr]    Compiling walkdir v2.5.0
[INFO] [stderr]    Compiling tracing-subscriber v0.3.23
[INFO] [stderr]    Compiling thiserror-impl v1.0.69
[INFO] [stderr]    Compiling derive_more v2.1.1
[INFO] [stderr]    Compiling nix v0.28.0
[INFO] [stderr]    Compiling eyre v0.6.14
[INFO] [stderr]    Compiling tracing v0.1.44
[INFO] [stderr]    Compiling tree-sitter-yaml v0.7.2
[INFO] [stderr]    Compiling tree-sitter-toml-ng v0.7.0
[INFO] [stderr]    Compiling tree-sitter-json v0.24.8
[INFO] [stderr]    Compiling tree-sitter-python v0.25.0
[INFO] [stderr]    Compiling tree-sitter-java v0.23.5
[INFO] [stderr]    Compiling tree-sitter-css v0.25.0
[INFO] [stderr]    Compiling tree-sitter-c-sharp v0.23.5
[INFO] [stderr]    Compiling tree-sitter-md v0.5.3
[INFO] [stderr]    Compiling tree-sitter-bash v0.25.1
[INFO] [stderr]    Compiling tree-sitter-typescript v0.23.2
[INFO] [stderr]    Compiling tree-sitter-rust v0.24.2
[INFO] [stderr]    Compiling tree-sitter-javascript v0.25.0
[INFO] [stderr]    Compiling tree-sitter-html v0.23.2
[INFO] [stderr]    Compiling tree-sitter-go v0.25.0
[INFO] [stderr]    Compiling darling_core v0.24.1
[INFO] [stderr]    Compiling tree-sitter-cpp v0.23.4
[INFO] [stderr]    Compiling tree-sitter-c v0.24.2
[INFO] [stderr]    Compiling line-clipping v0.3.8
[INFO] [stderr]    Compiling gimli v0.32.3
[INFO] [stderr]    Compiling adler2 v2.0.1
[INFO] [stderr]    Compiling x11rb-protocol v0.13.2
[INFO] [stderr]    Compiling color-spantrace v0.3.0
[INFO] [stderr]    Compiling thiserror v1.0.69
[INFO] [stderr]    Compiling miniz_oxide v0.8.9
[INFO] [stderr]    Compiling time v0.3.55
[INFO] [stderr]    Compiling strum v0.28.0
[INFO] [stderr]    Compiling tracing-error v0.2.1
[INFO] [stderr]    Compiling globset v0.4.20
[INFO] [stderr]    Compiling rust-embed-utils v8.12.0
[INFO] [stderr]    Compiling thiserror-impl v2.0.20
[INFO] [stderr]    Compiling tree-sitter v0.26.13
[INFO] [stderr]    Compiling crossterm v0.29.0
[INFO] [stderr]    Compiling kasuari v0.4.12
[INFO] [stderr]    Compiling gethostname v1.1.0
[INFO] [stderr]    Compiling addr2line v0.25.1
[INFO] [stderr]    Compiling rust-embed-impl v8.12.0
[INFO] [stderr]    Compiling regex v1.13.1
[INFO] [stderr]    Compiling ratatui-core v0.1.2
[INFO] [stderr]    Compiling darling_macro v0.24.1
[INFO] [stderr]    Compiling darling v0.24.1
[INFO] [stderr]    Compiling anyhow v1.0.104
[INFO] [stderr]    Compiling arrayvec v0.7.8
[INFO] [stderr]    Compiling rustc-demangle v0.1.28
[INFO] [stderr]    Compiling owo-colors v4.4.0
[INFO] [stderr]    Compiling percent-encoding v2.3.2
[INFO] [stderr]    Compiling str_indices v0.4.4
[INFO] [stderr]    Compiling indenter v0.3.4
[INFO] [stderr]    Compiling streaming-iterator v0.1.9
[INFO] [stderr]    Compiling ropey v1.6.1
[INFO] [stderr]    Compiling vte v0.15.0
[INFO] [stderr]    Compiling ratatui-widgets v0.3.2
[INFO] [stderr]    Compiling ratatui-crossterm v0.1.2
[INFO] [stderr]    Compiling rust-embed v8.12.0
[INFO] [stderr]    Compiling filedescriptor v0.8.3
[INFO] [stderr]    Compiling serial2 v0.2.38
[INFO] [stderr]    Compiling shell-words v1.1.1
[INFO] [stderr]    Compiling downcast-rs v1.2.1
[INFO] [stderr]    Compiling similar v2.7.0
[INFO] [stderr]    Compiling vt100 v0.16.2
[INFO] [stderr]    Compiling x11rb v0.13.2
[INFO] [stderr]    Compiling portable-pty v0.9.0
[INFO] [stderr]    Compiling ratatui-macros v0.7.2
[INFO] [stderr]    Compiling ratatui v0.30.2
[INFO] [stderr]    Compiling arboard v3.6.1
[INFO] [stderr]    Compiling backtrace v0.3.76
[INFO] [stderr]    Compiling color-eyre v0.6.5
[INFO] [stderr]    Compiling ratatui-code-editor v0.0.6
[INFO] [stderr]    Compiling eli v0.1.0 (/opt/rustwide/workdir)
[INFO] [stderr]     Finished `release` profile [optimized] target(s) in 2m 25s
[INFO] running `Command { std: "docker" "inspect" "d2b412f7d5d8c288202808096fb93ec3cdadd3947044d03f36eb06c08e372498", kill_on_drop: false }`
[INFO] running `Command { std: "docker" "exec" "-e" "SOURCE_DIR=/opt/rustwide/workdir" "-e" "CARGO_HOME=/opt/rustwide/cargo-home" "-e" "RUSTUP_HOME=/opt/rustwide/rustup-home" "-e" "CARGO_TARGET_DIR=/opt/rustwide/target" "-e" "CARGO_INCREMENTAL=0" "-e" "RUST_BACKTRACE=full" "-e" "RUSTFLAGS=--cap-lints=warn" "-e" "RUSTDOCFLAGS=--cap-lints=warn" "-w" "/opt/rustwide/workdir" "--user" "0:0" "d2b412f7d5d8c288202808096fb93ec3cdadd3947044d03f36eb06c08e372498" "/opt/rustwide/cargo-home/bin/cargo" "+1.99.0-beta.8" "test" "--frozen" "--no-run" "--message-format=json" "--release", kill_on_drop: false }`
[INFO] [stderr]    Compiling eli v0.1.0 (/opt/rustwide/workdir)
[INFO] [stderr]     Finished `release` profile [optimized] target(s) in 38.54s
[INFO] running `Command { std: "docker" "inspect" "d2b412f7d5d8c288202808096fb93ec3cdadd3947044d03f36eb06c08e372498", kill_on_drop: false }`
[INFO] running `Command { std: "docker" "exec" "-e" "SOURCE_DIR=/opt/rustwide/workdir" "-e" "CARGO_HOME=/opt/rustwide/cargo-home" "-e" "RUSTUP_HOME=/opt/rustwide/rustup-home" "-e" "CARGO_TARGET_DIR=/opt/rustwide/target" "-e" "CARGO_INCREMENTAL=0" "-e" "RUST_BACKTRACE=full" "-e" "RUSTFLAGS=--cap-lints=warn" "-e" "RUSTDOCFLAGS=--cap-lints=warn" "-w" "/opt/rustwide/workdir" "--user" "0:0" "d2b412f7d5d8c288202808096fb93ec3cdadd3947044d03f36eb06c08e372498" "/opt/rustwide/cargo-home/bin/cargo" "+1.99.0-beta.8" "test" "--frozen" "--release", kill_on_drop: false }`
[INFO] [stderr]     Finished `release` profile [optimized] target(s) in 0.21s
[INFO] [stderr]      Running unittests src/main.rs (/opt/rustwide/target/release/deps/eli-4f5561d5c4c6c4ee)
[INFO] [stdout] 
[INFO] [stdout] running 39 tests
[INFO] [stdout] test cli::tests::parse_ayuda ... ok
[INFO] [stdout] test cli::tests::parse_version ... ok
[INFO] [stdout] test config::tests::colores_hex ... ok
[INFO] [stdout] test cli::tests::parse_dos_argumentos ... ok
[INFO] [stdout] test cli::tests::parse_archivo ... ok
[INFO] [stdout] test config::tests::parsea_claves_y_valores ... ok
[INFO] [stdout] test config::tests::parsea_acordes ... ok
[INFO] [stdout] test config::tests::remapea_atajos ... ok
[INFO] [stdout] test config::tests::valores_invalidos_mantienen_default ... ok
[INFO] [stdout] test config::tests::nombres_de_color ... ok
[INFO] [stdout] test event::tests::ayuda_con_atajo_remapeado ... ok
[INFO] [stdout] test event::tests::copiar_y_pegar_en_carpeta ... ok
[INFO] [stdout] test event::tests::cortar_mueve_archivo ... ok
[INFO] [stdout] test cli::tests::parse_sin_argumentos ... ok
[INFO] [stdout] test event::tests::atajo_remapeado_cambia_el_disparador ... ok
[INFO] [stdout] test event::tests::buscar_y_avanzar_en_buffer ... ok
[INFO] [stdout] test cli::tests::parse_opcion_desconocida ... ok
[INFO] [stdout] test event::tests::cambio_externo_detecta_y_recarga ... ok
[INFO] [stdout] test event::tests::picker_filtra_y_abre_archivo ... ok
[INFO] [stdout] test event::tests::cambio_externo_mantener_actual ... ok
[INFO] [stdout] test config::tests::deteccion_de_cambios_de_fuente ... ok
[INFO] [stdout] test event::tests::crear_archivo_vacia_dialogo ... ok
[INFO] [stdout] test event::tests::goto_line_mueve_cursor ... ok
[INFO] [stdout] test event::tests::ctrl_d_abre_confirmacion ... ok
[INFO] [stdout] test event::tests::q_sin_ctrl_no_cierra ... ok
[INFO] [stdout] test event::tests::renombrar_archivo ... ok
[INFO] [stdout] test event::tests::f1_abre_y_cierra_ayuda ... ok
[INFO] [stdout] test event::tests::ctrl_p_abre_picker ... ok
[INFO] [stdout] test event::tests::ctrl_q_salir ... ok
[INFO] [stdout] test event::tests::reemplazar_todo ... ok
[INFO] [stdout] test event::tests::ctrl_u_abre_nueva_carpeta ... ok
[INFO] [stdout] test event::tests::ctrl_n_abre_nuevo_archivo ... ok
[INFO] [stdout] test event::tests::ctrl_q_sigue_siendo_la_tecla_de_salir ... ok
[INFO] [stdout] test event::tests::ctrl_t_abre_y_cierra_terminal ... ok
[INFO] [stdout] test event::tests::terminal_ejecuta_y_muestra_salida ... FAILED
[INFO] [stdout] test event::tests::terminal_ctrl_c_interrumpe_comando ... FAILED
[INFO] [stdout] test event::tests::terminal_osc7_sincroniza_cwd ... FAILED
[INFO] [stdout] test event::tests::terminal_arranca_y_muestra_prompt ... FAILED
[INFO] [stdout] test event::tests::terminal_resurge_despues_de_exit ... FAILED
[INFO] [stdout] 
[INFO] [stdout] failures:
[INFO] [stdout] 
[INFO] [stdout] ---- event::tests::terminal_ejecuta_y_muestra_salida stdout ----
[INFO] [stdout] 
[INFO] [stdout] thread 'event::tests::terminal_ejecuta_y_muestra_salida' (3025) panicked at src/event.rs:895:13:
[INFO] [stdout] La terminal no llegó al estado esperado.
[INFO] [stdout] Contenido actual:
[INFO] [stdout] root@d2b412f7d5d8:/opt/rustwide/workdir# 
[INFO] [stdout] stack backtrace:
[INFO] [stdout]    0:     0x5dcc39608435 - <unknown>
[INFO] [stdout]    1:     0x5dcc394deb7a - <unknown>
[INFO] [stdout]    2:     0x5dcc39607acb - <unknown>
[INFO] [stdout]    3:     0x5dcc396075af - <unknown>
[INFO] [stdout]    4:     0x5dcc396071da - <unknown>
[INFO] [stdout]    5:     0x5dcc39606d12 - <unknown>
[INFO] [stdout]    6:     0x5dcc3962dc91 - <unknown>
[INFO] [stdout]    7:     0x5dcc3962dc49 - <unknown>
[INFO] [stdout]    8:     0x5dcc3962e15c - <unknown>
[INFO] [stdout]    9:     0x5dcc394dea0b - <unknown>
[INFO] [stdout]   10:     0x5dcc394fb6f1 - <unknown>
[INFO] [stdout]   11:     0x5dcc3964c92b - <unknown>
[INFO] [stdout]   12:     0x5dcc3964858c - <unknown>
[INFO] [stdout]   13:     0x5dcc39647cbc - <unknown>
[INFO] [stdout]   14:     0x5dcc396629ac - <unknown>
[INFO] [stdout]   15:     0x5dcc3962f802 - <unknown>
[INFO] [stdout]   16:     0x74b623812dfa - <unknown>
[INFO] [stdout]   17:     0x74b6238a63d4 - clone
[INFO] [stdout]   18:                0x0 - <unknown>
[INFO] [stdout] 
[INFO] [stdout] ---- event::tests::terminal_ctrl_c_interrumpe_comando stdout ----
[INFO] [stdout] 
[INFO] [stdout] thread 'event::tests::terminal_ctrl_c_interrumpe_comando' (3024) panicked at src/event.rs:895:13:
[INFO] [stdout] La terminal no llegó al estado esperado.
[INFO] [stdout] Contenido actual:
[INFO] [stdout] root@d2b412f7d5d8:/opt/rustwide/workdir# 
[INFO] [stdout] stack backtrace:
[INFO] [stdout]    0:     0x5dcc39608435 - <unknown>
[INFO] [stdout]    1:     0x5dcc394deb7a - <unknown>
[INFO] [stdout]    2:     0x5dcc39607acb - <unknown>
[INFO] [stdout]    3:     0x5dcc396075af - <unknown>
[INFO] [stdout]    4:     0x5dcc396071da - <unknown>
[INFO] [stdout]    5:     0x5dcc39606d12 - <unknown>
[INFO] [stdout]    6:     0x5dcc3962dc91 - <unknown>
[INFO] [stdout]    7:     0x5dcc3962dc49 - <unknown>
[INFO] [stdout]    8:     0x5dcc3962e15c - <unknown>
[INFO] [stdout]    9:     0x5dcc394dea0b - <unknown>
[INFO] [stdout]   10:     0x5dcc394fc112 - <unknown>
[INFO] [stdout]   11:     0x5dcc3964c92b - <unknown>
[INFO] [stdout]   12:     0x5dcc3964858c - <unknown>
[INFO] [stdout]   13:     0x5dcc39647cbc - <unknown>
[INFO] [stdout]   14:     0x5dcc396629ac - <unknown>
[INFO] [stdout]   15:     0x5dcc3962f802 - <unknown>
[INFO] [stdout]   16:     0x74b623812dfa - <unknown>
[INFO] [stdout]   17:     0x74b6238a63d4 - clone
[INFO] [stdout]   18:                0x0 - <unknown>
[INFO] [stdout] 
[INFO] [stdout] ---- event::tests::terminal_osc7_sincroniza_cwd stdout ----
[INFO] [stdout] 
[INFO] [stdout] thread 'event::tests::terminal_osc7_sincroniza_cwd' (3026) panicked at src/event.rs:895:13:
[INFO] [stdout] La terminal no llegó al estado esperado.
[INFO] [stdout] Contenido actual:
[INFO] [stdout] root@d2b412f7d5d8:/opt/rustwide/workdir# 
[INFO] [stdout] stack backtrace:
[INFO] [stdout]    0:     0x5dcc39608435 - <unknown>
[INFO] [stdout]    1:     0x5dcc394deb7a - <unknown>
[INFO] [stdout]    2:     0x5dcc39607acb - <unknown>
[INFO] [stdout]    3:     0x5dcc396075af - <unknown>
[INFO] [stdout]    4:     0x5dcc396071da - <unknown>
[INFO] [stdout]    5:     0x5dcc39606d12 - <unknown>
[INFO] [stdout]    6:     0x5dcc3962dc91 - <unknown>
[INFO] [stdout]    7:     0x5dcc3962dc49 - <unknown>
[INFO] [stdout]    8:     0x5dcc3962e15c - <unknown>
[INFO] [stdout]    9:     0x5dcc394dea0b - <unknown>
[INFO] [stdout]   10:     0x5dcc394fb0e0 - <unknown>
[INFO] [stdout]   11:     0x5dcc3964c92b - <unknown>
[INFO] [stdout]   12:     0x5dcc3964858c - <unknown>
[INFO] [stdout]   13:     0x5dcc39647cbc - <unknown>
[INFO] [stdout]   14:     0x5dcc396629ac - <unknown>
[INFO] [stdout]   15:     0x5dcc3962f802 - <unknown>
[INFO] [stdout]   16:     0x74b623812dfa - <unknown>
[INFO] [stdout]   17:     0x74b6238a63d4 - clone
[INFO] [stdout]   18:                0x0 - <unknown>
[INFO] [stdout] 
[INFO] [stdout] ---- event::tests::terminal_arranca_y_muestra_prompt stdout ----
[INFO] [stdout] 
[INFO] [stdout] thread 'event::tests::terminal_arranca_y_muestra_prompt' (3023) panicked at src/event.rs:895:13:
[INFO] [stdout] La terminal no llegó al estado esperado.
[INFO] [stdout] Contenido actual:
[INFO] [stdout] root@d2b412f7d5d8:/opt/rustwide/workdir# 
[INFO] [stdout] stack backtrace:
[INFO] [stdout]    0:     0x5dcc39608435 - <unknown>
[INFO] [stdout]    1:     0x5dcc394deb7a - <unknown>
[INFO] [stdout]    2:     0x5dcc39607acb - <unknown>
[INFO] [stdout]    3:     0x5dcc396075af - <unknown>
[INFO] [stdout]    4:     0x5dcc396071da - <unknown>
[INFO] [stdout]    5:     0x5dcc39606d12 - <unknown>
[INFO] [stdout]    6:     0x5dcc3962dc91 - <unknown>
[INFO] [stdout]    7:     0x5dcc3962dc49 - <unknown>
[INFO] [stdout]    8:     0x5dcc3962e15c - <unknown>
[INFO] [stdout]    9:     0x5dcc394dea0b - <unknown>
[INFO] [stdout]   10:     0x5dcc394fc618 - <unknown>
[INFO] [stdout]   11:     0x5dcc3964c92b - <unknown>
[INFO] [stdout]   12:     0x5dcc3964858c - <unknown>
[INFO] [stdout]   13:     0x5dcc39647cbc - <unknown>
[INFO] [stdout]   14:     0x5dcc396629ac - <unknown>
[INFO] [stdout]   15:     0x5dcc3962f802 - <unknown>
[INFO] [stdout]   16:     0x74b623812dfa - <unknown>
[INFO] [stdout]   17:     0x74b6238a63d4 - clone
[INFO] [stdout]   18:                0x0 - <unknown>
[INFO] [stdout] 
[INFO] [stdout] ---- event::tests::terminal_resurge_despues_de_exit stdout ----
[INFO] [stdout] 
[INFO] [stdout] thread 'event::tests::terminal_resurge_despues_de_exit' (3027) panicked at src/event.rs:895:13:
[INFO] [stdout] La terminal no llegó al estado esperado.
[INFO] [stdout] Contenido actual:
[INFO] [stdout] root@d2b412f7d5d8:/opt/rustwide/workdir# 
[INFO] [stdout] stack backtrace:
[INFO] [stdout]    0:     0x5dcc39608435 - <unknown>
[INFO] [stdout]    1:     0x5dcc394deb7a - <unknown>
[INFO] [stdout]    2:     0x5dcc39607acb - <unknown>
[INFO] [stdout]    3:     0x5dcc396075af - <unknown>
[INFO] [stdout]    4:     0x5dcc396071da - <unknown>
[INFO] [stdout]    5:     0x5dcc39606d12 - <unknown>
[INFO] [stdout]    6:     0x5dcc3962dc91 - <unknown>
[INFO] [stdout]    7:     0x5dcc3962dc49 - <unknown>
[INFO] [stdout]    8:     0x5dcc3962e15c - <unknown>
[INFO] [stdout]    9:     0x5dcc394dea0b - <unknown>
[INFO] [stdout]   10:     0x5dcc394fa7f5 - <unknown>
[INFO] [stdout]   11:     0x5dcc3964c92b - <unknown>
[INFO] [stdout]   12:     0x5dcc3964858c - <unknown>
[INFO] [stdout]   13:     0x5dcc39647cbc - <unknown>
[INFO] [stdout]   14:     0x5dcc396629ac - <unknown>
[INFO] [stdout]   15:     0x5dcc3962f802 - <unknown>
[INFO] [stdout]   16:     0x74b623812dfa - <unknown>
[INFO] [stdout]   17:     0x74b6238a63d4 - clone
[INFO] [stdout]   18:                0x0 - <unknown>
[INFO] [stdout] 
[INFO] [stdout] 
[INFO] [stdout] failures:
[INFO] [stderr] error: test failed, to rerun pass `--bin eli`
[INFO] [stdout]     event::tests::terminal_arranca_y_muestra_prompt
[INFO] [stdout]     event::tests::terminal_ctrl_c_interrumpe_comando
[INFO] [stdout]     event::tests::terminal_ejecuta_y_muestra_salida
[INFO] [stdout]     event::tests::terminal_osc7_sincroniza_cwd
[INFO] [stdout]     event::tests::terminal_resurge_despues_de_exit
[INFO] [stdout] 
[INFO] [stdout] test result: FAILED. 34 passed; 5 failed; 0 ignored; 0 measured; 0 filtered out; finished in 8.09s
[INFO] [stdout] 
[INFO] running `Command { std: "docker" "inspect" "d2b412f7d5d8c288202808096fb93ec3cdadd3947044d03f36eb06c08e372498", kill_on_drop: false }`
[INFO] running `Command { std: "docker" "rm" "-f" "d2b412f7d5d8c288202808096fb93ec3cdadd3947044d03f36eb06c08e372498", kill_on_drop: false }`
[INFO] [stdout] d2b412f7d5d8c288202808096fb93ec3cdadd3947044d03f36eb06c08e372498
