[INFO] cloning repository https://github.com/Dicklesworthstone/aadc
[INFO] running `Command { std: "git" "-c" "credential.helper=" "-c" "credential.helper=/workspace/cargo-home/bin/git-credential-null" "clone" "--bare" "https://github.com/Dicklesworthstone/aadc" "/workspace/cache/git-repos/https%3A%2F%2Fgithub.com%2FDicklesworthstone%2Faadc", kill_on_drop: false }`
[INFO] [stderr] Cloning into bare repository '/workspace/cache/git-repos/https%3A%2F%2Fgithub.com%2FDicklesworthstone%2Faadc'...
[INFO] running `Command { std: "git" "rev-parse" "HEAD", kill_on_drop: false }`
[INFO] [stdout] 537f9dbd3e220fa1401c55ef94cf61b7d362af00
[INFO] testing Dicklesworthstone/aadc against 1.100.0-beta.1+cargoflags=--release for beta-release-1.100-2
[INFO] running `Command { std: "git" "clone" "/workspace/cache/git-repos/https%3A%2F%2Fgithub.com%2FDicklesworthstone%2Faadc" "/workspace/builds/worker-7-tc2/source", kill_on_drop: false }`
[INFO] [stderr] Cloning into '/workspace/builds/worker-7-tc2/source'...
[INFO] [stderr] done.
[INFO] removed /workspace/builds/worker-7-tc2/source/.cargo/config.toml
[INFO] removed /workspace/builds/worker-7-tc2/source/rust-toolchain.toml
[INFO] started tweaking git repo https://github.com/Dicklesworthstone/aadc
[INFO] finished tweaking git repo https://github.com/Dicklesworthstone/aadc
[INFO] tweaked toml for git repo https://github.com/Dicklesworthstone/aadc written to /workspace/builds/worker-7-tc2/source/Cargo.toml
[INFO] validating manifest of git repo https://github.com/Dicklesworthstone/aadc on toolchain 1.100.0-beta.1
[INFO] running `Command { std: CARGO_HOME="/workspace/cargo-home" RUSTUP_HOME="/workspace/rustup-home" "/workspace/cargo-home/bin/cargo" "+1.100.0-beta.1" "metadata" "--manifest-path" "Cargo.toml" "--no-deps", kill_on_drop: false }`
[INFO] crate git repo https://github.com/Dicklesworthstone/aadc already has a lockfile, it will not be regenerated
[INFO] running `Command { std: CARGO_HOME="/workspace/cargo-home" RUSTUP_HOME="/workspace/rustup-home" "/workspace/cargo-home/bin/cargo" "+1.100.0-beta.1" "fetch" "--manifest-path" "Cargo.toml", kill_on_drop: false }`
[INFO] running `Command { std: "docker" "create" "-v" "/var/lib/crater-agent-workspace/builds/worker-7-tc2/source:/opt/rustwide/workdir:ro,Z" "-v" "/var/lib/crater-agent-workspace/builds/worker-7-tc2/target:/opt/rustwide/target:rw,Z" "-v" "/var/lib/crater-agent-workspace/cargo-home:/opt/rustwide/cargo-home:ro,Z" "-v" "/var/lib/crater-agent-workspace/rustup-home:/opt/rustwide/rustup-home:ro,Z" "-m" "1610612736" "--network" "none" "ghcr.io/rust-lang/crates-build-env/linux@sha256:77db811e55d90add9212f6832c23229e3de5f1c1f9905e8cb07319ea15df73ac" "sleep" "infinity", kill_on_drop: false }`
[INFO] [stdout] 92922ec4219cfbecd55ac9361d0b47c1829e311e1059fee96a5a4993c8371bf5
[INFO] running `Command { std: "docker" "start" "92922ec4219cfbecd55ac9361d0b47c1829e311e1059fee96a5a4993c8371bf5", kill_on_drop: false }`
[INFO] running `Command { std: "docker" "inspect" "92922ec4219cfbecd55ac9361d0b47c1829e311e1059fee96a5a4993c8371bf5", kill_on_drop: false }`
[INFO] running `Command { std: "docker" "exec" "-e" "SOURCE_DIR=/opt/rustwide/workdir" "-e" "CARGO_HOME=/opt/rustwide/cargo-home" "-e" "RUSTUP_HOME=/opt/rustwide/rustup-home" "-e" "CARGO_TARGET_DIR=/opt/rustwide/target" "-w" "/opt/rustwide/workdir" "--user" "0:0" "92922ec4219cfbecd55ac9361d0b47c1829e311e1059fee96a5a4993c8371bf5" "/opt/rustwide/cargo-home/bin/cargo" "+1.100.0-beta.1" "metadata" "--no-deps" "--format-version=1", kill_on_drop: false }`
[INFO] running `Command { std: "docker" "inspect" "92922ec4219cfbecd55ac9361d0b47c1829e311e1059fee96a5a4993c8371bf5", kill_on_drop: false }`
[INFO] running `Command { std: "docker" "exec" "-e" "SOURCE_DIR=/opt/rustwide/workdir" "-e" "CARGO_HOME=/opt/rustwide/cargo-home" "-e" "RUSTUP_HOME=/opt/rustwide/rustup-home" "-e" "CARGO_TARGET_DIR=/opt/rustwide/target" "-e" "CARGO_INCREMENTAL=0" "-e" "RUST_BACKTRACE=full" "-e" "RUSTFLAGS=--cap-lints=warn" "-e" "RUSTDOCFLAGS=--cap-lints=warn" "-w" "/opt/rustwide/workdir" "--user" "0:0" "92922ec4219cfbecd55ac9361d0b47c1829e311e1059fee96a5a4993c8371bf5" "/opt/rustwide/cargo-home/bin/cargo" "+1.100.0-beta.1" "build" "--frozen" "--message-format=json" "--release", kill_on_drop: false }`
[INFO] [stderr]    Compiling libc v0.2.189
[INFO] [stderr]    Compiling proc-macro2 v1.0.107
[INFO] [stderr]    Compiling unicode-ident v1.0.24
[INFO] [stderr]    Compiling quote v1.0.47
[INFO] [stderr]    Compiling memchr v2.8.3
[INFO] [stderr]    Compiling bitflags v2.13.1
[INFO] [stderr]    Compiling autocfg v1.5.1
[INFO] [stderr]    Compiling log v0.4.33
[INFO] [stderr]    Compiling serde_core v1.0.229
[INFO] [stderr]    Compiling cfg-if v1.0.4
[INFO] [stderr]    Compiling regex-syntax v0.8.11
[INFO] [stderr]    Compiling unicode-segmentation v1.13.3
[INFO] [stderr]    Compiling crossbeam-utils v0.8.22
[INFO] [stderr]    Compiling num-traits v0.2.19
[INFO] [stderr]    Compiling parking_lot_core v0.9.12
[INFO] [stderr]    Compiling signal-hook v0.3.18
[INFO] [stderr]    Compiling convert_case v0.10.0
[INFO] [stderr]    Compiling smallvec v1.15.2
[INFO] [stderr]    Compiling aho-corasick v1.1.4
[INFO] [stderr]    Compiling cfg_aliases v0.2.2
[INFO] [stderr]    Compiling utf8parse v0.2.2
[INFO] [stderr]    Compiling crossbeam-epoch v0.9.20
[INFO] [stderr]    Compiling syn v2.0.119
[INFO] [stderr]    Compiling syn v3.0.3
[INFO] [stderr]    Compiling scopeguard v1.2.0
[INFO] [stderr]    Compiling inotify-sys v0.1.8
[INFO] [stderr]    Compiling rustix v1.1.4
[INFO] [stderr]    Compiling num-integer v0.1.46
[INFO] [stderr]    Compiling lock_api v0.4.14
[INFO] [stderr]    Compiling anstyle-parse v1.0.0
[INFO] [stderr]    Compiling nix v0.31.3
[INFO] [stderr]    Compiling errno v0.3.14
[INFO] [stderr]    Compiling mio v1.2.2
[INFO] [stderr]    Compiling signal-hook-registry v1.4.8
[INFO] [stderr]    Compiling regex-automata v0.4.16
[INFO] [stderr]    Compiling anstyle-query v1.1.5
[INFO] [stderr]    Compiling zmij v1.0.23
[INFO] [stderr]    Compiling itoa v1.0.18
[INFO] [stderr]    Compiling equivalent v1.0.2
[INFO] [stderr]    Compiling linux-raw-sys v0.12.1
[INFO] [stderr]    Compiling crossbeam-deque v0.8.7
[INFO] [stderr]    Compiling foldhash v0.2.0
[INFO] [stderr]    Compiling allocator-api2 v0.2.21
[INFO] [stderr]    Compiling bit-vec v0.8.0
[INFO] [stderr]    Compiling powerfmt v0.2.0
[INFO] [stderr]    Compiling same-file v1.0.6
[INFO] [stderr]    Compiling anstyle v1.0.14
[INFO] [stderr]    Compiling colorchoice v1.0.5
[INFO] [stderr]    Compiling litrs v1.0.0
[INFO] [stderr]    Compiling is_terminal_polyfill v1.70.2
[INFO] [stderr]    Compiling derive_more-impl v2.1.1
[INFO] [stderr]    Compiling walkdir v2.5.0
[INFO] [stderr]    Compiling anstream v1.0.0
[INFO] [stderr]    Compiling hashbrown v0.16.1
[INFO] [stderr]    Compiling deranged v0.5.8
[INFO] [stderr]    Compiling bit-set v0.8.0
[INFO] [stderr]    Compiling document-features v0.2.12
[INFO] [stderr]    Compiling derive_more v2.1.1
[INFO] [stderr]    Compiling parking_lot v0.12.5
[INFO] [stderr]    Compiling signal-hook-mio v0.2.5
[INFO] [stderr]    Compiling num-bigint v0.4.8
[INFO] [stderr]    Compiling bstr v1.13.0
[INFO] [stderr]    Compiling winnow v1.0.4
[INFO] [stderr]    Compiling num_threads v0.1.7
[INFO] [stderr]    Compiling strsim v0.11.1
[INFO] [stderr]    Compiling anyhow v1.0.104
[INFO] [stderr]    Compiling option-ext v0.2.0
[INFO] [stderr]    Compiling serde v1.0.229
[INFO] [stderr]    Compiling serde_json v1.0.151
[INFO] [stderr]    Compiling time-core v0.1.8
[INFO] [stderr]    Compiling num-conv v0.2.2
[INFO] [stderr]    Compiling clap_lex v1.1.0
[INFO] [stderr]    Compiling heck v0.5.0
[INFO] [stderr]    Compiling time v0.3.47
[INFO] [stderr]    Compiling dirs-sys v0.5.0
[INFO] [stderr]    Compiling toml_parser v1.1.2+spec-1.1.0
[INFO] [stderr]    Compiling serde_derive v1.0.229
[INFO] [stderr]    Compiling clap_derive v4.6.4
[INFO] [stderr]    Compiling clap_builder v4.6.2
[INFO] [stderr]    Compiling lru v0.16.4
[INFO] [stderr]    Compiling crossterm v0.29.0
[INFO] [stderr]    Compiling num-rational v0.4.2
[INFO] [stderr]    Compiling inotify v0.11.4
[INFO] [stderr]    Compiling fancy-regex v0.17.0
[INFO] [stderr]    Compiling regex v1.13.1
[INFO] [stderr]    Compiling globset v0.4.19
[INFO] [stderr]    Compiling serde_spanned v1.1.1
[INFO] [stderr]    Compiling toml_datetime v1.1.1+spec-1.1.0
[INFO] [stderr]    Compiling os_pipe v1.2.3
[INFO] [stderr]    Compiling stdio-override v0.2.0
[INFO] [stderr]    Compiling notify-types v2.1.0
[INFO] [stderr]    Compiling once_cell v1.21.4
[INFO] [stderr]    Compiling toml_writer v1.1.2+spec-1.1.0
[INFO] [stderr]    Compiling unicode-width v0.2.2
[INFO] [stderr]    Compiling toml v1.1.3+spec-1.1.0
[INFO] [stderr]    Compiling notify v8.2.0
[INFO] [stderr]    Compiling rich_rust v0.2.2
[INFO] [stderr]    Compiling ctrlc v3.5.2
[INFO] [stderr]    Compiling clap v4.6.4
[INFO] [stderr]    Compiling ignore v0.4.30
[INFO] [stderr]    Compiling dirs v6.0.0
[INFO] [stderr]    Compiling similar v3.1.1
[INFO] [stderr]    Compiling aadc v0.1.1 (/opt/rustwide/workdir)
[INFO] [stderr]     Finished `release` profile [optimized] target(s) in 1m 54s
[INFO] running `Command { std: "docker" "inspect" "92922ec4219cfbecd55ac9361d0b47c1829e311e1059fee96a5a4993c8371bf5", kill_on_drop: false }`
[INFO] running `Command { std: "docker" "exec" "-e" "SOURCE_DIR=/opt/rustwide/workdir" "-e" "CARGO_HOME=/opt/rustwide/cargo-home" "-e" "RUSTUP_HOME=/opt/rustwide/rustup-home" "-e" "CARGO_TARGET_DIR=/opt/rustwide/target" "-e" "CARGO_INCREMENTAL=0" "-e" "RUST_BACKTRACE=full" "-e" "RUSTFLAGS=--cap-lints=warn" "-e" "RUSTDOCFLAGS=--cap-lints=warn" "-w" "/opt/rustwide/workdir" "--user" "0:0" "92922ec4219cfbecd55ac9361d0b47c1829e311e1059fee96a5a4993c8371bf5" "/opt/rustwide/cargo-home/bin/cargo" "+1.100.0-beta.1" "test" "--frozen" "--no-run" "--message-format=json" "--release", kill_on_drop: false }`
[INFO] [stderr]    Compiling crossbeam-utils v0.8.22
[INFO] [stderr]    Compiling cfg-if v1.0.4
[INFO] [stderr]    Compiling libc v0.2.189
[INFO] [stderr]    Compiling num-traits v0.2.19
[INFO] [stderr]    Compiling memchr v2.8.3
[INFO] [stderr]    Compiling syn v2.0.119
[INFO] [stderr]    Compiling rustix v1.1.4
[INFO] [stderr]    Compiling bitflags v2.13.1
[INFO] [stderr]    Compiling serde_core v1.0.229
[INFO] [stderr]    Compiling log v0.4.33
[INFO] [stderr]    Compiling regex-syntax v0.8.11
[INFO] [stderr]    Compiling serde v1.0.229
[INFO] [stderr]    Compiling zerocopy v0.8.55
[INFO] [stderr]    Compiling aho-corasick v1.1.4
[INFO] [stderr]    Compiling crossbeam-epoch v0.9.20
[INFO] [stderr]    Compiling shlex v2.0.1
[INFO] [stderr]    Compiling itoa v1.0.18
[INFO] [stderr]    Compiling find-msvc-tools v0.1.9
[INFO] [stderr]    Compiling utf8parse v0.2.2
[INFO] [stderr]    Compiling crossbeam-deque v0.8.7
[INFO] [stderr]    Compiling anstyle-parse v1.0.0
[INFO] [stderr]    Compiling cc v1.4.0
[INFO] [stderr]    Compiling same-file v1.0.6
[INFO] [stderr]    Compiling smallvec v1.15.2
[INFO] [stderr]    Compiling scopeguard v1.2.0
[INFO] [stderr]    Compiling anstyle v1.0.14
[INFO] [stderr]    Compiling either v1.17.0
[INFO] [stderr]    Compiling errno v0.3.14
[INFO] [stderr]    Compiling signal-hook-registry v1.4.8
[INFO] [stderr]    Compiling mio v1.2.2
[INFO] [stderr]    Compiling anstyle-query v1.1.5
[INFO] [stderr]    Compiling linux-raw-sys v0.12.1
[INFO] [stderr]    Compiling is_terminal_polyfill v1.70.2
[INFO] [stderr]    Compiling regex-automata v0.4.16
[INFO] [stderr]    Compiling rayon-core v1.13.0
[INFO] [stderr]    Compiling colorchoice v1.0.5
[INFO] [stderr]    Compiling anstream v1.0.0
[INFO] [stderr]    Compiling alloca v0.4.0
[INFO] [stderr]    Compiling signal-hook v0.3.18
[INFO] [stderr]    Compiling num-integer v0.1.46
[INFO] [stderr]    Compiling parking_lot_core v0.9.12
[INFO] [stderr]    Compiling lock_api v0.4.14
[INFO] [stderr]    Compiling walkdir v2.5.0
[INFO] [stderr]    Compiling zmij v1.0.23
[INFO] [stderr]    Compiling powerfmt v0.2.0
[INFO] [stderr]    Compiling allocator-api2 v0.2.21
[INFO] [stderr]    Compiling getrandom v0.4.3
[INFO] [stderr]    Compiling equivalent v1.0.2
[INFO] [stderr]    Compiling ciborium-io v0.2.2
[INFO] [stderr]    Compiling foldhash v0.2.0
[INFO] [stderr]    Compiling bit-vec v0.8.0
[INFO] [stderr]    Compiling derive_more-impl v2.1.1
[INFO] [stderr]    Compiling zerocopy-derive v0.8.55
[INFO] [stderr]    Compiling clap_lex v1.1.0
[INFO] [stderr]    Compiling strsim v0.11.1
[INFO] [stderr]    Compiling plotters-backend v0.3.7
[INFO] [stderr]    Compiling hashbrown v0.16.1
[INFO] [stderr]    Compiling bit-set v0.8.0
[INFO] [stderr]    Compiling clap_builder v4.6.2
[INFO] [stderr]    Compiling plotters-svg v0.3.7
[INFO] [stderr]    Compiling derive_more v2.1.1
[INFO] [stderr]    Compiling deranged v0.5.8
[INFO] [stderr]    Compiling num-bigint v0.4.8
[INFO] [stderr]    Compiling serde_json v1.0.151
[INFO] [stderr]    Compiling parking_lot v0.12.5
[INFO] [stderr]    Compiling regex v1.13.1
[INFO] [stderr]    Compiling signal-hook-mio v0.2.5
[INFO] [stderr]    Compiling itertools v0.13.0
[INFO] [stderr]    Compiling inotify-sys v0.1.8
[INFO] [stderr]    Compiling bstr v1.13.0
[INFO] [stderr]    Compiling time-core v0.1.8
[INFO] [stderr]    Compiling option-ext v0.2.0
[INFO] [stderr]    Compiling num-conv v0.2.2
[INFO] [stderr]    Compiling cast v0.3.0
[INFO] [stderr]    Compiling once_cell v1.21.4
[INFO] [stderr]    Compiling num_threads v0.1.7
[INFO] [stderr]    Compiling winnow v1.0.4
[INFO] [stderr]    Compiling time v0.3.47
[INFO] [stderr]    Compiling num-rational v0.4.2
[INFO] [stderr]    Compiling toml_parser v1.1.2+spec-1.1.0
[INFO] [stderr]    Compiling dirs-sys v0.5.0
[INFO] [stderr]    Compiling criterion-plot v0.8.2
[INFO] [stderr]    Compiling globset v0.4.19
[INFO] [stderr]    Compiling rayon v1.12.0
[INFO] [stderr]    Compiling crossterm v0.29.0
[INFO] [stderr]    Compiling inotify v0.11.4
[INFO] [stderr]    Compiling clap v4.6.4
[INFO] [stderr]    Compiling tinytemplate v1.2.1
[INFO] [stderr]    Compiling fancy-regex v0.17.0
[INFO] [stderr]    Compiling lru v0.16.4
[INFO] [stderr]    Compiling plotters v0.3.7
[INFO] [stderr]    Compiling half v2.7.1
[INFO] [stderr]    Compiling serde_spanned v1.1.1
[INFO] [stderr]    Compiling toml_datetime v1.1.1+spec-1.1.0
[INFO] [stderr]    Compiling stdio-override v0.2.0
[INFO] [stderr]    Compiling os_pipe v1.2.3
[INFO] [stderr]    Compiling ciborium-ll v0.2.2
[INFO] [stderr]    Compiling nix v0.31.3
[INFO] [stderr]    Compiling page_size v0.6.0
[INFO] [stderr]    Compiling notify-types v2.1.0
[INFO] [stderr]    Compiling anes v0.1.6
[INFO] [stderr]    Compiling ciborium v0.2.2
[INFO] [stderr]    Compiling unicode-width v0.2.2
[INFO] [stderr]    Compiling oorandom v11.1.5
[INFO] [stderr]    Compiling toml_writer v1.1.2+spec-1.1.0
[INFO] [stderr]    Compiling fastrand v2.5.0
[INFO] [stderr]    Compiling rich_rust v0.2.2
[INFO] [stderr]    Compiling toml v1.1.3+spec-1.1.0
[INFO] [stderr]    Compiling tempfile v3.27.0
[INFO] [stderr]    Compiling notify v8.2.0
[INFO] [stderr]    Compiling criterion v0.8.2
[INFO] [stderr]    Compiling ctrlc v3.5.2
[INFO] [stderr]    Compiling ignore v0.4.30
[INFO] [stderr]    Compiling dirs v6.0.0
[INFO] [stderr]    Compiling anyhow v1.0.104
[INFO] [stderr]    Compiling similar v3.1.1
[INFO] [stderr]    Compiling aadc v0.1.1 (/opt/rustwide/workdir)
[INFO] [stderr]     Finished `release` profile [optimized] target(s) in 3m 06s
[INFO] running `Command { std: "docker" "inspect" "92922ec4219cfbecd55ac9361d0b47c1829e311e1059fee96a5a4993c8371bf5", kill_on_drop: false }`
[INFO] running `Command { std: "docker" "exec" "-e" "SOURCE_DIR=/opt/rustwide/workdir" "-e" "CARGO_HOME=/opt/rustwide/cargo-home" "-e" "RUSTUP_HOME=/opt/rustwide/rustup-home" "-e" "CARGO_TARGET_DIR=/opt/rustwide/target" "-e" "CARGO_INCREMENTAL=0" "-e" "RUST_BACKTRACE=full" "-e" "RUSTFLAGS=--cap-lints=warn" "-e" "RUSTDOCFLAGS=--cap-lints=warn" "-w" "/opt/rustwide/workdir" "--user" "0:0" "92922ec4219cfbecd55ac9361d0b47c1829e311e1059fee96a5a4993c8371bf5" "/opt/rustwide/cargo-home/bin/cargo" "+1.100.0-beta.1" "test" "--frozen" "--release", kill_on_drop: false }`
[INFO] [stderr]     Finished `release` profile [optimized] target(s) in 0.23s
[INFO] [stderr]      Running unittests src/main.rs (/opt/rustwide/target/release/build/aadc/352880dba694faf3/out/aadc-352880dba694faf3)
[INFO] [stdout] 
[INFO] [stdout] running 247 tests
[INFO] [stdout] test tests::test_analyze_line_blank ... ok
[INFO] [stdout] test tests::test_analyze_line_indented ... ok
[INFO] [stdout] test tests::test_analyze_line_unicode_border ... ok
[INFO] [stdout] test tests::test_analyze_line_strong_with_border ... ok
[INFO] [stdout] test tests::test_analyze_line_no_suffix_border ... ok
[INFO] [stdout] test tests::test_args_config_file_option ... ok
[INFO] [stdout] test tests::config_file_rejects_oversized_tab_width ... ok
[INFO] [stdout] test tests::config_file_rejects_zero_max_iters ... ok
[INFO] [stdout] test tests::config_file_accepts_valid_values ... ok
[INFO] [stdout] test tests::test_args_backup ... ok
[INFO] [stdout] test tests::test_args_backup_custom_ext ... ok
[INFO] [stdout] test tests::config_file_rejects_zero_tab_width ... ok
[INFO] [stdout] test tests::test_args_custom ... ok
[INFO] [stdout] test tests::test_args_defaults ... ok
[INFO] [stdout] test tests::test_args_dry_run ... ok
[INFO] [stdout] test tests::test_args_dry_run_long ... ok
[INFO] [stdout] test tests::config_file_rejects_min_score_out_of_range ... ok
[INFO] [stdout] test tests::test_args_dry_run_with_verbose ... ok
[INFO] [stdout] test tests::test_args_json ... ok
[INFO] [stdout] test tests::test_args_lines_multiple_ranges ... ok
[INFO] [stdout] test tests::test_args_dry_run_with_diff ... ok
[INFO] [stdout] test tests::test_args_preset_short ... ok
[INFO] [stdout] test tests::test_args_preset_relaxed ... ok
[INFO] [stdout] test tests::test_args_lines_parsing ... ok
[INFO] [stdout] test tests::test_args_recursive_custom ... ok
[INFO] [stdout] test tests::test_args_recursive_defaults ... ok
[INFO] [stdout] test tests::test_args_multiple_files ... ok
[INFO] [stdout] test tests::test_args_multiple_files_with_inplace ... ok
[INFO] [stdout] test tests::test_args_preset_conflicts_with_min_score ... ok
[INFO] [stdout] test tests::test_args_no_config_option ... ok
[INFO] [stdout] test tests::test_args_preset_long ... ok
[INFO] [stdout] test tests::test_block_overlaps_ranges ... ok
[INFO] [stdout] test tests::test_classify_line_strong_ascii_corners ... ok
[INFO] [stdout] test tests::test_classify_line_strong_border_both_sides ... ok
[INFO] [stdout] test tests::test_classify_line_none_punctuation ... ok
[INFO] [stdout] test tests::test_classify_line_blank_empty ... ok
[INFO] [stdout] test tests::test_classify_line_blank_spaces ... ok
[INFO] [stdout] test tests::test_classify_line_strong_unicode_double ... ok
[INFO] [stdout] test tests::test_classify_line_strong_high_ratio ... ok
[INFO] [stdout] test tests::test_classify_line_blank_tabs ... ok
[INFO] [stdout] test tests::test_classify_line_blank_mixed_whitespace ... ok
[INFO] [stdout] test tests::test_classify_line_none_numbers ... ok
[INFO] [stdout] test tests::test_classify_line_none_plain_text ... ok
[INFO] [stdout] test tests::test_classify_line_strong_unicode_light ... ok
[INFO] [stdout] test tests::test_config_subcommand_show ... ok
[INFO] [stdout] test tests::test_classify_line_weak_few_box_chars ... ok
[INFO] [stdout] test tests::test_config_subcommand_path ... ok
[INFO] [stdout] test tests::test_classify_line_weak_single_border ... ok
[INFO] [stdout] test tests::test_config_subcommand_init_global ... ok
[INFO] [stdout] test tests::test_config_subcommand_parsing ... ok
[INFO] [stdout] test tests::test_correction_already_aligned ... ok
[INFO] [stdout] test tests::test_correction_max_iters_limit ... ok
[INFO] [stdout] test tests::test_correct_lines_passthrough_skips_tabs ... ok
[INFO] [stdout] test tests::test_correct_lines_with_ranges ... ok
[INFO] [stdout] test tests::test_correction_gfm_table_untouched ... ok
[INFO] [stdout] test tests::test_correction_empty_input ... ok
[INFO] [stdout] test tests::test_correct_lines_all_blocks_bypasses_quick_scan ... ok
[INFO] [stdout] test tests::test_correction_aligned_diagram_with_triangle_arrow_is_untouched ... ok
[INFO] [stdout] test tests::test_correction_mermaid_and_yaml_fences_untouched ... ok
[INFO] [stdout] test tests::test_correction_multiple_blocks ... ok
[INFO] [stdout] test tests::test_correction_still_completes_opened_box_row ... ok
[INFO] [stdout] test tests::test_correction_preserves_non_diagram_content ... ok
[INFO] [stdout] test tests::test_correction_misaligned_row_with_triangle_arrow_is_fixed ... ok
[INFO] [stdout] test tests::test_correction_min_score_filter ... ok
[INFO] [stdout] test tests::test_correction_never_inserts_border_into_borderless_line ... ok
[INFO] [stdout] test tests::test_create_backup_custom_extension ... ok
[INFO] [stdout] test tests::test_create_backup_preserves_extension ... ok
[INFO] [stdout] test tests::test_create_config_cli_overrides_file ... ok
[INFO] [stdout] test tests::test_create_backup ... ok
[INFO] [stdout] test tests::test_create_config_explicit_file ... ok
[INFO] [stdout] test tests::test_create_config_explicit_file_not_found ... ok
[INFO] [stdout] test tests::test_correction_simple ... ok
[INFO] [stdout] test tests::test_create_config_no_config_flag ... ok
[INFO] [stdout] test tests::test_create_config_preset_from_file ... ok
[INFO] [stdout] test tests::test_detect_suffix_border ... ok
[INFO] [stdout] test tests::test_default_hook_is_check_mode ... ok
[INFO] [stdout] test tests::test_detect_suffix_border_ascii_pipe ... ok
[INFO] [stdout] test tests::test_detect_suffix_border_column_position ... ok
[INFO] [stdout] test tests::test_detect_suffix_border_corner ... ok
[INFO] [stdout] test tests::test_detect_suffix_border_junction ... ok
[INFO] [stdout] test tests::test_detect_suffix_border_none_no_border ... ok
[INFO] [stdout] test tests::test_detect_suffix_border_trailing_spaces ... ok
[INFO] [stdout] test tests::test_correction_no_diagrams ... ok
[INFO] [stdout] test tests::test_detect_vertical_border_ascii ... ok
[INFO] [stdout] test tests::test_detect_suffix_border_none_empty ... ok
[INFO] [stdout] test tests::test_detect_suffix_border_unicode_corner ... ok
[INFO] [stdout] test tests::test_detect_suffix_border_unicode_light ... ok
[INFO] [stdout] test tests::test_detect_vertical_border_mixed_prefers_most_common ... ok
[INFO] [stdout] test tests::test_detect_vertical_border_no_borders_defaults_to_ascii ... ok
[INFO] [stdout] test tests::test_detect_vertical_border_empty_defaults_to_ascii ... ok
[INFO] [stdout] test tests::test_detect_vertical_border_unicode_double ... ok
[INFO] [stdout] test tests::test_detect_vertical_border_unicode_light ... ok
[INFO] [stdout] test tests::test_effective_min_score_with_preset ... ok
[INFO] [stdout] test tests::test_effective_min_score_without_preset ... ok
[INFO] [stdout] test tests::test_expand_tabs_empty ... ok
[INFO] [stdout] test tests::test_expand_tabs_middle_of_line ... ok
[INFO] [stdout] test tests::test_expand_tabs_multiple ... ok
[INFO] [stdout] test tests::test_expand_tabs_no_tabs ... ok
[INFO] [stdout] test tests::test_expand_tabs_start_of_line ... ok
[INFO] [stdout] test tests::test_expand_tabs_width_2 ... ok
[INFO] [stdout] test tests::test_expand_tabs_width_8 ... ok
[INFO] [stdout] test tests::test_expand_tabs_with_cjk ... ok
[INFO] [stdout] test tests::test_find_config_file_alternative_names ... ok
[INFO] [stdout] test tests::test_find_config_file_in_current_dir ... ok
[INFO] [stdout] test tests::test_find_config_file_in_parent_dir ... ok
[INFO] [stdout] test tests::test_find_config_file_not_found ... ok
[INFO] [stdout] test tests::test_find_diagram_blocks_all_flag ... ok
[INFO] [stdout] test tests::test_find_diagram_blocks_at_end ... ok
[INFO] [stdout] test tests::test_find_diagram_blocks_at_start ... ok
[INFO] [stdout] test tests::test_find_diagram_blocks_confidence_high ... ok
[INFO] [stdout] test tests::test_correction_untagged_fence_diagram_still_corrected ... ok
[INFO] [stdout] test tests::test_find_diagram_blocks_excludes_gfm_table ... ok
[INFO] [stdout] test tests::test_find_diagram_blocks_large_gap_splits ... ok
[INFO] [stdout] test tests::test_find_diagram_blocks_empty_input ... ok
[INFO] [stdout] test tests::test_find_diagram_blocks_multiple ... ok
[INFO] [stdout] test tests::test_find_diagram_blocks_no_diagrams ... ok
[INFO] [stdout] test tests::test_find_diagram_blocks_only_blanks ... ok
[INFO] [stdout] test tests::test_find_diagram_blocks_simple ... ok
[INFO] [stdout] test tests::test_find_diagram_blocks_table_is_hard_boundary ... ok
[INFO] [stdout] test tests::test_find_diagram_blocks_two_diagrams_split_by_table ... ok
[INFO] [stdout] test tests::test_find_diagram_blocks_unicode ... ok
[INFO] [stdout] test tests::test_correction_tagged_fence_never_gets_border_inserted ... ok
[INFO] [stdout] test tests::test_find_diagram_blocks_with_blank_gap ... ok
[INFO] [stdout] test tests::test_find_diagram_blocks_trims_trailing_blank ... ok
[INFO] [stdout] test tests::test_format_line_ranges ... ok
[INFO] [stdout] test tests::test_format_line_ranges_open_ended ... ok
[INFO] [stdout] test tests::test_front_matter_extent ... ok
[INFO] [stdout] test tests::test_generate_autofix_hook ... ok
[INFO] [stdout] test tests::test_generate_check_hook ... ok
[INFO] [stdout] test tests::test_find_git_dir_in_repo ... ok
[INFO] [stdout] test tests::test_find_git_dir_not_in_repo ... ok
[INFO] [stdout] test tests::test_hook_install_autofix_mode ... ok
[INFO] [stdout] test tests::test_hook_install_custom_patterns ... ok
[INFO] [stdout] test tests::test_hook_install_backs_up_existing ... ok
[INFO] [stdout] test tests::test_hook_install_creates_hook ... ok
[INFO] [stdout] test tests::test_hook_patterns ... ok
[INFO] [stdout] test tests::test_hook_status_no_hook ... ok
[INFO] [stdout] test tests::test_hook_subcommand_parsing ... ok
[INFO] [stdout] test tests::test_hook_subcommand_status ... ok
[INFO] [stdout] test tests::test_hook_subcommand_uninstall ... ok
[INFO] [stdout] test tests::test_hook_subcommand_install_check_only ... ok
[INFO] [stdout] test tests::test_hook_subcommand_install_autofix ... ok
[INFO] [stdout] test tests::test_hook_uninstall_refuses_non_aadc_hook ... ok
[INFO] [stdout] test tests::test_hook_uninstall_removes_aadc_hook ... ok
[INFO] [stdout] test tests::test_invalid_range_reversed ... ok
[INFO] [stdout] test tests::test_invalid_range_zero ... ok
[INFO] [stdout] test tests::test_is_border_char_corners ... ok
[INFO] [stdout] test tests::test_invalid_range_non_numeric ... ok
[INFO] [stdout] test tests::test_is_border_char_negative ... ok
[INFO] [stdout] test tests::test_is_border_char_junctions ... ok
[INFO] [stdout] test tests::test_is_border_char_verticals ... ok
[INFO] [stdout] test tests::test_is_box_char_corners ... ok
[INFO] [stdout] test tests::test_is_box_char_horizontals ... ok
[INFO] [stdout] test tests::test_is_box_char_negative ... ok
[INFO] [stdout] test tests::test_is_box_char_verticals ... ok
[INFO] [stdout] test tests::test_is_box_char_junctions ... ok
[INFO] [stdout] test tests::test_is_box_edge ... ok
[INFO] [stdout] test tests::test_is_corner_ascii ... ok
[INFO] [stdout] test tests::test_is_corner_light ... ok
[INFO] [stdout] test tests::test_is_corner_double ... ok
[INFO] [stdout] test tests::test_is_corner_negative ... ok
[INFO] [stdout] test tests::test_is_fence_closer_rules ... ok
[INFO] [stdout] test tests::test_is_corner_rounded ... ok
[INFO] [stdout] test tests::test_is_horizontal_fill_heavy ... ok
[INFO] [stdout] test tests::test_is_horizontal_fill_double ... ok
[INFO] [stdout] test tests::test_is_horizontal_fill_ascii ... ok
[INFO] [stdout] test tests::test_is_horizontal_fill_light ... ok
[INFO] [stdout] test tests::test_is_junction_double ... ok
[INFO] [stdout] test tests::test_is_junction_light ... ok
[INFO] [stdout] test tests::test_is_junction_mixed ... ok
[INFO] [stdout] test tests::test_is_junction_negative ... ok
[INFO] [stdout] test tests::test_is_table_delimiter_cell ... ok
[INFO] [stdout] test tests::test_is_horizontal_fill_negative ... ok
[INFO] [stdout] test tests::test_is_vertical_border_ascii ... ok
[INFO] [stdout] test tests::test_is_vertical_border_double ... ok
[INFO] [stdout] test tests::test_is_vertical_border_light ... ok
[INFO] [stdout] test tests::test_is_vertical_border_negative ... ok
[INFO] [stdout] test tests::test_is_vertical_border_heavy ... ok
[INFO] [stdout] test tests::test_json_output_dry_run_status ... ok
[INFO] [stdout] test tests::test_json_output_structure ... ok
[INFO] [stdout] test tests::test_load_config_file_all_options ... ok
[INFO] [stdout] test tests::test_load_config_file_basic ... ok
[INFO] [stdout] test tests::test_line_in_ranges ... ok
[INFO] [stdout] test tests::test_load_config_file_empty ... ok
[INFO] [stdout] test tests::test_load_config_file_invalid_toml ... ok
[INFO] [stdout] test tests::test_load_config_file_invalid_preset ... ok
[INFO] [stdout] test tests::test_load_config_file_with_preset ... ok
[INFO] [stdout] test tests::test_markdown_protection_front_matter ... ok
[INFO] [stdout] test tests::test_markdown_protection_no_tables_inside_fences ... ok
[INFO] [stdout] test tests::test_correction_with_tabs ... ok
[INFO] [stdout] test tests::test_load_config_file_unknown_keys_tolerated ... ok
[INFO] [stdout] test tests::test_markdown_protection_table ... ok
[INFO] [stdout] test tests::test_markdown_protection_untagged_fence_content_is_open ... ok
[INFO] [stdout] test tests::test_markdown_protection_unclosed_fence_runs_to_end ... ok
[INFO] [stdout] test tests::test_markdown_protection_tagged_fence ... ok
[INFO] [stdout] test tests::test_merge_adjacent_ranges ... ok
[INFO] [stdout] test tests::test_merge_overlapping_ranges ... ok
[INFO] [stdout] test tests::test_parse_fence_opener_diagram_tags ... ok
[INFO] [stdout] test tests::test_parse_fence_opener_language_tags ... ok
[INFO] [stdout] test tests::test_parse_fence_opener_rejects_non_fences ... ok
[INFO] [stdout] test tests::test_parse_fence_opener_tilde_and_indent ... ok
[INFO] [stdout] test tests::test_opens_with_border ... ok
[INFO] [stdout] test tests::test_parse_multiple_ranges ... ok
[INFO] [stdout] test tests::test_parse_open_ended_start ... ok
[INFO] [stdout] test tests::test_parse_simple_range ... ok
[INFO] [stdout] test tests::test_parse_single_line ... ok
[INFO] [stdout] test tests::test_quick_scan_plain_text ... ok
[INFO] [stdout] test tests::test_quick_scan_threshold_boundary ... ok
[INFO] [stdout] test tests::test_quick_scan_with_diagram_lines ... ok
[INFO] [stdout] test tests::test_revision_apply_add_border_ascii ... ok
[INFO] [stdout] test tests::test_revision_apply_add_border_unicode ... ok
[INFO] [stdout] test tests::test_parse_fence_opener_untagged_is_diagram_ok ... ok
[INFO] [stdout] test tests::test_parse_open_ended_end ... ok
[INFO] [stdout] test tests::test_revision_apply_add_corner ... ok
[INFO] [stdout] test tests::test_revision_apply_pad_corner ... ok
[INFO] [stdout] test tests::test_revision_apply_pad_ascii ... ok
[INFO] [stdout] test tests::test_revision_apply_pad_preserves_other_lines ... ok
[INFO] [stdout] test tests::test_revision_apply_pad_unicode ... ok
[INFO] [stdout] test tests::test_revision_apply_add_border_no_extra_padding ... ok
[INFO] [stdout] test tests::test_revision_score_add_border_base ... ok
[INFO] [stdout] test tests::test_revision_score_pad_small_adjustment ... ok
[INFO] [stdout] test tests::test_revision_score_pad_large_adjustment ... ok
[INFO] [stdout] test tests::test_revision_score_pad_strong_line_bonus ... ok
[INFO] [stdout] test tests::test_revision_score_with_block_offset ... ok
[INFO] [stdout] test tests::test_split_table_cells ... ok
[INFO] [stdout] test tests::test_table_extent_requires_matching_cell_count ... ok
[INFO] [stdout] test tests::test_table_extent_stops_at_pipe_less_line ... ok
[INFO] [stdout] test tests::test_validate_args_in_place_requires_file ... ok
[INFO] [stdout] test tests::test_validate_args_max_iters_zero ... ok
[INFO] [stdout] test tests::test_validate_args_min_score_bounds ... ok
[INFO] [stdout] test tests::test_table_extent_ascii_grid_inside_box_is_not_a_table ... ok
[INFO] [stdout] test tests::test_table_extent_basic ... ok
[INFO] [stdout] test tests::test_validate_args_recursive_requires_path ... ok
[INFO] [stdout] test tests::test_validate_args_tab_width_bounds ... ok
[INFO] [stdout] test tests::test_visual_width_ascii ... ok
[INFO] [stdout] test tests::test_revision_score_add_border_strong_line ... ok
[INFO] [stdout] test tests::test_discover_recursive_files_respects_gitignore ... ok
[INFO] [stdout] test tests::test_visual_width_box_and_cjk ... ok
[INFO] [stdout] test tests::test_width_ambiguous_diagram_glyphs_are_one_column ... ok
[INFO] [stdout] test tests::test_width_wide_and_zero_width ... ok
[INFO] [stdout] test tests::test_visual_width_cjk ... ok
[INFO] [stdout] test tests::test_visual_width_box_chars ... ok
[INFO] [stdout] test tests::test_visual_width_mixed_ascii_cjk ... ok
[INFO] [stdout] test tests::test_visual_width_empty ... ok
[INFO] [stdout] test tests::test_correction_unicode ... ok
[INFO] [stdout] test tests::test_discover_recursive_files_max_depth ... ok
[INFO] [stdout] test tests::test_discover_recursive_files_glob_matching ... ok
[INFO] [stdout] 
[INFO] [stdout] test result: ok. 247 passed; 0 failed; 0 ignored; 0 measured; 0 filtered out; finished in 1.45s
[INFO] [stdout] 
[INFO] [stderr]      Running tests/integration.rs (/opt/rustwide/target/release/build/aadc/0cc2c76e08855b57/out/integration-0cc2c76e08855b57)
[INFO] [stdout] 
[INFO] [stdout] running 34 tests
[INFO] [stdout] test test_e2e_borderless_line_never_gains_border ... ok
[INFO] [stdout] test test_e2e_empty_input ... ok
[INFO] [stdout] test test_e2e_basic_ascii_correction ... ok
[INFO] [stdout] test test_e2e_exit_code_invalid_tab_width_too_large ... FAILED
[INFO] [stdout] test test_e2e_exit_code_invalid_tab_width_zero ... FAILED
[INFO] [stdout] test test_e2e_diff_mode_no_changes ... ok
[INFO] [stdout] test test_e2e_diff_mode_with_changes ... ok
[INFO] [stdout] test test_e2e_binary_file_detection ... ok
[INFO] [stdout] test test_e2e_arrow_glyphs_do_not_shift_alignment ... ok
[INFO] [stdout] test test_e2e_cjk_content ... ok
[INFO] [stdout] test test_e2e_exit_code_dry_run_would_change ... ok
[INFO] [stdout] test test_e2e_exit_code_dry_run_no_changes ... ok
[INFO] [stdout] test test_e2e_exit_code_invalid_utf8 ... ok
[INFO] [stdout] test test_e2e_exit_code_nonexistent_file ... ok
[INFO] [stdout] test test_e2e_exit_code_success ... ok
[INFO] [stdout] test test_e2e_max_iterations ... ok
[INFO] [stdout] test test_e2e_high_max_iters_warning ... ok
[INFO] [stdout] test test_e2e_mermaid_front_matter_and_lists_untouched ... ok
[INFO] [stdout] test test_e2e_multiple_files ... ok
[INFO] [stdout] test test_e2e_multiple_diagrams ... ok
[INFO] [stdout] test test_e2e_min_score_threshold ... ok
[INFO] [stdout] test test_e2e_recursive_respects_gitignore ... ok
[INFO] [stdout] test test_e2e_process_all_flag ... ok
[INFO] [stdout] test test_e2e_no_diagrams ... ok
[INFO] [stdout] test test_e2e_gfm_table_is_not_a_diagram ... ok
[INFO] [stdout] test test_e2e_nested_boxes ... ok
[INFO] [stdout] test test_e2e_recursive_in_place ... ok
[INFO] [stdout] test test_e2e_unicode_box_correction ... ok
[INFO] [stdout] test test_e2e_verbose_mode ... ok
[INFO] [stdout] test test_e2e_whitespace_only ... ok
[INFO] [stdout] test test_e2e_untagged_fence_diagram_still_corrected ... ok
[INFO] [stdout] test test_e2e_tagged_fence_never_gets_pipe_inserted ... ok
[INFO] [stdout] test test_e2e_valid_tab_width_edge_cases ... ok
[INFO] [stdout] test test_e2e_triangle_arrow_diagram_is_aligned_under_strict ... ok
[INFO] [stdout] 
[INFO] [stdout] failures:
[INFO] [stdout] 
[INFO] [stdout] ---- test_e2e_exit_code_invalid_tab_width_too_large stdout ----
[INFO] [stdout] 
[INFO] [stdout] thread 'test_e2e_exit_code_invalid_tab_width_too_large' (2836) panicked at tests/integration.rs:84:14:
[INFO] [stdout] Failed to write to stdin: Os { code: 32, kind: BrokenPipe, message: "Broken pipe" }
[INFO] [stdout] stack backtrace:
[INFO] [stdout]    0:     0x600165450945 - <unknown>
[INFO] [stdout]    1:     0x600165439e54 - <unknown>
[INFO] [stdout]    2:     0x60016544ffeb - <unknown>
[INFO] [stdout]    3:     0x60016544fbe9 - <unknown>
[INFO] [stdout]    4:     0x60016544f86a - <unknown>
[INFO] [stdout]    5:     0x60016544f39b - <unknown>
[INFO] [stdout]    6:     0x6001654751f1 - <unknown>
[INFO] [stdout]    7:     0x6001654751a9 - <unknown>
[INFO] [stdout]    8:     0x60016547569c - <unknown>
[INFO] [stdout]    9:     0x600165439ceb - <unknown>
[INFO] [stdout]   10:     0x60016543c9a1 - <unknown>
[INFO] [stdout]   11:     0x600165432814 - <unknown>
[INFO] [stdout]   12:     0x600165430825 - <unknown>
[INFO] [stdout]   13:     0x6001654378b5 - <unknown>
[INFO] [stdout]   14:     0x60016548e0bb - <unknown>
[INFO] [stdout]   15:     0x60016548a346 - <unknown>
[INFO] [stdout]   16:     0x600165489b6c - <unknown>
[INFO] [stdout]   17:     0x6001654a7f9c - <unknown>
[INFO] [stdout]   18:     0x600165476e58 - <unknown>
[INFO] [stdout]   19:     0x7b940e1d0dfa - <unknown>
[INFO] [stdout]   20:     0x7b940e2643d4 - clone
[INFO] [stdout]   21:                0x0 - <unknown>
[INFO] [stdout] 
[INFO] [stdout] ---- test_e2e_exit_code_invalid_tab_width_zero stdout ----
[INFO] [stdout] 
[INFO] [stdout] thread 'test_e2e_exit_code_invalid_tab_width_zero' (2838) panicked at tests/integration.rs:84:14:
[INFO] [stdout] Failed to write to stdin: Os { code: 32, kind: BrokenPipe, message: "Broken pipe" }
[INFO] [stdout] stack backtrace:
[INFO] [stdout]    0:     0x600165450945 - <unknown>
[INFO] [stdout]    1:     0x600165439e54 - <unknown>
[INFO] [stdout]    2:     0x60016544ffeb - <unknown>
[INFO] [stdout]    3:     0x60016544fbe9 - <unknown>
[INFO] [stdout]    4:     0x60016544f86a - <unknown>
[INFO] [stdout]    5:     0x60016544f39b - <unknown>
[INFO] [stdout]    6:     0x6001654751f1 - <unknown>
[INFO] [stdout]    7:     0x6001654751a9 - <unknown>
[INFO] [stdout]    8:     0x60016547569c - <unknown>
[INFO] [stdout]    9:     0x600165439ceb - <unknown>
[INFO] [stdout]   10:     0x60016543c9a1 - <unknown>
[INFO] [stdout]   11:     0x600165432814 - <unknown>
[INFO] [stdout]   12:     0x600165430825 - <unknown>
[INFO] [stdout]   13:     0x6001654372d6 - <unknown>
[INFO] [stdout]   14:     0x60016548e0bb - <unknown>
[INFO] [stdout]   15:     0x60016548a346 - <unknown>
[INFO] [stdout]   16:     0x600165489b6c - <unknown>
[INFO] [stdout]   17:     0x6001654a7f9c - <unknown>
[INFO] [stdout]   18:     0x600165476e58 - <unknown>
[INFO] [stdout]   19:     0x7b940e1d0dfa - <unknown>
[INFO] [stdout]   20:     0x7b940e2643d4 - clone
[INFO] [stdout]   21:                0x0 - <unknown>
[INFO] [stdout] 
[INFO] [stdout] 
[INFO] [stdout] failures:
[INFO] [stdout]     test_e2e_exit_code_invalid_tab_width_too_large
[INFO] [stdout]     test_e2e_exit_code_invalid_tab_width_zero
[INFO] [stdout] 
[INFO] [stdout] test result: FAILED. 32 passed; 2 failed; 0 ignored; 0 measured; 0 filtered out; finished in 2.66s
[INFO] [stdout] 
[INFO] [stderr] error: test failed, to rerun pass `--test integration`
[INFO] running `Command { std: "docker" "inspect" "92922ec4219cfbecd55ac9361d0b47c1829e311e1059fee96a5a4993c8371bf5", kill_on_drop: false }`
[INFO] running `Command { std: "docker" "rm" "-f" "92922ec4219cfbecd55ac9361d0b47c1829e311e1059fee96a5a4993c8371bf5", kill_on_drop: false }`
[INFO] [stdout] 92922ec4219cfbecd55ac9361d0b47c1829e311e1059fee96a5a4993c8371bf5
