[INFO] cloning repository https://github.com/Bergschrat1/rpg-combat-tui
[INFO] running `Command { std: "git" "-c" "credential.helper=" "-c" "credential.helper=/workspace/cargo-home/bin/git-credential-null" "clone" "--bare" "https://github.com/Bergschrat1/rpg-combat-tui" "/workspace/cache/git-repos/https%3A%2F%2Fgithub.com%2FBergschrat1%2Frpg-combat-tui", kill_on_drop: false }`
[INFO] [stderr] Cloning into bare repository '/workspace/cache/git-repos/https%3A%2F%2Fgithub.com%2FBergschrat1%2Frpg-combat-tui'...
[INFO] running `Command { std: "git" "rev-parse" "HEAD", kill_on_drop: false }`
[INFO] [stdout] 8024b58daddbbe63ec3f380a5790fa10289cc5a0
[INFO] testing Bergschrat1/rpg-combat-tui against 1.100.0-beta.1+cargoflags=--release for beta-release-1.100-2
[INFO] running `Command { std: "git" "clone" "/workspace/cache/git-repos/https%3A%2F%2Fgithub.com%2FBergschrat1%2Frpg-combat-tui" "/workspace/builds/worker-7-tc2/source", kill_on_drop: false }`
[INFO] [stderr] Cloning into '/workspace/builds/worker-7-tc2/source'...
[INFO] [stderr] done.
[INFO] started tweaking git repo https://github.com/Bergschrat1/rpg-combat-tui
[INFO] finished tweaking git repo https://github.com/Bergschrat1/rpg-combat-tui
[INFO] tweaked toml for git repo https://github.com/Bergschrat1/rpg-combat-tui written to /workspace/builds/worker-7-tc2/source/Cargo.toml
[INFO] validating manifest of git repo https://github.com/Bergschrat1/rpg-combat-tui on toolchain 1.100.0-beta.1
[INFO] running `Command { std: CARGO_HOME="/workspace/cargo-home" RUSTUP_HOME="/workspace/rustup-home" "/workspace/cargo-home/bin/cargo" "+1.100.0-beta.1" "metadata" "--manifest-path" "Cargo.toml" "--no-deps", kill_on_drop: false }`
[INFO] crate git repo https://github.com/Bergschrat1/rpg-combat-tui already has a lockfile, it will not be regenerated
[INFO] running `Command { std: CARGO_HOME="/workspace/cargo-home" RUSTUP_HOME="/workspace/rustup-home" "/workspace/cargo-home/bin/cargo" "+1.100.0-beta.1" "fetch" "--manifest-path" "Cargo.toml", kill_on_drop: false }`
[INFO] running `Command { std: "docker" "create" "-v" "/var/lib/crater-agent-workspace/builds/worker-7-tc2/source:/opt/rustwide/workdir:ro,Z" "-v" "/var/lib/crater-agent-workspace/builds/worker-7-tc2/target:/opt/rustwide/target:rw,Z" "-v" "/var/lib/crater-agent-workspace/cargo-home:/opt/rustwide/cargo-home:ro,Z" "-v" "/var/lib/crater-agent-workspace/rustup-home:/opt/rustwide/rustup-home:ro,Z" "-m" "1610612736" "--network" "none" "ghcr.io/rust-lang/crates-build-env/linux@sha256:77db811e55d90add9212f6832c23229e3de5f1c1f9905e8cb07319ea15df73ac" "sleep" "infinity", kill_on_drop: false }`
[INFO] [stdout] 49a51c9f5caf893459daba529114b2e2494b7bdcd0b9317b66ded77febc4d7ea
[INFO] running `Command { std: "docker" "start" "49a51c9f5caf893459daba529114b2e2494b7bdcd0b9317b66ded77febc4d7ea", kill_on_drop: false }`
[INFO] running `Command { std: "docker" "inspect" "49a51c9f5caf893459daba529114b2e2494b7bdcd0b9317b66ded77febc4d7ea", kill_on_drop: false }`
[INFO] running `Command { std: "docker" "exec" "-e" "SOURCE_DIR=/opt/rustwide/workdir" "-e" "CARGO_HOME=/opt/rustwide/cargo-home" "-e" "RUSTUP_HOME=/opt/rustwide/rustup-home" "-e" "CARGO_TARGET_DIR=/opt/rustwide/target" "-w" "/opt/rustwide/workdir" "--user" "0:0" "49a51c9f5caf893459daba529114b2e2494b7bdcd0b9317b66ded77febc4d7ea" "/opt/rustwide/cargo-home/bin/cargo" "+1.100.0-beta.1" "metadata" "--no-deps" "--format-version=1", kill_on_drop: false }`
[INFO] running `Command { std: "docker" "inspect" "49a51c9f5caf893459daba529114b2e2494b7bdcd0b9317b66ded77febc4d7ea", kill_on_drop: false }`
[INFO] running `Command { std: "docker" "exec" "-e" "SOURCE_DIR=/opt/rustwide/workdir" "-e" "CARGO_HOME=/opt/rustwide/cargo-home" "-e" "RUSTUP_HOME=/opt/rustwide/rustup-home" "-e" "CARGO_TARGET_DIR=/opt/rustwide/target" "-e" "CARGO_INCREMENTAL=0" "-e" "RUST_BACKTRACE=full" "-e" "RUSTFLAGS=--cap-lints=warn" "-e" "RUSTDOCFLAGS=--cap-lints=warn" "-w" "/opt/rustwide/workdir" "--user" "0:0" "49a51c9f5caf893459daba529114b2e2494b7bdcd0b9317b66ded77febc4d7ea" "/opt/rustwide/cargo-home/bin/cargo" "+1.100.0-beta.1" "build" "--frozen" "--message-format=json" "--release", kill_on_drop: false }`
[INFO] [stderr]    Compiling proc-macro2 v1.0.95
[INFO] [stderr]    Compiling unicode-ident v1.0.18
[INFO] [stderr]    Compiling libc v0.2.172
[INFO] [stderr]    Compiling cfg-if v1.0.0
[INFO] [stderr]    Compiling autocfg v1.4.0
[INFO] [stderr]    Compiling memchr v2.7.4
[INFO] [stderr]    Compiling log v0.4.27
[INFO] [stderr]    Compiling rustversion v1.0.20
[INFO] [stderr]    Compiling parking_lot_core v0.9.10
[INFO] [stderr]    Compiling foldhash v0.1.5
[INFO] [stderr]    Compiling signal-hook v0.3.17
[INFO] [stderr]    Compiling allocator-api2 v0.2.21
[INFO] [stderr]    Compiling smallvec v1.15.0
[INFO] [stderr]    Compiling getrandom v0.3.2
[INFO] [stderr]    Compiling lock_api v0.4.12
[INFO] [stderr]    Compiling tracing-core v0.1.33
[INFO] [stderr]    Compiling either v1.15.0
[INFO] [stderr]    Compiling bitflags v2.9.0
[INFO] [stderr]    Compiling lazy_static v1.5.0
[INFO] [stderr]    Compiling hashbrown v0.15.3
[INFO] [stderr]    Compiling ryu v1.0.20
[INFO] [stderr]    Compiling quote v1.0.40
[INFO] [stderr]    Compiling syn v2.0.101
[INFO] [stderr]    Compiling signal-hook-registry v1.4.5
[INFO] [stderr]    Compiling mio v1.0.3
[INFO] [stderr]    Compiling semver v1.0.26
[INFO] [stderr]    Compiling serde v1.0.219
[INFO] [stderr]    Compiling itoa v1.0.15
[INFO] [stderr]    Compiling zerocopy v0.8.25
[INFO] [stderr]    Compiling parking_lot v0.12.3
[INFO] [stderr]    Compiling sharded-slab v0.1.7
[INFO] [stderr]    Compiling thread_local v1.1.8
[INFO] [stderr]    Compiling owo-colors v4.2.0
[INFO] [stderr]    Compiling object v0.36.7
[INFO] [stderr]    Compiling anyhow v1.0.98
[INFO] [stderr]    Compiling rustix v0.38.44
[INFO] [stderr]    Compiling signal-hook-mio v0.2.4
[INFO] [stderr]    Compiling anstyle-parse v0.2.6
[INFO] [stderr]    Compiling tracing v0.1.41
[INFO] [stderr]    Compiling aho-corasick v1.1.3
[INFO] [stderr]    Compiling anstyle v1.0.10
[INFO] [stderr]    Compiling tracing-subscriber v0.3.19
[INFO] [stderr]    Compiling adler2 v2.0.0
[INFO] [stderr]    Compiling paste v1.0.15
[INFO] [stderr]    Compiling regex-syntax v0.8.5
[INFO] [stderr]    Compiling anstyle-query v1.1.2
[INFO] [stderr]    Compiling gimli v0.31.1
[INFO] [stderr]    Compiling color-spantrace v0.3.0
[INFO] [stderr]    Compiling colorchoice v1.0.3
[INFO] [stderr]    Compiling is_terminal_polyfill v1.70.1
[INFO] [stderr]    Compiling linux-raw-sys v0.4.15
[INFO] [stderr]    Compiling eyre v0.6.12
[INFO] [stderr]    Compiling anstream v0.6.18
[INFO] [stderr]    Compiling tracing-error v0.2.1
[INFO] [stderr]    Compiling ppv-lite86 v0.2.21
[INFO] [stderr]    Compiling regex-automata v0.4.9
[INFO] [stderr]    Compiling indexmap v2.9.0
[INFO] [stderr]    Compiling darling_core v0.20.11
[INFO] [stderr]    Compiling addr2line v0.24.2
[INFO] [stderr]    Compiling serde_yml v0.0.12
[INFO] [stderr]    Compiling miniz_oxide v0.8.8
[INFO] [stderr]    Compiling rustc_version v0.4.1
[INFO] [stderr]    Compiling serde_derive v1.0.219
[INFO] [stderr]    Compiling strum_macros v0.26.4
[INFO] [stderr]    Compiling rand_core v0.9.3
[INFO] [stderr]    Compiling itertools v0.13.0
[INFO] [stderr]    Compiling darling_macro v0.20.11
[INFO] [stderr]    Compiling darling v0.20.11
[INFO] [stderr]    Compiling castaway v0.2.3
[INFO] [stderr]    Compiling slab v0.4.9
[INFO] [stderr]    Compiling winnow v0.7.9
[INFO] [stderr]    Compiling toml_datetime v0.6.9
[INFO] [stderr]    Compiling serde_json v1.0.140
[INFO] [stderr]    Compiling indenter v0.3.3
[INFO] [stderr]    Compiling indoc v2.0.6
[INFO] [stderr]    Compiling unicode-segmentation v1.12.0
[INFO] [stderr]    Compiling unicode-width v0.1.14
[INFO] [stderr]    Compiling static_assertions v1.1.0
[INFO] [stderr]    Compiling rustc-demangle v0.1.24
[INFO] [stderr]    Compiling unicode-truncate v1.1.0
[INFO] [stderr]    Compiling compact_str v0.8.1
[INFO] [stderr]    Compiling convert_case v0.7.1
[INFO] [stderr]    Compiling toml_edit v0.22.26
[INFO] [stderr]    Compiling instability v0.3.7
[INFO] [stderr]    Compiling strum v0.26.3
[INFO] [stderr]    Compiling rand_chacha v0.9.0
[INFO] [stderr]    Compiling regex v1.11.1
[INFO] [stderr]    Compiling backtrace v0.3.74
[INFO] [stderr]    Compiling libyml v0.0.5
[INFO] [stderr]    Compiling rstest_macros v0.24.0
[INFO] [stderr]    Compiling crossterm v0.28.1
[INFO] [stderr]    Compiling lru v0.12.5
[INFO] [stderr]    Compiling unicode-width v0.2.0
[INFO] [stderr]    Compiling clap_lex v0.7.4
[INFO] [stderr]    Compiling rustix v1.0.7
[INFO] [stderr]    Compiling cassowary v0.3.0
[INFO] [stderr]    Compiling clap_builder v4.5.39
[INFO] [stderr]    Compiling ratatui v0.29.0
[INFO] [stderr]    Compiling uuid v1.16.0
[INFO] [stderr]    Compiling proc-macro-crate v3.3.0
[INFO] [stderr]    Compiling color-eyre v0.6.5
[INFO] [stderr]    Compiling env_filter v0.1.3
[INFO] [stderr]    Compiling rand v0.9.1
[INFO] [stderr]    Compiling derive_more-impl v2.0.1
[INFO] [stderr]    Compiling futures-macro v0.3.31
[INFO] [stderr]    Compiling clap_derive v4.5.32
[INFO] [stderr]    Compiling tokio-macros v2.5.0
[INFO] [stderr]    Compiling socket2 v0.5.9
[INFO] [stderr]    Compiling itertools v0.14.0
[INFO] [stderr]    Compiling futures-core v0.3.31
[INFO] [stderr]    Compiling linux-raw-sys v0.9.4
[INFO] [stderr]    Compiling glob v0.3.2
[INFO] [stderr]    Compiling litrs v0.4.1
[INFO] [stderr]    Compiling bytes v1.10.1
[INFO] [stderr]    Compiling jiff v0.2.12
[INFO] [stderr]    Compiling relative-path v1.9.3
[INFO] [stderr]    Compiling thiserror v2.0.12
[INFO] [stderr]    Compiling tokio v1.44.2
[INFO] [stderr]    Compiling document-features v0.2.11
[INFO] [stderr]    Compiling clap v4.5.39
[INFO] [stderr]    Compiling core v0.1.0 (/opt/rustwide/workdir/core)
[INFO] [stderr]    Compiling futures-util v0.3.31
[INFO] [stderr]    Compiling derive_more v2.0.1
[INFO] [stderr]    Compiling thiserror-impl v2.0.12
[INFO] [stderr]    Compiling futures-timer v3.0.3
[INFO] [stderr]    Compiling crossterm v0.29.0
[INFO] [stderr]    Compiling rstest v0.24.0
[INFO] [stderr]    Compiling tui-textarea v0.7.0
[INFO] [stderr]    Compiling env_logger v0.11.8
[INFO] [stderr]    Compiling rpg-combat-tui v0.1.0 (/opt/rustwide/workdir/rpg-combat-tui)
[INFO] [stderr]    Compiling player-client v0.1.0 (/opt/rustwide/workdir/player-client)
[INFO] [stdout] warning: unused import: `debug`
[INFO] [stdout]  --> player-client/src/main.rs:4:11
[INFO] [stdout]   |
[INFO] [stdout] 4 | use log::{debug, info};
[INFO] [stdout]   |           ^^^^^
[INFO] [stdout]   |
[INFO] [stdout]   = note: `#[warn(unused_imports)]` (part of `#[warn(unused)]`) on by default
[INFO] [stdout] 
[INFO] [stdout] 
[INFO] [stdout] warning: unused import: `std::sync::Arc`
[INFO] [stdout]  --> player-client/src/app.rs:2:5
[INFO] [stdout]   |
[INFO] [stdout] 2 | use std::sync::Arc;
[INFO] [stdout]   |     ^^^^^^^^^^^^^^
[INFO] [stdout] 
[INFO] [stdout] 
[INFO] [stdout] warning: unused import: `core::combat::entity`
[INFO] [stdout]  --> player-client/src/ui.rs:1:5
[INFO] [stdout]   |
[INFO] [stdout] 1 | use core::combat::entity;
[INFO] [stdout]   |     ^^^^^^^^^^^^^^^^^^^^
[INFO] [stdout] 
[INFO] [stdout] 
[INFO] [stderr] warning: unused dependency `color-eyre`
[INFO] [stderr]   --> core/Cargo.toml:14:1
[INFO] [stderr]    |
[INFO] [stderr] 14 | color-eyre = "0.6.5"
[INFO] [stderr]    | ^^^^^^^^^^^^^^^^^^^^
[INFO] [stderr]    |
[INFO] [stderr]    = note: `cargo::unused_dependencies` is set to `warn` by default
[INFO] [stderr] help: consider removing the dependency on `color-eyre`
[INFO] [stderr] warning: unused dependency `serde_json`
[INFO] [stderr]   --> core/Cargo.toml:13:1
[INFO] [stderr]    |
[INFO] [stderr] 13 | serde_json = "1.0.140"
[INFO] [stderr]    | ^^^^^^^^^^^^^^^^^^^^^^
[INFO] [stderr]    |
[INFO] [stderr] help: consider removing the dependency on `serde_json`
[INFO] [stderr] warning: `core` (manifest) generated 2 warnings
[INFO] [stderr] warning: unused dependency `crossterm`
[INFO] [stderr]   --> player-client/Cargo.toml:12:1
[INFO] [stderr]    |
[INFO] [stderr] 12 | crossterm = "0.29.0"
[INFO] [stderr]    | ^^^^^^^^^^^^^^^^^^^^
[INFO] [stderr]    |
[INFO] [stderr]    = note: `cargo::unused_dependencies` is set to `warn` by default
[INFO] [stderr] help: consider removing the dependency on `crossterm`
[INFO] [stderr] warning: `player-client` (manifest) generated 1 warning
[INFO] [stderr] warning: unused dependency `rstest`
[INFO] [stderr]   --> rpg-combat-tui/Cargo.toml:18:1
[INFO] [stderr]    |
[INFO] [stderr] 18 | rstest = "0.24.0"
[INFO] [stderr]    | ^^^^^^^^^^^^^^^^^
[INFO] [stderr]    |
[INFO] [stderr]    = note: `cargo::unused_dependencies` is set to `warn` by default
[INFO] [stderr] help: consider removing the dependency on `rstest`
[INFO] [stderr] warning: unused dependency `thiserror`
[INFO] [stderr]   --> rpg-combat-tui/Cargo.toml:22:1
[INFO] [stderr]    |
[INFO] [stderr] 22 | thiserror = "2.0.11"
[INFO] [stderr]    | ^^^^^^^^^^^^^^^^^^^^
[INFO] [stderr]    |
[INFO] [stderr] help: consider removing the dependency on `thiserror`
[INFO] [stderr] warning: `rpg-combat-tui` (manifest) generated 2 warnings
[INFO] [stderr]     Finished `release` profile [optimized] target(s) in 3m 53s
[INFO] running `Command { std: "docker" "inspect" "49a51c9f5caf893459daba529114b2e2494b7bdcd0b9317b66ded77febc4d7ea", kill_on_drop: false }`
[INFO] running `Command { std: "docker" "exec" "-e" "SOURCE_DIR=/opt/rustwide/workdir" "-e" "CARGO_HOME=/opt/rustwide/cargo-home" "-e" "RUSTUP_HOME=/opt/rustwide/rustup-home" "-e" "CARGO_TARGET_DIR=/opt/rustwide/target" "-e" "CARGO_INCREMENTAL=0" "-e" "RUST_BACKTRACE=full" "-e" "RUSTFLAGS=--cap-lints=warn" "-e" "RUSTDOCFLAGS=--cap-lints=warn" "-w" "/opt/rustwide/workdir" "--user" "0:0" "49a51c9f5caf893459daba529114b2e2494b7bdcd0b9317b66ded77febc4d7ea" "/opt/rustwide/cargo-home/bin/cargo" "+1.100.0-beta.1" "test" "--frozen" "--no-run" "--message-format=json" "--release", kill_on_drop: false }`
[INFO] [stderr]    Compiling core v0.1.0 (/opt/rustwide/workdir/core)
[INFO] [stderr]    Compiling player-client v0.1.0 (/opt/rustwide/workdir/player-client)
[INFO] [stderr]    Compiling rpg-combat-tui v0.1.0 (/opt/rustwide/workdir/rpg-combat-tui)
[INFO] [stdout] warning: unused import: `debug`
[INFO] [stdout]  --> player-client/src/main.rs:4:11
[INFO] [stdout]   |
[INFO] [stdout] 4 | use log::{debug, info};
[INFO] [stdout]   |           ^^^^^
[INFO] [stdout]   |
[INFO] [stdout]   = note: `#[warn(unused_imports)]` (part of `#[warn(unused)]`) on by default
[INFO] [stdout] 
[INFO] [stdout] 
[INFO] [stdout] warning: unused import: `std::sync::Arc`
[INFO] [stdout]  --> player-client/src/app.rs:2:5
[INFO] [stdout]   |
[INFO] [stdout] 2 | use std::sync::Arc;
[INFO] [stdout]   |     ^^^^^^^^^^^^^^
[INFO] [stdout] 
[INFO] [stdout] 
[INFO] [stdout] warning: unused import: `core::combat::entity`
[INFO] [stdout]  --> player-client/src/ui.rs:1:5
[INFO] [stdout]   |
[INFO] [stdout] 1 | use core::combat::entity;
[INFO] [stdout]   |     ^^^^^^^^^^^^^^^^^^^^
[INFO] [stdout] 
[INFO] [stdout] 
[INFO] [stderr] warning: unused dependency `color-eyre`
[INFO] [stderr]   --> core/Cargo.toml:14:1
[INFO] [stderr]    |
[INFO] [stderr] 14 | color-eyre = "0.6.5"
[INFO] [stderr]    | ^^^^^^^^^^^^^^^^^^^^
[INFO] [stderr]    |
[INFO] [stderr]    = note: `cargo::unused_dependencies` is set to `warn` by default
[INFO] [stderr] help: consider removing the dependency on `color-eyre`
[INFO] [stderr] warning: unused dependency `serde_json`
[INFO] [stderr]   --> core/Cargo.toml:13:1
[INFO] [stderr]    |
[INFO] [stderr] 13 | serde_json = "1.0.140"
[INFO] [stderr]    | ^^^^^^^^^^^^^^^^^^^^^^
[INFO] [stderr]    |
[INFO] [stderr] help: consider removing the dependency on `serde_json`
[INFO] [stderr] warning: `core` (manifest) generated 2 warnings
[INFO] [stderr] warning: unused dependency `crossterm`
[INFO] [stderr]   --> player-client/Cargo.toml:12:1
[INFO] [stderr]    |
[INFO] [stderr] 12 | crossterm = "0.29.0"
[INFO] [stderr]    | ^^^^^^^^^^^^^^^^^^^^
[INFO] [stderr]    |
[INFO] [stderr]    = note: `cargo::unused_dependencies` is set to `warn` by default
[INFO] [stderr] help: consider removing the dependency on `crossterm`
[INFO] [stderr] warning: `player-client` (manifest) generated 1 warning
[INFO] [stderr] warning: unused dependency `rstest`
[INFO] [stderr]   --> rpg-combat-tui/Cargo.toml:18:1
[INFO] [stderr]    |
[INFO] [stderr] 18 | rstest = "0.24.0"
[INFO] [stderr]    | ^^^^^^^^^^^^^^^^^
[INFO] [stderr]    |
[INFO] [stderr]    = note: `cargo::unused_dependencies` is set to `warn` by default
[INFO] [stderr] help: consider removing the dependency on `rstest`
[INFO] [stderr] warning: unused dependency `thiserror`
[INFO] [stderr]   --> rpg-combat-tui/Cargo.toml:22:1
[INFO] [stderr]    |
[INFO] [stderr] 22 | thiserror = "2.0.11"
[INFO] [stderr]    | ^^^^^^^^^^^^^^^^^^^^
[INFO] [stderr]    |
[INFO] [stderr] help: consider removing the dependency on `thiserror`
[INFO] [stderr] warning: `rpg-combat-tui` (manifest) generated 2 warnings
[INFO] [stderr]     Finished `release` profile [optimized] target(s) in 4.92s
[INFO] running `Command { std: "docker" "inspect" "49a51c9f5caf893459daba529114b2e2494b7bdcd0b9317b66ded77febc4d7ea", kill_on_drop: false }`
[INFO] running `Command { std: "docker" "exec" "-e" "SOURCE_DIR=/opt/rustwide/workdir" "-e" "CARGO_HOME=/opt/rustwide/cargo-home" "-e" "RUSTUP_HOME=/opt/rustwide/rustup-home" "-e" "CARGO_TARGET_DIR=/opt/rustwide/target" "-e" "CARGO_INCREMENTAL=0" "-e" "RUST_BACKTRACE=full" "-e" "RUSTFLAGS=--cap-lints=warn" "-e" "RUSTDOCFLAGS=--cap-lints=warn" "-w" "/opt/rustwide/workdir" "--user" "0:0" "49a51c9f5caf893459daba529114b2e2494b7bdcd0b9317b66ded77febc4d7ea" "/opt/rustwide/cargo-home/bin/cargo" "+1.100.0-beta.1" "test" "--frozen" "--release", kill_on_drop: false }`
[INFO] [stderr] warning: unused import: `debug`
[INFO] [stderr]  --> player-client/src/main.rs:4:11
[INFO] [stderr]   |
[INFO] [stderr] 4 | use log::{debug, info};
[INFO] [stderr]   |           ^^^^^
[INFO] [stderr]   |
[INFO] [stderr]   = note: `#[warn(unused_imports)]` (part of `#[warn(unused)]`) on by default
[INFO] [stderr] 
[INFO] [stderr] warning: unused import: `std::sync::Arc`
[INFO] [stderr]  --> player-client/src/app.rs:2:5
[INFO] [stderr]   |
[INFO] [stderr] 2 | use std::sync::Arc;
[INFO] [stderr]   |     ^^^^^^^^^^^^^^
[INFO] [stderr] 
[INFO] [stderr] warning: unused import: `core::combat::entity`
[INFO] [stderr]  --> player-client/src/ui.rs:1:5
[INFO] [stderr]   |
[INFO] [stderr] 1 | use core::combat::entity;
[INFO] [stderr]   |     ^^^^^^^^^^^^^^^^^^^^
[INFO] [stderr] 
[INFO] [stderr] warning: `player-client` (bin "player-client" test) generated 3 warnings (run `cargo fix --bin "player-client" -p player-client --tests` to apply 3 suggestions)
[INFO] [stderr] warning: unused dependency `color-eyre`
[INFO] [stderr]   --> core/Cargo.toml:14:1
[INFO] [stderr]    |
[INFO] [stderr] 14 | color-eyre = "0.6.5"
[INFO] [stderr]    | ^^^^^^^^^^^^^^^^^^^^
[INFO] [stderr]    |
[INFO] [stderr]    = note: `cargo::unused_dependencies` is set to `warn` by default
[INFO] [stderr] help: consider removing the dependency on `color-eyre`
[INFO] [stderr] warning: unused dependency `serde_json`
[INFO] [stderr]   --> core/Cargo.toml:13:1
[INFO] [stderr]    |
[INFO] [stderr] 13 | serde_json = "1.0.140"
[INFO] [stderr]    | ^^^^^^^^^^^^^^^^^^^^^^
[INFO] [stderr]    |
[INFO] [stderr] help: consider removing the dependency on `serde_json`
[INFO] [stderr] warning: `core` (manifest) generated 2 warnings
[INFO] [stderr] warning: unused dependency `crossterm`
[INFO] [stderr]   --> player-client/Cargo.toml:12:1
[INFO] [stderr]    |
[INFO] [stderr] 12 | crossterm = "0.29.0"
[INFO] [stderr]    | ^^^^^^^^^^^^^^^^^^^^
[INFO] [stderr]    |
[INFO] [stderr]    = note: `cargo::unused_dependencies` is set to `warn` by default
[INFO] [stderr] help: consider removing the dependency on `crossterm`
[INFO] [stderr] warning: `player-client` (manifest) generated 1 warning
[INFO] [stderr] warning: unused dependency `rstest`
[INFO] [stderr]   --> rpg-combat-tui/Cargo.toml:18:1
[INFO] [stderr]    |
[INFO] [stderr] 18 | rstest = "0.24.0"
[INFO] [stderr]    | ^^^^^^^^^^^^^^^^^
[INFO] [stderr]    |
[INFO] [stderr]    = note: `cargo::unused_dependencies` is set to `warn` by default
[INFO] [stderr] help: consider removing the dependency on `rstest`
[INFO] [stderr] warning: unused dependency `thiserror`
[INFO] [stderr]   --> rpg-combat-tui/Cargo.toml:22:1
[INFO] [stderr]    |
[INFO] [stderr] 22 | thiserror = "2.0.11"
[INFO] [stderr]    | ^^^^^^^^^^^^^^^^^^^^
[INFO] [stderr]    |
[INFO] [stderr] help: consider removing the dependency on `thiserror`
[INFO] [stderr] warning: `rpg-combat-tui` (manifest) generated 2 warnings
[INFO] [stderr]     Finished `release` profile [optimized] target(s) in 0.24s
[INFO] [stderr]      Running unittests src/lib.rs (/opt/rustwide/target/release/build/core/55baf527ffc3c7a7/out/core-55baf527ffc3c7a7)
[INFO] [stdout] 
[INFO] [stdout] running 7 tests
[INFO] [stdout] test combat::tracker::tests::test_remove_entry_by_uuid ... ok
[INFO] [stdout] test combat::tracker::tests::test_empty_combat_tracker ... ok
[INFO] [stderr]      Running unittests src/main.rs (/opt/rustwide/target/release/build/player-client/dd9dabf117d2b3c2/out/player_client-dd9dabf117d2b3c2)
[INFO] [stdout] test combat::tracker::tests::test_roll_initiative ... ok
[INFO] [stdout] test combat::tracker::tests::test_add_entity ... ok
[INFO] [stdout] test combat::tracker::tests::test_individual_initiative_rolls ... ok
[INFO] [stdout] test combat::tracker::tests::test_from_yaml ... ok
[INFO] [stdout] test combat::tracker::tests::test_player_priority_in_sorting ... ok
[INFO] [stdout] 
[INFO] [stdout] test result: ok. 7 passed; 0 failed; 0 ignored; 0 measured; 0 filtered out; finished in 0.01s
[INFO] [stdout] 
[INFO] [stdout] 
[INFO] [stdout] running 0 tests
[INFO] [stderr]      Running unittests src/main.rs (/opt/rustwide/target/release/build/rpg-combat-tui/f3735819af297e81/out/rpg_combat_tui-f3735819af297e81)
[INFO] [stdout] 
[INFO] [stdout] test result: ok. 0 passed; 0 failed; 0 ignored; 0 measured; 0 filtered out; finished in 0.01s
[INFO] [stdout] 
[INFO] [stdout] 
[INFO] [stdout] running 2 tests
[INFO] [stdout] test tui::app::tests::test_player_character_yaml ... ok
[INFO] [stdout] test tui::app::tests::test_loads_from_save_file_if_exists ... FAILED
[INFO] [stdout] 
[INFO] [stdout] failures:
[INFO] [stdout] 
[INFO] [stdout] ---- tui::app::tests::test_loads_from_save_file_if_exists stdout ----
[INFO] [stdout] [rpg-combat-tui/src/tui/app.rs:467:9] &save_file_path = "/tmp/.combat2.yaml.bkp"
[INFO] [stdout] current_turn: 0
[INFO] [stdout] round: 0
[INFO] [stdout] players:
[INFO] [stdout] - id: 0
[INFO] [stdout]   uuid: '55a88b7f-3cbd-4313-bf10-e02fb016fc1a'
[INFO] [stdout]   name: Samwise
[INFO] [stdout]   entity_type: Player
[INFO] [stdout]   initiative: 12
[INFO] [stdout]   initiative_modifier: 2
[INFO] [stdout]   ac: 16
[INFO] [stdout]   max_hp: 63
[INFO] [stdout]   current_hp: 26
[INFO] [stdout]   conditions: []
[INFO] [stdout] monsters:
[INFO] [stdout] - count: 1
[INFO] [stdout]   stats:
[INFO] [stdout]     id: 1
[INFO] [stdout]     uuid: '1b6f99c4-ceaf-4623-9b7f-b5ada8b03000'
[INFO] [stdout]     name: Goblin
[INFO] [stdout]     entity_type: Monster
[INFO] [stdout]     initiative: 10
[INFO] [stdout]     initiative_modifier: 2
[INFO] [stdout]     ac: 12
[INFO] [stdout]     max_hp: 10
[INFO] [stdout]     current_hp: 10
[INFO] [stdout]     conditions: []
[INFO] [stdout] - count: 1
[INFO] [stdout]   stats:
[INFO] [stdout]     id: 2
[INFO] [stdout]     uuid: '1b6f99c4-ceaf-4623-9b7f-b5ada8b03000'
[INFO] [stdout]     name: Goblin
[INFO] [stdout]     entity_type: Monster
[INFO] [stdout]     initiative: 10
[INFO] [stdout]     initiative_modifier: 2
[INFO] [stdout]     ac: 12
[INFO] [stdout]     max_hp: 10
[INFO] [stdout]     current_hp: 10
[INFO] [stdout]     conditions: []
[INFO] [stdout] 
[INFO] [stdout] 
[INFO] [stdout] thread 'tui::app::tests::test_loads_from_save_file_if_exists' (2783) panicked at rpg-combat-tui/src/tui/app.rs:506:9:
[INFO] [stdout] assertion `left == right` failed
[INFO] [stdout]   left: "Samwise"
[INFO] [stdout]  right: "Goblin"
[INFO] [stdout] stack backtrace:
[INFO] [stdout]    0:     0x5d2df0037741 - <<std[617be2ca0a6fd877]::sys::backtrace::BacktraceLock>::print::DisplayBacktrace as core[a373ad73a504971]::fmt::Display>::fmt
[INFO] [stdout]    1:     0x5d2df004d5ca - core[a373ad73a504971]::fmt::write
[INFO] [stdout]    2:     0x5d2df003ba2c - <alloc[2e1b2a31b91974c5]::vec::Vec<u8> as core[a373ad73a504971]::io::write::Write>::write_fmt
[INFO] [stdout]    3:     0x5d2df0012e66 - std[617be2ca0a6fd877]::panicking::default_hook::{closure#0}
[INFO] [stdout]    4:     0x5d2df002f8e9 - std[617be2ca0a6fd877]::panicking::default_hook
[INFO] [stdout]    5:     0x5d2deff89030 - test[aada8e7e76ba119b]::test_main_inner::{closure#0}
[INFO] [stdout]    6:     0x5d2df002faa2 - std[617be2ca0a6fd877]::panicking::panic_with_hook
[INFO] [stdout]    7:     0x5d2df0012f12 - std[617be2ca0a6fd877]::panicking::panic_handler::{closure#0}
[INFO] [stdout]    8:     0x5d2df000ba69 - std[617be2ca0a6fd877]::sys::backtrace::__rust_end_short_backtrace::<std[617be2ca0a6fd877]::panicking::panic_handler::{closure#0}, !>
[INFO] [stdout]    9:     0x5d2df0013b1d - __rustc[ea4f61d10b84890b]::rust_begin_unwind
[INFO] [stdout]   10:     0x5d2df004dd2c - core[a373ad73a504971]::panicking::panic_fmt
[INFO] [stdout]   11:     0x5d2df004dc43 - core[a373ad73a504971]::panicking::assert_failed_inner
[INFO] [stdout]   12:     0x5d2deff78513 - core[a373ad73a504971]::panicking::assert_failed::<alloc[2e1b2a31b91974c5]::string::String, alloc[2e1b2a31b91974c5]::string::String>
[INFO] [stdout]   13:     0x5d2deff7a982 - <rpg_combat_tui[5ce9f381bd356ec3]::tui::app::tests::test_loads_from_save_file_if_exists::{closure#0} as core[a373ad73a504971]::ops::function::FnOnce<()>>::call_once
[INFO] [stdout]   14:     0x5d2deff7c47b - test[aada8e7e76ba119b]::__rust_begin_short_backtrace::<core[a373ad73a504971]::result::Result<(), alloc[2e1b2a31b91974c5]::string::String>, fn() -> core[a373ad73a504971]::result::Result<(), alloc[2e1b2a31b91974c5]::string::String>>
[INFO] [stdout]   15:     0x5d2deff89655 - test[aada8e7e76ba119b]::run_test::{closure#0}
[INFO] [stdout]   16:     0x5d2deff82f44 - std[617be2ca0a6fd877]::sys::backtrace::__rust_begin_short_backtrace::<test[aada8e7e76ba119b]::run_test::{closure#1}, ()>
[INFO] [stdout]   17:     0x5d2deff8c6e2 - <std[617be2ca0a6fd877]::thread::lifecycle::spawn_unchecked<test[aada8e7e76ba119b]::run_test::{closure#1}, ()>::{closure#1} as core[a373ad73a504971]::ops::function::FnOnce<()>>::call_once::{shim:vtable#0}
[INFO] [stdout]   18:     0x5d2df0036c0f - <std[617be2ca0a6fd877]::sys::thread::unix::Thread>::new::thread_start
[INFO] [stdout]   19:     0x7f29d8db6dfa - <unknown>
[INFO] [stdout]   20:     0x7f29d8e4a3d4 - clone
[INFO] [stdout]   21:                0x0 - <unknown>
[INFO] [stdout] 
[INFO] [stdout] 
[INFO] [stdout] failures:
[INFO] [stdout]     tui::app::tests::test_loads_from_save_file_if_exists
[INFO] [stdout] 
[INFO] [stdout] test result: FAILED. 1 passed; 1 failed; 0 ignored; 0 measured; 0 filtered out; finished in 0.00s
[INFO] [stdout] 
[INFO] [stderr] error: test failed, to rerun pass `-p rpg-combat-tui --bin rpg-combat-tui`
[INFO] running `Command { std: "docker" "inspect" "49a51c9f5caf893459daba529114b2e2494b7bdcd0b9317b66ded77febc4d7ea", kill_on_drop: false }`
[INFO] running `Command { std: "docker" "rm" "-f" "49a51c9f5caf893459daba529114b2e2494b7bdcd0b9317b66ded77febc4d7ea", kill_on_drop: false }`
[INFO] [stdout] 49a51c9f5caf893459daba529114b2e2494b7bdcd0b9317b66ded77febc4d7ea
