[INFO] cloning repository https://github.com/AvengerAnubis/openstranded-s2mod-tool
[INFO] running `Command { std: "git" "-c" "credential.helper=" "-c" "credential.helper=/workspace/cargo-home/bin/git-credential-null" "clone" "--bare" "https://github.com/AvengerAnubis/openstranded-s2mod-tool" "/workspace/cache/git-repos/https%3A%2F%2Fgithub.com%2FAvengerAnubis%2Fopenstranded-s2mod-tool", kill_on_drop: false }`
[INFO] [stderr] Cloning into bare repository '/workspace/cache/git-repos/https%3A%2F%2Fgithub.com%2FAvengerAnubis%2Fopenstranded-s2mod-tool'...
[INFO] running `Command { std: "git" "rev-parse" "HEAD", kill_on_drop: false }`
[INFO] [stdout] e29127f847ade2e2ce4dcbf325b5fbdf6b98ecf0
[INFO] testing AvengerAnubis/openstranded-s2mod-tool/e29127f847ade2e2ce4dcbf325b5fbdf6b98ecf0 against 1.100.0-beta.1+cargoflags=--release for beta-release-1.100-2
[INFO] running `Command { std: "git" "clone" "/workspace/cache/git-repos/https%3A%2F%2Fgithub.com%2FAvengerAnubis%2Fopenstranded-s2mod-tool" "/workspace/builds/worker-1-tc2/source", kill_on_drop: false }`
[INFO] [stderr] Cloning into '/workspace/builds/worker-1-tc2/source'...
[INFO] [stderr] done.
[INFO] started tweaking git repo https://github.com/AvengerAnubis/openstranded-s2mod-tool
[INFO] finished tweaking git repo https://github.com/AvengerAnubis/openstranded-s2mod-tool
[INFO] tweaked toml for git repo https://github.com/AvengerAnubis/openstranded-s2mod-tool written to /workspace/builds/worker-1-tc2/source/Cargo.toml
[INFO] validating manifest of git repo https://github.com/AvengerAnubis/openstranded-s2mod-tool on toolchain 1.100.0-beta.1
[INFO] running `Command { std: CARGO_HOME="/workspace/cargo-home" RUSTUP_HOME="/workspace/rustup-home" "/workspace/cargo-home/bin/cargo" "+1.100.0-beta.1" "metadata" "--manifest-path" "Cargo.toml" "--no-deps", kill_on_drop: false }`
[INFO] crate git repo https://github.com/AvengerAnubis/openstranded-s2mod-tool already has a lockfile, it will not be regenerated
[INFO] running `Command { std: CARGO_HOME="/workspace/cargo-home" RUSTUP_HOME="/workspace/rustup-home" "/workspace/cargo-home/bin/cargo" "+1.100.0-beta.1" "fetch" "--manifest-path" "Cargo.toml", kill_on_drop: false }`
[INFO] [stderr] warning: `package.homepage` is redundant with `package.repository`
[INFO] [stderr]   --> Cargo.toml:54:12
[INFO] [stderr]    |
[INFO] [stderr] 54 | homepage = "https://github.com/OpenStranded/s2mod-tool"
[INFO] [stderr]    |            ^^^^^^^^^^^^^^^^^^^^^^^^^^^^^^^^^^^^^^^^^^^^
[INFO] [stderr] ...
[INFO] [stderr] 59 | repository = "https://github.com/OpenStranded/s2mod-tool"
[INFO] [stderr]    |              --------------------------------------------
[INFO] [stderr]    |
[INFO] [stderr]    = note: `cargo::redundant_homepage` is set to `warn` by default
[INFO] [stderr] help: consider removing `package.homepage`
[INFO] [stderr] warning: `openstranded-s2mod-tool` (manifest) generated 1 warning
[INFO] [stderr]     Updating crates.io index
[INFO] [stderr]      Locking 2 packages to highest Rust 1.100.0-beta.1 compatible versions
[INFO] [stderr]     Updating bmpf2fnt v0.2.2 -> v0.3.0
[INFO] [stderr]       Adding openstranded-map-tool v0.2.2
[INFO] running `Command { std: "docker" "create" "-v" "/var/lib/crater-agent-workspace/builds/worker-1-tc2/source:/opt/rustwide/workdir:ro,Z" "-v" "/var/lib/crater-agent-workspace/builds/worker-1-tc2/target:/opt/rustwide/target:rw,Z" "-v" "/var/lib/crater-agent-workspace/cargo-home:/opt/rustwide/cargo-home:ro,Z" "-v" "/var/lib/crater-agent-workspace/rustup-home:/opt/rustwide/rustup-home:ro,Z" "-m" "1610612736" "--network" "none" "ghcr.io/rust-lang/crates-build-env/linux@sha256:77db811e55d90add9212f6832c23229e3de5f1c1f9905e8cb07319ea15df73ac" "sleep" "infinity", kill_on_drop: false }`
[INFO] [stdout] 45d5b44a02c7bcdd2f7f92dd29914522c1c2ef4be98dbace8dc66485d57aa6b7
[INFO] running `Command { std: "docker" "start" "45d5b44a02c7bcdd2f7f92dd29914522c1c2ef4be98dbace8dc66485d57aa6b7", kill_on_drop: false }`
[INFO] running `Command { std: "docker" "inspect" "45d5b44a02c7bcdd2f7f92dd29914522c1c2ef4be98dbace8dc66485d57aa6b7", kill_on_drop: false }`
[INFO] running `Command { std: "docker" "exec" "-e" "SOURCE_DIR=/opt/rustwide/workdir" "-e" "CARGO_HOME=/opt/rustwide/cargo-home" "-e" "RUSTUP_HOME=/opt/rustwide/rustup-home" "-e" "CARGO_TARGET_DIR=/opt/rustwide/target" "-w" "/opt/rustwide/workdir" "--user" "0:0" "45d5b44a02c7bcdd2f7f92dd29914522c1c2ef4be98dbace8dc66485d57aa6b7" "/opt/rustwide/cargo-home/bin/cargo" "+1.100.0-beta.1" "metadata" "--no-deps" "--format-version=1", kill_on_drop: false }`
[INFO] running `Command { std: "docker" "inspect" "45d5b44a02c7bcdd2f7f92dd29914522c1c2ef4be98dbace8dc66485d57aa6b7", kill_on_drop: false }`
[INFO] running `Command { std: "docker" "exec" "-e" "SOURCE_DIR=/opt/rustwide/workdir" "-e" "CARGO_HOME=/opt/rustwide/cargo-home" "-e" "RUSTUP_HOME=/opt/rustwide/rustup-home" "-e" "CARGO_TARGET_DIR=/opt/rustwide/target" "-e" "CARGO_INCREMENTAL=0" "-e" "RUST_BACKTRACE=full" "-e" "RUSTFLAGS=--cap-lints=warn" "-e" "RUSTDOCFLAGS=--cap-lints=warn" "-w" "/opt/rustwide/workdir" "--user" "0:0" "45d5b44a02c7bcdd2f7f92dd29914522c1c2ef4be98dbace8dc66485d57aa6b7" "/opt/rustwide/cargo-home/bin/cargo" "+1.100.0-beta.1" "build" "--frozen" "--message-format=json" "--release", kill_on_drop: false }`
[INFO] [stderr] warning: `package.homepage` is redundant with `package.repository`
[INFO] [stderr]   --> Cargo.toml:54:12
[INFO] [stderr]    |
[INFO] [stderr] 54 | homepage = "https://github.com/OpenStranded/s2mod-tool"
[INFO] [stderr]    |            ^^^^^^^^^^^^^^^^^^^^^^^^^^^^^^^^^^^^^^^^^^^^
[INFO] [stderr] ...
[INFO] [stderr] 59 | repository = "https://github.com/OpenStranded/s2mod-tool"
[INFO] [stderr]    |              --------------------------------------------
[INFO] [stderr]    |
[INFO] [stderr]    = note: `cargo::redundant_homepage` is set to `warn` by default
[INFO] [stderr] help: consider removing `package.homepage`
[INFO] [stderr] warning: `openstranded-s2mod-tool` (manifest) generated 1 warning
[INFO] [stderr]    Compiling proc-macro2 v1.0.106
[INFO] [stderr]    Compiling quote v1.0.46
[INFO] [stderr]    Compiling libc v0.2.186
[INFO] [stderr]    Compiling serde_core v1.0.228
[INFO] [stderr]    Compiling version_check v0.9.5
[INFO] [stderr]    Compiling autocfg v1.5.1
[INFO] [stderr]    Compiling find-msvc-tools v0.1.9
[INFO] [stderr]    Compiling pkg-config v0.3.33
[INFO] [stderr]    Compiling simd-adler32 v0.3.9
[INFO] [stderr]    Compiling generic-array v0.14.7
[INFO] [stderr]    Compiling typenum v1.20.1
[INFO] [stderr]    Compiling crc32fast v1.5.0
[INFO] [stderr]    Compiling serde v1.0.228
[INFO] [stderr]    Compiling log v0.4.33
[INFO] [stderr]    Compiling num-traits v0.2.19
[INFO] [stderr]    Compiling adler2 v2.0.1
[INFO] [stderr]    Compiling anyhow v1.0.103
[INFO] [stderr]    Compiling thiserror v2.0.18
[INFO] [stderr]    Compiling syn v2.0.118
[INFO] [stderr]    Compiling miniz_oxide v0.8.9
[INFO] [stderr]    Compiling either v1.16.0
[INFO] [stderr]    Compiling zerocopy v0.8.54
[INFO] [stderr]    Compiling jobserver v0.1.35
[INFO] [stderr]    Compiling num-integer v0.1.46
[INFO] [stderr]    Compiling cc v1.2.66
[INFO] [stderr]    Compiling crypto-common v0.1.7
[INFO] [stderr]    Compiling stable_deref_trait v1.2.1
[INFO] [stderr]    Compiling arrayvec v0.7.8
[INFO] [stderr]    Compiling as-slice v0.2.1
[INFO] [stderr]    Compiling flate2 v1.1.9
[INFO] [stderr]    Compiling num-bigint v0.4.8
[INFO] [stderr]    Compiling rayon v1.12.0
[INFO] [stderr]    Compiling av-scenechange v0.14.1
[INFO] [stderr]    Compiling bytemuck v1.25.0
[INFO] [stderr]    Compiling libm v0.2.16
[INFO] [stderr]    Compiling built v0.8.1
[INFO] [stderr]    Compiling aligned v0.4.3
[INFO] [stderr]    Compiling block-buffer v0.10.4
[INFO] [stderr]    Compiling pulp v0.22.3
[INFO] [stderr]    Compiling nom v8.0.0
[INFO] [stderr]    Compiling rav1e v0.8.1
[INFO] [stderr]    Compiling no_std_io2 v0.9.4
[INFO] [stderr]    Compiling quick-error v2.0.1
[INFO] [stderr]    Compiling memchr v2.8.3
[INFO] [stderr]    Compiling bitflags v2.13.0
[INFO] [stderr]    Compiling pastey v0.1.1
[INFO] [stderr]    Compiling subtle v2.6.1
[INFO] [stderr]    Compiling y4m v0.8.0
[INFO] [stderr]    Compiling digest v0.10.7
[INFO] [stderr]    Compiling zstd-sys v2.0.16+zstd.1.5.7
[INFO] [stderr]    Compiling lzma-sys v0.1.20
[INFO] [stderr]    Compiling bzip2-sys v0.1.13+1.0.8
[INFO] [stderr]    Compiling aho-corasick v1.1.4
[INFO] [stderr]    Compiling raw-cpuid v11.6.0
[INFO] [stderr]    Compiling bitstream-io v4.10.0
[INFO] [stderr]    Compiling num-rational v0.4.2
[INFO] [stderr]    Compiling maybe-rayon v0.1.1
[INFO] [stderr]    Compiling num-complex v0.4.6
[INFO] [stderr]    Compiling itertools v0.14.0
[INFO] [stderr]    Compiling simd_helpers v0.1.0
[INFO] [stderr]    Compiling imgref v1.12.2
[INFO] [stderr]    Compiling equator-macro v0.4.2
[INFO] [stderr]    Compiling serde_derive v1.0.228
[INFO] [stderr]    Compiling equator v0.4.2
[INFO] [stderr]    Compiling thiserror-impl v2.0.18
[INFO] [stderr]    Compiling zerocopy-derive v0.8.54
[INFO] [stderr]    Compiling aligned-vec v0.6.4
[INFO] [stderr]    Compiling v_frame v0.3.9
[INFO] [stderr]    Compiling arg_enum_proc_macro v0.3.4
[INFO] [stderr]    Compiling profiling-procmacros v1.0.18
[INFO] [stderr]    Compiling av1-grain v0.2.5
[INFO] [stderr]    Compiling profiling v1.0.18
[INFO] [stderr]    Compiling num-derive v0.4.2
[INFO] [stderr]    Compiling reborrow v0.5.5
[INFO] [stderr]    Compiling once_cell v1.21.4
[INFO] [stderr]    Compiling regex-syntax v0.8.11
[INFO] [stderr]    Compiling new_debug_unreachable v1.0.6
[INFO] [stderr]    Compiling typeid v1.0.3
[INFO] [stderr]    Compiling zmij v1.0.21
[INFO] [stderr]    Compiling hashbrown v0.17.1
[INFO] [stderr]    Compiling zstd-safe v7.2.4
[INFO] [stderr]    Compiling zune-core v0.5.1
[INFO] [stderr]    Compiling noop_proc_macro v0.3.0
[INFO] [stderr]    Compiling weezl v0.1.12
[INFO] [stderr]    Compiling pulp-wasm-simd-flag v0.1.1
[INFO] [stderr]    Compiling indexmap v2.14.0
[INFO] [stderr]    Compiling regex-automata v0.4.15
[INFO] [stderr]    Compiling clap_builder v4.6.0
[INFO] [stderr]    Compiling zune-jpeg v0.5.15
[INFO] [stderr]    Compiling clap_derive v4.6.1
[INFO] [stderr]    Compiling loop9 v0.1.5
[INFO] [stderr]    Compiling avif-serialize v0.8.9
[INFO] [stderr]    Compiling inout v0.1.4
[INFO] [stderr]    Compiling zune-inflate v0.2.54
[INFO] [stderr]    Compiling fdeflate v0.3.7
[INFO] [stderr]    Compiling half v2.7.1
[INFO] [stderr]    Compiling serde_json v1.0.150
[INFO] [stderr]    Compiling lebe v0.5.3
[INFO] [stderr]    Compiling rustix v1.1.4
[INFO] [stderr]    Compiling getrandom v0.3.4
[INFO] [stderr]    Compiling fax v0.2.7
[INFO] [stderr]    Compiling byteorder v1.5.0
[INFO] [stderr]    Compiling rgb v0.8.53
[INFO] [stderr]    Compiling getrandom v0.4.3
[INFO] [stderr]    Compiling bit_field v0.10.3
[INFO] [stderr]    Compiling byteorder-lite v0.1.0
[INFO] [stderr]    Compiling cpufeatures v0.2.17
[INFO] [stderr]    Compiling pxfm v0.1.30
[INFO] [stderr]    Compiling crc-catalog v2.5.0
[INFO] [stderr]    Compiling logos-codegen v0.16.1
[INFO] [stderr]    Compiling crc v3.4.0
[INFO] [stderr]    Compiling image-webp v0.2.4
[INFO] [stderr]    Compiling exr v1.74.1
[INFO] [stderr]    Compiling tiff v0.11.3
[INFO] [stderr]    Compiling png v0.18.1
[INFO] [stderr]    Compiling moxcms v0.8.1
[INFO] [stderr]    Compiling ravif v0.13.0
[INFO] [stderr]    Compiling gif v0.14.2
[INFO] [stderr]    Compiling clap v4.6.1
[INFO] [stderr]    Compiling cipher v0.4.4
[INFO] [stderr]    Compiling toml_datetime v0.6.11
[INFO] [stderr]    Compiling serde_spanned v0.6.9
[INFO] [stderr]    Compiling zeroize_derive v1.5.0
[INFO] [stderr]    Compiling hmac v0.12.1
[INFO] [stderr]    Compiling qoi v0.4.1
[INFO] [stderr]    Compiling zip v2.4.2
[INFO] [stderr]    Compiling winnow v0.7.15
[INFO] [stderr]    Compiling num-conv v0.2.2
[INFO] [stderr]    Compiling powerfmt v0.2.0
[INFO] [stderr]    Compiling time-core v0.1.9
[INFO] [stderr]    Compiling unicode-ident v1.0.24
[INFO] [stderr]    Compiling toml_write v0.1.2
[INFO] [stderr]    Compiling bumpalo v3.20.3
[INFO] [stderr]    Compiling deranged v0.5.8
[INFO] [stderr]    Compiling linux-raw-sys v0.12.1
[INFO] [stderr]    Compiling time v0.3.53
[INFO] [stderr]    Compiling toml_edit v0.22.27
[INFO] [stderr]    Compiling zopfli v0.8.3
[INFO] [stderr]    Compiling image v0.25.10
[INFO] [stderr]    Compiling ron v0.12.2
[INFO] [stderr]    Compiling zeroize v1.9.0
[INFO] [stderr]    Compiling pbkdf2 v0.12.2
[INFO] [stderr]    Compiling xz2 v0.1.7
[INFO] [stderr]    Compiling bzip2 v0.5.2
[INFO] [stderr]    Compiling aes v0.8.4
[INFO] [stderr]    Compiling logos-derive v0.16.1
[INFO] [stderr]    Compiling lzma-rs v0.3.0
[INFO] [stderr]    Compiling sha1 v0.10.6
[INFO] [stderr]    Compiling displaydoc v0.2.6
[INFO] [stderr]    Compiling fastrand v2.4.1
[INFO] [stderr]    Compiling same-file v1.0.6
[INFO] [stderr]    Compiling constant_time_eq v0.3.1
[INFO] [stderr]    Compiling deflate64 v0.1.12
[INFO] [stderr]    Compiling walkdir v2.5.0
[INFO] [stderr]    Compiling tempfile v3.27.0
[INFO] [stderr]    Compiling logos v0.16.1
[INFO] [stderr]    Compiling toml v0.8.23
[INFO] [stderr]    Compiling s2s2lua v0.1.0
[INFO] [stderr]    Compiling b3d2glb v0.4.0
[INFO] [stderr]    Compiling bmpf2fnt v0.3.0
[INFO] [stderr]    Compiling inf2ron v0.2.0
[INFO] [stderr]    Compiling openstranded-map-tool v0.2.2
[INFO] [stderr]    Compiling pathdiff v0.2.3
[INFO] [stderr]    Compiling zstd v0.13.3
[INFO] [stderr]    Compiling s2mod-packer v0.1.0
[INFO] [stderr]    Compiling openstranded-s2mod-tool v0.2.4 (/opt/rustwide/workdir)
[INFO] [stderr]     Finished `release` profile [optimized] target(s) in 9m 18s
[INFO] running `Command { std: "docker" "inspect" "45d5b44a02c7bcdd2f7f92dd29914522c1c2ef4be98dbace8dc66485d57aa6b7", kill_on_drop: false }`
[INFO] running `Command { std: "docker" "exec" "-e" "SOURCE_DIR=/opt/rustwide/workdir" "-e" "CARGO_HOME=/opt/rustwide/cargo-home" "-e" "RUSTUP_HOME=/opt/rustwide/rustup-home" "-e" "CARGO_TARGET_DIR=/opt/rustwide/target" "-e" "CARGO_INCREMENTAL=0" "-e" "RUST_BACKTRACE=full" "-e" "RUSTFLAGS=--cap-lints=warn" "-e" "RUSTDOCFLAGS=--cap-lints=warn" "-w" "/opt/rustwide/workdir" "--user" "0:0" "45d5b44a02c7bcdd2f7f92dd29914522c1c2ef4be98dbace8dc66485d57aa6b7" "/opt/rustwide/cargo-home/bin/cargo" "+1.100.0-beta.1" "test" "--frozen" "--no-run" "--message-format=json" "--release", kill_on_drop: false }`
[INFO] [stderr] warning: `package.homepage` is redundant with `package.repository`
[INFO] [stderr]   --> Cargo.toml:54:12
[INFO] [stderr]    |
[INFO] [stderr] 54 | homepage = "https://github.com/OpenStranded/s2mod-tool"
[INFO] [stderr]    |            ^^^^^^^^^^^^^^^^^^^^^^^^^^^^^^^^^^^^^^^^^^^^
[INFO] [stderr] ...
[INFO] [stderr] 59 | repository = "https://github.com/OpenStranded/s2mod-tool"
[INFO] [stderr]    |              --------------------------------------------
[INFO] [stderr]    |
[INFO] [stderr]    = note: `cargo::redundant_homepage` is set to `warn` by default
[INFO] [stderr] help: consider removing `package.homepage`
[INFO] [stderr] warning: `openstranded-s2mod-tool` (manifest) generated 1 warning
[INFO] [stderr]    Compiling openstranded-s2mod-tool v0.2.4 (/opt/rustwide/workdir)
[INFO] [stderr]     Finished `release` profile [optimized] target(s) in 20.90s
[INFO] running `Command { std: "docker" "inspect" "45d5b44a02c7bcdd2f7f92dd29914522c1c2ef4be98dbace8dc66485d57aa6b7", kill_on_drop: false }`
[INFO] running `Command { std: "docker" "exec" "-e" "SOURCE_DIR=/opt/rustwide/workdir" "-e" "CARGO_HOME=/opt/rustwide/cargo-home" "-e" "RUSTUP_HOME=/opt/rustwide/rustup-home" "-e" "CARGO_TARGET_DIR=/opt/rustwide/target" "-e" "CARGO_INCREMENTAL=0" "-e" "RUST_BACKTRACE=full" "-e" "RUSTFLAGS=--cap-lints=warn" "-e" "RUSTDOCFLAGS=--cap-lints=warn" "-w" "/opt/rustwide/workdir" "--user" "0:0" "45d5b44a02c7bcdd2f7f92dd29914522c1c2ef4be98dbace8dc66485d57aa6b7" "/opt/rustwide/cargo-home/bin/cargo" "+1.100.0-beta.1" "test" "--frozen" "--release", kill_on_drop: false }`
[INFO] [stderr] warning: `package.homepage` is redundant with `package.repository`
[INFO] [stderr]   --> Cargo.toml:54:12
[INFO] [stderr]    |
[INFO] [stderr] 54 | homepage = "https://github.com/OpenStranded/s2mod-tool"
[INFO] [stderr]    |            ^^^^^^^^^^^^^^^^^^^^^^^^^^^^^^^^^^^^^^^^^^^^
[INFO] [stderr] ...
[INFO] [stderr] 59 | repository = "https://github.com/OpenStranded/s2mod-tool"
[INFO] [stderr]    |              --------------------------------------------
[INFO] [stderr]    |
[INFO] [stderr]    = note: `cargo::redundant_homepage` is set to `warn` by default
[INFO] [stderr] help: consider removing `package.homepage`
[INFO] [stderr] warning: `openstranded-s2mod-tool` (manifest) generated 1 warning
[INFO] [stderr]     Finished `release` profile [optimized] target(s) in 0.29s
[INFO] [stderr]      Running unittests src/lib.rs (/opt/rustwide/target/release/build/openstranded-s2mod-tool/f4e092ef870d192e/out/openstranded_s2mod_tool-f4e092ef870d192e)
[INFO] [stdout] 
[INFO] [stdout] running 0 tests
[INFO] [stdout] 
[INFO] [stdout] test result: ok. 0 passed; 0 failed; 0 ignored; 0 measured; 0 filtered out; finished in 0.00s
[INFO] [stdout] 
[INFO] [stdout] 
[INFO] [stderr]      Running unittests src/main.rs (/opt/rustwide/target/release/build/openstranded-s2mod-tool/31854aa0a1c63024/out/openstranded_s2mod_tool-31854aa0a1c63024)
[INFO] [stdout] running 0 tests
[INFO] [stdout] 
[INFO] [stdout] test result: ok. 0 passed; 0 failed; 0 ignored; 0 measured; 0 filtered out; finished in 0.00s
[INFO] [stdout] 
[INFO] [stderr]      Running tests/e2e.rs (/opt/rustwide/target/release/build/openstranded-s2mod-tool/0dc9fd4df9c8eda9/out/e2e-0dc9fd4df9c8eda9)
[INFO] [stdout] 
[INFO] [stdout] running 18 tests
[INFO] [stdout] test fixture_ref_ext_txt_as_s2s_converted_to_lua ... FAILED
[INFO] [stdout] test fixture_full_conversion_creates_s2mod ... FAILED
[INFO] [stdout] test fixture_skip_flags_work ... FAILED
[INFO] [stdout] test fixture_ref_ext_direct_txt_to_lua ... FAILED
[INFO] [stdout] test fixture_scripts_valid_lua ... FAILED
[INFO] [stdout] test original_conversion_all_outputs_exist ... ignored
[INFO] [stdout] test original_glb_files_are_valid ... ignored
[INFO] [stdout] test original_manifest_has_content ... ignored
[INFO] [stdout] test original_png_files_are_valid ... ignored
[INFO] [stdout] test original_registry_ron_is_valid ... ignored
[INFO] [stdout] test original_scripts_contain_valid_lua ... ignored
[INFO] [stdout] test original_skip_flags_work ... ignored
[INFO] [stdout] test fixture_ref_ext_warns_missing ... FAILED
[INFO] [stdout] test fixture_registry_ron_is_valid ... FAILED
[INFO] [stderr] error: test failed, to rerun pass `--test e2e`
[INFO] [stdout] test stranded2_converts_to_dir ... ok
[INFO] [stdout] test stranded2_converts_to_s2mod ... ok
[INFO] [stdout] test fixture_manifest_has_content ... FAILED
[INFO] [stdout] test stranded2_manifest_is_valid ... ok
[INFO] [stdout] 
[INFO] [stdout] failures:
[INFO] [stdout] 
[INFO] [stdout] ---- fixture_ref_ext_txt_as_s2s_converted_to_lua stdout ----
[INFO] [stdout] 
[INFO] [stdout] thread 'fixture_ref_ext_txt_as_s2s_converted_to_lua' (3338) panicked at tests/e2e.rs:244:6:
[INFO] [stdout] ref_ext conversion: "failed to execute: No such file or directory (os error 2)"
[INFO] [stdout] stack backtrace:
[INFO] [stdout]    0:     0x5faa7b699191 - <<std[617be2ca0a6fd877]::sys::backtrace::BacktraceLock>::print::DisplayBacktrace as core[a373ad73a504971]::fmt::Display>::fmt
[INFO] [stdout]    1:     0x5faa7b6b0c9a - core[a373ad73a504971]::fmt::write
[INFO] [stdout]    2:     0x5faa7b69da0c - <alloc[2e1b2a31b91974c5]::vec::Vec<u8> as core[a373ad73a504971]::io::write::Write>::write_fmt
[INFO] [stdout]    3:     0x5faa7b672fe6 - std[617be2ca0a6fd877]::panicking::default_hook::{closure#0}
[INFO] [stdout]    4:     0x5faa7b690a19 - std[617be2ca0a6fd877]::panicking::default_hook
[INFO] [stdout]    5:     0x5faa7b62b080 - test[aada8e7e76ba119b]::test_main_inner::{closure#0}
[INFO] [stdout]    6:     0x5faa7b690bd2 - std[617be2ca0a6fd877]::panicking::panic_with_hook
[INFO] [stdout]    7:     0x5faa7b673092 - std[617be2ca0a6fd877]::panicking::panic_handler::{closure#0}
[INFO] [stdout]    8:     0x5faa7b66ba29 - std[617be2ca0a6fd877]::sys::backtrace::__rust_end_short_backtrace::<std[617be2ca0a6fd877]::panicking::panic_handler::{closure#0}, !>
[INFO] [stdout]    9:     0x5faa7b673c9d - __rustc[ea4f61d10b84890b]::rust_begin_unwind
[INFO] [stdout]   10:     0x5faa7b6b144c - core[a373ad73a504971]::panicking::panic_fmt
[INFO] [stdout]   11:     0x5faa7b6b1222 - core[a373ad73a504971]::result::unwrap_failed
[INFO] [stdout]   12:     0x5faa7b4fc9a9 - <e2e[6a11a13b36d7029d]::fixture_ref_ext_txt_as_s2s_converted_to_lua::{closure#0} as core[a373ad73a504971]::ops::function::FnOnce<()>>::call_once
[INFO] [stdout]   13:     0x5faa7b61e4cb - test[aada8e7e76ba119b]::__rust_begin_short_backtrace::<core[a373ad73a504971]::result::Result<(), alloc[2e1b2a31b91974c5]::string::String>, fn() -> core[a373ad73a504971]::result::Result<(), alloc[2e1b2a31b91974c5]::string::String>>
[INFO] [stdout]   14:     0x5faa7b62b6a5 - test[aada8e7e76ba119b]::run_test::{closure#0}
[INFO] [stdout]   15:     0x5faa7b624f94 - std[617be2ca0a6fd877]::sys::backtrace::__rust_begin_short_backtrace::<test[aada8e7e76ba119b]::run_test::{closure#1}, ()>
[INFO] [stdout]   16:     0x5faa7b62e732 - <std[617be2ca0a6fd877]::thread::lifecycle::spawn_unchecked<test[aada8e7e76ba119b]::run_test::{closure#1}, ()>::{closure#1} as core[a373ad73a504971]::ops::function::FnOnce<()>>::call_once::{shim:vtable#0}
[INFO] [stdout]   17:     0x5faa7b69868f - <std[617be2ca0a6fd877]::sys::thread::unix::Thread>::new::thread_start
[INFO] [stdout]   18:     0x79e5064a5dfa - <unknown>
[INFO] [stdout]   19:     0x79e5065393d4 - clone
[INFO] [stdout]   20:                0x0 - <unknown>
[INFO] [stdout] 
[INFO] [stdout] ---- fixture_full_conversion_creates_s2mod stdout ----
[INFO] [stdout] 
[INFO] [stdout] thread 'fixture_full_conversion_creates_s2mod' (3335) panicked at tests/e2e.rs:214:6:
[INFO] [stdout] fixture full conversion: "failed to execute: No such file or directory (os error 2)"
[INFO] [stdout] stack backtrace:
[INFO] [stdout]    0:     0x5faa7b699191 - <<std[617be2ca0a6fd877]::sys::backtrace::BacktraceLock>::print::DisplayBacktrace as core[a373ad73a504971]::fmt::Display>::fmt
[INFO] [stdout]    1:     0x5faa7b6b0c9a - core[a373ad73a504971]::fmt::write
[INFO] [stdout]    2:     0x5faa7b69da0c - <alloc[2e1b2a31b91974c5]::vec::Vec<u8> as core[a373ad73a504971]::io::write::Write>::write_fmt
[INFO] [stdout]    3:     0x5faa7b672fe6 - std[617be2ca0a6fd877]::panicking::default_hook::{closure#0}
[INFO] [stdout]    4:     0x5faa7b690a19 - std[617be2ca0a6fd877]::panicking::default_hook
[INFO] [stdout]    5:     0x5faa7b62b080 - test[aada8e7e76ba119b]::test_main_inner::{closure#0}
[INFO] [stdout]    6:     0x5faa7b690bd2 - std[617be2ca0a6fd877]::panicking::panic_with_hook
[INFO] [stdout]    7:     0x5faa7b673092 - std[617be2ca0a6fd877]::panicking::panic_handler::{closure#0}
[INFO] [stdout]    8:     0x5faa7b66ba29 - std[617be2ca0a6fd877]::sys::backtrace::__rust_end_short_backtrace::<std[617be2ca0a6fd877]::panicking::panic_handler::{closure#0}, !>
[INFO] [stdout]    9:     0x5faa7b673c9d - __rustc[ea4f61d10b84890b]::rust_begin_unwind
[INFO] [stdout]   10:     0x5faa7b6b144c - core[a373ad73a504971]::panicking::panic_fmt
[INFO] [stdout]   11:     0x5faa7b6b1222 - core[a373ad73a504971]::result::unwrap_failed
[INFO] [stdout]   12:     0x5faa7b4fb87a - <e2e[6a11a13b36d7029d]::fixture_full_conversion_creates_s2mod::{closure#0} as core[a373ad73a504971]::ops::function::FnOnce<()>>::call_once
[INFO] [stdout]   13:     0x5faa7b61e4cb - test[aada8e7e76ba119b]::__rust_begin_short_backtrace::<core[a373ad73a504971]::result::Result<(), alloc[2e1b2a31b91974c5]::string::String>, fn() -> core[a373ad73a504971]::result::Result<(), alloc[2e1b2a31b91974c5]::string::String>>
[INFO] [stdout]   14:     0x5faa7b62b6a5 - test[aada8e7e76ba119b]::run_test::{closure#0}
[INFO] [stdout]   15:     0x5faa7b624f94 - std[617be2ca0a6fd877]::sys::backtrace::__rust_begin_short_backtrace::<test[aada8e7e76ba119b]::run_test::{closure#1}, ()>
[INFO] [stdout]   16:     0x5faa7b62e732 - <std[617be2ca0a6fd877]::thread::lifecycle::spawn_unchecked<test[aada8e7e76ba119b]::run_test::{closure#1}, ()>::{closure#1} as core[a373ad73a504971]::ops::function::FnOnce<()>>::call_once::{shim:vtable#0}
[INFO] [stdout]   17:     0x5faa7b69868f - <std[617be2ca0a6fd877]::sys::thread::unix::Thread>::new::thread_start
[INFO] [stdout]   18:     0x79e5064a5dfa - <unknown>
[INFO] [stdout]   19:     0x79e5065393d4 - clone
[INFO] [stdout]   20:                0x0 - <unknown>
[INFO] [stdout] 
[INFO] [stdout] ---- fixture_skip_flags_work stdout ----
[INFO] [stdout] 
[INFO] [stdout] thread 'fixture_skip_flags_work' (3342) panicked at tests/e2e.rs:183:6:
[INFO] [stdout] fixture skip flags: "failed to execute: No such file or directory (os error 2)"
[INFO] [stdout] stack backtrace:
[INFO] [stdout]    0:     0x5faa7b699191 - <<std[617be2ca0a6fd877]::sys::backtrace::BacktraceLock>::print::DisplayBacktrace as core[a373ad73a504971]::fmt::Display>::fmt
[INFO] [stdout]    1:     0x5faa7b6b0c9a - core[a373ad73a504971]::fmt::write
[INFO] [stdout]    2:     0x5faa7b69da0c - <alloc[2e1b2a31b91974c5]::vec::Vec<u8> as core[a373ad73a504971]::io::write::Write>::write_fmt
[INFO] [stdout]    3:     0x5faa7b672fe6 - std[617be2ca0a6fd877]::panicking::default_hook::{closure#0}
[INFO] [stdout]    4:     0x5faa7b690a19 - std[617be2ca0a6fd877]::panicking::default_hook
[INFO] [stdout]    5:     0x5faa7b62b080 - test[aada8e7e76ba119b]::test_main_inner::{closure#0}
[INFO] [stdout]    6:     0x5faa7b690bd2 - std[617be2ca0a6fd877]::panicking::panic_with_hook
[INFO] [stdout]    7:     0x5faa7b673092 - std[617be2ca0a6fd877]::panicking::panic_handler::{closure#0}
[INFO] [stdout]    8:     0x5faa7b66ba29 - std[617be2ca0a6fd877]::sys::backtrace::__rust_end_short_backtrace::<std[617be2ca0a6fd877]::panicking::panic_handler::{closure#0}, !>
[INFO] [stdout]    9:     0x5faa7b673c9d - __rustc[ea4f61d10b84890b]::rust_begin_unwind
[INFO] [stdout]   10:     0x5faa7b6b144c - core[a373ad73a504971]::panicking::panic_fmt
[INFO] [stdout]   11:     0x5faa7b6b1222 - core[a373ad73a504971]::result::unwrap_failed
[INFO] [stdout]   12:     0x5faa7b4f42e1 - <e2e[6a11a13b36d7029d]::fixture_skip_flags_work::{closure#0} as core[a373ad73a504971]::ops::function::FnOnce<()>>::call_once
[INFO] [stdout]   13:     0x5faa7b61e4cb - test[aada8e7e76ba119b]::__rust_begin_short_backtrace::<core[a373ad73a504971]::result::Result<(), alloc[2e1b2a31b91974c5]::string::String>, fn() -> core[a373ad73a504971]::result::Result<(), alloc[2e1b2a31b91974c5]::string::String>>
[INFO] [stdout]   14:     0x5faa7b62b6a5 - test[aada8e7e76ba119b]::run_test::{closure#0}
[INFO] [stdout]   15:     0x5faa7b624f94 - std[617be2ca0a6fd877]::sys::backtrace::__rust_begin_short_backtrace::<test[aada8e7e76ba119b]::run_test::{closure#1}, ()>
[INFO] [stdout]   16:     0x5faa7b62e732 - <std[617be2ca0a6fd877]::thread::lifecycle::spawn_unchecked<test[aada8e7e76ba119b]::run_test::{closure#1}, ()>::{closure#1} as core[a373ad73a504971]::ops::function::FnOnce<()>>::call_once::{shim:vtable#0}
[INFO] [stdout]   17:     0x5faa7b69868f - <std[617be2ca0a6fd877]::sys::thread::unix::Thread>::new::thread_start
[INFO] [stdout]   18:     0x79e5064a5dfa - <unknown>
[INFO] [stdout]   19:     0x79e5065393d4 - clone
[INFO] [stdout]   20:                0x0 - <unknown>
[INFO] [stdout] 
[INFO] [stdout] ---- fixture_ref_ext_direct_txt_to_lua stdout ----
[INFO] [stdout] 
[INFO] [stdout] thread 'fixture_ref_ext_direct_txt_to_lua' (3337) panicked at tests/e2e.rs:273:6:
[INFO] [stdout] ref_ext direct txt: "failed to execute: No such file or directory (os error 2)"
[INFO] [stdout] stack backtrace:
[INFO] [stdout]    0:     0x5faa7b699191 - <<std[617be2ca0a6fd877]::sys::backtrace::BacktraceLock>::print::DisplayBacktrace as core[a373ad73a504971]::fmt::Display>::fmt
[INFO] [stdout]    1:     0x5faa7b6b0c9a - core[a373ad73a504971]::fmt::write
[INFO] [stdout]    2:     0x5faa7b69da0c - <alloc[2e1b2a31b91974c5]::vec::Vec<u8> as core[a373ad73a504971]::io::write::Write>::write_fmt
[INFO] [stdout]    3:     0x5faa7b672fe6 - std[617be2ca0a6fd877]::panicking::default_hook::{closure#0}
[INFO] [stdout]    4:     0x5faa7b690a19 - std[617be2ca0a6fd877]::panicking::default_hook
[INFO] [stdout]    5:     0x5faa7b62b080 - test[aada8e7e76ba119b]::test_main_inner::{closure#0}
[INFO] [stdout]    6:     0x5faa7b690bd2 - std[617be2ca0a6fd877]::panicking::panic_with_hook
[INFO] [stdout]    7:     0x5faa7b673092 - std[617be2ca0a6fd877]::panicking::panic_handler::{closure#0}
[INFO] [stdout]    8:     0x5faa7b66ba29 - std[617be2ca0a6fd877]::sys::backtrace::__rust_end_short_backtrace::<std[617be2ca0a6fd877]::panicking::panic_handler::{closure#0}, !>
[INFO] [stdout]    9:     0x5faa7b673c9d - __rustc[ea4f61d10b84890b]::rust_begin_unwind
[INFO] [stdout]   10:     0x5faa7b6b144c - core[a373ad73a504971]::panicking::panic_fmt
[INFO] [stdout]   11:     0x5faa7b6b1222 - core[a373ad73a504971]::result::unwrap_failed
[INFO] [stdout]   12:     0x5faa7b4facf0 - <e2e[6a11a13b36d7029d]::fixture_ref_ext_direct_txt_to_lua::{closure#0} as core[a373ad73a504971]::ops::function::FnOnce<()>>::call_once
[INFO] [stdout]   13:     0x5faa7b61e4cb - test[aada8e7e76ba119b]::__rust_begin_short_backtrace::<core[a373ad73a504971]::result::Result<(), alloc[2e1b2a31b91974c5]::string::String>, fn() -> core[a373ad73a504971]::result::Result<(), alloc[2e1b2a31b91974c5]::string::String>>
[INFO] [stdout]   14:     0x5faa7b62b6a5 - test[aada8e7e76ba119b]::run_test::{closure#0}
[INFO] [stdout]   15:     0x5faa7b624f94 - std[617be2ca0a6fd877]::sys::backtrace::__rust_begin_short_backtrace::<test[aada8e7e76ba119b]::run_test::{closure#1}, ()>
[INFO] [stdout]   16:     0x5faa7b62e732 - <std[617be2ca0a6fd877]::thread::lifecycle::spawn_unchecked<test[aada8e7e76ba119b]::run_test::{closure#1}, ()>::{closure#1} as core[a373ad73a504971]::ops::function::FnOnce<()>>::call_once::{shim:vtable#0}
[INFO] [stdout]   17:     0x5faa7b69868f - <std[617be2ca0a6fd877]::sys::thread::unix::Thread>::new::thread_start
[INFO] [stdout]   18:     0x79e5064a5dfa - <unknown>
[INFO] [stdout]   19:     0x79e5065393d4 - clone
[INFO] [stdout]   20:                0x0 - <unknown>
[INFO] [stdout] 
[INFO] [stdout] ---- fixture_scripts_valid_lua stdout ----
[INFO] [stdout] 
[INFO] [stdout] thread 'fixture_scripts_valid_lua' (3341) panicked at tests/e2e.rs:135:6:
[INFO] [stdout] fixture conversion: "failed to execute: No such file or directory (os error 2)"
[INFO] [stdout] stack backtrace:
[INFO] [stdout]    0:     0x5faa7b699191 - <<std[617be2ca0a6fd877]::sys::backtrace::BacktraceLock>::print::DisplayBacktrace as core[a373ad73a504971]::fmt::Display>::fmt
[INFO] [stdout]    1:     0x5faa7b6b0c9a - core[a373ad73a504971]::fmt::write
[INFO] [stdout]    2:     0x5faa7b69da0c - <alloc[2e1b2a31b91974c5]::vec::Vec<u8> as core[a373ad73a504971]::io::write::Write>::write_fmt
[INFO] [stdout]    3:     0x5faa7b672fe6 - std[617be2ca0a6fd877]::panicking::default_hook::{closure#0}
[INFO] [stdout]    4:     0x5faa7b690a19 - std[617be2ca0a6fd877]::panicking::default_hook
[INFO] [stdout]    5:     0x5faa7b62b080 - test[aada8e7e76ba119b]::test_main_inner::{closure#0}
[INFO] [stdout]    6:     0x5faa7b690bd2 - std[617be2ca0a6fd877]::panicking::panic_with_hook
[INFO] [stdout]    7:     0x5faa7b673092 - std[617be2ca0a6fd877]::panicking::panic_handler::{closure#0}
[INFO] [stdout]    8:     0x5faa7b66ba29 - std[617be2ca0a6fd877]::sys::backtrace::__rust_end_short_backtrace::<std[617be2ca0a6fd877]::panicking::panic_handler::{closure#0}, !>
[INFO] [stdout]    9:     0x5faa7b673c9d - __rustc[ea4f61d10b84890b]::rust_begin_unwind
[INFO] [stdout]   10:     0x5faa7b6b144c - core[a373ad73a504971]::panicking::panic_fmt
[INFO] [stdout]   11:     0x5faa7b6b1222 - core[a373ad73a504971]::result::unwrap_failed
[INFO] [stdout]   12:     0x5faa7b4f4e23 - <e2e[6a11a13b36d7029d]::fixture_scripts_valid_lua::{closure#0} as core[a373ad73a504971]::ops::function::FnOnce<()>>::call_once
[INFO] [stdout]   13:     0x5faa7b61e4cb - test[aada8e7e76ba119b]::__rust_begin_short_backtrace::<core[a373ad73a504971]::result::Result<(), alloc[2e1b2a31b91974c5]::string::String>, fn() -> core[a373ad73a504971]::result::Result<(), alloc[2e1b2a31b91974c5]::string::String>>
[INFO] [stdout]   14:     0x5faa7b62b6a5 - test[aada8e7e76ba119b]::run_test::{closure#0}
[INFO] [stdout]   15:     0x5faa7b624f94 - std[617be2ca0a6fd877]::sys::backtrace::__rust_begin_short_backtrace::<test[aada8e7e76ba119b]::run_test::{closure#1}, ()>
[INFO] [stdout]   16:     0x5faa7b62e732 - <std[617be2ca0a6fd877]::thread::lifecycle::spawn_unchecked<test[aada8e7e76ba119b]::run_test::{closure#1}, ()>::{closure#1} as core[a373ad73a504971]::ops::function::FnOnce<()>>::call_once::{shim:vtable#0}
[INFO] [stdout]   17:     0x5faa7b69868f - <std[617be2ca0a6fd877]::sys::thread::unix::Thread>::new::thread_start
[INFO] [stdout]   18:     0x79e5064a5dfa - <unknown>
[INFO] [stdout]   19:     0x79e5065393d4 - clone
[INFO] [stdout]   20:                0x0 - <unknown>
[INFO] [stdout] 
[INFO] [stdout] ---- fixture_ref_ext_warns_missing stdout ----
[INFO] [stdout] 
[INFO] [stdout] thread 'fixture_ref_ext_warns_missing' (3339) panicked at tests/e2e.rs:292:6:
[INFO] [stdout] ref_ext conversion (should not crash): "failed to execute: No such file or directory (os error 2)"
[INFO] [stdout] stack backtrace:
[INFO] [stdout]    0:     0x5faa7b699191 - <<std[617be2ca0a6fd877]::sys::backtrace::BacktraceLock>::print::DisplayBacktrace as core[a373ad73a504971]::fmt::Display>::fmt
[INFO] [stdout]    1:     0x5faa7b6b0c9a - core[a373ad73a504971]::fmt::write
[INFO] [stdout]    2:     0x5faa7b69da0c - <alloc[2e1b2a31b91974c5]::vec::Vec<u8> as core[a373ad73a504971]::io::write::Write>::write_fmt
[INFO] [stdout]    3:     0x5faa7b672fe6 - std[617be2ca0a6fd877]::panicking::default_hook::{closure#0}
[INFO] [stdout]    4:     0x5faa7b690a19 - std[617be2ca0a6fd877]::panicking::default_hook
[INFO] [stdout]    5:     0x5faa7b62b080 - test[aada8e7e76ba119b]::test_main_inner::{closure#0}
[INFO] [stdout]    6:     0x5faa7b690bd2 - std[617be2ca0a6fd877]::panicking::panic_with_hook
[INFO] [stdout]    7:     0x5faa7b673092 - std[617be2ca0a6fd877]::panicking::panic_handler::{closure#0}
[INFO] [stdout]    8:     0x5faa7b66ba29 - std[617be2ca0a6fd877]::sys::backtrace::__rust_end_short_backtrace::<std[617be2ca0a6fd877]::panicking::panic_handler::{closure#0}, !>
[INFO] [stdout]    9:     0x5faa7b673c9d - __rustc[ea4f61d10b84890b]::rust_begin_unwind
[INFO] [stdout]   10:     0x5faa7b6b144c - core[a373ad73a504971]::panicking::panic_fmt
[INFO] [stdout]   11:     0x5faa7b6b1222 - core[a373ad73a504971]::result::unwrap_failed
[INFO] [stdout]   12:     0x5faa7b4f8fc7 - <e2e[6a11a13b36d7029d]::fixture_ref_ext_warns_missing::{closure#0} as core[a373ad73a504971]::ops::function::FnOnce<()>>::call_once
[INFO] [stdout]   13:     0x5faa7b61e4cb - test[aada8e7e76ba119b]::__rust_begin_short_backtrace::<core[a373ad73a504971]::result::Result<(), alloc[2e1b2a31b91974c5]::string::String>, fn() -> core[a373ad73a504971]::result::Result<(), alloc[2e1b2a31b91974c5]::string::String>>
[INFO] [stdout]   14:     0x5faa7b62b6a5 - test[aada8e7e76ba119b]::run_test::{closure#0}
[INFO] [stdout]   15:     0x5faa7b624f94 - std[617be2ca0a6fd877]::sys::backtrace::__rust_begin_short_backtrace::<test[aada8e7e76ba119b]::run_test::{closure#1}, ()>
[INFO] [stdout]   16:     0x5faa7b62e732 - <std[617be2ca0a6fd877]::thread::lifecycle::spawn_unchecked<test[aada8e7e76ba119b]::run_test::{closure#1}, ()>::{closure#1} as core[a373ad73a504971]::ops::function::FnOnce<()>>::call_once::{shim:vtable#0}
[INFO] [stdout]   17:     0x5faa7b69868f - <std[617be2ca0a6fd877]::sys::thread::unix::Thread>::new::thread_start
[INFO] [stdout]   18:     0x79e5064a5dfa - <unknown>
[INFO] [stdout]   19:     0x79e5065393d4 - clone
[INFO] [stdout]   20:                0x0 - <unknown>
[INFO] [stdout] 
[INFO] [stdout] ---- fixture_registry_ron_is_valid stdout ----
[INFO] [stdout] 
[INFO] [stdout] thread 'fixture_registry_ron_is_valid' (3340) panicked at tests/e2e.rs:103:6:
[INFO] [stdout] fixture conversion: "failed to execute: No such file or directory (os error 2)"
[INFO] [stdout] stack backtrace:
[INFO] [stdout]    0:     0x5faa7b699191 - <<std[617be2ca0a6fd877]::sys::backtrace::BacktraceLock>::print::DisplayBacktrace as core[a373ad73a504971]::fmt::Display>::fmt
[INFO] [stdout]    1:     0x5faa7b6b0c9a - core[a373ad73a504971]::fmt::write
[INFO] [stdout]    2:     0x5faa7b69da0c - <alloc[2e1b2a31b91974c5]::vec::Vec<u8> as core[a373ad73a504971]::io::write::Write>::write_fmt
[INFO] [stdout]    3:     0x5faa7b672fe6 - std[617be2ca0a6fd877]::panicking::default_hook::{closure#0}
[INFO] [stdout]    4:     0x5faa7b690a19 - std[617be2ca0a6fd877]::panicking::default_hook
[INFO] [stdout]    5:     0x5faa7b62b080 - test[aada8e7e76ba119b]::test_main_inner::{closure#0}
[INFO] [stdout]    6:     0x5faa7b690bd2 - std[617be2ca0a6fd877]::panicking::panic_with_hook
[INFO] [stdout]    7:     0x5faa7b673092 - std[617be2ca0a6fd877]::panicking::panic_handler::{closure#0}
[INFO] [stdout]    8:     0x5faa7b66ba29 - std[617be2ca0a6fd877]::sys::backtrace::__rust_end_short_backtrace::<std[617be2ca0a6fd877]::panicking::panic_handler::{closure#0}, !>
[INFO] [stdout]    9:     0x5faa7b673c9d - __rustc[ea4f61d10b84890b]::rust_begin_unwind
[INFO] [stdout]   10:     0x5faa7b6b144c - core[a373ad73a504971]::panicking::panic_fmt
[INFO] [stdout]   11:     0x5faa7b6b1222 - core[a373ad73a504971]::result::unwrap_failed
[INFO] [stdout]   12:     0x5faa7b4f95a3 - <e2e[6a11a13b36d7029d]::fixture_registry_ron_is_valid::{closure#0} as core[a373ad73a504971]::ops::function::FnOnce<()>>::call_once
[INFO] [stdout]   13:     0x5faa7b61e4cb - test[aada8e7e76ba119b]::__rust_begin_short_backtrace::<core[a373ad73a504971]::result::Result<(), alloc[2e1b2a31b91974c5]::string::String>, fn() -> core[a373ad73a504971]::result::Result<(), alloc[2e1b2a31b91974c5]::string::String>>
[INFO] [stdout]   14:     0x5faa7b62b6a5 - test[aada8e7e76ba119b]::run_test::{closure#0}
[INFO] [stdout]   15:     0x5faa7b624f94 - std[617be2ca0a6fd877]::sys::backtrace::__rust_begin_short_backtrace::<test[aada8e7e76ba119b]::run_test::{closure#1}, ()>
[INFO] [stdout]   16:     0x5faa7b62e732 - <std[617be2ca0a6fd877]::thread::lifecycle::spawn_unchecked<test[aada8e7e76ba119b]::run_test::{closure#1}, ()>::{closure#1} as core[a373ad73a504971]::ops::function::FnOnce<()>>::call_once::{shim:vtable#0}
[INFO] [stdout]   17:     0x5faa7b69868f - <std[617be2ca0a6fd877]::sys::thread::unix::Thread>::new::thread_start
[INFO] [stdout]   18:     0x79e5064a5dfa - <unknown>
[INFO] [stdout]   19:     0x79e5065393d4 - clone
[INFO] [stdout]   20:                0x0 - <unknown>
[INFO] [stdout] 
[INFO] [stdout] ---- fixture_manifest_has_content stdout ----
[INFO] [stdout] 
[INFO] [stdout] thread 'fixture_manifest_has_content' (3336) panicked at tests/e2e.rs:156:6:
[INFO] [stdout] fixture conversion: "failed to execute: No such file or directory (os error 2)"
[INFO] [stdout] stack backtrace:
[INFO] [stdout]    0:     0x5faa7b699191 - <<std[617be2ca0a6fd877]::sys::backtrace::BacktraceLock>::print::DisplayBacktrace as core[a373ad73a504971]::fmt::Display>::fmt
[INFO] [stdout]    1:     0x5faa7b6b0c9a - core[a373ad73a504971]::fmt::write
[INFO] [stdout]    2:     0x5faa7b69da0c - <alloc[2e1b2a31b91974c5]::vec::Vec<u8> as core[a373ad73a504971]::io::write::Write>::write_fmt
[INFO] [stdout]    3:     0x5faa7b672fe6 - std[617be2ca0a6fd877]::panicking::default_hook::{closure#0}
[INFO] [stdout]    4:     0x5faa7b690a19 - std[617be2ca0a6fd877]::panicking::default_hook
[INFO] [stdout]    5:     0x5faa7b62b080 - test[aada8e7e76ba119b]::test_main_inner::{closure#0}
[INFO] [stdout]    6:     0x5faa7b690bd2 - std[617be2ca0a6fd877]::panicking::panic_with_hook
[INFO] [stdout]    7:     0x5faa7b673092 - std[617be2ca0a6fd877]::panicking::panic_handler::{closure#0}
[INFO] [stdout]    8:     0x5faa7b66ba29 - std[617be2ca0a6fd877]::sys::backtrace::__rust_end_short_backtrace::<std[617be2ca0a6fd877]::panicking::panic_handler::{closure#0}, !>
[INFO] [stdout]    9:     0x5faa7b673c9d - __rustc[ea4f61d10b84890b]::rust_begin_unwind
[INFO] [stdout]   10:     0x5faa7b6b144c - core[a373ad73a504971]::panicking::panic_fmt
[INFO] [stdout]   11:     0x5faa7b6b1222 - core[a373ad73a504971]::result::unwrap_failed
[INFO] [stdout]   12:     0x5faa7b4f7e8d - <e2e[6a11a13b36d7029d]::fixture_manifest_has_content::{closure#0} as core[a373ad73a504971]::ops::function::FnOnce<()>>::call_once
[INFO] [stdout]   13:     0x5faa7b61e4cb - test[aada8e7e76ba119b]::__rust_begin_short_backtrace::<core[a373ad73a504971]::result::Result<(), alloc[2e1b2a31b91974c5]::string::String>, fn() -> core[a373ad73a504971]::result::Result<(), alloc[2e1b2a31b91974c5]::string::String>>
[INFO] [stdout]   14:     0x5faa7b62b6a5 - test[aada8e7e76ba119b]::run_test::{closure#0}
[INFO] [stdout]   15:     0x5faa7b624f94 - std[617be2ca0a6fd877]::sys::backtrace::__rust_begin_short_backtrace::<test[aada8e7e76ba119b]::run_test::{closure#1}, ()>
[INFO] [stdout]   16:     0x5faa7b62e732 - <std[617be2ca0a6fd877]::thread::lifecycle::spawn_unchecked<test[aada8e7e76ba119b]::run_test::{closure#1}, ()>::{closure#1} as core[a373ad73a504971]::ops::function::FnOnce<()>>::call_once::{shim:vtable#0}
[INFO] [stdout]   17:     0x5faa7b69868f - <std[617be2ca0a6fd877]::sys::thread::unix::Thread>::new::thread_start
[INFO] [stdout]   18:     0x79e5064a5dfa - <unknown>
[INFO] [stdout]   19:     0x79e5065393d4 - clone
[INFO] [stdout]   20:                0x0 - <unknown>
[INFO] [stdout] 
[INFO] [stdout] 
[INFO] [stdout] failures:
[INFO] [stdout]     fixture_full_conversion_creates_s2mod
[INFO] [stdout]     fixture_manifest_has_content
[INFO] [stdout]     fixture_ref_ext_direct_txt_to_lua
[INFO] [stdout]     fixture_ref_ext_txt_as_s2s_converted_to_lua
[INFO] [stdout]     fixture_ref_ext_warns_missing
[INFO] [stdout]     fixture_registry_ron_is_valid
[INFO] [stdout]     fixture_scripts_valid_lua
[INFO] [stdout]     fixture_skip_flags_work
[INFO] [stdout] 
[INFO] [stdout] test result: FAILED. 3 passed; 8 failed; 7 ignored; 0 measured; 0 filtered out; finished in 0.04s
[INFO] [stdout] 
[INFO] running `Command { std: "docker" "inspect" "45d5b44a02c7bcdd2f7f92dd29914522c1c2ef4be98dbace8dc66485d57aa6b7", kill_on_drop: false }`
[INFO] running `Command { std: "docker" "rm" "-f" "45d5b44a02c7bcdd2f7f92dd29914522c1c2ef4be98dbace8dc66485d57aa6b7", kill_on_drop: false }`
[INFO] [stdout] 45d5b44a02c7bcdd2f7f92dd29914522c1c2ef4be98dbace8dc66485d57aa6b7
