[INFO] cloning repository https://github.com/2gn/trove
[INFO] running `Command { std: "git" "-c" "credential.helper=" "-c" "credential.helper=/workspace/cargo-home/bin/git-credential-null" "clone" "--bare" "https://github.com/2gn/trove" "/workspace/cache/git-repos/https%3A%2F%2Fgithub.com%2F2gn%2Ftrove", kill_on_drop: false }`
[INFO] [stderr] Cloning into bare repository '/workspace/cache/git-repos/https%3A%2F%2Fgithub.com%2F2gn%2Ftrove'...
[INFO] running `Command { std: "git" "rev-parse" "HEAD", kill_on_drop: false }`
[INFO] [stdout] 26b89bfe761fbee70b1e005e49c7680c3e3c11be
[INFO] testing 2gn/trove against 1.99.0-beta.8+cargoflags=--release for beta-release-1.100-2
[INFO] running `Command { std: "git" "clone" "/workspace/cache/git-repos/https%3A%2F%2Fgithub.com%2F2gn%2Ftrove" "/workspace/builds/worker-7-tc1/source", kill_on_drop: false }`
[INFO] [stderr] Cloning into '/workspace/builds/worker-7-tc1/source'...
[INFO] [stderr] done.
[INFO] started tweaking git repo https://github.com/2gn/trove
[INFO] finished tweaking git repo https://github.com/2gn/trove
[INFO] tweaked toml for git repo https://github.com/2gn/trove written to /workspace/builds/worker-7-tc1/source/Cargo.toml
[INFO] validating manifest of git repo https://github.com/2gn/trove on toolchain 1.99.0-beta.8
[INFO] running `Command { std: CARGO_HOME="/workspace/cargo-home" RUSTUP_HOME="/workspace/rustup-home" "/workspace/cargo-home/bin/cargo" "+1.99.0-beta.8" "metadata" "--manifest-path" "Cargo.toml" "--no-deps", kill_on_drop: false }`
[INFO] crate git repo https://github.com/2gn/trove already has a lockfile, it will not be regenerated
[INFO] running `Command { std: CARGO_HOME="/workspace/cargo-home" RUSTUP_HOME="/workspace/rustup-home" "/workspace/cargo-home/bin/cargo" "+1.99.0-beta.8" "fetch" "--manifest-path" "Cargo.toml", kill_on_drop: false }`
[INFO] [stderr]     Blocking waiting for file lock on package cache
[INFO] [stderr]     Updating crates.io index
[INFO] [stderr]     Blocking waiting for file lock on package cache
[INFO] [stderr]  Downloading crates ...
[INFO] [stderr]   Downloaded tendril v0.5.1
[INFO] [stderr]   Downloaded selectors v0.38.0
[INFO] [stderr]   Downloaded phf_codegen v0.13.1
[INFO] [stderr]   Downloaded cssparser-macros v0.7.0
[INFO] [stderr]   Downloaded string_cache_codegen v0.6.1
[INFO] [stderr]   Downloaded phf_generator v0.13.1
[INFO] [stderr]   Downloaded scraper v0.27.0
[INFO] [stderr]   Downloaded servo_arc v0.4.3
[INFO] [stderr]   Downloaded phf_macros v0.13.1
[INFO] [stderr]   Downloaded web_atoms v0.2.5
[INFO] [stderr]   Downloaded ego-tree v0.11.0
[INFO] [stderr]   Downloaded phf v0.13.1
[INFO] [stderr]   Downloaded cssparser v0.37.0
[INFO] [stderr]   Downloaded markup5ever v0.39.0
[INFO] [stderr]   Downloaded html5ever v0.39.0
[INFO] [stderr]   Downloaded rustls v0.23.43
[INFO] [stderr]   Downloaded aws-lc-rs v1.17.3
[INFO] [stderr]   Downloaded quinn v0.11.11
[INFO] [stderr]   Downloaded tinyvec v1.12.0
[INFO] [stderr]   Downloaded hyper v1.11.0
[INFO] [stderr]   Downloaded http-body-util v0.1.4
[INFO] [stderr]   Downloaded palette_derive v0.7.6
[INFO] [stderr]   Downloaded line-clipping v0.3.7
[INFO] [stderr]   Downloaded ratatui-widgets v0.3.2
[INFO] [stderr]   Downloaded unicode-truncate v2.0.1
[INFO] [stderr]   Downloaded by_address v1.2.1
[INFO] [stderr]   Downloaded approx v0.5.1
[INFO] [stderr]   Downloaded instability v0.3.12
[INFO] [stderr]   Downloaded indoc v2.0.7
[INFO] [stderr]   Downloaded wezterm-dynamic v0.2.1
[INFO] [stderr]   Downloaded ratatui v0.30.2
[INFO] [stderr]   Downloaded lru v0.18.1
[INFO] [stderr]   Downloaded kasuari v0.4.12
[INFO] [stderr]   Downloaded darling_macro v0.23.0
[INFO] [stderr]   Downloaded ratatui-termwiz v0.1.2
[INFO] [stderr]   Downloaded ordered-float v4.6.0
[INFO] [stderr]   Downloaded fast-srgb8 v1.0.0
[INFO] [stderr]   Downloaded darling v0.23.0
[INFO] [stderr]   Downloaded uuid v1.24.0
[INFO] [stderr]   Downloaded terminfo v0.9.0
[INFO] [stderr]   Downloaded wezterm-input-types v0.1.0
[INFO] [stderr]   Downloaded wezterm-bidi v0.2.3
[INFO] [stderr]   Downloaded compact_str v0.9.1
[INFO] [stderr]   Downloaded wezterm-dynamic-derive v0.1.1
[INFO] [stderr]   Downloaded euclid v0.22.14
[INFO] [stderr]   Downloaded vtparse v0.6.2
[INFO] [stderr]   Downloaded csscolorparser v0.6.2
[INFO] [stderr]   Downloaded mac_address v1.1.8
[INFO] [stderr]   Downloaded memmem v0.1.1
[INFO] [stderr]   Downloaded ratatui-core v0.1.2
[INFO] [stderr]   Downloaded darling_core v0.23.0
[INFO] [stderr]   Downloaded rand v0.8.7
[INFO] [stderr]   Downloaded feed-rs v2.4.0
[INFO] [stderr]   Downloaded time v0.3.54
[INFO] [stderr]   Downloaded palette v0.7.6
[INFO] [stderr]   Downloaded termwiz v0.23.3
[INFO] [stderr]   Downloaded ratatui-macros v0.7.2
[INFO] [stderr]   Downloaded bit-set v0.5.3
[INFO] [stderr]   Downloaded wezterm-color-types v0.3.0
[INFO] [stderr]   Downloaded lab v0.11.0
[INFO] [stderr]   Downloaded wezterm-blob-leases v0.1.1
[INFO] [stderr]   Downloaded atomic v0.6.1
[INFO] [stderr]   Downloaded phf_codegen v0.11.3
[INFO] [stderr]   Downloaded pest_derive v2.8.8
[INFO] [stderr]   Downloaded pest_generator v2.8.8
[INFO] [stderr]   Downloaded ratatui-crossterm v0.1.2
[INFO] [stderr]   Downloaded indenter v0.3.4
[INFO] [stderr]   Downloaded ratatui-termina v0.1.0
[INFO] [stderr]   Downloaded thread_local v1.1.10
[INFO] [stderr]   Downloaded pest_meta v2.8.8
[INFO] [stderr]   Downloaded filedescriptor v0.8.3
[INFO] [stderr]   Downloaded termina v0.3.3
[INFO] [stderr]   Downloaded mediatype v0.21.0
[INFO] [stderr]   Downloaded ucd-trie v0.1.7
[INFO] [stderr]   Downloaded finl_unicode v1.4.0
[INFO] [stderr]   Downloaded termios v0.3.3
[INFO] [stderr]   Downloaded fancy-regex v0.11.0
[INFO] [stderr]   Downloaded pest v2.8.8
[INFO] [stderr]   Downloaded tracing-error v0.2.1
[INFO] [stderr]   Downloaded quick-xml v0.41.0
[INFO] [stderr]   Downloaded color-eyre v0.6.5
[INFO] [stderr]   Downloaded regex-automata v0.4.16
[INFO] [stderr]   Downloaded color-spantrace v0.3.0
[INFO] [stderr]   Downloaded owo-colors v4.3.0
[INFO] [stderr]   Downloaded deltae v0.3.2
[INFO] [stderr]   Downloaded aws-lc-sys v0.43.0
[INFO] running `Command { std: "docker" "create" "-v" "/var/lib/crater-agent-workspace/builds/worker-7-tc1/source:/opt/rustwide/workdir:ro,Z" "-v" "/var/lib/crater-agent-workspace/builds/worker-7-tc1/target:/opt/rustwide/target:rw,Z" "-v" "/var/lib/crater-agent-workspace/cargo-home:/opt/rustwide/cargo-home:ro,Z" "-v" "/var/lib/crater-agent-workspace/rustup-home:/opt/rustwide/rustup-home:ro,Z" "-m" "1610612736" "--network" "none" "ghcr.io/rust-lang/crates-build-env/linux@sha256:77db811e55d90add9212f6832c23229e3de5f1c1f9905e8cb07319ea15df73ac" "sleep" "infinity", kill_on_drop: false }`
[INFO] [stdout] 4081aaa228fce45ab6b4978618f2844568c95f8d8b00eccc1ca43881ce2201da
[INFO] running `Command { std: "docker" "start" "4081aaa228fce45ab6b4978618f2844568c95f8d8b00eccc1ca43881ce2201da", kill_on_drop: false }`
[INFO] running `Command { std: "docker" "inspect" "4081aaa228fce45ab6b4978618f2844568c95f8d8b00eccc1ca43881ce2201da", kill_on_drop: false }`
[INFO] running `Command { std: "docker" "exec" "-e" "SOURCE_DIR=/opt/rustwide/workdir" "-e" "CARGO_HOME=/opt/rustwide/cargo-home" "-e" "RUSTUP_HOME=/opt/rustwide/rustup-home" "-e" "CARGO_TARGET_DIR=/opt/rustwide/target" "-w" "/opt/rustwide/workdir" "--user" "0:0" "4081aaa228fce45ab6b4978618f2844568c95f8d8b00eccc1ca43881ce2201da" "/opt/rustwide/cargo-home/bin/cargo" "+1.99.0-beta.8" "metadata" "--no-deps" "--format-version=1", kill_on_drop: false }`
[INFO] running `Command { std: "docker" "inspect" "4081aaa228fce45ab6b4978618f2844568c95f8d8b00eccc1ca43881ce2201da", kill_on_drop: false }`
[INFO] running `Command { std: "docker" "exec" "-e" "SOURCE_DIR=/opt/rustwide/workdir" "-e" "CARGO_HOME=/opt/rustwide/cargo-home" "-e" "RUSTUP_HOME=/opt/rustwide/rustup-home" "-e" "CARGO_TARGET_DIR=/opt/rustwide/target" "-e" "CARGO_INCREMENTAL=0" "-e" "RUST_BACKTRACE=full" "-e" "RUSTFLAGS=--cap-lints=warn" "-e" "RUSTDOCFLAGS=--cap-lints=warn" "-w" "/opt/rustwide/workdir" "--user" "0:0" "4081aaa228fce45ab6b4978618f2844568c95f8d8b00eccc1ca43881ce2201da" "/opt/rustwide/cargo-home/bin/cargo" "+1.99.0-beta.8" "build" "--frozen" "--message-format=json" "--release", kill_on_drop: false }`
[INFO] [stderr]    Compiling proc-macro2 v1.0.107
[INFO] [stderr]    Compiling unicode-ident v1.0.24
[INFO] [stderr]    Compiling quote v1.0.47
[INFO] [stderr]    Compiling libc v0.2.189
[INFO] [stderr]    Compiling cfg-if v1.0.4
[INFO] [stderr]    Compiling smallvec v1.15.2
[INFO] [stderr]    Compiling parking_lot_core v0.9.12
[INFO] [stderr]    Compiling itoa v1.0.18
[INFO] [stderr]    Compiling scopeguard v1.2.0
[INFO] [stderr]    Compiling log v0.4.33
[INFO] [stderr]    Compiling lock_api v0.4.14
[INFO] [stderr]    Compiling stable_deref_trait v1.2.1
[INFO] [stderr]    Compiling siphasher v1.0.3
[INFO] [stderr]    Compiling pin-project-lite v0.2.17
[INFO] [stderr]    Compiling once_cell v1.21.4
[INFO] [stderr]    Compiling allocator-api2 v0.2.21
[INFO] [stderr]    Compiling phf_shared v0.13.1
[INFO] [stderr]    Compiling foldhash v0.2.0
[INFO] [stderr]    Compiling fastrand v2.5.0
[INFO] [stderr]    Compiling equivalent v1.0.2
[INFO] [stderr]    Compiling shlex v2.0.1
[INFO] [stderr]    Compiling find-msvc-tools v0.1.9
[INFO] [stderr]    Compiling phf_generator v0.13.1
[INFO] [stderr]    Compiling bytes v1.12.1
[INFO] [stderr]    Compiling dunce v1.0.5
[INFO] [stderr]    Compiling fs_extra v1.3.0
[INFO] [stderr]    Compiling futures-core v0.3.33
[INFO] [stderr]    Compiling pkg-config v0.3.33
[INFO] [stderr]    Compiling hashbrown v0.17.1
[INFO] [stderr]    Compiling bitflags v2.13.1
[INFO] [stderr]    Compiling tracing-core v0.1.36
[INFO] [stderr]    Compiling syn v2.0.119
[INFO] [stderr]    Compiling syn v3.0.3
[INFO] [stderr]    Compiling litemap v0.8.2
[INFO] [stderr]    Compiling writeable v0.6.3
[INFO] [stderr]    Compiling errno v0.3.14
[INFO] [stderr]    Compiling mio v1.2.2
[INFO] [stderr]    Compiling socket2 v0.6.5
[INFO] [stderr]    Compiling signal-hook-registry v1.4.8
[INFO] [stderr]    Compiling jobserver v0.1.35
[INFO] [stderr]    Compiling parking_lot v0.12.5
[INFO] [stderr]    Compiling cc v1.4.0
[INFO] [stderr]    Compiling serde_core v1.0.229
[INFO] [stderr]    Compiling phf_codegen v0.13.1
[INFO] [stderr]    Compiling memchr v2.8.3
[INFO] [stderr]    Compiling icu_properties_data v2.2.0
[INFO] [stderr]    Compiling icu_normalizer_data v2.2.0
[INFO] [stderr]    Compiling utf8_iter v1.0.4
[INFO] [stderr]    Compiling aws-lc-rs v1.17.3
[INFO] [stderr]    Compiling rustversion v1.0.23
[INFO] [stderr]    Compiling zeroize v1.9.0
[INFO] [stderr]    Compiling tracing v0.1.44
[INFO] [stderr]    Compiling http v1.5.0
[INFO] [stderr]    Compiling unicode-segmentation v1.13.3
[INFO] [stderr]    Compiling thiserror v2.0.19
[INFO] [stderr]    Compiling cmake v0.1.58
[INFO] [stderr]    Compiling slab v0.4.12
[INFO] [stderr]    Compiling strsim v0.11.1
[INFO] [stderr]    Compiling serde v1.0.229
[INFO] [stderr]    Compiling unicode-width v0.2.2
[INFO] [stderr]    Compiling ident_case v1.0.1
[INFO] [stderr]    Compiling convert_case v0.10.0
[INFO] [stderr]    Compiling rustls-pki-types v1.15.1
[INFO] [stderr]    Compiling aws-lc-sys v0.43.0
[INFO] [stderr]    Compiling displaydoc v0.2.7
[INFO] [stderr]    Compiling serde_derive v1.0.229
[INFO] [stderr]    Compiling thiserror-impl v2.0.19
[INFO] [stderr]    Compiling percent-encoding v2.3.2
[INFO] [stderr]    Compiling either v1.16.0
[INFO] [stderr]    Compiling new_debug_unreachable v1.0.6
[INFO] [stderr]    Compiling heck v0.5.0
[INFO] [stderr]    Compiling synstructure v0.13.2
[INFO] [stderr]    Compiling darling_core v0.23.0
[INFO] [stderr]    Compiling itertools v0.14.0
[INFO] [stderr]    Compiling castaway v0.2.4
[INFO] [stderr]    Compiling http-body v1.1.0
[INFO] [stderr]    Compiling string_cache_codegen v0.6.1
[INFO] [stderr]    Compiling hashbrown v0.16.1
[INFO] [stderr]    Compiling static_assertions v1.1.0
[INFO] [stderr]    Compiling futures-sink v0.3.33
[INFO] [stderr]    Compiling signal-hook v0.3.18
[INFO] [stderr]    Compiling untrusted v0.9.0
[INFO] [stderr]    Compiling ryu v1.0.23
[INFO] [stderr]    Compiling rustls v0.23.43
[INFO] [stderr]    Compiling precomputed-hash v0.1.1
[INFO] [stderr]    Compiling instability v0.3.12
[INFO] [stderr]    Compiling futures-task v0.3.33
[INFO] [stderr]    Compiling httparse v1.10.1
[INFO] [stderr]    Compiling futures-util v0.3.33
[INFO] [stderr]    Compiling kasuari v0.4.12
[INFO] [stderr]    Compiling compact_str v0.9.1
[INFO] [stderr]    Compiling zerofrom-derive v0.1.7
[INFO] [stderr]    Compiling yoke-derive v0.8.2
[INFO] [stderr]    Compiling zerovec-derive v0.11.3
[INFO] [stderr]    Compiling tokio-macros v2.7.1
[INFO] [stderr]    Compiling zerofrom v0.1.8
[INFO] [stderr]    Compiling phf_macros v0.13.1
[INFO] [stderr]    Compiling tokio v1.53.1
[INFO] [stderr]    Compiling darling_macro v0.23.0
[INFO] [stderr]    Compiling yoke v0.8.3
[INFO] [stderr]    Compiling strum_macros v0.28.0
[INFO] [stderr]    Compiling zerovec v0.11.6
[INFO] [stderr]    Compiling zerotrie v0.2.4
[INFO] [stderr]    Compiling phf v0.13.1
[INFO] [stderr]    Compiling derive_more-impl v2.1.1
[INFO] [stderr]    Compiling darling v0.23.0
[INFO] [stderr]    Compiling unicode-truncate v2.0.1
[INFO] [stderr]    Compiling web_atoms v0.2.5
[INFO] [stderr]    Compiling lru v0.18.1
[INFO] [stderr]    Compiling indexmap v2.14.0
[INFO] [stderr]    Compiling try-lock v0.2.5
[INFO] [stderr]    Compiling tinystr v0.8.3
[INFO] [stderr]    Compiling potential_utf v0.1.5
[INFO] [stderr]    Compiling icu_collections v2.2.0
[INFO] [stderr]    Compiling tower-service v0.3.3
[INFO] [stderr]    Compiling indoc v2.0.7
[INFO] [stderr]    Compiling icu_locale_core v2.2.0
[INFO] [stderr]    Compiling atomic-waker v1.1.2
[INFO] [stderr]    Compiling lazy_static v1.5.0
[INFO] [stderr]    Compiling rustix v1.1.4
[INFO] [stderr]    Compiling fnv v1.0.7
[INFO] [stderr]    Compiling critical-section v1.2.0
[INFO] [stderr]    Compiling derive_more v2.1.1
[INFO] [stderr]    Compiling subtle v2.6.1
[INFO] [stderr]    Compiling autocfg v1.5.1
[INFO] [stderr]    Compiling sharded-slab v0.1.7
[INFO] [stderr]    Compiling num-traits v0.2.19
[INFO] [stderr]    Compiling want v0.3.1
[INFO] [stderr]    Compiling string_cache v0.9.0
[INFO] [stderr]    Compiling icu_provider v2.2.0
[INFO] [stderr]    Compiling strum v0.28.0
[INFO] [stderr]    Compiling ratatui-core v0.1.2
[INFO] [stderr]    Compiling form_urlencoded v1.2.2
[INFO] [stderr]    Compiling futures-channel v0.3.33
[INFO] [stderr]    Compiling icu_normalizer v2.2.0
[INFO] [stderr]    Compiling icu_properties v2.2.0
[INFO] [stderr]    Compiling thread_local v1.1.10
[INFO] [stderr]    Compiling getrandom v0.4.3
[INFO] [stderr]    Compiling litrs v1.0.0
[INFO] [stderr]    Compiling object v0.37.3
[INFO] [stderr]    Compiling zmij v1.0.23
[INFO] [stderr]    Compiling dtoa v1.0.11
[INFO] [stderr]    Compiling powerfmt v0.2.0
[INFO] [stderr]    Compiling num-conv v0.2.2
[INFO] [stderr]    Compiling owo-colors v4.3.0
[INFO] [stderr]    Compiling linux-raw-sys v0.12.1
[INFO] [stderr]    Compiling time-core v0.1.9
[INFO] [stderr]    Compiling num_threads v0.1.7
[INFO] [stderr]    Compiling deranged v0.5.8
[INFO] [stderr]    Compiling document-features v0.2.12
[INFO] [stderr]    Compiling idna_adapter v1.2.2
[INFO] [stderr]    Compiling dtoa-short v0.3.5
[INFO] [stderr]    Compiling idna v1.1.0
[INFO] [stderr]    Compiling tracing-subscriber v0.3.23
[INFO] [stderr]    Compiling url v2.5.8
[INFO] [stderr]    Compiling time v0.3.54
[INFO] [stderr]    Compiling signal-hook-mio v0.2.5
[INFO] [stderr]    Compiling cssparser-macros v0.7.0
[INFO] [stderr]    Compiling tokio-util v0.7.19
[INFO] [stderr]    Compiling tendril v0.5.1
[INFO] [stderr]    Compiling aho-corasick v1.1.4
[INFO] [stderr]    Compiling selectors v0.38.0
[INFO] [stderr]    Compiling h2 v0.4.15
[INFO] [stderr]    Compiling line-clipping v0.3.7
[INFO] [stderr]    Compiling sync_wrapper v1.0.2
[INFO] [stderr]    Compiling encoding_rs v0.8.35
[INFO] [stderr]    Compiling openssl-probe v0.2.1
[INFO] [stderr]    Compiling base64 v0.22.1
[INFO] [stderr]    Compiling regex-syntax v0.8.11
[INFO] [stderr]    Compiling tower-layer v0.3.3
[INFO] [stderr]    Compiling eyre v0.6.12
[INFO] [stderr]    Compiling color-spantrace v0.3.0
[INFO] [stderr]    Compiling gimli v0.32.3
[INFO] [stderr]    Compiling serde_json v1.0.151
[INFO] [stderr]    Compiling adler2 v2.0.1
[INFO] [stderr]    Compiling ipnet v2.12.0
[INFO] [stderr]    Compiling regex-automata v0.4.16
[INFO] [stderr]    Compiling hyper v1.11.0
[INFO] [stderr]    Compiling addr2line v0.25.1
[INFO] [stderr]    Compiling miniz_oxide v0.8.9
[INFO] [stderr]    Compiling tower v0.5.3
[INFO] [stderr]    Compiling hyper-util v0.1.20
[INFO] [stderr]    Compiling rustls-native-certs v0.8.4
[INFO] [stderr]    Compiling ratatui-widgets v0.3.2
[INFO] [stderr]    Compiling markup5ever v0.39.0
[INFO] [stderr]    Compiling cssparser v0.37.0
[INFO] [stderr]    Compiling crossterm v0.29.0
[INFO] [stderr]    Compiling tracing-error v0.2.1
[INFO] [stderr]    Compiling servo_arc v0.4.3
[INFO] [stderr]    Compiling iana-time-zone v0.1.65
[INFO] [stderr]    Compiling rustc-hash v2.1.3
[INFO] [stderr]    Compiling indenter v0.3.4
[INFO] [stderr]    Compiling rustc-demangle v0.1.28
[INFO] [stderr]    Compiling ratatui-crossterm v0.1.2
[INFO] [stderr]    Compiling chrono v0.4.45
[INFO] [stderr]    Compiling ratatui-macros v0.7.2
[INFO] [stderr]    Compiling uuid v1.24.0
[INFO] [stderr]    Compiling html5ever v0.39.0
[INFO] [stderr]    Compiling tower-http v0.6.11
[INFO] [stderr]    Compiling regex v1.13.1
[INFO] [stderr]    Compiling backtrace v0.3.76
[INFO] [stderr]    Compiling quick-xml v0.41.0
[INFO] [stderr]    Compiling mediatype v0.21.0
[INFO] [stderr]    Compiling http-body-util v0.1.4
[INFO] [stderr]    Compiling getopts v0.2.24
[INFO] [stderr]    Compiling ego-tree v0.11.0
[INFO] [stderr]    Compiling mime v0.3.17
[INFO] [stderr]    Compiling scraper v0.27.0
[INFO] [stderr]    Compiling feed-rs v2.4.0
[INFO] [stderr]    Compiling color-eyre v0.6.5
[INFO] [stderr]    Compiling ratatui v0.30.2
[INFO] [stderr]    Compiling rustls-webpki v0.103.13
[INFO] [stderr]    Compiling tokio-rustls v0.26.4
[INFO] [stderr]    Compiling rustls-platform-verifier v0.7.0
[INFO] [stderr]    Compiling hyper-rustls v0.27.9
[INFO] [stderr]    Compiling reqwest v0.13.4
[INFO] [stderr]    Compiling ttt v0.1.0 (/opt/rustwide/workdir)
[INFO] [stdout] warning: function `fetch_and_parse` is never used
[INFO] [stdout]  --> src/parse_page.rs:5:14
[INFO] [stdout]   |
[INFO] [stdout] 5 | pub async fn fetch_and_parse(url: &str) -> Result<PageDetails, Box<dyn std::error::Error + Send + Sync>> {
[INFO] [stdout]   |              ^^^^^^^^^^^^^^^
[INFO] [stdout]   |
[INFO] [stdout]   = note: `#[warn(dead_code)]` (part of `#[warn(unused)]`) on by default
[INFO] [stdout] 
[INFO] [stdout] 
[INFO] [stdout] warning: struct `PageDetails` is never constructed
[INFO] [stdout]  --> src/types.rs:8:12
[INFO] [stdout]   |
[INFO] [stdout] 8 | pub struct PageDetails {
[INFO] [stdout]   |            ^^^^^^^^^^^
[INFO] [stdout] 
[INFO] [stdout] 
[INFO] [stderr]     Finished `release` profile [optimized] target(s) in 6m 16s
[INFO] running `Command { std: "docker" "inspect" "4081aaa228fce45ab6b4978618f2844568c95f8d8b00eccc1ca43881ce2201da", kill_on_drop: false }`
[INFO] running `Command { std: "docker" "exec" "-e" "SOURCE_DIR=/opt/rustwide/workdir" "-e" "CARGO_HOME=/opt/rustwide/cargo-home" "-e" "RUSTUP_HOME=/opt/rustwide/rustup-home" "-e" "CARGO_TARGET_DIR=/opt/rustwide/target" "-e" "CARGO_INCREMENTAL=0" "-e" "RUST_BACKTRACE=full" "-e" "RUSTFLAGS=--cap-lints=warn" "-e" "RUSTDOCFLAGS=--cap-lints=warn" "-w" "/opt/rustwide/workdir" "--user" "0:0" "4081aaa228fce45ab6b4978618f2844568c95f8d8b00eccc1ca43881ce2201da" "/opt/rustwide/cargo-home/bin/cargo" "+1.99.0-beta.8" "test" "--frozen" "--no-run" "--message-format=json" "--release", kill_on_drop: false }`
[INFO] [stderr]    Compiling ttt v0.1.0 (/opt/rustwide/workdir)
[INFO] [stderr]     Finished `release` profile [optimized] target(s) in 2.45s
[INFO] running `Command { std: "docker" "inspect" "4081aaa228fce45ab6b4978618f2844568c95f8d8b00eccc1ca43881ce2201da", kill_on_drop: false }`
[INFO] running `Command { std: "docker" "exec" "-e" "SOURCE_DIR=/opt/rustwide/workdir" "-e" "CARGO_HOME=/opt/rustwide/cargo-home" "-e" "RUSTUP_HOME=/opt/rustwide/rustup-home" "-e" "CARGO_TARGET_DIR=/opt/rustwide/target" "-e" "CARGO_INCREMENTAL=0" "-e" "RUST_BACKTRACE=full" "-e" "RUSTFLAGS=--cap-lints=warn" "-e" "RUSTDOCFLAGS=--cap-lints=warn" "-w" "/opt/rustwide/workdir" "--user" "0:0" "4081aaa228fce45ab6b4978618f2844568c95f8d8b00eccc1ca43881ce2201da" "/opt/rustwide/cargo-home/bin/cargo" "+1.99.0-beta.8" "test" "--frozen" "--release", kill_on_drop: false }`
[INFO] [stderr]     Finished `release` profile [optimized] target(s) in 0.31s
[INFO] [stderr]      Running unittests src/main.rs (/opt/rustwide/target/release/deps/ttt-881d29ecbf8e2bd1)
[INFO] [stdout] 
[INFO] [stdout] running 1 test
[INFO] [stdout] test parse_page::tests::test_live_terminaltrove_parse ... FAILED
[INFO] [stdout] 
[INFO] [stdout] failures:
[INFO] [stdout] 
[INFO] [stdout] ---- parse_page::tests::test_live_terminaltrove_parse stdout ----
[INFO] [stdout] 
[INFO] [stdout] thread 'parse_page::tests::test_live_terminaltrove_parse' (4888) panicked at src/parse_page.rs:37:9:
[INFO] [stdout] Failed to fetch or parse live page: Some(reqwest::Error { kind: Request, url: "https://terminaltrove.com/myx", source: hyper_util::client::legacy::Error(Connect, ConnectError("dns error", Custom { kind: Uncategorized, error: "failed to lookup address information: Temporary failure in name resolution" })) })
[INFO] [stdout] stack backtrace:
[INFO] [stdout]    0:     0x5c6407f27cb1 - <<std[70759c8f55707aa4]::sys::backtrace::BacktraceLock>::print::DisplayBacktrace as core[df12db4294e9bfd3]::fmt::Display>::fmt
[INFO] [stdout]    1:     0x5c6407f3ef4a - core[df12db4294e9bfd3]::fmt::write
[INFO] [stdout]    2:     0x5c6407f2cc6c - <alloc[2182bb758b4b3781]::vec::Vec<u8> as core[df12db4294e9bfd3]::io::write::Write>::write_fmt
[INFO] [stdout]    3:     0x5c6407f02566 - std[70759c8f55707aa4]::panicking::default_hook::{closure#0}
[INFO] [stdout]    4:     0x5c6407f1f449 - std[70759c8f55707aa4]::panicking::default_hook
[INFO] [stdout]    5:     0x5c6407e3bc30 - test[9d35eded1c95d3be]::test_main_inner::<test[9d35eded1c95d3be]::test_main_static::{closure#0}>::{closure#0}
[INFO] [stdout]    6:     0x5c6407f1f772 - std[70759c8f55707aa4]::panicking::panic_with_hook
[INFO] [stdout]    7:     0x5c6407f02612 - std[70759c8f55707aa4]::panicking::panic_handler::{closure#0}
[INFO] [stdout]    8:     0x5c6407efb219 - std[70759c8f55707aa4]::sys::backtrace::__rust_end_short_backtrace::<std[70759c8f55707aa4]::panicking::panic_handler::{closure#0}, !>
[INFO] [stdout]    9:     0x5c6407f033fd - __rustc[8fa7c3cbc660c2b3]::rust_begin_unwind
[INFO] [stdout]   10:     0x5c6407f3f6ac - core[df12db4294e9bfd3]::panicking::panic_fmt
[INFO] [stdout]   11:     0x5c6407a5c5ce - ttt[219ebe33dbf1c610]::parse_page::tests::test_live_terminaltrove_parse::{closure#0}
[INFO] [stdout]   12:     0x5c6407a56043 - <tokio[ad34bab5ea13a906]::runtime::scheduler::current_thread::Context>::enter::<core[df12db4294e9bfd3]::task::poll::Poll<()>, <tokio[ad34bab5ea13a906]::runtime::scheduler::current_thread::CoreGuard>::block_on<core[df12db4294e9bfd3]::pin::Pin<&mut core[df12db4294e9bfd3]::pin::Pin<&mut dyn core[df12db4294e9bfd3]::future::future::Future<Output = ()>>>>::{closure#0}::{closure#0}>
[INFO] [stdout]   13:     0x5c6407a60bc9 - <std[70759c8f55707aa4]::thread::local::LocalKey<tokio[ad34bab5ea13a906]::runtime::context::Context>>::with::<tokio[ad34bab5ea13a906]::runtime::context::set_scheduler<(alloc[2182bb758b4b3781]::boxed::Box<tokio[ad34bab5ea13a906]::runtime::scheduler::current_thread::Core>, core[df12db4294e9bfd3]::option::Option<()>), <tokio[ad34bab5ea13a906]::runtime::scheduler::current_thread::CoreGuard>::enter<<tokio[ad34bab5ea13a906]::runtime::scheduler::current_thread::CoreGuard>::block_on<core[df12db4294e9bfd3]::pin::Pin<&mut core[df12db4294e9bfd3]::pin::Pin<&mut dyn core[df12db4294e9bfd3]::future::future::Future<Output = ()>>>>::{closure#0}, core[df12db4294e9bfd3]::option::Option<()>>::{closure#0}>::{closure#0}, (alloc[2182bb758b4b3781]::boxed::Box<tokio[ad34bab5ea13a906]::runtime::scheduler::current_thread::Core>, core[df12db4294e9bfd3]::option::Option<()>)>
[INFO] [stdout]   14:     0x5c6407a561c7 - <tokio[ad34bab5ea13a906]::runtime::scheduler::current_thread::CoreGuard>::block_on::<core[df12db4294e9bfd3]::pin::Pin<&mut core[df12db4294e9bfd3]::pin::Pin<&mut dyn core[df12db4294e9bfd3]::future::future::Future<Output = ()>>>>
[INFO] [stdout]   15:     0x5c6407a61b5d - tokio[ad34bab5ea13a906]::runtime::context::runtime::enter_runtime::<<tokio[ad34bab5ea13a906]::runtime::scheduler::current_thread::CurrentThread>::block_on<core[df12db4294e9bfd3]::pin::Pin<&mut dyn core[df12db4294e9bfd3]::future::future::Future<Output = ()>>>::{closure#0}, ()>
[INFO] [stdout]   16:     0x5c6407a5cea5 - <tokio[ad34bab5ea13a906]::runtime::runtime::Runtime>::block_on::<core[df12db4294e9bfd3]::pin::Pin<&mut dyn core[df12db4294e9bfd3]::future::future::Future<Output = ()>>>
[INFO] [stdout]   17:     0x5c6407a5cbab - ttt[219ebe33dbf1c610]::parse_page::tests::test_live_terminaltrove_parse
[INFO] [stdout]   18:     0x5c6407a62519 - <ttt[219ebe33dbf1c610]::parse_page::tests::test_live_terminaltrove_parse::{closure#0} as core[df12db4294e9bfd3]::ops::function::FnOnce<()>>::call_once
[INFO] [stdout]   19:     0x5c6407e2ef1b - test[9d35eded1c95d3be]::__rust_begin_short_backtrace::<core[df12db4294e9bfd3]::result::Result<(), alloc[2182bb758b4b3781]::string::String>, fn() -> core[df12db4294e9bfd3]::result::Result<(), alloc[2182bb758b4b3781]::string::String>>
[INFO] [stdout]   20:     0x5c6407e3c585 - test[9d35eded1c95d3be]::run_test::{closure#0}
[INFO] [stdout]   21:     0x5c6407e35e44 - std[70759c8f55707aa4]::sys::backtrace::__rust_begin_short_backtrace::<test[9d35eded1c95d3be]::run_test::{closure#1}, ()>
[INFO] [stdout]   22:     0x5c6407e3f6e2 - <std[70759c8f55707aa4]::thread::lifecycle::spawn_unchecked<test[9d35eded1c95d3be]::run_test::{closure#1}, ()>::{closure#1} as core[df12db4294e9bfd3]::ops::function::FnOnce<()>>::call_once::{shim:vtable#0}
[INFO] [stdout]   23:     0x5c6407f271d9 - <std[70759c8f55707aa4]::sys::thread::unix::Thread>::new::thread_start
[INFO] [stdout]   24:     0x70e717689dfa - <unknown>
[INFO] [stdout]   25:     0x70e71771d3d4 - clone
[INFO] [stdout]   26:                0x0 - <unknown>
[INFO] [stdout] 
[INFO] [stdout] 
[INFO] [stdout] failures:
[INFO] [stdout]     parse_page::tests::test_live_terminaltrove_parse
[INFO] [stdout] 
[INFO] [stdout] test result: FAILED. 0 passed; 1 failed; 0 ignored; 0 measured; 0 filtered out; finished in 0.13s
[INFO] [stdout] 
[INFO] [stderr] error: test failed, to rerun pass `--bin ttt`
[INFO] running `Command { std: "docker" "inspect" "4081aaa228fce45ab6b4978618f2844568c95f8d8b00eccc1ca43881ce2201da", kill_on_drop: false }`
[INFO] running `Command { std: "docker" "rm" "-f" "4081aaa228fce45ab6b4978618f2844568c95f8d8b00eccc1ca43881ce2201da", kill_on_drop: false }`
[INFO] [stdout] 4081aaa228fce45ab6b4978618f2844568c95f8d8b00eccc1ca43881ce2201da
