[INFO] fetching crate zerest 0.1.0...
[INFO] testing zerest-0.1.0 against 1.99.0-beta.8+cargoflags=--release for beta-release-1.100-2
[INFO] extracting crate zerest 0.1.0 into /workspace/builds/worker-7-tc1/source
[INFO] started tweaking crates.io crate zerest 0.1.0
[INFO] finished tweaking crates.io crate zerest 0.1.0
[INFO] tweaked toml for crates.io crate zerest 0.1.0 written to /workspace/builds/worker-7-tc1/source/Cargo.toml
[INFO] validating manifest of crates.io crate zerest 0.1.0 on toolchain 1.99.0-beta.8
[INFO] running `Command { std: CARGO_HOME="/workspace/cargo-home" RUSTUP_HOME="/workspace/rustup-home" "/workspace/cargo-home/bin/cargo" "+1.99.0-beta.8" "metadata" "--manifest-path" "Cargo.toml" "--no-deps", kill_on_drop: false }`
[INFO] crate crates.io crate zerest 0.1.0 already has a lockfile, it will not be regenerated
[INFO] running `Command { std: CARGO_HOME="/workspace/cargo-home" RUSTUP_HOME="/workspace/rustup-home" "/workspace/cargo-home/bin/cargo" "+1.99.0-beta.8" "fetch" "--manifest-path" "Cargo.toml", kill_on_drop: false }`
[INFO] [stderr]     Blocking waiting for file lock on package cache
[INFO] [stderr]     Updating crates.io index
[INFO] [stderr]     Blocking waiting for file lock on package cache
[INFO] [stderr]  Downloading crates ...
[INFO] [stderr]   Downloaded instability v0.3.5
[INFO] [stderr]   Downloaded wasm-bindgen-futures v0.4.49
[INFO] [stderr]   Downloaded indoc v2.0.5
[INFO] [stderr]   Downloaded signal-hook-mio v0.2.4
[INFO] [stderr]   Downloaded security-framework-sys v2.13.0
[INFO] [stderr]   Downloaded rustls-pki-types v1.10.1
[INFO] [stderr]   Downloaded openssl-sys v0.9.104
[INFO] [stderr]   Downloaded cc v1.2.6
[INFO] [stderr]   Downloaded serde_json v1.0.134
[INFO] [stderr]   Downloaded color-spantrace v0.2.1
[INFO] [stderr]   Downloaded bpaf v0.9.15
[INFO] [stderr]   Downloaded openssl v0.10.68
[INFO] [stderr]   Downloaded syn v2.0.94
[INFO] [stderr]   Downloaded rustls v0.23.20
[INFO] [stderr]   Downloaded rustix v0.38.42
[INFO] [stderr]   Downloaded web-sys v0.3.76
[INFO] [stderr]   Downloaded tokio v1.42.0
[INFO] running `Command { std: "docker" "create" "-v" "/var/lib/crater-agent-workspace/builds/worker-7-tc1/source:/opt/rustwide/workdir:ro,Z" "-v" "/var/lib/crater-agent-workspace/builds/worker-7-tc1/target:/opt/rustwide/target:rw,Z" "-v" "/var/lib/crater-agent-workspace/cargo-home:/opt/rustwide/cargo-home:ro,Z" "-v" "/var/lib/crater-agent-workspace/rustup-home:/opt/rustwide/rustup-home:ro,Z" "-m" "1610612736" "--network" "none" "ghcr.io/rust-lang/crates-build-env/linux@sha256:77db811e55d90add9212f6832c23229e3de5f1c1f9905e8cb07319ea15df73ac" "sleep" "infinity", kill_on_drop: false }`
[INFO] [stdout] f3825a3778ed75a965596ecbcde05438e59132db8026f614bc69a92434da572f
[INFO] running `Command { std: "docker" "start" "f3825a3778ed75a965596ecbcde05438e59132db8026f614bc69a92434da572f", kill_on_drop: false }`
[INFO] running `Command { std: "docker" "inspect" "f3825a3778ed75a965596ecbcde05438e59132db8026f614bc69a92434da572f", kill_on_drop: false }`
[INFO] running `Command { std: "docker" "exec" "-e" "SOURCE_DIR=/opt/rustwide/workdir" "-e" "CARGO_HOME=/opt/rustwide/cargo-home" "-e" "RUSTUP_HOME=/opt/rustwide/rustup-home" "-e" "CARGO_TARGET_DIR=/opt/rustwide/target" "-w" "/opt/rustwide/workdir" "--user" "0:0" "f3825a3778ed75a965596ecbcde05438e59132db8026f614bc69a92434da572f" "/opt/rustwide/cargo-home/bin/cargo" "+1.99.0-beta.8" "metadata" "--no-deps" "--format-version=1", kill_on_drop: false }`
[INFO] running `Command { std: "docker" "inspect" "f3825a3778ed75a965596ecbcde05438e59132db8026f614bc69a92434da572f", kill_on_drop: false }`
[INFO] running `Command { std: "docker" "exec" "-e" "SOURCE_DIR=/opt/rustwide/workdir" "-e" "CARGO_HOME=/opt/rustwide/cargo-home" "-e" "RUSTUP_HOME=/opt/rustwide/rustup-home" "-e" "CARGO_TARGET_DIR=/opt/rustwide/target" "-e" "CARGO_INCREMENTAL=0" "-e" "RUST_BACKTRACE=full" "-e" "RUSTFLAGS=--cap-lints=warn" "-e" "RUSTDOCFLAGS=--cap-lints=warn" "-w" "/opt/rustwide/workdir" "--user" "0:0" "f3825a3778ed75a965596ecbcde05438e59132db8026f614bc69a92434da572f" "/opt/rustwide/cargo-home/bin/cargo" "+1.99.0-beta.8" "build" "--frozen" "--message-format=json" "--release", kill_on_drop: false }`
[INFO] [stderr]    Compiling quote v1.0.38
[INFO] [stderr]    Compiling libc v0.2.169
[INFO] [stderr]    Compiling log v0.4.22
[INFO] [stderr]    Compiling bytes v1.9.0
[INFO] [stderr]    Compiling smallvec v1.13.2
[INFO] [stderr]    Compiling pkg-config v0.3.31
[INFO] [stderr]    Compiling cc v1.2.6
[INFO] [stderr]    Compiling tracing-core v0.1.33
[INFO] [stderr]    Compiling foldhash v0.1.4
[INFO] [stderr]    Compiling bitflags v2.6.0
[INFO] [stderr]    Compiling rustversion v1.0.19
[INFO] [stderr]    Compiling futures-task v0.3.31
[INFO] [stderr]    Compiling httparse v1.9.5
[INFO] [stderr]    Compiling openssl v0.10.68
[INFO] [stderr]    Compiling lock_api v0.4.12
[INFO] [stderr]    Compiling native-tls v0.2.12
[INFO] [stderr]    Compiling lazy_static v1.5.0
[INFO] [stderr]    Compiling signal-hook v0.3.17
[INFO] [stderr]    Compiling hashbrown v0.15.2
[INFO] [stderr]    Compiling futures-util v0.3.31
[INFO] [stderr]    Compiling parking_lot_core v0.9.10
[INFO] [stderr]    Compiling strsim v0.11.1
[INFO] [stderr]    Compiling syn v2.0.94
[INFO] [stderr]    Compiling sharded-slab v0.1.7
[INFO] [stderr]    Compiling thread_local v1.1.8
[INFO] [stderr]    Compiling futures-channel v0.3.31
[INFO] [stderr]    Compiling byteorder v1.5.0
[INFO] [stderr]    Compiling tracing v0.1.41
[INFO] [stderr]    Compiling rustix v0.38.42
[INFO] [stderr]    Compiling percent-encoding v2.3.1
[INFO] [stderr]    Compiling serde v1.0.217
[INFO] [stderr]    Compiling form_urlencoded v1.2.1
[INFO] [stderr]    Compiling gimli v0.28.1
[INFO] [stderr]    Compiling linux-raw-sys v0.4.14
[INFO] [stderr]    Compiling http v1.2.0
[INFO] [stderr]    Compiling either v1.13.0
[INFO] [stderr]    Compiling memchr v2.7.4
[INFO] [stderr]    Compiling diff v0.1.13
[INFO] [stderr]    Compiling yansi v1.0.1
[INFO] [stderr]    Compiling miniz_oxide v0.7.4
[INFO] [stderr]    Compiling castaway v0.2.3
[INFO] [stderr]    Compiling itertools v0.13.0
[INFO] [stderr]    Compiling indexmap v2.7.0
[INFO] [stderr]    Compiling tracing-subscriber v0.3.19
[INFO] [stderr]    Compiling sync_wrapper v1.0.2
[INFO] [stderr]    Compiling rustc-demangle v0.1.24
[INFO] [stderr]    Compiling pretty_assertions v1.4.1
[INFO] [stderr]    Compiling indoc v2.0.5
[INFO] [stderr]    Compiling mio v1.0.3
[INFO] [stderr]    Compiling socket2 v0.5.8
[INFO] [stderr]    Compiling signal-hook-registry v1.4.2
[INFO] [stderr]    Compiling openssl-sys v0.9.104
[INFO] [stderr]    Compiling tokio v1.42.0
[INFO] [stderr]    Compiling http-body v1.0.1
[INFO] [stderr]    Compiling backtrace v0.3.71
[INFO] [stderr]    Compiling getrandom v0.2.15
[INFO] [stderr]    Compiling tracing-error v0.2.1
[INFO] [stderr]    Compiling object v0.32.2
[INFO] [stderr]    Compiling parking_lot v0.12.3
[INFO] [stderr]    Compiling rand_core v0.6.4
[INFO] [stderr]    Compiling unicode-width v0.1.14
[INFO] [stderr]    Compiling owo-colors v3.5.0
[INFO] [stderr]    Compiling signal-hook-mio v0.2.4
[INFO] [stderr]    Compiling rustls-pki-types v1.10.1
[INFO] [stderr]    Compiling unicode-segmentation v1.12.0
[INFO] [stderr]    Compiling http-body-util v0.1.2
[INFO] [stderr]    Compiling indenter v0.3.3
[INFO] [stderr]    Compiling eyre v0.6.12
[INFO] [stderr]    Compiling crossterm v0.28.1
[INFO] [stderr]    Compiling rustls-pemfile v2.2.0
[INFO] [stderr]    Compiling color-spantrace v0.2.1
[INFO] [stderr]    Compiling compact_str v0.8.1
[INFO] [stderr]    Compiling lru v0.12.5
[INFO] [stderr]    Compiling encoding_rs v0.8.35
[INFO] [stderr]    Compiling ipnet v2.10.1
[INFO] [stderr]    Compiling unicode-truncate v1.1.0
[INFO] [stderr]    Compiling unicode-width v0.2.0
[INFO] [stderr]    Compiling bpaf v0.9.15
[INFO] [stderr]    Compiling addr2line v0.21.0
[INFO] [stderr]    Compiling synstructure v0.13.1
[INFO] [stderr]    Compiling darling_core v0.20.10
[INFO] [stderr]    Compiling serde_urlencoded v0.7.1
[INFO] [stderr]    Compiling zerofrom-derive v0.1.5
[INFO] [stderr]    Compiling yoke-derive v0.7.5
[INFO] [stderr]    Compiling zerovec-derive v0.10.3
[INFO] [stderr]    Compiling displaydoc v0.2.5
[INFO] [stderr]    Compiling icu_provider_macros v1.5.0
[INFO] [stderr]    Compiling openssl-macros v0.1.1
[INFO] [stderr]    Compiling zerocopy-derive v0.7.35
[INFO] [stderr]    Compiling strum_macros v0.26.4
[INFO] [stderr]    Compiling zerocopy v0.7.35
[INFO] [stderr]    Compiling zerofrom v0.1.5
[INFO] [stderr]    Compiling yoke v0.7.5
[INFO] [stderr]    Compiling zerovec v0.10.4
[INFO] [stderr]    Compiling strum v0.26.3
[INFO] [stderr]    Compiling ppv-lite86 v0.2.20
[INFO] [stderr]    Compiling darling_macro v0.20.10
[INFO] [stderr]    Compiling darling v0.20.10
[INFO] [stderr]    Compiling rand_chacha v0.3.1
[INFO] [stderr]    Compiling instability v0.3.5
[INFO] [stderr]    Compiling tokio-util v0.7.13
[INFO] [stderr]    Compiling tower v0.5.2
[INFO] [stderr]    Compiling rand v0.8.5
[INFO] [stderr]    Compiling ratatui v0.29.0
[INFO] [stderr]    Compiling color-eyre v0.6.3
[INFO] [stderr]    Compiling tinystr v0.7.6
[INFO] [stderr]    Compiling icu_collections v1.5.0
[INFO] [stderr]    Compiling h2 v0.4.7
[INFO] [stderr]    Compiling icu_locid v1.5.0
[INFO] [stderr]    Compiling icu_provider v1.5.0
[INFO] [stderr]    Compiling icu_locid_transform v1.5.0
[INFO] [stderr]    Compiling tokio-native-tls v0.3.1
[INFO] [stderr]    Compiling icu_properties v1.5.1
[INFO] [stderr]    Compiling hyper v1.5.2
[INFO] [stderr]    Compiling icu_normalizer v1.5.0
[INFO] [stderr]    Compiling hyper-util v0.1.10
[INFO] [stderr]    Compiling idna_adapter v1.2.0
[INFO] [stderr]    Compiling idna v1.0.3
[INFO] [stderr]    Compiling url v2.5.4
[INFO] [stderr]    Compiling hyper-tls v0.6.0
[INFO] [stderr]    Compiling reqwest v0.12.12
[INFO] [stderr]    Compiling zerest v0.1.0 (/opt/rustwide/workdir)
[INFO] [stderr]     Finished `release` profile [optimized] target(s) in 1m 19s
[INFO] running `Command { std: "docker" "inspect" "f3825a3778ed75a965596ecbcde05438e59132db8026f614bc69a92434da572f", kill_on_drop: false }`
[INFO] running `Command { std: "docker" "exec" "-e" "SOURCE_DIR=/opt/rustwide/workdir" "-e" "CARGO_HOME=/opt/rustwide/cargo-home" "-e" "RUSTUP_HOME=/opt/rustwide/rustup-home" "-e" "CARGO_TARGET_DIR=/opt/rustwide/target" "-e" "CARGO_INCREMENTAL=0" "-e" "RUST_BACKTRACE=full" "-e" "RUSTFLAGS=--cap-lints=warn" "-e" "RUSTDOCFLAGS=--cap-lints=warn" "-w" "/opt/rustwide/workdir" "--user" "0:0" "f3825a3778ed75a965596ecbcde05438e59132db8026f614bc69a92434da572f" "/opt/rustwide/cargo-home/bin/cargo" "+1.99.0-beta.8" "test" "--frozen" "--no-run" "--message-format=json" "--release", kill_on_drop: false }`
[INFO] [stderr]    Compiling zerest v0.1.0 (/opt/rustwide/workdir)
[INFO] [stderr]     Finished `release` profile [optimized] target(s) in 0.94s
[INFO] running `Command { std: "docker" "inspect" "f3825a3778ed75a965596ecbcde05438e59132db8026f614bc69a92434da572f", kill_on_drop: false }`
[INFO] running `Command { std: "docker" "exec" "-e" "SOURCE_DIR=/opt/rustwide/workdir" "-e" "CARGO_HOME=/opt/rustwide/cargo-home" "-e" "RUSTUP_HOME=/opt/rustwide/rustup-home" "-e" "CARGO_TARGET_DIR=/opt/rustwide/target" "-e" "CARGO_INCREMENTAL=0" "-e" "RUST_BACKTRACE=full" "-e" "RUSTFLAGS=--cap-lints=warn" "-e" "RUSTDOCFLAGS=--cap-lints=warn" "-w" "/opt/rustwide/workdir" "--user" "0:0" "f3825a3778ed75a965596ecbcde05438e59132db8026f614bc69a92434da572f" "/opt/rustwide/cargo-home/bin/cargo" "+1.99.0-beta.8" "test" "--frozen" "--release", kill_on_drop: false }`
[INFO] [stderr]     Finished `release` profile [optimized] target(s) in 0.16s
[INFO] [stderr]      Running unittests src/main.rs (/opt/rustwide/target/release/deps/zerest-81e087d9d1c4de96)
[INFO] [stdout] 
[INFO] [stdout] running 2 tests
[INFO] [stdout] test tests::handle_key_event ... ok
[INFO] [stderr] error: test failed, to rerun pass `--bin zerest`
[INFO] [stdout] test tests::render ... FAILED
[INFO] [stdout] 
[INFO] [stdout] failures:
[INFO] [stdout] 
[INFO] [stdout] ---- tests::render stdout ----
[INFO] [stdout] 
[INFO] [stdout] thread 'tests::render' (2331) panicked at src/tests.rs:32:5:
[INFO] [stdout] assertion `left == right` failed
[INFO] [stdout]   left: Buffer {
[INFO] [stdout]     area: Rect { x: 0, y: 0, width: 50, height: 4 },
[INFO] [stdout]     content: [
[INFO] [stdout]         "┌─────────────────── Counter ────────────────────┐",
[INFO] [stdout]         "┌─────────────────── Checkbox ───────────────────┐",
[INFO] [stdout]         "┌──────────────────── Input ─────────────────────┐",
[INFO] [stdout]         "┌───────────────────── List ─────────────────────┐",
[INFO] [stdout]     ],
[INFO] [stdout]     styles: [
[INFO] [stdout]         x: 0, y: 0, fg: Cyan, bg: Reset, underline: Reset, modifier: NONE,
[INFO] [stdout]         x: 0, y: 1, fg: White, bg: Reset, underline: Reset, modifier: NONE,
[INFO] [stdout]     ]
[INFO] [stdout] }
[INFO] [stdout]  right: Buffer {
[INFO] [stdout]     area: Rect { x: 0, y: 0, width: 50, height: 4 },
[INFO] [stdout]     content: [
[INFO] [stdout]         "┏━━━━━━━━━━━━━ Counter App Tutorial ━━━━━━━━━━━━━┓",
[INFO] [stdout]         "┃                    Value: 0                    ┃",
[INFO] [stdout]         "┃                                                ┃",
[INFO] [stdout]         "┗━ Decrement <Left> Increment <Right> Quit <Q> ━━┛",
[INFO] [stdout]     ],
[INFO] [stdout]     styles: [
[INFO] [stdout]         x: 0, y: 0, fg: Reset, bg: Reset, underline: Reset, modifier: NONE,
[INFO] [stdout]         x: 14, y: 0, fg: Reset, bg: Reset, underline: Reset, modifier: BOLD,
[INFO] [stdout]         x: 36, y: 0, fg: Reset, bg: Reset, underline: Reset, modifier: NONE,
[INFO] [stdout]         x: 28, y: 1, fg: Yellow, bg: Reset, underline: Reset, modifier: NONE,
[INFO] [stdout]         x: 29, y: 1, fg: Reset, bg: Reset, underline: Reset, modifier: NONE,
[INFO] [stdout]         x: 13, y: 3, fg: Blue, bg: Reset, underline: Reset, modifier: BOLD,
[INFO] [stdout]         x: 19, y: 3, fg: Reset, bg: Reset, underline: Reset, modifier: NONE,
[INFO] [stdout]         x: 30, y: 3, fg: Blue, bg: Reset, underline: Reset, modifier: BOLD,
[INFO] [stdout]         x: 37, y: 3, fg: Reset, bg: Reset, underline: Reset, modifier: NONE,
[INFO] [stdout]         x: 43, y: 3, fg: Blue, bg: Reset, underline: Reset, modifier: BOLD,
[INFO] [stdout]         x: 47, y: 3, fg: Reset, bg: Reset, underline: Reset, modifier: NONE,
[INFO] [stdout]     ]
[INFO] [stdout] }
[INFO] [stdout] stack backtrace:
[INFO] [stdout]    0:     0x61fec907d8d1 - <<std[70759c8f55707aa4]::sys::backtrace::BacktraceLock>::print::DisplayBacktrace as core[df12db4294e9bfd3]::fmt::Display>::fmt
[INFO] [stdout]    1:     0x61fec90920da - core[df12db4294e9bfd3]::fmt::write
[INFO] [stdout]    2:     0x61fec9081d6c - <alloc[2182bb758b4b3781]::vec::Vec<u8> as core[df12db4294e9bfd3]::io::write::Write>::write_fmt
[INFO] [stdout]    3:     0x61fec9059ec6 - std[70759c8f55707aa4]::panicking::default_hook::{closure#0}
[INFO] [stdout]    4:     0x61fec9076039 - std[70759c8f55707aa4]::panicking::default_hook
[INFO] [stdout]    5:     0x61fec8ff0540 - test[9d35eded1c95d3be]::test_main_inner::<test[9d35eded1c95d3be]::test_main_static::{closure#0}>::{closure#0}
[INFO] [stdout]    6:     0x61fec90761f2 - std[70759c8f55707aa4]::panicking::panic_with_hook
[INFO] [stdout]    7:     0x61fec9059f72 - std[70759c8f55707aa4]::panicking::panic_handler::{closure#0}
[INFO] [stdout]    8:     0x61fec9052cf9 - std[70759c8f55707aa4]::sys::backtrace::__rust_end_short_backtrace::<std[70759c8f55707aa4]::panicking::panic_handler::{closure#0}, !>
[INFO] [stdout]    9:     0x61fec905ab6d - __rustc[8fa7c3cbc660c2b3]::rust_begin_unwind
[INFO] [stdout]   10:     0x61fec909283c - core[df12db4294e9bfd3]::panicking::panic_fmt
[INFO] [stdout]   11:     0x61fec9092753 - core[df12db4294e9bfd3]::panicking::assert_failed_inner
[INFO] [stdout]   12:     0x61fec8fe2997 - core[df12db4294e9bfd3]::panicking::assert_failed::<ratatui[b884b76600a63646]::buffer::buffer::Buffer, ratatui[b884b76600a63646]::buffer::buffer::Buffer>
[INFO] [stdout]   13:     0x61fec8fe367c - <zerest[b44f06bc0781c70d]::tests::render::{closure#0} as core[df12db4294e9bfd3]::ops::function::FnOnce<()>>::call_once
[INFO] [stdout]   14:     0x61fec8fe382b - test[9d35eded1c95d3be]::__rust_begin_short_backtrace::<core[df12db4294e9bfd3]::result::Result<(), alloc[2182bb758b4b3781]::string::String>, fn() -> core[df12db4294e9bfd3]::result::Result<(), alloc[2182bb758b4b3781]::string::String>>
[INFO] [stdout]   15:     0x61fec8ff0e95 - test[9d35eded1c95d3be]::run_test::{closure#0}
[INFO] [stdout]   16:     0x61fec8fea754 - std[70759c8f55707aa4]::sys::backtrace::__rust_begin_short_backtrace::<test[9d35eded1c95d3be]::run_test::{closure#1}, ()>
[INFO] [stdout]   17:     0x61fec8ff3ff2 - <std[70759c8f55707aa4]::thread::lifecycle::spawn_unchecked<test[9d35eded1c95d3be]::run_test::{closure#1}, ()>::{closure#1} as core[df12db4294e9bfd3]::ops::function::FnOnce<()>>::call_once::{shim:vtable#0}
[INFO] [stdout]   18:     0x61fec907d1a9 - <std[70759c8f55707aa4]::sys::thread::unix::Thread>::new::thread_start
[INFO] [stdout]   19:     0x716f08639dfa - <unknown>
[INFO] [stdout]   20:     0x716f086cd3d4 - clone
[INFO] [stdout]   21:                0x0 - <unknown>
[INFO] [stdout] 
[INFO] [stdout] 
[INFO] [stdout] failures:
[INFO] [stdout]     tests::render
[INFO] [stdout] 
[INFO] [stdout] test result: FAILED. 1 passed; 1 failed; 0 ignored; 0 measured; 0 filtered out; finished in 0.01s
[INFO] [stdout] 
[INFO] running `Command { std: "docker" "inspect" "f3825a3778ed75a965596ecbcde05438e59132db8026f614bc69a92434da572f", kill_on_drop: false }`
[INFO] running `Command { std: "docker" "rm" "-f" "f3825a3778ed75a965596ecbcde05438e59132db8026f614bc69a92434da572f", kill_on_drop: false }`
[INFO] [stdout] f3825a3778ed75a965596ecbcde05438e59132db8026f614bc69a92434da572f
