[INFO] fetching crate x0x-symphony-bin 0.2.0...
[INFO] testing x0x-symphony-bin-0.2.0 against 1.99.0-beta.8+cargoflags=--release for beta-release-1.100-2
[INFO] extracting crate x0x-symphony-bin 0.2.0 into /workspace/builds/worker-1-tc1/source
[INFO] started tweaking crates.io crate x0x-symphony-bin 0.2.0
[INFO] removed 0 missing tests
[INFO] finished tweaking crates.io crate x0x-symphony-bin 0.2.0
[INFO] tweaked toml for crates.io crate x0x-symphony-bin 0.2.0 written to /workspace/builds/worker-1-tc1/source/Cargo.toml
[INFO] validating manifest of crates.io crate x0x-symphony-bin 0.2.0 on toolchain 1.99.0-beta.8
[INFO] running `Command { std: CARGO_HOME="/workspace/cargo-home" RUSTUP_HOME="/workspace/rustup-home" "/workspace/cargo-home/bin/cargo" "+1.99.0-beta.8" "metadata" "--manifest-path" "Cargo.toml" "--no-deps", kill_on_drop: false }`
[INFO] crate crates.io crate x0x-symphony-bin 0.2.0 already has a lockfile, it will not be regenerated
[INFO] running `Command { std: CARGO_HOME="/workspace/cargo-home" RUSTUP_HOME="/workspace/rustup-home" "/workspace/cargo-home/bin/cargo" "+1.99.0-beta.8" "fetch" "--manifest-path" "Cargo.toml", kill_on_drop: false }`
[INFO] [stderr]     Updating crates.io index
[INFO] [stderr]  Downloading crates ...
[INFO] [stderr]   Downloaded x0x-symphony-core v0.2.0
[INFO] [stderr]   Downloaded x0x-symphony-workspace v0.2.0
[INFO] [stderr]   Downloaded x0x-symphony-tracker-x0x-crdt v0.2.0
[INFO] [stderr]   Downloaded x0x-symphony-signing v0.2.0
[INFO] [stderr]   Downloaded saorsa-pqc v0.5.1
[INFO] [stderr]   Downloaded x0x-symphony-runner-shell v0.2.0
[INFO] [stderr]   Downloaded landlock v0.4.5
[INFO] [stderr]   Downloaded saorsa-sandbox v0.2.0
[INFO] [stderr]   Downloaded fips203 v0.4.3
[INFO] [stderr]   Downloaded hpke v0.13.0
[INFO] [stderr]   Downloaded x0x-symphony-orchestrator v0.2.0
[INFO] [stderr]   Downloaded fips205 v0.4.1
[INFO] [stderr]   Downloaded fips204 v0.4.6
[INFO] running `Command { std: "docker" "create" "-v" "/var/lib/crater-agent-workspace/builds/worker-1-tc1/source:/opt/rustwide/workdir:ro,Z" "-v" "/var/lib/crater-agent-workspace/builds/worker-1-tc1/target:/opt/rustwide/target:rw,Z" "-v" "/var/lib/crater-agent-workspace/cargo-home:/opt/rustwide/cargo-home:ro,Z" "-v" "/var/lib/crater-agent-workspace/rustup-home:/opt/rustwide/rustup-home:ro,Z" "-m" "1610612736" "--network" "none" "ghcr.io/rust-lang/crates-build-env/linux@sha256:77db811e55d90add9212f6832c23229e3de5f1c1f9905e8cb07319ea15df73ac" "sleep" "infinity", kill_on_drop: false }`
[INFO] [stdout] aef22400c5ebc38bfc7d8caa932bc9faf7efb190b88f7dd085a59d44747e329b
[INFO] running `Command { std: "docker" "start" "aef22400c5ebc38bfc7d8caa932bc9faf7efb190b88f7dd085a59d44747e329b", kill_on_drop: false }`
[INFO] running `Command { std: "docker" "inspect" "aef22400c5ebc38bfc7d8caa932bc9faf7efb190b88f7dd085a59d44747e329b", kill_on_drop: false }`
[INFO] running `Command { std: "docker" "exec" "-e" "SOURCE_DIR=/opt/rustwide/workdir" "-e" "CARGO_HOME=/opt/rustwide/cargo-home" "-e" "RUSTUP_HOME=/opt/rustwide/rustup-home" "-e" "CARGO_TARGET_DIR=/opt/rustwide/target" "-w" "/opt/rustwide/workdir" "--user" "0:0" "aef22400c5ebc38bfc7d8caa932bc9faf7efb190b88f7dd085a59d44747e329b" "/opt/rustwide/cargo-home/bin/cargo" "+1.99.0-beta.8" "metadata" "--no-deps" "--format-version=1", kill_on_drop: false }`
[INFO] running `Command { std: "docker" "inspect" "aef22400c5ebc38bfc7d8caa932bc9faf7efb190b88f7dd085a59d44747e329b", kill_on_drop: false }`
[INFO] running `Command { std: "docker" "exec" "-e" "SOURCE_DIR=/opt/rustwide/workdir" "-e" "CARGO_HOME=/opt/rustwide/cargo-home" "-e" "RUSTUP_HOME=/opt/rustwide/rustup-home" "-e" "CARGO_TARGET_DIR=/opt/rustwide/target" "-e" "CARGO_INCREMENTAL=0" "-e" "RUST_BACKTRACE=full" "-e" "RUSTFLAGS=--cap-lints=warn" "-e" "RUSTDOCFLAGS=--cap-lints=warn" "-w" "/opt/rustwide/workdir" "--user" "0:0" "aef22400c5ebc38bfc7d8caa932bc9faf7efb190b88f7dd085a59d44747e329b" "/opt/rustwide/cargo-home/bin/cargo" "+1.99.0-beta.8" "build" "--frozen" "--message-format=json" "--release", kill_on_drop: false }`
[INFO] [stderr]    Compiling subtle v2.6.1
[INFO] [stderr]    Compiling serde_core v1.0.228
[INFO] [stderr]    Compiling generic-array v0.14.7
[INFO] [stderr]    Compiling futures-io v0.3.32
[INFO] [stderr]    Compiling smallvec v1.15.2
[INFO] [stderr]    Compiling serde_json v1.0.150
[INFO] [stderr]    Compiling syn v2.0.118
[INFO] [stderr]    Compiling zerocopy v0.8.52
[INFO] [stderr]    Compiling ring v0.17.14
[INFO] [stderr]    Compiling rustls v0.23.41
[INFO] [stderr]    Compiling bitflags v2.13.0
[INFO] [stderr]    Compiling base16ct v0.2.0
[INFO] [stderr]    Compiling curve25519-dalek v4.1.3
[INFO] [stderr]    Compiling nix v0.30.1
[INFO] [stderr]    Compiling heapless v0.7.17
[INFO] [stderr]    Compiling byteorder v1.5.0
[INFO] [stderr]    Compiling blake3 v1.8.5
[INFO] [stderr]    Compiling bytemuck v1.25.1
[INFO] [stderr]    Compiling ff v0.13.1
[INFO] [stderr]    Compiling base64ct v1.8.3
[INFO] [stderr]    Compiling anyhow v1.0.103
[INFO] [stderr]    Compiling time v0.3.53
[INFO] [stderr]    Compiling either v1.16.0
[INFO] [stderr]    Compiling regex-automata v0.4.14
[INFO] [stderr]    Compiling group v0.13.0
[INFO] [stderr]    Compiling tracing-log v0.2.0
[INFO] [stderr]    Compiling hash32 v0.2.1
[INFO] [stderr]    Compiling thread_local v1.1.9
[INFO] [stderr]    Compiling safe_arch v0.7.4
[INFO] [stderr]    Compiling rayon v1.12.0
[INFO] [stderr]    Compiling password-hash v0.5.0
[INFO] [stderr]    Compiling wide v0.7.33
[INFO] [stderr]    Compiling matchers v0.2.0
[INFO] [stderr]    Compiling serde_path_to_error v0.1.20
[INFO] [stderr]    Compiling synstructure v0.13.2
[INFO] [stderr]    Compiling ppv-lite86 v0.2.21
[INFO] [stderr]    Compiling rand_chacha v0.3.1
[INFO] [stderr]    Compiling rand_chacha v0.9.0
[INFO] [stderr]    Compiling zeroize_derive v1.5.0
[INFO] [stderr]    Compiling tokio-macros v2.7.0
[INFO] [stderr]    Compiling serde_derive v1.0.228
[INFO] [stderr]    Compiling tracing-attributes v0.1.31
[INFO] [stderr]    Compiling zerovec-derive v0.11.3
[INFO] [stderr]    Compiling displaydoc v0.2.6
[INFO] [stderr]    Compiling futures-macro v0.3.32
[INFO] [stderr]    Compiling thiserror-impl v2.0.18
[INFO] [stderr]    Compiling async-trait v0.1.89
[INFO] [stderr]    Compiling curve25519-dalek-derive v0.1.1
[INFO] [stderr]    Compiling enumflags2_derive v0.7.12
[INFO] [stderr]    Compiling clap_derive v4.6.1
[INFO] [stderr]    Compiling zerofrom-derive v0.1.7
[INFO] [stderr]    Compiling zeroize v1.9.0
[INFO] [stderr]    Compiling yoke-derive v0.8.2
[INFO] [stderr]    Compiling tokio v1.52.3
[INFO] [stderr]    Compiling rustls-pki-types v1.15.0
[INFO] [stderr]    Compiling der v0.7.10
[INFO] [stderr]    Compiling futures-util v0.3.32
[INFO] [stderr]    Compiling enumflags2 v0.7.12
[INFO] [stderr]    Compiling rand v0.8.7
[INFO] [stderr]    Compiling rand v0.9.4
[INFO] [stderr]    Compiling rustls-webpki v0.103.13
[INFO] [stderr]    Compiling webpki-roots v1.0.8
[INFO] [stderr]    Compiling thiserror v2.0.18
[INFO] [stderr]    Compiling cobs v0.3.0
[INFO] [stderr]    Compiling zerofrom v0.1.8
[INFO] [stderr]    Compiling yoke v0.8.3
[INFO] [stderr]    Compiling tracing v0.1.44
[INFO] [stderr]    Compiling crypto-common v0.1.7
[INFO] [stderr]    Compiling block-buffer v0.10.4
[INFO] [stderr]    Compiling digest v0.10.7
[INFO] [stderr]    Compiling zerovec v0.11.6
[INFO] [stderr]    Compiling zerotrie v0.2.4
[INFO] [stderr]    Compiling inout v0.1.4
[INFO] [stderr]    Compiling universal-hash v0.5.1
[INFO] [stderr]    Compiling crypto-bigint v0.5.5
[INFO] [stderr]    Compiling polyval v0.6.2
[INFO] [stderr]    Compiling cipher v0.4.4
[INFO] [stderr]    Compiling aead v0.5.2
[INFO] [stderr]    Compiling poly1305 v0.8.0
[INFO] [stderr]    Compiling x25519-dalek v2.0.1
[INFO] [stderr]    Compiling sec1 v0.7.3
[INFO] [stderr]    Compiling ghash v0.5.1
[INFO] [stderr]    Compiling landlock v0.4.5
[INFO] [stderr]    Compiling axum-core v0.5.6
[INFO] [stderr]    Compiling sha2 v0.10.9
[INFO] [stderr]    Compiling hmac v0.12.1
[INFO] [stderr]    Compiling sha3 v0.10.9
[INFO] [stderr]    Compiling hkdf v0.12.4
[INFO] [stderr]    Compiling chacha20 v0.9.1
[INFO] [stderr]    Compiling ctr v0.9.2
[INFO] [stderr]    Compiling aes v0.8.4
[INFO] [stderr]    Compiling pbkdf2 v0.12.2
[INFO] [stderr]    Compiling fips205 v0.4.1
[INFO] [stderr]    Compiling chacha20poly1305 v0.10.1
[INFO] [stderr]    Compiling fips204 v0.4.6
[INFO] [stderr]    Compiling fips203 v0.4.3
[INFO] [stderr]    Compiling clap v4.6.1
[INFO] [stderr]    Compiling tracing-subscriber v0.3.23
[INFO] [stderr]    Compiling tinystr v0.8.3
[INFO] [stderr]    Compiling icu_locale_core v2.2.0
[INFO] [stderr]    Compiling potential_utf v0.1.5
[INFO] [stderr]    Compiling aes-gcm v0.10.3
[INFO] [stderr]    Compiling icu_collections v2.2.0
[INFO] [stderr]    Compiling elliptic-curve v0.13.8
[INFO] [stderr]    Compiling serde v1.0.228
[INFO] [stderr]    Compiling primeorder v0.13.6
[INFO] [stderr]    Compiling p256 v0.13.2
[INFO] [stderr]    Compiling futures-executor v0.3.32
[INFO] [stderr]    Compiling icu_provider v2.2.0
[INFO] [stderr]    Compiling chrono v0.4.45
[INFO] [stderr]    Compiling serde_urlencoded v0.7.1
[INFO] [stderr]    Compiling futures v0.3.32
[INFO] [stderr]    Compiling hpke v0.13.0
[INFO] [stderr]    Compiling serde_yaml v0.9.34+deprecated
[INFO] [stderr]    Compiling icu_normalizer v2.2.0
[INFO] [stderr]    Compiling icu_properties v2.2.0
[INFO] [stderr]    Compiling postcard v1.1.3
[INFO] [stderr]    Compiling x0x-symphony-core v0.2.0
[INFO] [stderr]    Compiling idna_adapter v1.2.2
[INFO] [stderr]    Compiling idna v1.1.0
[INFO] [stderr]    Compiling url v2.5.8
[INFO] [stderr]    Compiling hyper v1.10.1
[INFO] [stderr]    Compiling tower v0.5.3
[INFO] [stderr]    Compiling tokio-rustls v0.26.4
[INFO] [stderr]    Compiling tokio-util v0.7.18
[INFO] [stderr]    Compiling saorsa-pqc v0.5.1
[INFO] [stderr]    Compiling tower-http v0.6.11
[INFO] [stderr]    Compiling x0x-symphony-workspace v0.2.0
[INFO] [stderr]    Compiling saorsa-sandbox v0.2.0
[INFO] [stderr]    Compiling hyper-util v0.1.20
[INFO] [stderr]    Compiling x0x-symphony-runner-shell v0.2.0
[INFO] [stderr]    Compiling hyper-rustls v0.27.9
[INFO] [stderr]    Compiling axum v0.8.9
[INFO] [stderr]    Compiling reqwest v0.12.28
[INFO] [stderr]    Compiling x0x-symphony-signing v0.2.0
[INFO] [stderr]    Compiling x0x-symphony-tracker-x0x-crdt v0.2.0
[INFO] [stderr]    Compiling x0x-symphony-orchestrator v0.2.0
[INFO] [stderr]    Compiling x0x-symphony-bin v0.2.0 (/opt/rustwide/workdir)
[INFO] [stderr]     Finished `release` profile [optimized] target(s) in 3m 57s
[INFO] running `Command { std: "docker" "inspect" "aef22400c5ebc38bfc7d8caa932bc9faf7efb190b88f7dd085a59d44747e329b", kill_on_drop: false }`
[INFO] running `Command { std: "docker" "exec" "-e" "SOURCE_DIR=/opt/rustwide/workdir" "-e" "CARGO_HOME=/opt/rustwide/cargo-home" "-e" "RUSTUP_HOME=/opt/rustwide/rustup-home" "-e" "CARGO_TARGET_DIR=/opt/rustwide/target" "-e" "CARGO_INCREMENTAL=0" "-e" "RUST_BACKTRACE=full" "-e" "RUSTFLAGS=--cap-lints=warn" "-e" "RUSTDOCFLAGS=--cap-lints=warn" "-w" "/opt/rustwide/workdir" "--user" "0:0" "aef22400c5ebc38bfc7d8caa932bc9faf7efb190b88f7dd085a59d44747e329b" "/opt/rustwide/cargo-home/bin/cargo" "+1.99.0-beta.8" "test" "--frozen" "--no-run" "--message-format=json" "--release", kill_on_drop: false }`
[INFO] [stderr]    Compiling tower-http v0.6.11
[INFO] [stderr]    Compiling nix v0.30.1
[INFO] [stderr]    Compiling rustix v1.1.4
[INFO] [stderr]    Compiling getrandom v0.4.3
[INFO] [stderr]    Compiling reqwest v0.12.28
[INFO] [stderr]    Compiling x0x-symphony-workspace v0.2.0
[INFO] [stderr]    Compiling x0x-symphony-runner-shell v0.2.0
[INFO] [stderr]    Compiling x0x-symphony-signing v0.2.0
[INFO] [stderr]    Compiling tempfile v3.27.0
[INFO] [stderr]    Compiling x0x-symphony-orchestrator v0.2.0
[INFO] [stderr]    Compiling x0x-symphony-tracker-x0x-crdt v0.2.0
[INFO] [stderr]    Compiling x0x-symphony-bin v0.2.0 (/opt/rustwide/workdir)
[INFO] [stderr]     Finished `release` profile [optimized] target(s) in 3m 00s
[INFO] running `Command { std: "docker" "inspect" "aef22400c5ebc38bfc7d8caa932bc9faf7efb190b88f7dd085a59d44747e329b", kill_on_drop: false }`
[INFO] running `Command { std: "docker" "exec" "-e" "SOURCE_DIR=/opt/rustwide/workdir" "-e" "CARGO_HOME=/opt/rustwide/cargo-home" "-e" "RUSTUP_HOME=/opt/rustwide/rustup-home" "-e" "CARGO_TARGET_DIR=/opt/rustwide/target" "-e" "CARGO_INCREMENTAL=0" "-e" "RUST_BACKTRACE=full" "-e" "RUSTFLAGS=--cap-lints=warn" "-e" "RUSTDOCFLAGS=--cap-lints=warn" "-w" "/opt/rustwide/workdir" "--user" "0:0" "aef22400c5ebc38bfc7d8caa932bc9faf7efb190b88f7dd085a59d44747e329b" "/opt/rustwide/cargo-home/bin/cargo" "+1.99.0-beta.8" "test" "--frozen" "--release", kill_on_drop: false }`
[INFO] [stderr]     Finished `release` profile [optimized] target(s) in 0.73s
[INFO] [stderr]      Running unittests src/lib.rs (/opt/rustwide/target/release/deps/x0x_symphony_bin-3a490a9ec9df1cbc)
[INFO] [stdout] 
[INFO] [stdout] running 8 tests
[INFO] [stdout] test workers::tests::sse_parser_collects_data_lines ... ok
[INFO] [stdout] test workers::tests::decode_failure_tracker_tracks_discriminators_independently ... ok
[INFO] [stderr]      Running unittests src/bin/x0x-symphony.rs (/opt/rustwide/target/release/deps/x0x_symphony-b2459526fbebf225)
[INFO] [stdout] test workers::tests::decode_failure_tracker_warns_once_then_suppresses ... ok
[INFO] [stdout] test workers::tests::classify_decode_error_categorizes_known_failures ... ok
[INFO] [stdout] test workers::tests::publish_card_posts_signed_payload_to_worker_topic ... ok
[INFO] [stdout] test workers::tests::snapshot_reaps_expired_cards ... ok
[INFO] [stdout] test workers::tests::sse_event_decode_verifies_before_insert ... ok
[INFO] [stdout] test workers::tests::verify_and_insert_accepts_valid_card_and_drops_forged_or_expired ... ok
[INFO] [stdout] 
[INFO] [stdout] test result: ok. 8 passed; 0 failed; 0 ignored; 0 measured; 0 filtered out; finished in 0.01s
[INFO] [stdout] 
[INFO] [stdout] 
[INFO] [stderr]      Running unittests src/bin/x0x-symphonyd.rs (/opt/rustwide/target/release/deps/x0x_symphonyd-6c065bc9b08e14e9)
[INFO] [stdout] running 0 tests
[INFO] [stdout] 
[INFO] [stdout] test result: ok. 0 passed; 0 failed; 0 ignored; 0 measured; 0 filtered out; finished in 0.00s
[INFO] [stdout] 
[INFO] [stdout] 
[INFO] [stdout] running 0 tests
[INFO] [stdout] 
[INFO] [stderr]      Running tests/api_auth.rs (/opt/rustwide/target/release/deps/api_auth-04ca47c8652fc9e0)
[INFO] [stdout] test result: ok. 0 passed; 0 failed; 0 ignored; 0 measured; 0 filtered out; finished in 0.00s
[INFO] [stdout] 
[INFO] [stdout] 
[INFO] [stdout] running 3 tests
[INFO] [stdout] test post_symphony_issues_calls_tracker_create_issue ... ok
[INFO] [stdout] test invalid_bearer_and_query_tokens_are_rejected ... ok
[INFO] [stdout] test symphony_routes_require_bearer_token ... ok
[INFO] [stdout] 
[INFO] [stdout] test result: ok. 3 passed; 0 failed; 0 ignored; 0 measured; 0 filtered out; finished in 0.01s
[INFO] [stdout] 
[INFO] [stderr]      Running tests/approvals_api.rs (/opt/rustwide/target/release/deps/approvals_api-6330f0bf4ef7d6c1)
[INFO] [stdout] 
[INFO] [stdout] running 16 tests
[INFO] [stdout] test sign_approval_event_output_verifies_by_gate_path ... ok
[INFO] [stdout] test get_pending_returns_network_sourced_unapproved ... ok
[INFO] [stdout] test non_network_sourced_returns_409 ... ok
[INFO] [stdout] test missing_signing_client_returns_503 ... ok
[INFO] [stdout] test stale_content_hash_returns_409 ... ok
[INFO] [stdout] test post_approve_emits_approval_granted_event ... ok
[INFO] [stdout] test post_deny_emits_approval_denied_event ... ok
[INFO] [stdout] test post_approve_stores_signed_event ... ok
[INFO] [stdout] test concurrent_approves_single_requeue ... ok
[INFO] [stdout] test post_approve_on_todo_issue_does_not_requeue ... ok
[INFO] [stdout] test stale_signer_returns_409 ... ok
[INFO] [stdout] test get_pending_includes_blocked_awaiting_approval ... ok
[INFO] [stdout] test post_deny_does_not_requeue_blocked_awaiting_issue ... ok
[INFO] [stdout] test post_deny_stores_denial ... ok
[INFO] [stdout] test pending_surfaces_approved_but_still_blocked_issue_and_reapprove_recovers ... ok
[INFO] [stderr]      Running tests/bind.rs (/opt/rustwide/target/release/deps/bind-13227a95a3348764)
[INFO] [stdout] test post_approve_requeues_blocked_awaiting_issue ... ok
[INFO] [stdout] 
[INFO] [stdout] test result: ok. 16 passed; 0 failed; 0 ignored; 0 measured; 0 filtered out; finished in 0.01s
[INFO] [stdout] 
[INFO] [stdout] 
[INFO] [stdout] running 2 tests
[INFO] [stdout] test accepts_loopback_bind_address ... ok
[INFO] [stdout] test rejects_unspecified_bind_address ... ok
[INFO] [stdout] 
[INFO] [stdout] test result: ok. 2 passed; 0 failed; 0 ignored; 0 measured; 0 filtered out; finished in 0.00s
[INFO] [stdout] 
[INFO] [stderr]      Running tests/cli_snapshots.rs (/opt/rustwide/target/release/deps/cli_snapshots-d9730523e4245aa8)
[INFO] [stdout] 
[INFO] [stdout] running 15 tests
[INFO] [stdout] test approvals_deny_snapshot ... ok
[INFO] [stdout] test config_show_snapshot ... ok
[INFO] [stdout] test approvals_help_snapshots ... ok
[INFO] [stdout] test tasks_snapshot ... ok
[INFO] [stdout] test approvals_list_snapshot ... ok
[INFO] [stdout] test status_snapshot ... ok
[INFO] [stdout] test workers_help_snapshot ... ok
[INFO] [stdout] test approvals_approve_snapshot ... ok
[INFO] [stdout] test proofs_list_snapshot ... ok
[INFO] [stdout] test workers_snapshot ... ok
[INFO] [stdout] test issue_new_dispatches_to_daemon_create_issue ... ok
[INFO] [stdout] test issue_new_help_renders ... ok
[INFO] [stdout] test routes_snapshot ... ok
[INFO] [stdout] test task_detail_snapshot ... ok
[INFO] [stdout] test approvals_conflict_is_operator_friendly ... ok
[INFO] [stderr]      Running tests/config_check.rs (/opt/rustwide/target/release/deps/config_check-0dd5fbd5081028aa)
[INFO] [stdout] 
[INFO] [stdout] test result: ok. 15 passed; 0 failed; 0 ignored; 0 measured; 0 filtered out; finished in 0.02s
[INFO] [stdout] 
[INFO] [stdout] 
[INFO] [stdout] running 26 tests
[INFO] [stdout] test explicit_off_without_required_signing_warns ... ok
[INFO] [stdout] test approve_without_required_signing_aborts_config_load ... ok
[INFO] [stdout] test legacy_codex_block_config_check_fails_with_structured_error ... ok
[INFO] [stdout] test auto_network_dispatch_without_ack_aborts_config_load ... ok
[INFO] [stdout] test default_security_without_block_does_not_warn ... ok
[INFO] [stdout] test legacy_codex_block_fails_config_load_with_structured_error ... ok
[INFO] [stdout] test legacy_network_dispatch_enabled_false_maps_to_off ... ok
[INFO] [stdout] test approve_with_required_signing_loads ... ok
[INFO] [stdout] test retention_reap_interval_rejects_under_sixty_seconds ... ok
[INFO] [stdout] test retention_proofs_days_rejects_zero ... ok
[INFO] [stdout] test network_dispatch_defaults_off ... ok
[INFO] [stdout] test security_config_maps_to_orchestrator_config ... ok
[INFO] [stdout] test workers_config_defaults_to_publish_enabled_with_sixty_second_ttl ... ok
[INFO] [stdout] test network_dispatch_policy_values_parse ... ok
[INFO] [stdout] test workers_ttl_must_be_positive ... ok
[INFO] [stdout] test legacy_network_dispatch_enabled_true_maps_to_approve ... ok
[INFO] [stdout] test retention_defaults_to_thirty_days_and_hourly_reaper ... ok
[INFO] [stdout] test retention_overrides_parse ... ok
[INFO] [stdout] test tracker_group_is_optional_and_preserved ... ok
[INFO] [stdout] test unknown_network_dispatch_policy_aborts_config_load ... ok
[INFO] [stdout] test workflow_without_legacy_codex_block_has_no_codex_warning ... ok
[INFO] [stdout] test workflow_with_runner_sandbox_passes_config_check ... ok
[INFO] [stdout] test workers_config_overrides_parse ... ok
[INFO] [stdout] test sharding_workers_emit_deprecation_warn ... ok
[INFO] [stdout] test missing_required_blocks_fail_config_check ... ok
[INFO] [stdout] test repository_workflow_passes_config_check ... FAILED
[INFO] [stdout] 
[INFO] [stdout] failures:
[INFO] [stdout] 
[INFO] [stdout] ---- repository_workflow_passes_config_check stdout ----
[INFO] [stdout] 
[INFO] [stdout] thread 'repository_workflow_passes_config_check' (3816) panicked at tests/config_check.rs:68:5:
[INFO] [stdout] assertion `left == right` failed
[INFO] [stdout]   left: 1
[INFO] [stdout]  right: 0
[INFO] [stdout] stack backtrace:
[INFO] [stdout]    0:     0x6506fb75b741 - <<std[70759c8f55707aa4]::sys::backtrace::BacktraceLock>::print::DisplayBacktrace as core[df12db4294e9bfd3]::fmt::Display>::fmt
[INFO] [stdout]    1:     0x6506fb772f3a - core[df12db4294e9bfd3]::fmt::write
[INFO] [stdout]    2:     0x6506fb7604cc - <alloc[2182bb758b4b3781]::vec::Vec<u8> as core[df12db4294e9bfd3]::io::write::Write>::write_fmt
[INFO] [stdout]    3:     0x6506fb734c96 - std[70759c8f55707aa4]::panicking::default_hook::{closure#0}
[INFO] [stdout]    4:     0x6506fb7529a9 - std[70759c8f55707aa4]::panicking::default_hook
[INFO] [stdout]    5:     0x6506fb447b00 - test[9d35eded1c95d3be]::test_main_inner::<test[9d35eded1c95d3be]::test_main_static::{closure#0}>::{closure#0}
[INFO] [stdout]    6:     0x6506fb752cd2 - std[70759c8f55707aa4]::panicking::panic_with_hook
[INFO] [stdout]    7:     0x6506fb734d42 - std[70759c8f55707aa4]::panicking::panic_handler::{closure#0}
[INFO] [stdout]    8:     0x6506fb72d739 - std[70759c8f55707aa4]::sys::backtrace::__rust_end_short_backtrace::<std[70759c8f55707aa4]::panicking::panic_handler::{closure#0}, !>
[INFO] [stdout]    9:     0x6506fb735b2d - __rustc[8fa7c3cbc660c2b3]::rust_begin_unwind
[INFO] [stdout]   10:     0x6506fb77369c - core[df12db4294e9bfd3]::panicking::panic_fmt
[INFO] [stdout]   11:     0x6506fb7735b3 - core[df12db4294e9bfd3]::panicking::assert_failed_inner
[INFO] [stdout]   12:     0x6506fb439088 - core[df12db4294e9bfd3]::panicking::assert_failed::<u8, u8>
[INFO] [stdout]   13:     0x6506fb3f5ee6 - config_check[83365b05ab414f98]::repository_workflow_passes_config_check::{closure#0}
[INFO] [stdout]   14:     0x6506fb425c31 - <tokio[bd2351b88397957d]::runtime::context::scoped::Scoped<tokio[bd2351b88397957d]::runtime::scheduler::Context>>::set::<<tokio[bd2351b88397957d]::runtime::scheduler::current_thread::CoreGuard>::enter<<tokio[bd2351b88397957d]::runtime::scheduler::current_thread::CoreGuard>::block_on<core[df12db4294e9bfd3]::pin::Pin<&mut core[df12db4294e9bfd3]::pin::Pin<&mut dyn core[df12db4294e9bfd3]::future::future::Future<Output = core[df12db4294e9bfd3]::result::Result<(), alloc[2182bb758b4b3781]::boxed::Box<dyn core[df12db4294e9bfd3]::error::Error>>>>>>::{closure#0}, core[df12db4294e9bfd3]::option::Option<core[df12db4294e9bfd3]::result::Result<(), alloc[2182bb758b4b3781]::boxed::Box<dyn core[df12db4294e9bfd3]::error::Error>>>>::{closure#0}, (alloc[2182bb758b4b3781]::boxed::Box<tokio[bd2351b88397957d]::runtime::scheduler::current_thread::Core>, core[df12db4294e9bfd3]::option::Option<core[df12db4294e9bfd3]::result::Result<(), alloc[2182bb758b4b3781]::boxed::Box<dyn core[df12db4294e9bfd3]::error::Error>>>)>
[INFO] [stdout]   15:     0x6506fb4256e6 - <tokio[bd2351b88397957d]::runtime::runtime::Runtime>::block_on::<core[df12db4294e9bfd3]::pin::Pin<&mut dyn core[df12db4294e9bfd3]::future::future::Future<Output = core[df12db4294e9bfd3]::result::Result<(), alloc[2182bb758b4b3781]::boxed::Box<dyn core[df12db4294e9bfd3]::error::Error>>>>>
[INFO] [stdout]   16:     0x6506fb406f64 - <config_check[83365b05ab414f98]::repository_workflow_passes_config_check::{closure#0} as core[df12db4294e9bfd3]::ops::function::FnOnce<()>>::call_once
[INFO] [stdout]   17:     0x6506fb43adeb - test[9d35eded1c95d3be]::__rust_begin_short_backtrace::<core[df12db4294e9bfd3]::result::Result<(), alloc[2182bb758b4b3781]::string::String>, fn() -> core[df12db4294e9bfd3]::result::Result<(), alloc[2182bb758b4b3781]::string::String>>
[INFO] [stdout]   18:     0x6506fb448455 - test[9d35eded1c95d3be]::run_test::{closure#0}
[INFO] [stdout]   19:     0x6506fb441d14 - std[70759c8f55707aa4]::sys::backtrace::__rust_begin_short_backtrace::<test[9d35eded1c95d3be]::run_test::{closure#1}, ()>
[INFO] [stdout]   20:     0x6506fb44b5b2 - <std[70759c8f55707aa4]::thread::lifecycle::spawn_unchecked<test[9d35eded1c95d3be]::run_test::{closure#1}, ()>::{closure#1} as core[df12db4294e9bfd3]::ops::function::FnOnce<()>>::call_once::{shim:vtable#0}
[INFO] [stdout]   21:     0x6506fb75a709 - <std[70759c8f55707aa4]::sys::thread::unix::Thread>::new::thread_start
[INFO] [stdout]   22:     0x7b989fc32dfa - <unknown>
[INFO] [stdout]   23:     0x7b989fcc63d4 - clone
[INFO] [stdout]   24:                0x0 - <unknown>
[INFO] [stdout] 
[INFO] [stdout] 
[INFO] [stdout] failures:
[INFO] [stdout]     repository_workflow_passes_config_check
[INFO] [stdout] 
[INFO] [stdout] test result: FAILED. 25 passed; 1 failed; 0 ignored; 0 measured; 0 filtered out; finished in 0.03s
[INFO] [stdout] 
[INFO] [stderr] error: test failed, to rerun pass `--test config_check`
[INFO] running `Command { std: "docker" "inspect" "aef22400c5ebc38bfc7d8caa932bc9faf7efb190b88f7dd085a59d44747e329b", kill_on_drop: false }`
[INFO] running `Command { std: "docker" "rm" "-f" "aef22400c5ebc38bfc7d8caa932bc9faf7efb190b88f7dd085a59d44747e329b", kill_on_drop: false }`
[INFO] [stdout] aef22400c5ebc38bfc7d8caa932bc9faf7efb190b88f7dd085a59d44747e329b
