[INFO] fetching crate wgpu_rt_lidar 0.1.1...
[INFO] testing wgpu_rt_lidar-0.1.1 against 1.99.0-beta.8+cargoflags=--release for beta-release-1.100-2
[INFO] extracting crate wgpu_rt_lidar 0.1.1 into /workspace/builds/worker-1-tc1/source
[INFO] started tweaking crates.io crate wgpu_rt_lidar 0.1.1
[INFO] removed 0 missing examples
[INFO] finished tweaking crates.io crate wgpu_rt_lidar 0.1.1
[INFO] tweaked toml for crates.io crate wgpu_rt_lidar 0.1.1 written to /workspace/builds/worker-1-tc1/source/Cargo.toml
[INFO] validating manifest of crates.io crate wgpu_rt_lidar 0.1.1 on toolchain 1.99.0-beta.8
[INFO] running `Command { std: CARGO_HOME="/workspace/cargo-home" RUSTUP_HOME="/workspace/rustup-home" "/workspace/cargo-home/bin/cargo" "+1.99.0-beta.8" "metadata" "--manifest-path" "Cargo.toml" "--no-deps", kill_on_drop: false }`
[INFO] crate crates.io crate wgpu_rt_lidar 0.1.1 already has a lockfile, it will not be regenerated
[INFO] running `Command { std: CARGO_HOME="/workspace/cargo-home" RUSTUP_HOME="/workspace/rustup-home" "/workspace/cargo-home/bin/cargo" "+1.99.0-beta.8" "fetch" "--manifest-path" "Cargo.toml", kill_on_drop: false }`
[INFO] [stderr]     Updating crates.io index
[INFO] [stderr]     Blocking waiting for file lock on package cache
[INFO] [stderr]  Downloading crates ...
[INFO] [stderr]   Downloaded re_video v0.22.1
[INFO] [stderr]   Downloaded re_tracing v0.22.1
[INFO] [stderr]   Downloaded log-once v0.4.1
[INFO] [stderr]   Downloaded re_build_tools v0.22.1
[INFO] [stderr]   Downloaded re_log v0.22.1
[INFO] [stderr]   Downloaded rerun v0.22.1
[INFO] [stderr]   Downloaded puffin v0.19.1
[INFO] [stderr]   Downloaded re_mp4 v0.3.0
[INFO] [stderr]   Downloaded arrow-string v53.4.1
[INFO] [stderr]   Downloaded zerocopy-derive v0.8.41
[INFO] [stderr]   Downloaded arrow-data v53.4.1
[INFO] [stderr]   Downloaded flatbuffers v24.12.23
[INFO] [stderr]   Downloaded poll-promise v0.3.0
[INFO] [stderr]   Downloaded re_error v0.22.1
[INFO] [stderr]   Downloaded re_arrow_util v0.22.1
[INFO] [stderr]   Downloaded zerocopy v0.8.41
[INFO] [stderr]   Downloaded re_byte_size v0.22.1
[INFO] [stderr]   Downloaded arrow v53.4.1
[INFO] [stderr]   Downloaded arrow-select v53.4.1
[INFO] [stderr]   Downloaded arrow-schema v53.4.1
[INFO] [stderr]   Downloaded arrow-buffer v53.4.1
[INFO] [stderr]   Downloaded arrow-row v53.4.1
[INFO] [stderr]   Downloaded arrow-ord v53.4.1
[INFO] [stderr]   Downloaded arrow-arith v53.4.1
[INFO] [stderr]   Downloaded econtext v0.2.0
[INFO] [stderr]   Downloaded re_types_core v0.22.1
[INFO] [stderr]   Downloaded re_tuid v0.22.1
[INFO] [stderr]   Downloaded re_string_interner v0.22.1
[INFO] [stderr]   Downloaded arrow-array v53.4.1
[INFO] [stderr]   Downloaded arrow-ipc v53.4.1
[INFO] [stderr]   Downloaded arrow-cast v53.4.1
[INFO] [stderr]   Downloaded re_case v0.22.1
[INFO] [stderr]   Downloaded re_types_builder v0.22.1
[INFO] [stderr]   Downloaded foreign_vec v0.1.0
[INFO] [stderr]   Downloaded planus v0.3.1
[INFO] [stderr]   Downloaded array-init-cursor v0.2.1
[INFO] [stderr]   Downloaded clang-format v0.3.0
[INFO] [stderr]   Downloaded re_format v0.22.1
[INFO] [stderr]   Downloaded peg v0.6.3
[INFO] [stderr]   Downloaded mime_guess2 v2.3.1
[INFO] [stderr]   Downloaded re_types v0.22.1
[INFO] [stderr]   Downloaded hash_hasher v2.0.4
[INFO] [stderr]   Downloaded arrow-format v0.8.1
[INFO] [stderr]   Downloaded re_log_types v0.22.1
[INFO] [stderr]   Downloaded natord v1.0.9
[INFO] [stderr]   Downloaded peg-runtime v0.6.3
[INFO] [stderr]   Downloaded peg-macros v0.6.3
[INFO] [stderr]   Downloaded fixed v1.30.0
[INFO] [stderr]   Downloaded clean-path v0.2.1
[INFO] [stderr]   Downloaded re_arrow2 v0.18.2
[INFO] [stderr]   Downloaded ply-rs v0.1.3
[INFO] [stderr]   Downloaded re_sdk_comms v0.22.1
[INFO] [stderr]   Downloaded re_log_encoding v0.22.1
[INFO] [stderr]   Downloaded re_sdk v0.22.1
[INFO] [stderr]   Downloaded re_protos v0.22.1
[INFO] [stderr]   Downloaded tonic-web-wasm-client v0.6.2
[INFO] [stderr]   Downloaded re_smart_channel v0.22.1
[INFO] [stderr]   Downloaded lz4_flex v0.11.5
[INFO] [stderr]   Downloaded re_sorbet v0.22.1
[INFO] [stderr]   Downloaded re_format_arrow v0.22.1
[INFO] [stderr]   Downloaded re_entity_db v0.22.1
[INFO] [stderr]   Downloaded re_chunk v0.22.1
[INFO] [stderr]   Downloaded re_memory v0.22.1
[INFO] [stderr]   Downloaded memory-stats v1.2.0
[INFO] [stderr]   Downloaded re_chunk_store v0.22.1
[INFO] [stderr]   Downloaded re_int_histogram v0.22.1
[INFO] [stderr]   Downloaded re_query v0.22.1
[INFO] [stderr]   Downloaded re_crash_handler v0.22.1
[INFO] [stderr]   Downloaded re_build_info v0.22.1
[INFO] [stderr]   Downloaded re_capabilities v0.22.1
[INFO] running `Command { std: "docker" "create" "-v" "/var/lib/crater-agent-workspace/builds/worker-1-tc1/source:/opt/rustwide/workdir:ro,Z" "-v" "/var/lib/crater-agent-workspace/builds/worker-1-tc1/target:/opt/rustwide/target:rw,Z" "-v" "/var/lib/crater-agent-workspace/cargo-home:/opt/rustwide/cargo-home:ro,Z" "-v" "/var/lib/crater-agent-workspace/rustup-home:/opt/rustwide/rustup-home:ro,Z" "-m" "1610612736" "--network" "none" "ghcr.io/rust-lang/crates-build-env/linux@sha256:77db811e55d90add9212f6832c23229e3de5f1c1f9905e8cb07319ea15df73ac" "sleep" "infinity", kill_on_drop: false }`
[INFO] [stdout] 8d061f121e5ccf8d2f0d6978b48a42a86ed5812352736fd15022902b8e11d5c4
[INFO] running `Command { std: "docker" "start" "8d061f121e5ccf8d2f0d6978b48a42a86ed5812352736fd15022902b8e11d5c4", kill_on_drop: false }`
[INFO] running `Command { std: "docker" "inspect" "8d061f121e5ccf8d2f0d6978b48a42a86ed5812352736fd15022902b8e11d5c4", kill_on_drop: false }`
[INFO] running `Command { std: "docker" "exec" "-e" "SOURCE_DIR=/opt/rustwide/workdir" "-e" "CARGO_HOME=/opt/rustwide/cargo-home" "-e" "RUSTUP_HOME=/opt/rustwide/rustup-home" "-e" "CARGO_TARGET_DIR=/opt/rustwide/target" "-w" "/opt/rustwide/workdir" "--user" "0:0" "8d061f121e5ccf8d2f0d6978b48a42a86ed5812352736fd15022902b8e11d5c4" "/opt/rustwide/cargo-home/bin/cargo" "+1.99.0-beta.8" "metadata" "--no-deps" "--format-version=1", kill_on_drop: false }`
[INFO] running `Command { std: "docker" "inspect" "8d061f121e5ccf8d2f0d6978b48a42a86ed5812352736fd15022902b8e11d5c4", kill_on_drop: false }`
[INFO] running `Command { std: "docker" "exec" "-e" "SOURCE_DIR=/opt/rustwide/workdir" "-e" "CARGO_HOME=/opt/rustwide/cargo-home" "-e" "RUSTUP_HOME=/opt/rustwide/rustup-home" "-e" "CARGO_TARGET_DIR=/opt/rustwide/target" "-e" "CARGO_INCREMENTAL=0" "-e" "RUST_BACKTRACE=full" "-e" "RUSTFLAGS=--cap-lints=warn" "-e" "RUSTDOCFLAGS=--cap-lints=warn" "-w" "/opt/rustwide/workdir" "--user" "0:0" "8d061f121e5ccf8d2f0d6978b48a42a86ed5812352736fd15022902b8e11d5c4" "/opt/rustwide/cargo-home/bin/cargo" "+1.99.0-beta.8" "build" "--frozen" "--message-format=json" "--release", kill_on_drop: false }`
[INFO] [stderr]    Compiling zerocopy v0.8.41
[INFO] [stderr]    Compiling num-traits v0.2.19
[INFO] [stderr]    Compiling libloading v0.8.9
[INFO] [stderr]    Compiling naga v29.0.0
[INFO] [stderr]    Compiling bit-vec v0.9.1
[INFO] [stderr]    Compiling smallvec v1.15.1
[INFO] [stderr]    Compiling ash v0.38.0+1.3.281
[INFO] [stderr]    Compiling indexmap v2.13.0
[INFO] [stderr]    Compiling spirv v0.4.0+sdk-1.4.341.0
[INFO] [stderr]    Compiling syn v2.0.117
[INFO] [stderr]    Compiling wayland-sys v0.31.10
[INFO] [stderr]    Compiling codespan-reporting v0.13.1
[INFO] [stderr]    Compiling khronos-egl v6.0.0
[INFO] [stderr]    Compiling wgpu-hal v29.0.0
[INFO] [stderr]    Compiling gpu-descriptor-types v0.2.0
[INFO] [stderr]    Compiling presser v0.3.1
[INFO] [stderr]    Compiling profiling v1.0.17
[INFO] [stderr]    Compiling glow v0.17.0
[INFO] [stderr]    Compiling wgpu-core v29.0.0
[INFO] [stderr]    Compiling gpu-descriptor v0.3.2
[INFO] [stderr]    Compiling rand_core v0.9.5
[INFO] [stderr]    Compiling dlib v0.5.3
[INFO] [stderr]    Compiling getrandom v0.2.17
[INFO] [stderr]    Compiling errno v0.3.14
[INFO] [stderr]    Compiling bit-set v0.9.1
[INFO] [stderr]    Compiling parking_lot_core v0.9.12
[INFO] [stderr]    Compiling wgpu v29.0.0
[INFO] [stderr]    Compiling nanorand v0.7.0
[INFO] [stderr]    Compiling signal-hook-registry v1.4.8
[INFO] [stderr]    Compiling mio v1.1.1
[INFO] [stderr]    Compiling socket2 v0.6.3
[INFO] [stderr]    Compiling parking_lot v0.12.5
[INFO] [stderr]    Compiling flume v0.11.1
[INFO] [stderr]    Compiling ordered-float v5.1.0
[INFO] [stderr]    Compiling zerocopy-derive v0.8.41
[INFO] [stderr]    Compiling bytemuck_derive v1.10.2
[INFO] [stderr]    Compiling thiserror-impl v2.0.18
[INFO] [stderr]    Compiling tokio-macros v2.6.1
[INFO] [stderr]    Compiling tokio v1.50.0
[INFO] [stderr]    Compiling thiserror v2.0.18
[INFO] [stderr]    Compiling bytemuck v1.25.0
[INFO] [stderr]    Compiling wgpu-types v29.0.0
[INFO] [stderr]    Compiling glam v0.29.3
[INFO] [stderr]    Compiling half v2.7.1
[INFO] [stderr]    Compiling ppv-lite86 v0.2.21
[INFO] [stderr]    Compiling rand_chacha v0.9.0
[INFO] [stderr]    Compiling rand v0.9.2
[INFO] [stderr]    Compiling gpu-allocator v0.28.0
[INFO] [stderr]    Compiling wgpu-naga-bridge v29.0.0
[INFO] [stderr]    Compiling wgpu-core-deps-windows-linux-android v29.0.0
[INFO] [stderr]    Compiling wgpu_rt_lidar v0.1.1 (/opt/rustwide/workdir)
[INFO] [stdout] warning: methods `index` and `from_index` are never used
[INFO] [stdout]    --> src/utils/dense_voxel/mod.rs:113:8
[INFO] [stdout]     |
[INFO] [stdout]  28 | impl DenseVoxel {
[INFO] [stdout]     | --------------- methods in this implementation
[INFO] [stdout] ...
[INFO] [stdout] 113 |     fn index(&self, x: usize, y: usize, z: usize) -> usize {
[INFO] [stdout]     |        ^^^^^
[INFO] [stdout] ...
[INFO] [stdout] 118 |     fn from_index(&self, index: usize) -> (usize, usize, usize) {
[INFO] [stdout]     |        ^^^^^^^^^^
[INFO] [stdout]     |
[INFO] [stdout]     = note: `#[warn(dead_code)]` (part of `#[warn(unused)]`) on by default
[INFO] [stdout] 
[INFO] [stdout] 
[INFO] [stdout] warning: fields `height_steps`, `width_steps`, and `length_steps` are never read
[INFO] [stdout]    --> src/utils/dense_voxel/mod.rs:203:5
[INFO] [stdout]     |
[INFO] [stdout] 199 | pub struct DenseVoxelGpuRepresentation {
[INFO] [stdout]     |            --------------------------- fields in this struct
[INFO] [stdout] ...
[INFO] [stdout] 203 |     height_steps: u32,
[INFO] [stdout]     |     ^^^^^^^^^^^^
[INFO] [stdout] 204 |     width_steps: u32,
[INFO] [stdout]     |     ^^^^^^^^^^^
[INFO] [stdout] 205 |     length_steps: u32,
[INFO] [stdout]     |     ^^^^^^^^^^^^
[INFO] [stdout] 
[INFO] [stdout] 
[INFO] [stdout] warning: fields `pipeline` and `result_buffer` are never read
[INFO] [stdout]    --> src/utils/dense_voxel/mod.rs:236:5
[INFO] [stdout]     |
[INFO] [stdout] 235 | pub struct DenseVoxelNearestNeighbors {
[INFO] [stdout]     |            -------------------------- fields in this struct
[INFO] [stdout] 236 |     pipeline: wgpu::ComputePipeline,
[INFO] [stdout]     |     ^^^^^^^^
[INFO] [stdout] 237 |     result_buffer: wgpu::Buffer,
[INFO] [stdout]     |     ^^^^^^^^^^^^^
[INFO] [stdout] 
[INFO] [stdout] 
[INFO] [stdout] warning: associated function `new` is never used
[INFO] [stdout]    --> src/utils/dense_voxel/mod.rs:241:8
[INFO] [stdout]     |
[INFO] [stdout] 240 | impl DenseVoxelNearestNeighbors {
[INFO] [stdout]     | ------------------------------- associated function in this implementation
[INFO] [stdout] 241 |     fn new(device: &wgpu::Device, voxel: &DenseVoxel) -> Self {
[INFO] [stdout]     |        ^^^
[INFO] [stdout] 
[INFO] [stdout] 
[INFO] [stdout] warning: unused `ErrorScopeGuard` that must be used
[INFO] [stdout]    --> src/lib.rs:240:9
[INFO] [stdout]     |
[INFO] [stdout] 240 |         device.push_error_scope(wgpu::ErrorFilter::Validation);
[INFO] [stdout]     |         ^^^^^^^^^^^^^^^^^^^^^^^^^^^^^^^^^^^^^^^^^^^^^^^^^^^^^^
[INFO] [stdout]     |
[INFO] [stdout]     = note: Error scopes must be explicitly popped to retrieve errors they catch
[INFO] [stdout]     = note: `#[warn(unused_must_use)]` (part of `#[warn(unused)]`) on by default
[INFO] [stdout] help: use `let _ = ...` to ignore the resulting value
[INFO] [stdout]     |
[INFO] [stdout] 240 |         let _ = device.push_error_scope(wgpu::ErrorFilter::Validation);
[INFO] [stdout]     |         +++++++
[INFO] [stdout] 
[INFO] [stdout] 
[INFO] [stdout] warning: unused `ErrorScopeGuard` that must be used
[INFO] [stdout]   --> src/lidar/mod.rs:69:9
[INFO] [stdout]    |
[INFO] [stdout] 69 |         device.push_error_scope(wgpu::ErrorFilter::Validation);
[INFO] [stdout]    |         ^^^^^^^^^^^^^^^^^^^^^^^^^^^^^^^^^^^^^^^^^^^^^^^^^^^^^^
[INFO] [stdout]    |
[INFO] [stdout]    = note: Error scopes must be explicitly popped to retrieve errors they catch
[INFO] [stdout] help: use `let _ = ...` to ignore the resulting value
[INFO] [stdout]    |
[INFO] [stdout] 69 |         let _ = device.push_error_scope(wgpu::ErrorFilter::Validation);
[INFO] [stdout]    |         +++++++
[INFO] [stdout] 
[INFO] [stdout] 
[INFO] [stdout] warning: unused `ErrorScopeGuard` that must be used
[INFO] [stdout]    --> src/lidar/mod.rs:187:9
[INFO] [stdout]     |
[INFO] [stdout] 187 |         device.push_error_scope(wgpu::ErrorFilter::Validation);
[INFO] [stdout]     |         ^^^^^^^^^^^^^^^^^^^^^^^^^^^^^^^^^^^^^^^^^^^^^^^^^^^^^^
[INFO] [stdout]     |
[INFO] [stdout]     = note: Error scopes must be explicitly popped to retrieve errors they catch
[INFO] [stdout] help: use `let _ = ...` to ignore the resulting value
[INFO] [stdout]     |
[INFO] [stdout] 187 |         let _ = device.push_error_scope(wgpu::ErrorFilter::Validation);
[INFO] [stdout]     |         +++++++
[INFO] [stdout] 
[INFO] [stdout] 
[INFO] [stdout] warning: unused `ErrorScopeGuard` that must be used
[INFO] [stdout]    --> src/lidar/mod.rs:305:9
[INFO] [stdout]     |
[INFO] [stdout] 305 |         device.push_error_scope(wgpu::ErrorFilter::Validation);
[INFO] [stdout]     |         ^^^^^^^^^^^^^^^^^^^^^^^^^^^^^^^^^^^^^^^^^^^^^^^^^^^^^^
[INFO] [stdout]     |
[INFO] [stdout]     = note: Error scopes must be explicitly popped to retrieve errors they catch
[INFO] [stdout] help: use `let _ = ...` to ignore the resulting value
[INFO] [stdout]     |
[INFO] [stdout] 305 |         let _ = device.push_error_scope(wgpu::ErrorFilter::Validation);
[INFO] [stdout]     |         +++++++
[INFO] [stdout] 
[INFO] [stdout] 
[INFO] [stderr]     Finished `release` profile [optimized] target(s) in 1m 22s
[INFO] running `Command { std: "docker" "inspect" "8d061f121e5ccf8d2f0d6978b48a42a86ed5812352736fd15022902b8e11d5c4", kill_on_drop: false }`
[INFO] running `Command { std: "docker" "exec" "-e" "SOURCE_DIR=/opt/rustwide/workdir" "-e" "CARGO_HOME=/opt/rustwide/cargo-home" "-e" "RUSTUP_HOME=/opt/rustwide/rustup-home" "-e" "CARGO_TARGET_DIR=/opt/rustwide/target" "-e" "CARGO_INCREMENTAL=0" "-e" "RUST_BACKTRACE=full" "-e" "RUSTFLAGS=--cap-lints=warn" "-e" "RUSTDOCFLAGS=--cap-lints=warn" "-w" "/opt/rustwide/workdir" "--user" "0:0" "8d061f121e5ccf8d2f0d6978b48a42a86ed5812352736fd15022902b8e11d5c4" "/opt/rustwide/cargo-home/bin/cargo" "+1.99.0-beta.8" "test" "--frozen" "--no-run" "--message-format=json" "--release", kill_on_drop: false }`
[INFO] [stderr]    Compiling half v2.7.1
[INFO] [stderr]    Compiling ordered-float v5.1.0
[INFO] [stderr]    Compiling matrixmultiply v0.3.10
[INFO] [stderr]    Compiling num-complex v0.4.6
[INFO] [stderr]    Compiling num-integer v0.1.46
[INFO] [stderr]    Compiling naga v29.0.0
[INFO] [stderr]    Compiling ndarray v0.16.1
[INFO] [stderr]    Compiling wgpu-naga-bridge v29.0.0
[INFO] [stderr]    Compiling wgpu-hal v29.0.0
[INFO] [stderr]    Compiling wgpu-core-deps-windows-linux-android v29.0.0
[INFO] [stderr]    Compiling wgpu-core v29.0.0
[INFO] [stderr]    Compiling wgpu v29.0.0
[INFO] [stderr]    Compiling wgpu_rt_lidar v0.1.1 (/opt/rustwide/workdir)
[INFO] [stdout] warning: methods `index` and `from_index` are never used
[INFO] [stdout]    --> src/utils/dense_voxel/mod.rs:113:8
[INFO] [stdout]     |
[INFO] [stdout]  28 | impl DenseVoxel {
[INFO] [stdout]     | --------------- methods in this implementation
[INFO] [stdout] ...
[INFO] [stdout] 113 |     fn index(&self, x: usize, y: usize, z: usize) -> usize {
[INFO] [stdout]     |        ^^^^^
[INFO] [stdout] ...
[INFO] [stdout] 118 |     fn from_index(&self, index: usize) -> (usize, usize, usize) {
[INFO] [stdout]     |        ^^^^^^^^^^
[INFO] [stdout]     |
[INFO] [stdout]     = note: `#[warn(dead_code)]` (part of `#[warn(unused)]`) on by default
[INFO] [stdout] 
[INFO] [stdout] 
[INFO] [stdout] warning: fields `height_steps`, `width_steps`, and `length_steps` are never read
[INFO] [stdout]    --> src/utils/dense_voxel/mod.rs:203:5
[INFO] [stdout]     |
[INFO] [stdout] 199 | pub struct DenseVoxelGpuRepresentation {
[INFO] [stdout]     |            --------------------------- fields in this struct
[INFO] [stdout] ...
[INFO] [stdout] 203 |     height_steps: u32,
[INFO] [stdout]     |     ^^^^^^^^^^^^
[INFO] [stdout] 204 |     width_steps: u32,
[INFO] [stdout]     |     ^^^^^^^^^^^
[INFO] [stdout] 205 |     length_steps: u32,
[INFO] [stdout]     |     ^^^^^^^^^^^^
[INFO] [stdout] 
[INFO] [stdout] 
[INFO] [stdout] warning: fields `pipeline` and `result_buffer` are never read
[INFO] [stdout]    --> src/utils/dense_voxel/mod.rs:236:5
[INFO] [stdout]     |
[INFO] [stdout] 235 | pub struct DenseVoxelNearestNeighbors {
[INFO] [stdout]     |            -------------------------- fields in this struct
[INFO] [stdout] 236 |     pipeline: wgpu::ComputePipeline,
[INFO] [stdout]     |     ^^^^^^^^
[INFO] [stdout] 237 |     result_buffer: wgpu::Buffer,
[INFO] [stdout]     |     ^^^^^^^^^^^^^
[INFO] [stdout] 
[INFO] [stdout] 
[INFO] [stdout] warning: associated function `new` is never used
[INFO] [stdout]    --> src/utils/dense_voxel/mod.rs:241:8
[INFO] [stdout]     |
[INFO] [stdout] 240 | impl DenseVoxelNearestNeighbors {
[INFO] [stdout]     | ------------------------------- associated function in this implementation
[INFO] [stdout] 241 |     fn new(device: &wgpu::Device, voxel: &DenseVoxel) -> Self {
[INFO] [stdout]     |        ^^^
[INFO] [stdout] 
[INFO] [stdout] 
[INFO] [stdout] warning: unused `ErrorScopeGuard` that must be used
[INFO] [stdout]    --> src/lib.rs:240:9
[INFO] [stdout]     |
[INFO] [stdout] 240 |         device.push_error_scope(wgpu::ErrorFilter::Validation);
[INFO] [stdout]     |         ^^^^^^^^^^^^^^^^^^^^^^^^^^^^^^^^^^^^^^^^^^^^^^^^^^^^^^
[INFO] [stdout]     |
[INFO] [stdout]     = note: Error scopes must be explicitly popped to retrieve errors they catch
[INFO] [stdout]     = note: `#[warn(unused_must_use)]` (part of `#[warn(unused)]`) on by default
[INFO] [stdout] help: use `let _ = ...` to ignore the resulting value
[INFO] [stdout]     |
[INFO] [stdout] 240 |         let _ = device.push_error_scope(wgpu::ErrorFilter::Validation);
[INFO] [stdout]     |         +++++++
[INFO] [stdout] 
[INFO] [stdout] 
[INFO] [stdout] warning: unused `ErrorScopeGuard` that must be used
[INFO] [stdout]   --> src/lidar/mod.rs:69:9
[INFO] [stdout]    |
[INFO] [stdout] 69 |         device.push_error_scope(wgpu::ErrorFilter::Validation);
[INFO] [stdout]    |         ^^^^^^^^^^^^^^^^^^^^^^^^^^^^^^^^^^^^^^^^^^^^^^^^^^^^^^
[INFO] [stdout]    |
[INFO] [stdout]    = note: Error scopes must be explicitly popped to retrieve errors they catch
[INFO] [stdout] help: use `let _ = ...` to ignore the resulting value
[INFO] [stdout]    |
[INFO] [stdout] 69 |         let _ = device.push_error_scope(wgpu::ErrorFilter::Validation);
[INFO] [stdout]    |         +++++++
[INFO] [stdout] 
[INFO] [stdout] 
[INFO] [stdout] warning: unused `ErrorScopeGuard` that must be used
[INFO] [stdout]    --> src/lidar/mod.rs:187:9
[INFO] [stdout]     |
[INFO] [stdout] 187 |         device.push_error_scope(wgpu::ErrorFilter::Validation);
[INFO] [stdout]     |         ^^^^^^^^^^^^^^^^^^^^^^^^^^^^^^^^^^^^^^^^^^^^^^^^^^^^^^
[INFO] [stdout]     |
[INFO] [stdout]     = note: Error scopes must be explicitly popped to retrieve errors they catch
[INFO] [stdout] help: use `let _ = ...` to ignore the resulting value
[INFO] [stdout]     |
[INFO] [stdout] 187 |         let _ = device.push_error_scope(wgpu::ErrorFilter::Validation);
[INFO] [stdout]     |         +++++++
[INFO] [stdout] 
[INFO] [stdout] 
[INFO] [stdout] warning: unused `ErrorScopeGuard` that must be used
[INFO] [stdout]    --> src/lidar/mod.rs:305:9
[INFO] [stdout]     |
[INFO] [stdout] 305 |         device.push_error_scope(wgpu::ErrorFilter::Validation);
[INFO] [stdout]     |         ^^^^^^^^^^^^^^^^^^^^^^^^^^^^^^^^^^^^^^^^^^^^^^^^^^^^^^
[INFO] [stdout]     |
[INFO] [stdout]     = note: Error scopes must be explicitly popped to retrieve errors they catch
[INFO] [stdout] help: use `let _ = ...` to ignore the resulting value
[INFO] [stdout]     |
[INFO] [stdout] 305 |         let _ = device.push_error_scope(wgpu::ErrorFilter::Validation);
[INFO] [stdout]     |         +++++++
[INFO] [stdout] 
[INFO] [stdout] 
[INFO] [stdout] warning: fields `height_steps`, `width_steps`, and `length_steps` are never read
[INFO] [stdout]    --> src/utils/dense_voxel/mod.rs:203:5
[INFO] [stdout]     |
[INFO] [stdout] 199 | pub struct DenseVoxelGpuRepresentation {
[INFO] [stdout]     |            --------------------------- fields in this struct
[INFO] [stdout] ...
[INFO] [stdout] 203 |     height_steps: u32,
[INFO] [stdout]     |     ^^^^^^^^^^^^
[INFO] [stdout] 204 |     width_steps: u32,
[INFO] [stdout]     |     ^^^^^^^^^^^
[INFO] [stdout] 205 |     length_steps: u32,
[INFO] [stdout]     |     ^^^^^^^^^^^^
[INFO] [stdout]     |
[INFO] [stdout]     = note: `#[warn(dead_code)]` (part of `#[warn(unused)]`) on by default
[INFO] [stdout] 
[INFO] [stdout] 
[INFO] [stdout] warning: fields `pipeline` and `result_buffer` are never read
[INFO] [stdout]    --> src/utils/dense_voxel/mod.rs:236:5
[INFO] [stdout]     |
[INFO] [stdout] 235 | pub struct DenseVoxelNearestNeighbors {
[INFO] [stdout]     |            -------------------------- fields in this struct
[INFO] [stdout] 236 |     pipeline: wgpu::ComputePipeline,
[INFO] [stdout]     |     ^^^^^^^^
[INFO] [stdout] 237 |     result_buffer: wgpu::Buffer,
[INFO] [stdout]     |     ^^^^^^^^^^^^^
[INFO] [stdout] 
[INFO] [stdout] 
[INFO] [stdout] warning: associated function `new` is never used
[INFO] [stdout]    --> src/utils/dense_voxel/mod.rs:241:8
[INFO] [stdout]     |
[INFO] [stdout] 240 | impl DenseVoxelNearestNeighbors {
[INFO] [stdout]     | ------------------------------- associated function in this implementation
[INFO] [stdout] 241 |     fn new(device: &wgpu::Device, voxel: &DenseVoxel) -> Self {
[INFO] [stdout]     |        ^^^
[INFO] [stdout] 
[INFO] [stdout] 
[INFO] [stdout] warning: unused `ErrorScopeGuard` that must be used
[INFO] [stdout]    --> src/lib.rs:240:9
[INFO] [stdout]     |
[INFO] [stdout] 240 |         device.push_error_scope(wgpu::ErrorFilter::Validation);
[INFO] [stdout]     |         ^^^^^^^^^^^^^^^^^^^^^^^^^^^^^^^^^^^^^^^^^^^^^^^^^^^^^^
[INFO] [stdout]     |
[INFO] [stdout]     = note: Error scopes must be explicitly popped to retrieve errors they catch
[INFO] [stdout]     = note: `#[warn(unused_must_use)]` (part of `#[warn(unused)]`) on by default
[INFO] [stdout] help: use `let _ = ...` to ignore the resulting value
[INFO] [stdout]     |
[INFO] [stdout] 240 |         let _ = device.push_error_scope(wgpu::ErrorFilter::Validation);
[INFO] [stdout]     |         +++++++
[INFO] [stdout] 
[INFO] [stdout] 
[INFO] [stdout] warning: unused `ErrorScopeGuard` that must be used
[INFO] [stdout]   --> src/lidar/mod.rs:69:9
[INFO] [stdout]    |
[INFO] [stdout] 69 |         device.push_error_scope(wgpu::ErrorFilter::Validation);
[INFO] [stdout]    |         ^^^^^^^^^^^^^^^^^^^^^^^^^^^^^^^^^^^^^^^^^^^^^^^^^^^^^^
[INFO] [stdout]    |
[INFO] [stdout]    = note: Error scopes must be explicitly popped to retrieve errors they catch
[INFO] [stdout] help: use `let _ = ...` to ignore the resulting value
[INFO] [stdout]    |
[INFO] [stdout] 69 |         let _ = device.push_error_scope(wgpu::ErrorFilter::Validation);
[INFO] [stdout]    |         +++++++
[INFO] [stdout] 
[INFO] [stdout] 
[INFO] [stdout] warning: unused `ErrorScopeGuard` that must be used
[INFO] [stdout]    --> src/lidar/mod.rs:187:9
[INFO] [stdout]     |
[INFO] [stdout] 187 |         device.push_error_scope(wgpu::ErrorFilter::Validation);
[INFO] [stdout]     |         ^^^^^^^^^^^^^^^^^^^^^^^^^^^^^^^^^^^^^^^^^^^^^^^^^^^^^^
[INFO] [stdout]     |
[INFO] [stdout]     = note: Error scopes must be explicitly popped to retrieve errors they catch
[INFO] [stdout] help: use `let _ = ...` to ignore the resulting value
[INFO] [stdout]     |
[INFO] [stdout] 187 |         let _ = device.push_error_scope(wgpu::ErrorFilter::Validation);
[INFO] [stdout]     |         +++++++
[INFO] [stdout] 
[INFO] [stdout] 
[INFO] [stdout] warning: unused `ErrorScopeGuard` that must be used
[INFO] [stdout]    --> src/lidar/mod.rs:305:9
[INFO] [stdout]     |
[INFO] [stdout] 305 |         device.push_error_scope(wgpu::ErrorFilter::Validation);
[INFO] [stdout]     |         ^^^^^^^^^^^^^^^^^^^^^^^^^^^^^^^^^^^^^^^^^^^^^^^^^^^^^^
[INFO] [stdout]     |
[INFO] [stdout]     = note: Error scopes must be explicitly popped to retrieve errors they catch
[INFO] [stdout] help: use `let _ = ...` to ignore the resulting value
[INFO] [stdout]     |
[INFO] [stdout] 305 |         let _ = device.push_error_scope(wgpu::ErrorFilter::Validation);
[INFO] [stdout]     |         +++++++
[INFO] [stdout] 
[INFO] [stdout] 
[INFO] [stderr]     Finished `release` profile [optimized] target(s) in 1m 23s
[INFO] running `Command { std: "docker" "inspect" "8d061f121e5ccf8d2f0d6978b48a42a86ed5812352736fd15022902b8e11d5c4", kill_on_drop: false }`
[INFO] running `Command { std: "docker" "exec" "-e" "SOURCE_DIR=/opt/rustwide/workdir" "-e" "CARGO_HOME=/opt/rustwide/cargo-home" "-e" "RUSTUP_HOME=/opt/rustwide/rustup-home" "-e" "CARGO_TARGET_DIR=/opt/rustwide/target" "-e" "CARGO_INCREMENTAL=0" "-e" "RUST_BACKTRACE=full" "-e" "RUSTFLAGS=--cap-lints=warn" "-e" "RUSTDOCFLAGS=--cap-lints=warn" "-w" "/opt/rustwide/workdir" "--user" "0:0" "8d061f121e5ccf8d2f0d6978b48a42a86ed5812352736fd15022902b8e11d5c4" "/opt/rustwide/cargo-home/bin/cargo" "+1.99.0-beta.8" "test" "--frozen" "--release", kill_on_drop: false }`
[INFO] [stderr] warning: methods `index` and `from_index` are never used
[INFO] [stderr]    --> src/utils/dense_voxel/mod.rs:113:8
[INFO] [stderr]     |
[INFO] [stderr]  28 | impl DenseVoxel {
[INFO] [stderr]     | --------------- methods in this implementation
[INFO] [stderr] ...
[INFO] [stderr] 113 |     fn index(&self, x: usize, y: usize, z: usize) -> usize {
[INFO] [stderr]     |        ^^^^^
[INFO] [stderr] ...
[INFO] [stderr] 118 |     fn from_index(&self, index: usize) -> (usize, usize, usize) {
[INFO] [stderr]     |        ^^^^^^^^^^
[INFO] [stderr]     |
[INFO] [stderr]     = note: `#[warn(dead_code)]` (part of `#[warn(unused)]`) on by default
[INFO] [stderr] 
[INFO] [stderr] warning: fields `height_steps`, `width_steps`, and `length_steps` are never read
[INFO] [stderr]    --> src/utils/dense_voxel/mod.rs:203:5
[INFO] [stderr]     |
[INFO] [stderr] 199 | pub struct DenseVoxelGpuRepresentation {
[INFO] [stderr]     |            --------------------------- fields in this struct
[INFO] [stderr] ...
[INFO] [stderr] 203 |     height_steps: u32,
[INFO] [stderr]     |     ^^^^^^^^^^^^
[INFO] [stderr] 204 |     width_steps: u32,
[INFO] [stderr]     |     ^^^^^^^^^^^
[INFO] [stderr] 205 |     length_steps: u32,
[INFO] [stderr]     |     ^^^^^^^^^^^^
[INFO] [stderr] 
[INFO] [stderr] warning: fields `pipeline` and `result_buffer` are never read
[INFO] [stderr]    --> src/utils/dense_voxel/mod.rs:236:5
[INFO] [stderr]     |
[INFO] [stderr] 235 | pub struct DenseVoxelNearestNeighbors {
[INFO] [stderr]     |            -------------------------- fields in this struct
[INFO] [stderr] 236 |     pipeline: wgpu::ComputePipeline,
[INFO] [stderr]     |     ^^^^^^^^
[INFO] [stderr] 237 |     result_buffer: wgpu::Buffer,
[INFO] [stderr]     |     ^^^^^^^^^^^^^
[INFO] [stderr] 
[INFO] [stderr] warning: associated function `new` is never used
[INFO] [stderr]    --> src/utils/dense_voxel/mod.rs:241:8
[INFO] [stderr]     |
[INFO] [stderr] 240 | impl DenseVoxelNearestNeighbors {
[INFO] [stderr]     | ------------------------------- associated function in this implementation
[INFO] [stderr] 241 |     fn new(device: &wgpu::Device, voxel: &DenseVoxel) -> Self {
[INFO] [stderr]     |        ^^^
[INFO] [stderr] 
[INFO] [stderr] warning: unused `ErrorScopeGuard` that must be used
[INFO] [stderr]    --> src/lib.rs:240:9
[INFO] [stderr]     |
[INFO] [stderr] 240 |         device.push_error_scope(wgpu::ErrorFilter::Validation);
[INFO] [stderr]     |         ^^^^^^^^^^^^^^^^^^^^^^^^^^^^^^^^^^^^^^^^^^^^^^^^^^^^^^
[INFO] [stderr]     |
[INFO] [stderr]     = note: Error scopes must be explicitly popped to retrieve errors they catch
[INFO] [stderr]     = note: `#[warn(unused_must_use)]` (part of `#[warn(unused)]`) on by default
[INFO] [stderr] help: use `let _ = ...` to ignore the resulting value
[INFO] [stderr]     |
[INFO] [stderr] 240 |         let _ = device.push_error_scope(wgpu::ErrorFilter::Validation);
[INFO] [stderr]     |         +++++++
[INFO] [stderr] 
[INFO] [stderr] warning: unused `ErrorScopeGuard` that must be used
[INFO] [stderr]   --> src/lidar/mod.rs:69:9
[INFO] [stderr]    |
[INFO] [stderr] 69 |         device.push_error_scope(wgpu::ErrorFilter::Validation);
[INFO] [stderr]    |         ^^^^^^^^^^^^^^^^^^^^^^^^^^^^^^^^^^^^^^^^^^^^^^^^^^^^^^
[INFO] [stderr]    |
[INFO] [stderr]    = note: Error scopes must be explicitly popped to retrieve errors they catch
[INFO] [stderr] help: use `let _ = ...` to ignore the resulting value
[INFO] [stderr]    |
[INFO] [stderr] 69 |         let _ = device.push_error_scope(wgpu::ErrorFilter::Validation);
[INFO] [stderr]    |         +++++++
[INFO] [stderr] 
[INFO] [stderr] warning: unused `ErrorScopeGuard` that must be used
[INFO] [stderr]    --> src/lidar/mod.rs:187:9
[INFO] [stderr]     |
[INFO] [stderr] 187 |         device.push_error_scope(wgpu::ErrorFilter::Validation);
[INFO] [stderr]     |         ^^^^^^^^^^^^^^^^^^^^^^^^^^^^^^^^^^^^^^^^^^^^^^^^^^^^^^
[INFO] [stderr]     |
[INFO] [stderr]     = note: Error scopes must be explicitly popped to retrieve errors they catch
[INFO] [stderr] help: use `let _ = ...` to ignore the resulting value
[INFO] [stderr]     |
[INFO] [stderr] 187 |         let _ = device.push_error_scope(wgpu::ErrorFilter::Validation);
[INFO] [stderr]     |         +++++++
[INFO] [stderr] 
[INFO] [stderr] warning: unused `ErrorScopeGuard` that must be used
[INFO] [stderr]    --> src/lidar/mod.rs:305:9
[INFO] [stderr]     |
[INFO] [stderr] 305 |         device.push_error_scope(wgpu::ErrorFilter::Validation);
[INFO] [stderr]     |         ^^^^^^^^^^^^^^^^^^^^^^^^^^^^^^^^^^^^^^^^^^^^^^^^^^^^^^
[INFO] [stderr]     |
[INFO] [stderr]     = note: Error scopes must be explicitly popped to retrieve errors they catch
[INFO] [stderr] help: use `let _ = ...` to ignore the resulting value
[INFO] [stderr]     |
[INFO] [stderr] 305 |         let _ = device.push_error_scope(wgpu::ErrorFilter::Validation);
[INFO] [stderr]     |         +++++++
[INFO] [stderr] 
[INFO] [stderr] warning: fields `height_steps`, `width_steps`, and `length_steps` are never read
[INFO] [stderr]    --> src/utils/dense_voxel/mod.rs:203:5
[INFO] [stderr]     |
[INFO] [stderr] 199 | pub struct DenseVoxelGpuRepresentation {
[INFO] [stderr]     |            --------------------------- fields in this struct
[INFO] [stderr] ...
[INFO] [stderr] 203 |     height_steps: u32,
[INFO] [stderr]     |     ^^^^^^^^^^^^
[INFO] [stderr] 204 |     width_steps: u32,
[INFO] [stderr]     |     ^^^^^^^^^^^
[INFO] [stderr] 205 |     length_steps: u32,
[INFO] [stderr]     |     ^^^^^^^^^^^^
[INFO] [stderr]     |
[INFO] [stderr]     = note: `#[warn(dead_code)]` (part of `#[warn(unused)]`) on by default
[INFO] [stderr] 
[INFO] [stderr] warning: `wgpu_rt_lidar` (lib) generated 8 warnings
[INFO] [stderr] warning: `wgpu_rt_lidar` (lib test) generated 7 warnings (6 duplicates)
[INFO] [stderr]     Finished `release` profile [optimized] target(s) in 0.24s
[INFO] [stderr]      Running unittests src/lib.rs (/opt/rustwide/target/release/deps/wgpu_rt_lidar-ceb9352fd5ad000d)
[INFO] [stdout] 
[INFO] [stdout] running 3 tests
[INFO] [stdout] test utils::dense_voxel::test_voxel_nn ... ok
[INFO] [stdout] test utils::dense_voxel::test_voxel_nn_far_away ... ok
[INFO] [stderr] 
[INFO] [stderr] thread 'utils::dense_voxel::test_voxel_rrt' (1477) panicked at /rustc/dfb0accb7f508ae8be965d8629557221c889dd98/library/core/src/panicking.rs:233:5:
[INFO] [stderr] panic in a destructor during cleanup
[INFO] [stdout] Using Device { inner: Core(CoreDevice { context: ContextWgpuCore { type: "Native" }, id: Id(0,1), error_sink: Mutex { data: ErrorSink }, features: Features { features_wgpu: FeaturesWGPU(TEXTURE_BINDING_ARRAY | STORAGE_RESOURCE_BINDING_ARRAY | VERTEX_WRITABLE_STORAGE | EXPERIMENTAL_RAY_QUERY), features_webgpu: FeaturesWebGPU(0x0) } }) }
[INFO] [stderr] thread caused non-unwinding panic. aborting.
[INFO] [stdout] Creating BLAS for 1 assets
[INFO] [stdout] Creating BLAS for asset with 24 vertices and 36 indices
[INFO] [stdout] 
[INFO] [stdout] thread 'utils::dense_voxel::test_voxel_rrt' (1477) panicked at /opt/rustwide/cargo-home/registry/src/index.crates.io-1949cf8c6b5b557f/wgpu-29.0.0/src/backend/wgpu_core.rs:1081:30:
[INFO] [stdout] wgpu error: Validation Error
[INFO] [stdout] 
[INFO] [stdout] Caused by:
[INFO] [stdout]   In Device::create_shader_module, label = 'rrt.wgsl'
[INFO] [stdout]     
[INFO] [stdout] Shader 'rrt.wgsl' parsing error: unused return value from function annotated with @must_use
[INFO] [stdout]    ┌─ wgsl:69:5
[INFO] [stdout]    │
[INFO] [stdout] 69 │     RandomPointResult(state.state, vec3<f32>(f32(x) , f32(y) , f32(z)));
[INFO] [stdout]    │     ^^^^^^^^^^^^^^^^^
[INFO] [stdout]    │
[INFO] [stdout]    = note: function 'RandomPointResult' is declared with `@must_use` attribute
[INFO] [stdout]    = note: use a phony assignment or declare a value using the function call as the initializer
[INFO] [stdout] 
[INFO] [stdout] 
[INFO] [stdout] 
[INFO] [stdout] 
[INFO] [stdout] stack backtrace:
[INFO] [stdout]    0:     0x57d682ab0b51 - <<std[70759c8f55707aa4]::sys::backtrace::BacktraceLock>::print::DisplayBacktrace as core[df12db4294e9bfd3]::fmt::Display>::fmt
[INFO] [stdout]    1:     0x57d682ac8aca - core[df12db4294e9bfd3]::fmt::write
[INFO] [stdout]    2:     0x57d682ab520c - <alloc[2182bb758b4b3781]::vec::Vec<u8> as core[df12db4294e9bfd3]::io::write::Write>::write_fmt
[INFO] [stdout]    3:     0x57d682a8ca86 - std[70759c8f55707aa4]::panicking::default_hook::{closure#0}
[INFO] [stdout]    4:     0x57d682aa8ef9 - std[70759c8f55707aa4]::panicking::default_hook
[INFO] [stdout]    5:     0x57d6826c60d0 - test[9d35eded1c95d3be]::test_main_inner::<test[9d35eded1c95d3be]::test_main_static::{closure#0}>::{closure#0}
[INFO] [stdout]    6:     0x57d682aa90b2 - std[70759c8f55707aa4]::panicking::panic_with_hook
[INFO] [stdout]    7:     0x57d682a8cb32 - std[70759c8f55707aa4]::panicking::panic_handler::{closure#0}
[INFO] [stdout]    8:     0x57d682a85889 - std[70759c8f55707aa4]::sys::backtrace::__rust_end_short_backtrace::<std[70759c8f55707aa4]::panicking::panic_handler::{closure#0}, !>
[INFO] [stdout]    9:     0x57d682a8d72d - __rustc[8fa7c3cbc660c2b3]::rust_begin_unwind
[INFO] [stdout]   10:     0x57d682ac922c - core[df12db4294e9bfd3]::panicking::panic_fmt
[INFO] [stdout]   11:     0x57d68271e10e - wgpu[3c250cd1b7fff7a9]::backend::wgpu_core::default_error_handler
[INFO] [stdout]   12:     0x57d68271ddaa - <wgpu[3c250cd1b7fff7a9]::backend::wgpu_core::ContextWgpuCore>::handle_error_inner
[INFO] [stdout]   13:     0x57d682722ab4 - <wgpu[3c250cd1b7fff7a9]::backend::wgpu_core::CoreDevice as wgpu[3c250cd1b7fff7a9]::dispatch::DeviceInterface>::create_shader_module
[INFO] [stdout]   14:     0x57d6826ac94d - wgpu_rt_lidar[673e8d25f73c95c0]::utils::dense_voxel::test_voxel_rrt::{closure#0}
[INFO] [stdout]   15:     0x57d6826b39f3 - <tokio[59c96936a39f74a5]::runtime::scheduler::current_thread::Context>::enter::<core[df12db4294e9bfd3]::task::poll::Poll<()>, <tokio[59c96936a39f74a5]::runtime::scheduler::current_thread::CoreGuard>::block_on<core[df12db4294e9bfd3]::pin::Pin<&mut core[df12db4294e9bfd3]::pin::Pin<&mut dyn core[df12db4294e9bfd3]::future::future::Future<Output = ()>>>>::{closure#0}::{closure#0}>
[INFO] [stdout]   16:     0x57d6826b041c - <tokio[59c96936a39f74a5]::runtime::context::scoped::Scoped<tokio[59c96936a39f74a5]::runtime::scheduler::Context>>::set::<<tokio[59c96936a39f74a5]::runtime::scheduler::current_thread::CoreGuard>::enter<<tokio[59c96936a39f74a5]::runtime::scheduler::current_thread::CoreGuard>::block_on<core[df12db4294e9bfd3]::pin::Pin<&mut core[df12db4294e9bfd3]::pin::Pin<&mut dyn core[df12db4294e9bfd3]::future::future::Future<Output = ()>>>>::{closure#0}, core[df12db4294e9bfd3]::option::Option<()>>::{closure#0}, (alloc[2182bb758b4b3781]::boxed::Box<tokio[59c96936a39f74a5]::runtime::scheduler::current_thread::Core>, core[df12db4294e9bfd3]::option::Option<()>)>
[INFO] [stdout]   17:     0x57d6826b36ef - <tokio[59c96936a39f74a5]::runtime::scheduler::current_thread::CurrentThread>::block_on::<core[df12db4294e9bfd3]::pin::Pin<&mut dyn core[df12db4294e9bfd3]::future::future::Future<Output = ()>>>
[INFO] [stdout]   18:     0x57d6826b7d02 - <tokio[59c96936a39f74a5]::runtime::runtime::Runtime>::block_on::<core[df12db4294e9bfd3]::pin::Pin<&mut dyn core[df12db4294e9bfd3]::future::future::Future<Output = ()>>>
[INFO] [stdout]   19:     0x57d6826afdab - wgpu_rt_lidar[673e8d25f73c95c0]::utils::dense_voxel::test_voxel_rrt
[INFO] [stdout]   20:     0x57d6826b7c39 - <wgpu_rt_lidar[673e8d25f73c95c0]::utils::dense_voxel::test_voxel_rrt::{closure#0} as core[df12db4294e9bfd3]::ops::function::FnOnce<()>>::call_once
[INFO] [stdout]   21:     0x57d6826b93bb - test[9d35eded1c95d3be]::__rust_begin_short_backtrace::<core[df12db4294e9bfd3]::result::Result<(), alloc[2182bb758b4b3781]::string::String>, fn() -> core[df12db4294e9bfd3]::result::Result<(), alloc[2182bb758b4b3781]::string::String>>
[INFO] [stdout]   22:     0x57d6826c6a25 - test[9d35eded1c95d3be]::run_test::{closure#0}
[INFO] [stdout]   23:     0x57d6826c02e4 - std[70759c8f55707aa4]::sys::backtrace::__rust_begin_short_backtrace::<test[9d35eded1c95d3be]::run_test::{closure#1}, ()>
[INFO] [stdout]   24:     0x57d6826c9b82 - <std[70759c8f55707aa4]::thread::lifecycle::spawn_unchecked<test[9d35eded1c95d3be]::run_test::{closure#1}, ()>::{closure#1} as core[df12db4294e9bfd3]::ops::function::FnOnce<()>>::call_once::{shim:vtable#0}
[INFO] [stdout]   25:     0x57d682ab03f9 - <std[70759c8f55707aa4]::sys::thread::unix::Thread>::new::thread_start
[INFO] [stdout]   26:     0x7c4db233adfa - <unknown>
[INFO] [stdout]   27:     0x7c4db23ce3d4 - clone
[INFO] [stdout]   28:                0x0 - <unknown>
[INFO] [stdout] 
[INFO] [stdout] thread 'utils::dense_voxel::test_voxel_rrt' (1477) panicked at /opt/rustwide/cargo-home/registry/src/index.crates.io-1949cf8c6b5b557f/wgpu-core-29.0.0/src/device/queue.rs:208:29:
[INFO] [stdout] We timed out while waiting on the last successful submission to complete!
[INFO] [stdout] stack backtrace:
[INFO] [stdout]    0:     0x57d682ab0b51 - <<std[70759c8f55707aa4]::sys::backtrace::BacktraceLock>::print::DisplayBacktrace as core[df12db4294e9bfd3]::fmt::Display>::fmt
[INFO] [stdout]    1:     0x57d682ac8aca - core[df12db4294e9bfd3]::fmt::write
[INFO] [stdout]    2:     0x57d682ab520c - <alloc[2182bb758b4b3781]::vec::Vec<u8> as core[df12db4294e9bfd3]::io::write::Write>::write_fmt
[INFO] [stdout]    3:     0x57d682a8ca86 - std[70759c8f55707aa4]::panicking::default_hook::{closure#0}
[INFO] [stdout]    4:     0x57d682aa8ef9 - std[70759c8f55707aa4]::panicking::default_hook
[INFO] [stdout]    5:     0x57d6826c60d0 - test[9d35eded1c95d3be]::test_main_inner::<test[9d35eded1c95d3be]::test_main_static::{closure#0}>::{closure#0}
[INFO] [stdout]    6:     0x57d682aa90b2 - std[70759c8f55707aa4]::panicking::panic_with_hook
[INFO] [stdout]    7:     0x57d682a8cb64 - std[70759c8f55707aa4]::panicking::panic_handler::{closure#0}
[INFO] [stdout]    8:     0x57d682a85889 - std[70759c8f55707aa4]::sys::backtrace::__rust_end_short_backtrace::<std[70759c8f55707aa4]::panicking::panic_handler::{closure#0}, !>
[INFO] [stdout]    9:     0x57d682a8d72d - __rustc[8fa7c3cbc660c2b3]::rust_begin_unwind
[INFO] [stdout]   10:     0x57d682ac922c - core[df12db4294e9bfd3]::panicking::panic_fmt
[INFO] [stdout]   11:     0x57d6827cc24c - <wgpu_core[60de67920ca17510]::device::queue::Queue as core[df12db4294e9bfd3]::ops::drop::Drop>::drop
[INFO] [stdout]   12:     0x57d682851dc5 - <alloc[2182bb758b4b3781]::sync::Arc<wgpu_core[60de67920ca17510]::device::queue::Queue>>::drop_slow
[INFO] [stdout]   13:     0x57d68275042f - <wgpu_core[60de67920ca17510]::global::Global>::queue_drop
[INFO] [stdout]   14:     0x57d68272ebfe - <alloc[2182bb758b4b3781]::sync::Arc<wgpu[3c250cd1b7fff7a9]::backend::wgpu_core::CoreQueue>>::drop_slow
[INFO] [stdout]   15:     0x57d6826ae3ee - wgpu_rt_lidar[673e8d25f73c95c0]::utils::dense_voxel::test_voxel_rrt::{closure#0}
[INFO] [stdout]   16:     0x57d6826b39f3 - <tokio[59c96936a39f74a5]::runtime::scheduler::current_thread::Context>::enter::<core[df12db4294e9bfd3]::task::poll::Poll<()>, <tokio[59c96936a39f74a5]::runtime::scheduler::current_thread::CoreGuard>::block_on<core[df12db4294e9bfd3]::pin::Pin<&mut core[df12db4294e9bfd3]::pin::Pin<&mut dyn core[df12db4294e9bfd3]::future::future::Future<Output = ()>>>>::{closure#0}::{closure#0}>
[INFO] [stdout]   17:     0x57d6826b041c - <tokio[59c96936a39f74a5]::runtime::context::scoped::Scoped<tokio[59c96936a39f74a5]::runtime::scheduler::Context>>::set::<<tokio[59c96936a39f74a5]::runtime::scheduler::current_thread::CoreGuard>::enter<<tokio[59c96936a39f74a5]::runtime::scheduler::current_thread::CoreGuard>::block_on<core[df12db4294e9bfd3]::pin::Pin<&mut core[df12db4294e9bfd3]::pin::Pin<&mut dyn core[df12db4294e9bfd3]::future::future::Future<Output = ()>>>>::{closure#0}, core[df12db4294e9bfd3]::option::Option<()>>::{closure#0}, (alloc[2182bb758b4b3781]::boxed::Box<tokio[59c96936a39f74a5]::runtime::scheduler::current_thread::Core>, core[df12db4294e9bfd3]::option::Option<()>)>
[INFO] [stdout]   18:     0x57d6826b36ef - <tokio[59c96936a39f74a5]::runtime::scheduler::current_thread::CurrentThread>::block_on::<core[df12db4294e9bfd3]::pin::Pin<&mut dyn core[df12db4294e9bfd3]::future::future::Future<Output = ()>>>
[INFO] [stdout]   19:     0x57d6826b7d02 - <tokio[59c96936a39f74a5]::runtime::runtime::Runtime>::block_on::<core[df12db4294e9bfd3]::pin::Pin<&mut dyn core[df12db4294e9bfd3]::future::future::Future<Output = ()>>>
[INFO] [stdout]   20:     0x57d6826afdab - wgpu_rt_lidar[673e8d25f73c95c0]::utils::dense_voxel::test_voxel_rrt
[INFO] [stdout]   21:     0x57d6826b7c39 - <wgpu_rt_lidar[673e8d25f73c95c0]::utils::dense_voxel::test_voxel_rrt::{closure#0} as core[df12db4294e9bfd3]::ops::function::FnOnce<()>>::call_once
[INFO] [stdout]   22:     0x57d6826b93bb - test[9d35eded1c95d3be]::__rust_begin_short_backtrace::<core[df12db4294e9bfd3]::result::Result<(), alloc[2182bb758b4b3781]::string::String>, fn() -> core[df12db4294e9bfd3]::result::Result<(), alloc[2182bb758b4b3781]::string::String>>
[INFO] [stdout]   23:     0x57d6826c6a25 - test[9d35eded1c95d3be]::run_test::{closure#0}
[INFO] [stdout]   24:     0x57d6826c02e4 - std[70759c8f55707aa4]::sys::backtrace::__rust_begin_short_backtrace::<test[9d35eded1c95d3be]::run_test::{closure#1}, ()>
[INFO] [stdout]   25:     0x57d6826c9b82 - <std[70759c8f55707aa4]::thread::lifecycle::spawn_unchecked<test[9d35eded1c95d3be]::run_test::{closure#1}, ()>::{closure#1} as core[df12db4294e9bfd3]::ops::function::FnOnce<()>>::call_once::{shim:vtable#0}
[INFO] [stdout]   26:     0x57d682ab03f9 - <std[70759c8f55707aa4]::sys::thread::unix::Thread>::new::thread_start
[INFO] [stdout]   27:     0x7c4db233adfa - <unknown>
[INFO] [stdout]   28:     0x7c4db23ce3d4 - clone
[INFO] [stdout]   29:                0x0 - <unknown>
[INFO] [stderr] error: test failed, to rerun pass `--lib`
[INFO] [stderr] 
[INFO] [stderr] Caused by:
[INFO] [stderr]   process didn't exit successfully: `/opt/rustwide/target/release/deps/wgpu_rt_lidar-ceb9352fd5ad000d` (signal: 6, SIGABRT: process abort signal)
[INFO] running `Command { std: "docker" "inspect" "8d061f121e5ccf8d2f0d6978b48a42a86ed5812352736fd15022902b8e11d5c4", kill_on_drop: false }`
[INFO] running `Command { std: "docker" "rm" "-f" "8d061f121e5ccf8d2f0d6978b48a42a86ed5812352736fd15022902b8e11d5c4", kill_on_drop: false }`
[INFO] [stdout] 8d061f121e5ccf8d2f0d6978b48a42a86ed5812352736fd15022902b8e11d5c4
