[INFO] fetching crate versatiles_geometry 5.1.0...
[INFO] testing versatiles_geometry-5.1.0 against 1.99.0-beta.8+cargoflags=--release for beta-release-1.100-2
[INFO] extracting crate versatiles_geometry 5.1.0 into /workspace/builds/worker-1-tc1/source
[INFO] started tweaking crates.io crate versatiles_geometry 5.1.0
[INFO] finished tweaking crates.io crate versatiles_geometry 5.1.0
[INFO] tweaked toml for crates.io crate versatiles_geometry 5.1.0 written to /workspace/builds/worker-1-tc1/source/Cargo.toml
[INFO] validating manifest of crates.io crate versatiles_geometry 5.1.0 on toolchain 1.99.0-beta.8
[INFO] running `Command { std: CARGO_HOME="/workspace/cargo-home" RUSTUP_HOME="/workspace/rustup-home" "/workspace/cargo-home/bin/cargo" "+1.99.0-beta.8" "metadata" "--manifest-path" "Cargo.toml" "--no-deps", kill_on_drop: false }`
[INFO] crate crates.io crate versatiles_geometry 5.1.0 already has a lockfile, it will not be regenerated
[INFO] running `Command { std: CARGO_HOME="/workspace/cargo-home" RUSTUP_HOME="/workspace/rustup-home" "/workspace/cargo-home/bin/cargo" "+1.99.0-beta.8" "fetch" "--manifest-path" "Cargo.toml", kill_on_drop: false }`
[INFO] [stderr]     Updating crates.io index
[INFO] [stderr]  Downloading crates ...
[INFO] [stderr]   Downloaded zstd-safe v8.1.0
[INFO] [stderr]   Downloaded versatiles_derive v5.1.0
[INFO] [stderr]   Downloaded zstd v0.14.2
[INFO] [stderr]   Downloaded versatiles_core v5.1.0
[INFO] [stderr]   Downloaded zstd-sys v2.1.1+zstd.1.5.7
[INFO] [stderr]   Downloaded shapefile v0.9.0
[INFO] [stderr]   Downloaded bufrw v0.2.0
[INFO] [stderr]   Downloaded dbase v0.8.0
[INFO] [stderr]   Downloaded rstest v0.27.0
[INFO] [stderr]   Downloaded rstest_macros v0.27.0
[INFO] running `Command { std: "docker" "create" "-v" "/var/lib/crater-agent-workspace/builds/worker-1-tc1/source:/opt/rustwide/workdir:ro,Z" "-v" "/var/lib/crater-agent-workspace/builds/worker-1-tc1/target:/opt/rustwide/target:rw,Z" "-v" "/var/lib/crater-agent-workspace/cargo-home:/opt/rustwide/cargo-home:ro,Z" "-v" "/var/lib/crater-agent-workspace/rustup-home:/opt/rustwide/rustup-home:ro,Z" "-m" "1610612736" "--network" "none" "ghcr.io/rust-lang/crates-build-env/linux@sha256:77db811e55d90add9212f6832c23229e3de5f1c1f9905e8cb07319ea15df73ac" "sleep" "infinity", kill_on_drop: false }`
[INFO] [stdout] 0e26a866d3adfc381d86bfdf2087447374fa108556e890bd2222184c9a82863c
[INFO] running `Command { std: "docker" "start" "0e26a866d3adfc381d86bfdf2087447374fa108556e890bd2222184c9a82863c", kill_on_drop: false }`
[INFO] running `Command { std: "docker" "inspect" "0e26a866d3adfc381d86bfdf2087447374fa108556e890bd2222184c9a82863c", kill_on_drop: false }`
[INFO] running `Command { std: "docker" "exec" "-e" "SOURCE_DIR=/opt/rustwide/workdir" "-e" "CARGO_HOME=/opt/rustwide/cargo-home" "-e" "RUSTUP_HOME=/opt/rustwide/rustup-home" "-e" "CARGO_TARGET_DIR=/opt/rustwide/target" "-w" "/opt/rustwide/workdir" "--user" "0:0" "0e26a866d3adfc381d86bfdf2087447374fa108556e890bd2222184c9a82863c" "/opt/rustwide/cargo-home/bin/cargo" "+1.99.0-beta.8" "metadata" "--no-deps" "--format-version=1", kill_on_drop: false }`
[INFO] running `Command { std: "docker" "inspect" "0e26a866d3adfc381d86bfdf2087447374fa108556e890bd2222184c9a82863c", kill_on_drop: false }`
[INFO] running `Command { std: "docker" "exec" "-e" "SOURCE_DIR=/opt/rustwide/workdir" "-e" "CARGO_HOME=/opt/rustwide/cargo-home" "-e" "RUSTUP_HOME=/opt/rustwide/rustup-home" "-e" "CARGO_TARGET_DIR=/opt/rustwide/target" "-e" "CARGO_INCREMENTAL=0" "-e" "RUST_BACKTRACE=full" "-e" "RUSTFLAGS=--cap-lints=warn" "-e" "RUSTDOCFLAGS=--cap-lints=warn" "-w" "/opt/rustwide/workdir" "--user" "0:0" "0e26a866d3adfc381d86bfdf2087447374fa108556e890bd2222184c9a82863c" "/opt/rustwide/cargo-home/bin/cargo" "+1.99.0-beta.8" "build" "--frozen" "--message-format=json" "--release", kill_on_drop: false }`
[INFO] [stderr]    Compiling unicode-ident v1.0.26
[INFO] [stderr]    Compiling smallvec v1.16.3
[INFO] [stderr]    Compiling zeroize v1.9.1
[INFO] [stderr]    Compiling aws-lc-rs v1.18.1
[INFO] [stderr]    Compiling num-traits v0.2.19
[INFO] [stderr]    Compiling rustls v0.23.45
[INFO] [stderr]    Compiling jobserver v0.1.35
[INFO] [stderr]    Compiling socket2 v0.6.5
[INFO] [stderr]    Compiling mio v1.2.4
[INFO] [stderr]    Compiling heapless v0.8.0
[INFO] [stderr]    Compiling thiserror v2.0.21
[INFO] [stderr]    Compiling want v0.3.2
[INFO] [stderr]    Compiling tracing v0.1.44
[INFO] [stderr]    Compiling alloc-no-stdlib v3.0.0
[INFO] [stderr]    Compiling zstd-safe v8.1.0
[INFO] [stderr]    Compiling crc32fast v1.5.2
[INFO] [stderr]    Compiling proc-macro2 v1.0.107
[INFO] [stderr]    Compiling ipnet v2.12.2
[INFO] [stderr]    Compiling rustls-pki-types v1.15.1
[INFO] [stderr]    Compiling alloc-stdlib v0.3.0
[INFO] [stderr]    Compiling i_float v1.16.0
[INFO] [stderr]    Compiling anyhow v1.0.104
[INFO] [stderr]    Compiling powerfmt v0.2.1
[INFO] [stderr]    Compiling bitflags v2.13.2
[INFO] [stderr]    Compiling regex-syntax v0.8.11
[INFO] [stderr]    Compiling brotli-decompressor v6.0.1
[INFO] [stderr]    Compiling parking_lot_core v0.9.12
[INFO] [stderr]    Compiling time v0.3.55
[INFO] [stderr]    Compiling hashbrown v0.17.1
[INFO] [stderr]    Compiling i_shape v1.18.0
[INFO] [stderr]    Compiling cc v1.7.0
[INFO] [stderr]    Compiling miniz_oxide v0.9.1
[INFO] [stderr]    Compiling i_tree v0.18.0
[INFO] [stderr]    Compiling hashbrown v0.14.5
[INFO] [stderr]    Compiling i_key_sort v0.10.3
[INFO] [stderr]    Compiling quote v1.0.47
[INFO] [stderr]    Compiling tokio v1.53.2
[INFO] [stderr]    Compiling rustls-native-certs v0.8.4
[INFO] [stderr]    Compiling bufrw v0.2.0
[INFO] [stderr]    Compiling i_overlay v4.5.2
[INFO] [stderr]    Compiling flate2 v1.1.10
[INFO] [stderr]    Compiling syn v3.0.7
[INFO] [stderr]    Compiling syn v2.0.119
[INFO] [stderr]    Compiling approx v0.5.1
[INFO] [stderr]    Compiling rstar v0.12.2
[INFO] [stderr]    Compiling lru v0.18.5
[INFO] [stderr]    Compiling dbase v0.8.0
[INFO] [stderr]    Compiling dashmap v6.2.1
[INFO] [stderr]    Compiling itertools v0.15.0
[INFO] [stderr]    Compiling rand_pcg v0.10.2
[INFO] [stderr]    Compiling rand v0.10.3
[INFO] [stderr]    Compiling geographiclib-rs v0.2.7
[INFO] [stderr]    Compiling cmake v0.1.58
[INFO] [stderr]    Compiling brotli v9.0.0
[INFO] [stderr]    Compiling num_cpus v1.17.0
[INFO] [stderr]    Compiling csv-core v0.1.13
[INFO] [stderr]    Compiling float_next_after v2.0.0
[INFO] [stderr]    Compiling sif-itree v0.4.1
[INFO] [stderr]    Compiling csv v1.4.0
[INFO] [stderr]    Compiling rstar v0.13.0
[INFO] [stderr]    Compiling regex-automata v0.4.18
[INFO] [stderr]    Compiling aws-lc-sys v0.45.0
[INFO] [stderr]    Compiling zstd-sys v2.1.1+zstd.1.5.7
[INFO] [stderr]    Compiling darling_core v0.21.3
[INFO] [stderr]    Compiling synstructure v0.14.0
[INFO] [stderr]    Compiling regex v1.13.1
[INFO] [stderr]    Compiling zerofrom-derive v0.1.8
[INFO] [stderr]    Compiling yoke-derive v0.8.4
[INFO] [stderr]    Compiling zerovec-derive v0.11.6
[INFO] [stderr]    Compiling displaydoc v0.2.7
[INFO] [stderr]    Compiling futures-macro v0.3.34
[INFO] [stderr]    Compiling darling_macro v0.21.3
[INFO] [stderr]    Compiling hyper v1.12.0
[INFO] [stderr]    Compiling thiserror-impl v2.0.21
[INFO] [stderr]    Compiling zerofrom v0.1.8
[INFO] [stderr]    Compiling darling v0.21.3
[INFO] [stderr]    Compiling tokio-util v0.7.20
[INFO] [stderr]    Compiling yoke v0.8.3
[INFO] [stderr]    Compiling enumset_derive v0.15.0
[INFO] [stderr]    Compiling versatiles_derive v5.1.0
[INFO] [stderr]    Compiling zerovec v0.11.8
[INFO] [stderr]    Compiling zerotrie v0.2.5
[INFO] [stderr]    Compiling futures-util v0.3.34
[INFO] [stderr]    Compiling async-trait v0.1.92
[INFO] [stderr]    Compiling enumset v1.1.14
[INFO] [stderr]    Compiling tinystr v0.8.4
[INFO] [stderr]    Compiling potential_utf v0.1.6
[INFO] [stderr]    Compiling icu_locale_core v2.3.0
[INFO] [stderr]    Compiling geo-types v0.7.20
[INFO] [stderr]    Compiling icu_collections v2.3.0
[INFO] [stderr]    Compiling shapefile v0.9.0
[INFO] [stderr]    Compiling geo v0.33.1
[INFO] [stderr]    Compiling icu_provider v2.3.1
[INFO] [stderr]    Compiling icu_properties v2.3.0
[INFO] [stderr]    Compiling icu_normalizer v2.3.0
[INFO] [stderr]    Compiling tower v0.5.3
[INFO] [stderr]    Compiling hyper-util v0.1.21
[INFO] [stderr]    Compiling futures-executor v0.3.34
[INFO] [stderr]    Compiling futures v0.3.34
[INFO] [stderr]    Compiling idna_adapter v1.2.2
[INFO] [stderr]    Compiling idna v1.1.0
[INFO] [stderr]    Compiling url v2.5.8
[INFO] [stderr]    Compiling tower-http v0.6.11
[INFO] [stderr]    Compiling zstd v0.14.2
[INFO] [stderr]    Compiling rustls-webpki v0.103.15
[INFO] [stderr]    Compiling tokio-rustls v0.26.6
[INFO] [stderr]    Compiling rustls-platform-verifier v0.7.1
[INFO] [stderr]    Compiling hyper-rustls v0.27.10
[INFO] [stderr]    Compiling reqwest v0.13.5
[INFO] [stderr]    Compiling versatiles_core v5.1.0
[INFO] [stderr]    Compiling versatiles_geometry v5.1.0 (/opt/rustwide/workdir)
[INFO] [stderr]     Finished `release` profile [optimized] target(s) in 3m 09s
[INFO] running `Command { std: "docker" "inspect" "0e26a866d3adfc381d86bfdf2087447374fa108556e890bd2222184c9a82863c", kill_on_drop: false }`
[INFO] running `Command { std: "docker" "exec" "-e" "SOURCE_DIR=/opt/rustwide/workdir" "-e" "CARGO_HOME=/opt/rustwide/cargo-home" "-e" "RUSTUP_HOME=/opt/rustwide/rustup-home" "-e" "CARGO_TARGET_DIR=/opt/rustwide/target" "-e" "CARGO_INCREMENTAL=0" "-e" "RUST_BACKTRACE=full" "-e" "RUSTFLAGS=--cap-lints=warn" "-e" "RUSTDOCFLAGS=--cap-lints=warn" "-w" "/opt/rustwide/workdir" "--user" "0:0" "0e26a866d3adfc381d86bfdf2087447374fa108556e890bd2222184c9a82863c" "/opt/rustwide/cargo-home/bin/cargo" "+1.99.0-beta.8" "test" "--frozen" "--no-run" "--message-format=json" "--release", kill_on_drop: false }`
[INFO] [stderr]    Compiling syn v2.0.119
[INFO] [stderr]    Compiling tokio-macros v2.7.2
[INFO] [stderr]    Compiling aho-corasick v1.1.5
[INFO] [stderr]    Compiling getrandom v0.4.3
[INFO] [stderr]    Compiling rstest_macros v0.27.0
[INFO] [stderr]    Compiling relative-path v1.9.3
[INFO] [stderr]    Compiling glob v0.3.4
[INFO] [stderr]    Compiling getrandom v0.3.4
[INFO] [stderr]    Compiling rustix v1.1.5
[INFO] [stderr]    Compiling tokio v1.53.2
[INFO] [stderr]    Compiling regex-automata v0.4.18
[INFO] [stderr]    Compiling tempfile v3.27.0
[INFO] [stderr]    Compiling darling_core v0.21.3
[INFO] [stderr]    Compiling regex v1.13.1
[INFO] [stderr]    Compiling darling_macro v0.21.3
[INFO] [stderr]    Compiling darling v0.21.3
[INFO] [stderr]    Compiling enumset_derive v0.15.0
[INFO] [stderr]    Compiling rstest v0.27.0
[INFO] [stderr]    Compiling hyper v1.12.0
[INFO] [stderr]    Compiling tower v0.5.3
[INFO] [stderr]    Compiling tokio-rustls v0.26.6
[INFO] [stderr]    Compiling tokio-util v0.7.20
[INFO] [stderr]    Compiling tower-http v0.6.11
[INFO] [stderr]    Compiling hyper-util v0.1.21
[INFO] [stderr]    Compiling enumset v1.1.14
[INFO] [stderr]    Compiling hyper-rustls v0.27.10
[INFO] [stderr]    Compiling reqwest v0.13.5
[INFO] [stderr]    Compiling versatiles_core v5.1.0
[INFO] [stderr]    Compiling versatiles_geometry v5.1.0 (/opt/rustwide/workdir)
[INFO] [stderr]     Finished `release` profile [optimized] target(s) in 1m 17s
[INFO] running `Command { std: "docker" "inspect" "0e26a866d3adfc381d86bfdf2087447374fa108556e890bd2222184c9a82863c", kill_on_drop: false }`
[INFO] running `Command { std: "docker" "exec" "-e" "SOURCE_DIR=/opt/rustwide/workdir" "-e" "CARGO_HOME=/opt/rustwide/cargo-home" "-e" "RUSTUP_HOME=/opt/rustwide/rustup-home" "-e" "CARGO_TARGET_DIR=/opt/rustwide/target" "-e" "CARGO_INCREMENTAL=0" "-e" "RUST_BACKTRACE=full" "-e" "RUSTFLAGS=--cap-lints=warn" "-e" "RUSTDOCFLAGS=--cap-lints=warn" "-w" "/opt/rustwide/workdir" "--user" "0:0" "0e26a866d3adfc381d86bfdf2087447374fa108556e890bd2222184c9a82863c" "/opt/rustwide/cargo-home/bin/cargo" "+1.99.0-beta.8" "test" "--frozen" "--release", kill_on_drop: false }`
[INFO] [stderr]     Finished `release` profile [optimized] target(s) in 0.24s
[INFO] [stderr]      Running unittests src/lib.rs (/opt/rustwide/target/release/deps/versatiles_geometry-5259960fce60e66c)
[INFO] [stdout] 
[INFO] [stdout] running 412 tests
[INFO] [stdout] test arc_graph::simplify::tests::preserves_endpoints ... ok
[INFO] [stdout] test arc_graph::tests::three_way_junction_splits_lines ... ok
[INFO] [stdout] test arc_graph::simplify::tests::cascading_matches_single_shot ... ok
[INFO] [stdout] test arc_graph::tests::isolated_ring_becomes_one_closed_arc ... ok
[INFO] [stdout] test arc_graph::tests::line_through_polygon_vertex_splits_both ... ok
[INFO] [stdout] test arc_graph::tests::point_passes_through ... ok
[INFO] [stdout] test arc_graph::tests::two_polygons_share_one_arc ... ok
[INFO] [stdout] test ext::geojson_io::tests::polygon_serialization ... ok
[INFO] [stdout] test ext::geojson_io::tests::no_precision_keeps_full_value ... ok
[INFO] [stdout] test arc_graph::reassemble::tests::shared_border_simplifies_consistently ... ok
[INFO] [stdout] test ext::geojson_io::tests::precision_rounds_coordinates ... ok
[INFO] [stdout] test arc_graph::reassemble::tests::isolated_polygon_round_trips ... ok
[INFO] [stdout] test ext::geojson_io::tests::type_name_dispatches ... ok
[INFO] [stdout] test ext::mercator::tests::coord_to_mercator_from_mercator_round_trip_at_multiple_locations ... ok
[INFO] [stdout] test ext::mercator::tests::coord_to_mercator_origin ... ok
[INFO] [stdout] test ext::mercator::tests::coord_trait_to_and_from_match_free_functions ... ok
[INFO] [stdout] test arc_graph::reassemble::tests::road_junction_vertex_preserved_at_every_tolerance ... ok
[INFO] [stdout] test arc_graph::reassemble::tests::shared_border_byte_identical_at_every_tolerance ... ok
[INFO] [stdout] test ext::mercator::tests::line_round_trip ... ok
[INFO] [stdout] test ext::mercator::tests::geometry_dispatch_line_string ... ok
[INFO] [stdout] test ext::mercator::tests::geometry_dispatch_geometry_collection_round_trips_each_inner ... ok
[INFO] [stdout] test ext::mercator::tests::geometry_dispatch_rect ... ok
[INFO] [stdout] test ext::mercator::tests::latitude_clamping_avoids_infinity_at_both_poles ... ok
[INFO] [stdout] test ext::geojson_io::tests::point_serialization ... ok
[INFO] [stdout] test ext::mercator::tests::geometry_dispatch_triangle ... ok
[INFO] [stdout] test ext::mercator::tests::geometry_dispatch_multi_line_string ... ok
[INFO] [stdout] test ext::mercator::tests::geometry_dispatch_line ... ok
[INFO] [stdout] test ext::mercator::tests::geometry_dispatch_multi_point ... ok
[INFO] [stdout] test ext::mercator::tests::multi_point_round_trip ... ok
[INFO] [stdout] test ext::mercator::tests::point_round_trip ... ok
[INFO] [stdout] test ext::mercator::tests::rect_round_trip_preserves_min_max ... ok
[INFO] [stdout] test ext::mercator::tests::triangle_round_trip_preserves_all_vertices ... ok
[INFO] [stdout] test ext::validate::tests::empty_collections_are_valid ... ok
[INFO] [stdout] test ext::mercator::tests::geometry_dispatch_multi_polygon ... ok
[INFO] [stdout] test ext::mercator::tests::multi_line_string_round_trip ... ok
[INFO] [stdout] test ext::validate::tests::geometry_collection_recurses_into_children ... ok
[INFO] [stdout] test ext::mercator::tests::longitude_passes_through_unclamped ... ok
[INFO] [stdout] test ext::mercator::tests::line_string_round_trip_preserves_all_vertices ... ok
[INFO] [stdout] test ext::mercator::tests::multi_polygon_round_trip ... ok
[INFO] [stdout] test arc_graph::tests::duplicate_isolated_rings_dedupe ... ok
[INFO] [stdout] test arc_graph::simplify::tests::shared_arc_is_simplified_once ... ok
[INFO] [stdout] test ext::mercator::tests::polygon_round_trip_preserves_exterior_and_interiors ... ok
[INFO] [stdout] test ext::validate::tests::closed_polygon_ring_ok ... ok
[INFO] [stdout] test ext::mercator::tests::geometry_dispatch_point ... ok
[INFO] [stdout] test arc_graph::simplify::tests::tolerance_zero_is_noop ... ok
[INFO] [stdout] test ext::mercator::tests::geometry_dispatch_polygon ... ok
[INFO] [stdout] test ext::validate::tests::line_string_two_points_ok ... ok
[INFO] [stdout] test ext::validate::tests::polygon_too_few_points_fails ... ok
[INFO] [stdout] test ext::validate::tests::line_string_too_short_fails ... ok
[INFO] [stdout] test ext::validate::tests::multi_polygon_propagates_child_failure ... ok
[INFO] [stdout] test ext::validate::tests::point_is_always_valid ... ok
[INFO] [stdout] test ext::validate::tests::polygon_with_invalid_hole_fails ... ok
[INFO] [stdout] test feature_import::heuristics::tests::empty_input_returns_max_zoom ... ok
[INFO] [stdout] test feature_import::heuristics::tests::one_polygon_does_not_outvote_a_point_dataset ... ok
[INFO] [stdout] test ext::validate::tests::multi_line_string_propagates_child_failure ... ok
[INFO] [stdout] test feature_import::heuristics::tests::skips_non_finite_and_zero_sizes ... ok
[INFO] [stdout] test feature_import::heuristics::tests::tiny_features_pick_max_zoom ... ok
[INFO] [stdout] test feature_import::reduce_lines::tests::keeps_long_line ... ok
[INFO] [stdout] test feature_import::heuristics::tests::a_few_points_do_not_outvote_a_polygon_dataset ... ok
[INFO] [stdout] test feature_import::heuristics::tests::very_large_features_pick_zoom_zero ... ok
[INFO] [stdout] test feature_import::reduce_lines::tests::drops_short_line ... ok
[INFO] [stdout] test feature_import::heuristics::tests::an_even_split_takes_the_upper_median ... ok
[INFO] [stdout] test feature_import::reduce_lines::tests::zero_threshold_keeps_everything ... ok
[INFO] [stdout] test feature_import::reduce_lines::tests::non_line_unaffected ... ok
[INFO] [stdout] test feature_import::reduce_points::tests::drop_rate_approximate_keep_ratio ... ok
[INFO] [stdout] test feature_import::heuristics::tests::point_only_input_returns_max_zoom ... ok
[INFO] [stdout] test feature_import::reduce_points::tests::drop_rate_passes_non_points_unchanged ... ok
[INFO] [stdout] test feature_import::reduce_points::tests::drop_rate_drops_all_at_ratio_0 ... ok
[INFO] [stdout] test feature_import::reduce_points::tests::drop_rate_is_deterministic ... ok
[INFO] [stdout] test feature_import::reduce_points::tests::min_distance_drops_points_inside_threshold ... ok
[INFO] [stdout] test feature_import::reduce_points::tests::min_distance_grid_neighbor_check ... ok
[INFO] [stdout] test feature_import::reduce_points::tests::min_distance_passes_non_points_unchanged ... ok
[INFO] [stdout] test feature_import::reduce_points::tests::drop_rate_keeps_all_at_ratio_1 ... ok
[INFO] [stdout] test feature_import::reduce_polygons::tests::keeps_large_polygon ... ok
[INFO] [stdout] test feature_import::reduce_points::tests::min_distance_threshold_zero_keeps_everything ... ok
[INFO] [stdout] test feature_import::reduce_points::tests::parse_strategy_names ... ok
[INFO] [stdout] test feature_import::reduce_points::tests::min_distance_first_seen_wins ... ok
[INFO] [stdout] test feature_import::reduce_points::tests::variants_match_try_from ... ok
[INFO] [stdout] test feature_import::reduce_polygons::tests::non_polygon_unaffected ... ok
[INFO] [stdout] test feature_import::spatial_index::tests::query_touching_edge_intersects ... ok
[INFO] [stdout] test feature_import::spatial_index::tests::query_returns_intersecting_features ... ok
[INFO] [stdout] test feature_import::reduce_polygons::tests::zero_threshold_keeps_everything ... ok
[INFO] [stdout] test feature_import::spatial_index::tests::query_outside_yields_nothing ... ok
[INFO] [stdout] test feature_import::tests::a_bad_coordinate_anywhere_in_a_geometry_is_found ... ok
[INFO] [stdout] test feature_import::spatial_index::tests::empty_tree_query_yields_nothing ... ok
[INFO] [stdout] test feature_import::reduce_polygons::tests::drops_small_polygon ... ok
[INFO] [stdout] test feature_import::tests::auto_max_zoom_for_country_scale_polygon ... ok
[INFO] [stdout] test feature_import::tests::auto_max_zoom_for_kilometer_scale_polygon ... ok
[INFO] [stdout] test feature_import::tests::auto_max_zoom_for_meter_scale_features_caps_at_14 ... ok
[INFO] [stdout] test feature_import::tests::auto_max_zoom_for_point_only_input_defaults_to_14 ... ok
[INFO] [stdout] test feature_import::tile_render::tests::line_split_into_multi ... ok
[INFO] [stdout] test feature_import::tile_render::tests::point_inside_kept ... ok
[INFO] [stdout] test feature_import::tests::auto_max_zoom_uses_median_not_mean ... ok
[INFO] [stdout] test feature_import::tests::drops_tiny_polygon_at_low_zoom ... ok
[INFO] [stdout] test feature_import::tests::one_bad_axis_is_enough ... ok
[INFO] [stdout] test feature_import::tests::imports_two_points_and_renders_world_tile ... ok
[INFO] [stdout] test feature_import::tile_render::tests::line_clipped_to_one_piece ... ok
[INFO] [stdout] test feature_import::tile_render::tests::quantize_maps_corners ... ok
[INFO] [stdout] test feature_import::tile_render::tests::polygon_partial_overlap_clipped ... ok
[INFO] [stdout] test feature_import::tile_render::tests::point_outside_dropped ... ok
[INFO] [stdout] test feature_import::tests::out_of_range_zoom_returns_none ... ok
[INFO] [stdout] test feature_import::tests::drops_short_line_at_low_zoom ... ok
[INFO] [stdout] test feature_import::tests::polygon_clipped_to_tile ... ok
[INFO] [stdout] test feature_import::tests::the_range_check_admits_the_edges_and_float_noise ... ok
[INFO] [stdout] test feature_import::tile_render::tests::render_tile_drops_when_features_collapse_to_empty_geometry ... ok
[INFO] [stdout] test feature_source::csv::tests::reads_a_file_with_crlf_line_endings ... ok
[INFO] [stdout] test feature_source::csv::tests::parse_id_prefers_numeric ... ok
[INFO] [stdout] test feature_import::tests::from_features_via_geojson_source ... FAILED
[INFO] [stdout] test feature_source::csv::tests::missing_id_column_errors ... FAILED
[INFO] [stdout] test feature_import::tests::projected_coordinates_are_refused_with_a_message_about_the_crs ... ok
[INFO] [stdout] test feature_import::tests::empty_input_yields_no_tiles ... ok
[INFO] [stdout] test feature_source::geojson::tests::line_delimited_handles_rfc8142_text_sequences ... ok
[INFO] [stdout] test feature_source::geojson::tests::line_delimited_skips_blank_lines ... ok
[INFO] [stdout] test feature_source::shapefile::tests::a_shapefile_without_an_shx_still_loads ... ok
[INFO] [stdout] test feature_source::csv::tests::unparseable_lon_skipped_with_warning ... ok
[INFO] [stdout] test feature_source::shapefile::tests::is_wgs84_prj_detects_common_variants ... ok
[INFO] [stdout] test feature_source::geojson::tests::name_falls_back_for_extensionless_path ... ok
[INFO] [stdout] test feature_source::shapefile::tests::debug_names_the_path_and_whether_progress_is_attached ... ok
[INFO] [stdout] test feature_source::progress::tests::callback_sees_bytes_read ... ok
[INFO] [stdout] test feature_source::progress::tests::maybe_without_callback_is_a_passthrough ... ok
[INFO] [stdout] test feature_source::shapefile::tests::regenerate_admin_fixture ... ignored, overwrites a committed binary fixture; run only when the fixture intentionally changes
[INFO] [stdout] test feature_source::csv::tests::missing_lon_column_errors ... FAILED
[INFO] [stdout] test feature_source::shapefile::tests::every_dbf_field_type_maps_to_a_geo_value ... ok
[INFO] [stdout] test geo::collection::tests::test_from_empty ... ok
[INFO] [stdout] test feature_source::shapefile::tests::loads_fixture_features ... FAILED
[INFO] [stdout] test feature_source::shapefile::tests::lossy_dbf_decoding_warns_and_continues ... ok
[INFO] [stdout] test feature_source::geojson::tests::line_delimited_errors_on_bad_line ... ok
[INFO] [stdout] test geo::collection::tests::test_from_json_str_valid ... ok
[INFO] [stdout] test feature_source::geojson::tests::loads_fixture_features ... FAILED
[INFO] [stdout] test feature_source::geojson::tests::loads_line_delimited_fixture ... FAILED
[INFO] [stdout] test geo::collection::tests::test_to_json_empty ... ok
[INFO] [stdout] test geo::collection::tests::test_from_with_features ... ok
[INFO] [stdout] test geo::collection::tests::test_from_json_str_invalid ... ok
[INFO] [stdout] test feature_source::shapefile::tests::an_unsupported_shape_fails_its_own_feature_and_not_the_file ... ok
[INFO] [stdout] test geo::collection::tests::test_to_json_with_features ... ok
[INFO] [stdout] test feature_source::csv::tests::loads_fixture_features ... FAILED
[INFO] [stdout] test geo::collection::tests::test_to_json_with_precision ... ok
[INFO] [stdout] test feature_source::geojson::tests::missing_file_errors ... ok
[INFO] [stdout] test geo::feature::tests::from_multipolygon_builds_feature ... ok
[INFO] [stdout] test geo::feature::tests::new_sets_defaults ... ok
[INFO] [stdout] test feature_source::shapefile::tests::a_shapefile_with_no_dbf_is_an_error_naming_the_dbf ... ok
[INFO] [stdout] test geo::feature::tests::set_property_inserts_values_of_various_types ... ok
[INFO] [stdout] test geo::properties::tests::debug_includes_keys_and_values ... ok
[INFO] [stdout] test geo::properties::tests::from_vec_str_str ... ok
[INFO] [stdout] test geo::properties::tests::insert_and_get ... ok
[INFO] [stdout] test geo::properties::tests::from_iterator_trait ... ok
[INFO] [stdout] test geo::properties::tests::into_iterator_consumes ... ok
[INFO] [stdout] test geo::properties::tests::iter_is_sorted_by_key ... ok
[INFO] [stdout] test geo::properties::tests::remove_and_clear ... ok
[INFO] [stdout] test geo::properties::tests::retain_filters_entries ... ok
[INFO] [stdout] test geo::properties::tests::to_json_smoke ... ok
[INFO] [stdout] test geo::properties::tests::update_merges_and_overwrites ... ok
[INFO] [stdout] test geo::value::tests::display_renders_plain_value::case_2 ... ok
[INFO] [stdout] test geo::feature::tests::to_json_contains_type_geometry_properties_and_optional_id ... ok
[INFO] [stdout] test geo::feature::tests::set_id_and_properties_work ... ok
[INFO] [stdout] test geo::feature::tests::into_single_keeps_multi_with_more_than_one ... ok
[INFO] [stdout] test geo::value::tests::display_renders_plain_value::case_1 ... ok
[INFO] [stdout] test geo::properties::tests::new_is_empty ... ok
[INFO] [stdout] test geo::feature::tests::into_single_unwraps_singletons ... ok
[INFO] [stdout] test geo::value::tests::as_u64_accepts_uint_and_non_negative_int ... ok
[INFO] [stdout] test geo::value::tests::as_u64_rejects_negative_and_non_integers ... ok
[INFO] [stdout] test geo::value::tests::display_renders_plain_value::case_5 ... ok
[INFO] [stdout] test geo::value::tests::hash_separates_variants_with_same_inner_bits ... ok
[INFO] [stdout] test feature_source::shapefile::tests::a_wgs84_prj_is_accepted_and_anything_else_is_refused ... ok
[INFO] [stdout] test geo::feature::tests::into_multi_lifts_singles ... ok
[INFO] [stdout] test feature_source::shapefile::tests::missing_file_errors ... ok
[INFO] [stdout] test feature_source::csv::tests::header_less_csv_rejected ... ok
[INFO] [stdout] test geo::value::tests::test_debug::case_5 ... ok
[INFO] [stdout] test geo::value::tests::test_debug::case_3 ... ok
[INFO] [stdout] test geo::value::tests::test_debug::case_4 ... ok
[INFO] [stdout] test geo::value::tests::test_debug::case_7 ... ok
[INFO] [stdout] test geo::value::tests::test_debug::case_8 ... ok
[INFO] [stdout] test geo::value::tests::test_debug::case_6 ... ok
[INFO] [stdout] test geo::value::tests::display_renders_plain_value::case_4 ... ok
[INFO] [stdout] test geo::value::tests::test_geo_value_partial_cmp::case_03 ... ok
[INFO] [stdout] test geo::value::tests::test_geo_value_partial_cmp::case_02 ... ok
[INFO] [stdout] test geo::value::tests::display_renders_plain_value::case_6 ... ok
[INFO] [stdout] test geo::value::tests::test_geo_value_partial_cmp::case_04 ... ok
[INFO] [stdout] test geo::value::tests::test_geo_value_eq ... ok
[INFO] [stdout] test geo::value::tests::test_geo_value_partial_cmp::case_05 ... ok
[INFO] [stdout] test feature_source::shapefile::tests::unsupported_shapes_are_refused_one_by_one ... ok
[INFO] [stdout] test geo::value::tests::test_geo_value_partial_cmp::case_06 ... ok
[INFO] [stdout] test geo::value::tests::test_geo_value_partial_cmp::case_08 ... ok
[INFO] [stdout] test geo::value::tests::test_geo_value_partial_cmp::case_10 ... ok
[INFO] [stdout] test geo::value::tests::test_geo_value_partial_cmp::case_09 ... ok
[INFO] [stdout] test geo::value::tests::test_geo_value_ord ... ok
[INFO] [stdout] test geo::value::tests::test_json::case_1 ... ok
[INFO] [stdout] test geo::value::tests::test_geo_value_partial_cmp::case_07 ... ok
[INFO] [stdout] test geo::value::tests::test_json::case_3 ... ok
[INFO] [stdout] test feature_source::shapefile::tests::progress_counts_the_bytes_of_both_sidecars ... FAILED
[INFO] [stdout] test feature_source::shapefile::tests::the_committed_fixture_matches_its_generator ... FAILED
[INFO] [stdout] test geo::value::tests::test_json::case_4 ... ok
[INFO] [stdout] test geo::value::tests::test_json::case_5 ... ok
[INFO] [stdout] test geo::value::tests::test_json::case_6 ... ok
[INFO] [stdout] test geo::value::tests::test_debug::case_1 ... ok
[INFO] [stdout] test geo::value::tests::numbers_too_large_for_their_type_fall_back_to_double ... ok
[INFO] [stdout] test geo::value::tests::test_parse_str::case_02 ... ok
[INFO] [stdout] test geo::value::tests::test_parse_str::case_03 ... ok
[INFO] [stdout] test geo::value::tests::display_renders_plain_value::case_3 ... ok
[INFO] [stdout] test geo::value::tests::test_parse_str::case_04 ... ok
[INFO] [stdout] test geo::value::tests::test_parse_str::case_05 ... ok
[INFO] [stdout] test geo::value::tests::test_geo_value_partial_cmp::case_11 ... ok
[INFO] [stdout] test geo::value::tests::test_parse_str::case_06 ... ok
[INFO] [stdout] test geo::value::tests::test_geo_value_partial_cmp::case_01 ... ok
[INFO] [stdout] test geo::value::tests::test_debug::case_2 ... ok
[INFO] [stdout] test geo::value::tests::test_parse_str::case_07 ... ok
[INFO] [stdout] test geo::value::tests::test_parse_str::case_08 ... ok
[INFO] [stdout] test geo::value::tests::test_parse_str::case_10 ... ok
[INFO] [stdout] test geo::value::tests::test_json::case_7 ... ok
[INFO] [stdout] test geo::value::tests::test_geo_value_partial_cmp::case_12 ... ok
[INFO] [stdout] test geo::value::tests::test_parse_str::case_11 ... ok
[INFO] [stdout] test geo::value::tests::test_json::case_2 ... ok
[INFO] [stdout] test geo::value::tests::test_parse_str::case_12 ... ok
[INFO] [stdout] test geo::value::tests::test_parse_str::case_01 ... ok
[INFO] [stdout] test geo::value::tests::test_parse_str::case_13 ... ok
[INFO] [stdout] test geo::value::tests::test_json::case_8 ... ok
[INFO] [stdout] test geo::value::tests::test_parse_str::case_14 ... ok
[INFO] [stdout] test geo::value::tests::test_parse_str::case_15 ... ok
[INFO] [stdout] test geo::value::tests::test_parse_str::case_16 ... ok
[INFO] [stdout] test geo::value::tests::test_parse_str::case_17 ... ok
[INFO] [stdout] test geo::value::tests::test_parse_str::case_18 ... ok
[INFO] [stdout] test geo::value::tests::test_parse_str::case_19 ... ok
[INFO] [stdout] test geo::value::tests::test_parse_str::case_20 ... ok
[INFO] [stdout] test geo::value::tests::test_parse_str::case_21 ... ok
[INFO] [stdout] test geo::value::tests::test_parse_str::case_22 ... ok
[INFO] [stdout] test geo::value::tests::test_parse_str::case_23 ... ok
[INFO] [stdout] test geo::value::tests::test_parse_str::case_24 ... ok
[INFO] [stdout] test geo::value::tests::test_parse_str::case_25 ... ok
[INFO] [stdout] test geo::value::tests::test_parse_str::case_26 ... ok
[INFO] [stdout] test geo::value::tests::test_parse_str::case_27 ... ok
[INFO] [stdout] test geo::value::tests::test_parse_str::case_30 ... ok
[INFO] [stdout] test geo::value::tests::test_parse_str::case_31 ... ok
[INFO] [stdout] test geo::value::tests::test_parse_str::case_33 ... ok
[INFO] [stdout] test geo::value::tests::test_parse_str::case_38 ... ok
[INFO] [stdout] test geo::value::tests::test_parse_str::case_41 ... ok
[INFO] [stdout] test geo::value::tests::test_parse_str::case_34 ... ok
[INFO] [stdout] test geo::value::tests::test_parse_str::case_28 ... ok
[INFO] [stdout] test geo::value::tests::test_parse_str::case_35 ... ok
[INFO] [stdout] test geo::value::tests::test_parse_str::case_45 ... ok
[INFO] [stdout] test geo::value::tests::test_parse_str::case_42 ... ok
[INFO] [stdout] test geo::value::tests::test_parse_str::case_43 ... ok
[INFO] [stdout] test geo::value::tests::test_parse_str::case_44 ... ok
[INFO] [stdout] test geojson::parse::coordinate_depth_tests::a_multipolygon_still_parses ... ok
[INFO] [stdout] test geo::value::tests::test_parse_str::case_46 ... ok
[INFO] [stdout] test geo::value::tests::test_parse_str::case_47 ... ok
[INFO] [stdout] test geojson::parse::coordinate_depth_tests::a_point_still_parses ... ok
[INFO] [stdout] test geo::value::tests::test_parse_str::case_32 ... ok
[INFO] [stdout] test geo::value::tests::test_parse_str::case_37 ... ok
[INFO] [stdout] test geo::value::tests::test_parse_str::case_36 ... ok
[INFO] [stdout] test geo::value::tests::test_parse_str::case_29 ... ok
[INFO] [stdout] test geojson::parse::tests::a_non_wgs84_crs_member_is_refused ... ok
[INFO] [stdout] test geojson::parse::tests::an_uninterpretable_crs_member_is_tolerated ... ok
[INFO] [stdout] test geojson::parse::tests::test_parse_geojson_boolean_null_properties ... ok
[INFO] [stdout] test geojson::parse::tests::test_parse_geojson_empty_coordinates_array ... ok
[INFO] [stdout] test geo::value::tests::test_parse_str::case_39 ... ok
[INFO] [stdout] test geo::value::tests::test_parse_str::case_09 ... ok
[INFO] [stdout] test geo::value::tests::test_parse_str::case_40 ... ok
[INFO] [stdout] test geojson::parse::tests::test_parse_geojson_empty_features ... ok
[INFO] [stdout] test geojson::parse::tests::test_parse_geojson_invalid_coordinate_character ... ok
[INFO] [stdout] test geojson::parse::tests::test_parse_geojson_invalid_id_character ... ok
[INFO] [stdout] test geojson::parse::tests::test_parse_geojson_invalid_json ... ok
[INFO] [stdout] test geojson::parse::tests::test_parse_geojson_invalid_type ... ok
[INFO] [stdout] test geojson::parse::tests::test_parse_geojson_invalid_value_character ... ok
[INFO] [stdout] test geojson::parse::tests::test_parse_geojson_missing_feature_type ... ok
[INFO] [stdout] test geojson::parse::coordinate_depth_tests::deeply_nested_coordinates_are_refused_not_fatal ... ok
[INFO] [stdout] test geojson::parse::tests::test_parse_geojson_missing_geometry ... ok
[INFO] [stdout] test geojson::parse::tests::test_parse_geojson_missing_geometry_type ... ok
[INFO] [stdout] test geojson::parse::tests::test_parse_geojson_false_boolean ... ok
[INFO] [stdout] test geojson::parse::tests::test_parse_geojson_multilinestring ... ok
[INFO] [stdout] test geojson::parse::tests::test_parse_geojson_multipoint ... ok
[INFO] [stdout] test geojson::parse::tests::test_parse_geojson_line_string ... ok
[INFO] [stdout] test geojson::parse::tests::test_parse_geojson_missing_coordinates ... ok
[INFO] [stdout] test geojson::parse::tests::test_parse_geojson_unknown_members_ignored ... ok
[INFO] [stdout] test geojson::parse::tests::test_parse_geojson_float_property ... ok
[INFO] [stdout] test geojson::parse::tests::test_parse_geojson_valid_feature_collection ... ok
[INFO] [stdout] test geojson::parse::tests::test_parse_geojson_negative_float_coordinates ... ok
[INFO] [stdout] test geojson::parse::tests::test_parse_geojson_with_id ... ok
[INFO] [stdout] test geojson::parse::tests::the_wgs84_crs_spellings_are_accepted ... ok
[INFO] [stdout] test geojson::parse::tests::test_parse_geojson_null_altitude_tolerated ... ok
[INFO] [stdout] test geojson::parse::tests::test_parse_geojson_negative_number_property ... ok
[INFO] [stdout] test geojson::read::tests::read_geojson_seq_iter_reports_invalid_utf8 ... ok
[INFO] [stdout] test geojson::read::tests::read_geojson_seq_iter_with_multiline_records ... ok
[INFO] [stdout] test geojson::read::tests::read_line_delimited_dispatch_picks_format_from_leading_byte ... ok
[INFO] [stdout] test geojson::read::tests::read_line_delimited_dispatch_skips_leading_whitespace ... ok
[INFO] [stdout] test geojson::parse::tests::test_parse_geojson_number_variants ... ok
[INFO] [stdout] test geojson::parse::tests::test_parse_geojson_multipolygon ... ok
[INFO] [stdout] test geojson::read::tests::test_read_geojson_basic ... ok
[INFO] [stdout] test tile_outline::tests::add_tile_bbox_and_coord_do_not_duplicate ... ok
[INFO] [stdout] test geojson::read::tests::read_ndgeojson_iter_reports_line_number_on_parse_error ... ok
[INFO] [stdout] test geojson::parse::tests::test_parse_geojson_null_lon_or_lat_errors ... ok
[INFO] [stdout] test geojson::parse::tests::test_parse_geojson_numeric_id ... ok
[INFO] [stdout] test geojson::parse::tests::test_parse_geojson_single_point_dimension ... ok
[INFO] [stdout] test geojson::parse::tests::test_parse_geojson_three_dimensional_point_drops_altitude ... ok
[INFO] [stdout] test vector_tile::feature::tests::encoder_drops_degenerate_interior_but_keeps_exterior ... ok
[INFO] [stdout] test geojson::read::tests::read_geojson_seq_iter_skips_blank_records ... ok
[INFO] [stdout] test tile_outline::tests::json_is_geojson_feature_with_multipolygon ... ok
[INFO] [stdout] test tile_outline::tests::adjacent_coords_merge_into_single_polygon ... ok
[INFO] [stdout] test geojson::parse::tests::test_parse_geojson_unknown_geometry_type_feature ... ok
[INFO] [stdout] test geojson::read::tests::test_read_ndgeojson_iter_with_empty_lines ... ok
[INFO] [stdout] test geojson::parse::tests::test_parse_geojson_polygon ... ok
[INFO] [stdout] test tile_outline::tests::empty_outline_is_empty_multipolygon ... ok
[INFO] [stdout] test vector_tile::feature::tests::lenient_decode_empty_when_all_rings_degenerate ... ok
[INFO] [stdout] test vector_tile::feature::tests::from_geometry_downgrades_empty_to_unknown ... ok
[INFO] [stdout] test vector_tile::feature::tests::from_geometry_normalises_inverted_winding ... ok
[INFO] [stdout] test vector_tile::feature::tests::line_string_geometry_round_trip ... ok
[INFO] [stdout] test geojson::read::tests::test_read_ndgeojson_stream ... ok
[INFO] [stdout] test vector_tile::feature::tests::multi_point_geometry_round_trip ... ok
[INFO] [stdout] test vector_tile::feature::tests::normalize_polygon_winding_reverses_inverted_outer ... ok
[INFO] [stdout] test vector_tile::feature::tests::orphan_inner_rings_decode_to_empty_multipolygon ... ok
[INFO] [stdout] test vector_tile::feature::tests::point_geometry_round_trip ... ok
[INFO] [stdout] test vector_tile::feature::tests::polygon_geometry_round_trip ... ok
[INFO] [stdout] test vector_tile::feature::tests::rejects_unsupported_variants ... ok
[INFO] [stdout] test vector_tile::feature::tests::ring_is_degenerate_collinear ... ok
[INFO] [stdout] test vector_tile::feature::tests::geometry_with_ordinary_deltas_decodes ... ok
[INFO] [stdout] test vector_tile::feature::tests::ring_is_degenerate_too_few_vertices ... ok
[INFO] [stdout] test vector_tile::feature::tests::normalize_polygon_winding_noop_for_correct_input ... ok
[INFO] [stdout] test vector_tile::feature::tests::ring_is_degenerate_normal_triangle_is_fine ... ok
[INFO] [stdout] test vector_tile::feature::tests::from_geometry_downgrades_all_degenerate_polygon_to_unknown ... ok
[INFO] [stdout] test vector_tile::feature::tests::encoder_drops_degenerate_polygons_from_multipolygon ... ok
[INFO] [stdout] test vector_tile::feature::tests::ring_signed_double_area_collinear_is_zero ... ok
[INFO] [stdout] test vector_tile::feature::tests::lenient_decode_preserves_standard_winding ... ok
[INFO] [stdout] test vector_tile::feature::tests::lenient_decode_recovers_inverted_winding_polygon_with_hole ... ok
[INFO] [stdout] test vector_tile::feature::tests::normalize_multipolygon_winding_decides_per_polygon ... ok
[INFO] [stdout] test vector_tile::feature::tests::ring_signed_double_area_degenerate_returns_zero ... ok
[INFO] [stdout] test vector_tile::feature::tests::ring_is_degenerate_subpixel_collapses_to_grid_point ... ok
[INFO] [stdout] test vector_tile::feature::tests::to_blob_always_emits_geometry_field ... ok
[INFO] [stdout] test vector_tile::feature::tests::encoder_drops_polygon_with_degenerate_exterior ... ok
[INFO] [stdout] test vector_tile::feature::tests::geometry_deltas_that_overflow_are_rejected ... ok
[INFO] [stdout] test vector_tile::geometry_type::tests::test_as_u64 ... ok
[INFO] [stdout] test vector_tile::feature::tests::multi_line_string_geometry_round_trip ... ok
[INFO] [stdout] test vector_tile::geometry_type::tests::test_from_geometry ... ok
[INFO] [stdout] test vector_tile::feature::tests::multi_polygon_geometry_round_trip ... ok
[INFO] [stdout] test vector_tile::feature::tests::ring_signed_double_area_ccw_is_positive ... ok
[INFO] [stdout] test vector_tile::layer::tests::test_filter_map_properties_empty_layer ... ok
[INFO] [stdout] test vector_tile::geometry_type::tests::test_from_u64 ... ok
[INFO] [stdout] test vector_tile::feature::tests::zero_area_rings_decode_to_empty_multipolygon ... ok
[INFO] [stdout] test vector_tile::layer::tests::test_filter_map_properties_rebuilds_property_manager ... ok
[INFO] [stdout] test vector_tile::layer::tests::test_filter_map_properties_remove_all ... ok
[INFO] [stdout] test vector_tile::layer::tests::test_decode_tag_ids ... ok
[INFO] [stdout] test vector_tile::feature::tests::normalize_polygon_winding_leaves_degenerate_alone ... ok
[INFO] [stdout] test vector_tile::feature::tests::normalize_polygon_winding_reverses_inverted_inner ... ok
[INFO] [stdout] test vector_tile::feature::tests::ring_signed_double_area_cw_is_negative ... ok
[INFO] [stdout] test vector_tile::layer::tests::test_from_features ... ok
[INFO] [stdout] test vector_tile::layer::tests::test_filter_map_properties_keep_all ... ok
[INFO] [stdout] test vector_tile::layer::tests::test_filter_map_properties_reports_odd_tag_id_count ... ok
[INFO] [stdout] test vector_tile::layer::tests::test_filter_map_properties_reports_undecodable_tag_ids ... ok
[INFO] [stdout] test vector_tile::layer::tests::test_map_properties_remove_property ... ok
[INFO] [stdout] test vector_tile::layer::tests::test_retain_features_keep_all ... ok
[INFO] [stdout] test vector_tile::layer::tests::test_to_features ... ok
[INFO] [stdout] test vector_tile::property_manager::tests::encode_decode_round_trip ... ok
[INFO] [stdout] test vector_tile::property_manager::tests::vtlp_add_dedupes_and_assigns_stable_indices ... ok
[INFO] [stdout] test vector_tile::layer::tests::test_map_properties_multiple_features ... ok
[INFO] [stdout] test vector_tile::property_manager::tests::decode_rejects_unknown_tag_index ... ok
[INFO] [stdout] test vector_tile::property_manager::tests::encode_dedupes_repeated_keys_across_features ... ok
[INFO] [stdout] test vector_tile::layer::tests::test_filter_map_properties_filter_and_transform ... ok
[INFO] [stdout] test vector_tile::layer::tests::test_map_properties_modify_property ... ok
[INFO] [stdout] test vector_tile::layer::tests::test_filter_map_properties_filter_by_property ... ok
[INFO] [stdout] test vector_tile::repair::tests::repairs_missing_version ... ok
[INFO] [stdout] test vector_tile::repair::tests::drops_duplicate_layer_names ... ok
[INFO] [stdout] test vector_tile::repair::tests::repairs_missing_extent ... ok
[INFO] [stdout] test vector_tile::layer::tests::test_map_properties_rebuilds_property_manager ... ok
[INFO] [stdout] test vector_tile::layer::tests::test_map_properties_add_property ... ok
[INFO] [stdout] test vector_tile::layer::tests::test_read_vector_tile_layer ... ok
[INFO] [stdout] test vector_tile::layer::tests::test_retain_features_filter_by_geometry_type ... ok
[INFO] [stdout] test vector_tile::layer::tests::test_retain_features_filter_by_id ... ok
[INFO] [stdout] test vector_tile::layer::tests::test_retain_features_remove_all ... ok
[INFO] [stdout] test vector_tile::layer::tests::test_to_blob ... ok
[INFO] [stdout] test vector_tile::tile::tests::a_huge_field_length_is_an_error_not_an_abort ... ok
[INFO] [stdout] test vector_tile::tile::tests::find_layer_mut_allows_modification ... FAILED
[INFO] [stdout] test vector_tile::repair::tests::drop_offenders_true_removes_malformed_feature ... ok
[INFO] [stdout] test vector_tile::stats::tests::add_sums_all_byte_categories ... ok
[INFO] [stdout] test vector_tile::repair::tests::drop_offenders_false_keeps_layer_geometry_on_decode_failure ... ok
[INFO] [stdout] test vector_tile::repair::tests::structural_fixes_applied_even_when_geometry_rebuild_skipped ... ok
[INFO] [stdout] test vector_tile::tile::tests::from_blob_rejects_unknown_top_level_field ... ok
[INFO] [stdout] test vector_tile::property_manager::tests::vtlp_get_out_of_bounds_errors ... ok
[INFO] [stdout] test vector_tile::tile::tests::from_to_blob ... FAILED
[INFO] [stdout] test vector_tile::validator::tests::both_missing_extent_and_version_reported ... ok
[INFO] [stdout] test vector_tile::validator::tests::detects_duplicate_layer_name ... ok
[INFO] [stdout] test vector_tile::validator::tests::detects_inverted_winding_landcover_pattern ... ok
[INFO] [stdout] test vector_tile::validator::tests::detects_malformed_command_stream ... ok
[INFO] [stdout] test vector_tile::validator::tests::detects_missing_extent ... ok
[INFO] [stdout] test vector_tile::validator::tests::clean_tile_has_no_issues ... ok
[INFO] [stdout] test vector_tile::validator::tests::detects_collinear_degenerate_ring ... ok
[INFO] [stdout] test vector_tile::repair::tests::clean_tile_is_returned_unchanged ... ok
[INFO] [stdout] test vector_tile::property_manager::tests::decode_rejects_odd_length_tag_ids ... ok
[INFO] [stdout] test vector_tile::repair::tests::repairs_orphan_inner_ring ... ok
[INFO] [stdout] test vector_tile::validator::tests::detects_typed_feature_with_empty_geom_data ... ok
[INFO] [stdout] test vector_tile::validator::tests::detects_orphan_inner_ring ... ok
[INFO] [stdout] test vector_tile::value::tests::test_read_double ... ok
[INFO] [stdout] test vector_tile::validator::tests::detects_sub_pixel_degenerate_ring ... ok
[INFO] [stdout] test vector_tile::tile::tests::empty_blob_decodes_to_empty_tile ... ok
[INFO] [stdout] test vector_tile::stats::tests::layer_stats_splits_geometry_ids_and_properties ... ok
[INFO] [stdout] test vector_tile::value::tests::test_read_float ... ok
[INFO] [stdout] test vector_tile::value::tests::test_read_int ... ok
[INFO] [stdout] test vector_tile::value::tests::test_read_string ... ok
[INFO] [stdout] test vector_tile::value::tests::test_to_blob_string ... ok
[INFO] [stdout] test vector_tile::validator::tests::detects_unknown_geometry_with_attached_data ... ok
[INFO] [stdout] test vector_tile::value::tests::test_read_uint ... ok
[INFO] [stdout] test vector_tile::validator::tests::layer_level_issues_have_none_feature_index ... ok
[INFO] [stdout] test vector_tile::validator::tests::reports_layer_and_feature_index_correctly ... ok
[INFO] [stdout] test vector_tile::validator::tests::unknown_with_empty_data_is_not_flagged ... ok
[INFO] [stdout] test vector_tile::value::tests::test_read_bool ... ok
[INFO] [stdout] test vector_tile::validator::tests::detects_missing_version ... ok
[INFO] [stdout] test vector_tile::value::tests::test_to_blob_bool ... ok
[INFO] [stdout] test vector_tile::value::tests::test_to_blob_int ... ok
[INFO] [stdout] test vector_tile::value::tests::test_to_blob_double ... ok
[INFO] [stdout] test vector_tile::value::tests::test_to_blob_uint ... ok
[INFO] [stdout] test vector_tile::value::tests::test_to_blob_float ... ok
[INFO] [stdout] test vector_tile::property_manager::tests::vtlp_find_missing_errors ... ok
[INFO] [stdout] test vector_tile::tile::tests::empty_tile_round_trips_via_blob ... ok
[INFO] [stdout] test vector_tile::stats::tests::varint_len_matches_leb128_boundaries ... ok
[INFO] [stdout] test vector_tile::tile::tests::find_layer_returns_first_match ... FAILED
[INFO] [stdout] 
[INFO] [stdout] failures:
[INFO] [stdout] 
[INFO] [stdout] ---- feature_import::tests::from_features_via_geojson_source stdout ----
[INFO] [stdout] Error: opening GeoJSON file ../testdata/places.geojson
[INFO] [stdout] 
[INFO] [stdout] Caused by:
[INFO] [stdout]     No such file or directory (os error 2)
[INFO] [stdout] 
[INFO] [stdout] Stack backtrace:
[INFO] [stdout]    0: <core::io::error::Error as anyhow::context::ext::StdError>::ext_context::<alloc::string::String>
[INFO] [stdout]    1: <versatiles_geometry::feature_source::geojson::GeoJsonSource as versatiles_geometry::feature_source::FeatureSource>::load
[INFO] [stdout]    2: versatiles_geometry::feature_import::tests::from_features_via_geojson_source::{closure#0}
[INFO] [stdout]    3: <tokio::runtime::scheduler::current_thread::Context>::enter::<core::task::poll::Poll<core::result::Result<(), anyhow::Error>>, <tokio::runtime::scheduler::current_thread::CoreGuard>::block_on<core::pin::Pin<&mut core::pin::Pin<&mut dyn core::future::future::Future<Output = core::result::Result<(), anyhow::Error>>>>>::{closure#0}::{closure#0}>
[INFO] [stdout]    4: <tokio::runtime::context::scoped::Scoped<tokio::runtime::scheduler::Context>>::set::<<tokio::runtime::scheduler::current_thread::CoreGuard>::enter<<tokio::runtime::scheduler::current_thread::CoreGuard>::block_on<core::pin::Pin<&mut core::pin::Pin<&mut dyn core::future::future::Future<Output = core::result::Result<(), anyhow::Error>>>>>::{closure#0}, core::option::Option<core::result::Result<(), anyhow::Error>>>::{closure#0}, (alloc::boxed::Box<tokio::runtime::scheduler::current_thread::Core>, core::option::Option<core::result::Result<(), anyhow::Error>>)>
[INFO] [stdout]    5: <tokio::runtime::runtime::Runtime>::block_on::<core::pin::Pin<&mut dyn core::future::future::Future<Output = core::result::Result<(), anyhow::Error>>>>
[INFO] [stdout]    6: versatiles_geometry::feature_import::tests::from_features_via_geojson_source
[INFO] [stdout]    7: <versatiles_geometry::feature_import::tests::from_features_via_geojson_source::{closure#0} as core::ops::function::FnOnce<()>>::call_once
[INFO] [stdout]    8: test::__rust_begin_short_backtrace::<core::result::Result<(), alloc::string::String>, fn() -> core::result::Result<(), alloc::string::String>>
[INFO] [stdout]    9: test::run_test::{closure#0}
[INFO] [stdout]   10: std::sys::backtrace::__rust_begin_short_backtrace::<test::run_test::{closure#1}, ()>
[INFO] [stdout]   11: <std::thread::lifecycle::spawn_unchecked<test::run_test::{closure#1}, ()>::{closure#1} as core::ops::function::FnOnce<()>>::call_once::{shim:vtable#0}
[INFO] [stdout]   12: <std::sys::thread::unix::Thread>::new::thread_start
[INFO] [stdout]   13: <unknown>
[INFO] [stdout]   14: clone
[INFO] [stdout] 
[INFO] [stdout] ---- feature_source::csv::tests::missing_id_column_errors stdout ----
[INFO] [stdout] 
[INFO] [stdout] thread 'feature_source::csv::tests::missing_id_column_errors' (4163) panicked at src/feature_source/csv.rs:339:9:
[INFO] [stdout] opening CSV file ../testdata/quakes.csv: No such file or directory (os error 2)
[INFO] [stdout] stack backtrace:
[INFO] [stdout]    0:     0x56a9edbb89f1 - <<std[70759c8f55707aa4]::sys::backtrace::BacktraceLock>::print::DisplayBacktrace as core[df12db4294e9bfd3]::fmt::Display>::fmt
[INFO] [stdout]    1:     0x56a9edbd07fa - core[df12db4294e9bfd3]::fmt::write
[INFO] [stdout]    2:     0x56a9edbbd71c - <alloc[2182bb758b4b3781]::vec::Vec<u8> as core[df12db4294e9bfd3]::io::write::Write>::write_fmt
[INFO] [stdout]    3:     0x56a9edb92266 - std[70759c8f55707aa4]::panicking::default_hook::{closure#0}
[INFO] [stdout]    4:     0x56a9edbafe79 - std[70759c8f55707aa4]::panicking::default_hook
[INFO] [stdout]    5:     0x56a9eda93d50 - test[9d35eded1c95d3be]::test_main_inner::<test[9d35eded1c95d3be]::test_main_static::{closure#0}>::{closure#0}
[INFO] [stdout]    6:     0x56a9edbb0032 - std[70759c8f55707aa4]::panicking::panic_with_hook
[INFO] [stdout]    7:     0x56a9edb92312 - std[70759c8f55707aa4]::panicking::panic_handler::{closure#0}
[INFO] [stdout]    8:     0x56a9edb8a859 - std[70759c8f55707aa4]::sys::backtrace::__rust_end_short_backtrace::<std[70759c8f55707aa4]::panicking::panic_handler::{closure#0}, !>
[INFO] [stdout]    9:     0x56a9edb9301d - __rustc[8fa7c3cbc660c2b3]::rust_begin_unwind
[INFO] [stdout]   10:     0x56a9edbd0fdc - core[df12db4294e9bfd3]::panicking::panic_fmt
[INFO] [stdout]   11:     0x56a9ed9a005e - versatiles_geometry[8ad3b8a71818bfe8]::feature_source::csv::tests::missing_id_column_errors::{closure#0}
[INFO] [stdout]   12:     0x56a9ed9e1d28 - <tokio[28db45c8d6144f06]::runtime::scheduler::current_thread::Context>::enter::<core[df12db4294e9bfd3]::task::poll::Poll<core[df12db4294e9bfd3]::result::Result<(), anyhow[9bddb66543366af9]::Error>>, <tokio[28db45c8d6144f06]::runtime::scheduler::current_thread::CoreGuard>::block_on<core[df12db4294e9bfd3]::pin::Pin<&mut core[df12db4294e9bfd3]::pin::Pin<&mut dyn core[df12db4294e9bfd3]::future::future::Future<Output = core[df12db4294e9bfd3]::result::Result<(), anyhow[9bddb66543366af9]::Error>>>>>::{closure#0}::{closure#0}>
[INFO] [stdout]   13:     0x56a9ed9824a7 - <tokio[28db45c8d6144f06]::runtime::context::scoped::Scoped<tokio[28db45c8d6144f06]::runtime::scheduler::Context>>::set::<<tokio[28db45c8d6144f06]::runtime::scheduler::current_thread::CoreGuard>::enter<<tokio[28db45c8d6144f06]::runtime::scheduler::current_thread::CoreGuard>::block_on<core[df12db4294e9bfd3]::pin::Pin<&mut core[df12db4294e9bfd3]::pin::Pin<&mut dyn core[df12db4294e9bfd3]::future::future::Future<Output = core[df12db4294e9bfd3]::result::Result<(), anyhow[9bddb66543366af9]::Error>>>>>::{closure#0}, core[df12db4294e9bfd3]::option::Option<core[df12db4294e9bfd3]::result::Result<(), anyhow[9bddb66543366af9]::Error>>>::{closure#0}, (alloc[2182bb758b4b3781]::boxed::Box<tokio[28db45c8d6144f06]::runtime::scheduler::current_thread::Core>, core[df12db4294e9bfd3]::option::Option<core[df12db4294e9bfd3]::result::Result<(), anyhow[9bddb66543366af9]::Error>>)>
[INFO] [stdout]   14:     0x56a9ed9e0cdf - <tokio[28db45c8d6144f06]::runtime::runtime::Runtime>::block_on::<core[df12db4294e9bfd3]::pin::Pin<&mut dyn core[df12db4294e9bfd3]::future::future::Future<Output = core[df12db4294e9bfd3]::result::Result<(), anyhow[9bddb66543366af9]::Error>>>>
[INFO] [stdout]   15:     0x56a9ed9a6925 - versatiles_geometry[8ad3b8a71818bfe8]::feature_source::csv::tests::missing_id_column_errors
[INFO] [stdout]   16:     0x56a9ed99402f - <versatiles_geometry[8ad3b8a71818bfe8]::feature_source::csv::tests::missing_id_column_errors::{closure#0} as core[df12db4294e9bfd3]::ops::function::FnOnce<()>>::call_once
[INFO] [stdout]   17:     0x56a9eda8703b - test[9d35eded1c95d3be]::__rust_begin_short_backtrace::<core[df12db4294e9bfd3]::result::Result<(), alloc[2182bb758b4b3781]::string::String>, fn() -> core[df12db4294e9bfd3]::result::Result<(), alloc[2182bb758b4b3781]::string::String>>
[INFO] [stdout]   18:     0x56a9eda946a5 - test[9d35eded1c95d3be]::run_test::{closure#0}
[INFO] [stdout]   19:     0x56a9eda8df64 - std[70759c8f55707aa4]::sys::backtrace::__rust_begin_short_backtrace::<test[9d35eded1c95d3be]::run_test::{closure#1}, ()>
[INFO] [stdout]   20:     0x56a9eda97802 - <std[70759c8f55707aa4]::thread::lifecycle::spawn_unchecked<test[9d35eded1c95d3be]::run_test::{closure#1}, ()>::{closure#1} as core[df12db4294e9bfd3]::ops::function::FnOnce<()>>::call_once::{shim:vtable#0}
[INFO] [stdout]   21:     0x56a9edbb79d9 - <std[70759c8f55707aa4]::sys::thread::unix::Thread>::new::thread_start
[INFO] [stdout]   22:     0x7f760192cdfa - <unknown>
[INFO] [stdout]   23:     0x7f76019c03d4 - clone
[INFO] [stdout]   24:                0x0 - <unknown>
[INFO] [stdout] 
[INFO] [stdout] ---- feature_source::csv::tests::missing_lon_column_errors stdout ----
[INFO] [stdout] 
[INFO] [stdout] thread 'feature_source::csv::tests::missing_lon_column_errors' (4164) panicked at src/feature_source/csv.rs:327:9:
[INFO] [stdout] opening CSV file ../testdata/quakes.csv: No such file or directory (os error 2)
[INFO] [stdout] stack backtrace:
[INFO] [stdout]    0:     0x56a9edbb89f1 - <<std[70759c8f55707aa4]::sys::backtrace::BacktraceLock>::print::DisplayBacktrace as core[df12db4294e9bfd3]::fmt::Display>::fmt
[INFO] [stdout]    1:     0x56a9edbd07fa - core[df12db4294e9bfd3]::fmt::write
[INFO] [stdout]    2:     0x56a9edbbd71c - <alloc[2182bb758b4b3781]::vec::Vec<u8> as core[df12db4294e9bfd3]::io::write::Write>::write_fmt
[INFO] [stdout]    3:     0x56a9edb92266 - std[70759c8f55707aa4]::panicking::default_hook::{closure#0}
[INFO] [stdout]    4:     0x56a9edbafe79 - std[70759c8f55707aa4]::panicking::default_hook
[INFO] [stdout]    5:     0x56a9eda93d50 - test[9d35eded1c95d3be]::test_main_inner::<test[9d35eded1c95d3be]::test_main_static::{closure#0}>::{closure#0}
[INFO] [stdout]    6:     0x56a9edbb0032 - std[70759c8f55707aa4]::panicking::panic_with_hook
[INFO] [stdout]    7:     0x56a9edb92312 - std[70759c8f55707aa4]::panicking::panic_handler::{closure#0}
[INFO] [stdout]    8:     0x56a9edb8a859 - std[70759c8f55707aa4]::sys::backtrace::__rust_end_short_backtrace::<std[70759c8f55707aa4]::panicking::panic_handler::{closure#0}, !>
[INFO] [stdout]    9:     0x56a9edb9301d - __rustc[8fa7c3cbc660c2b3]::rust_begin_unwind
[INFO] [stdout]   10:     0x56a9edbd0fdc - core[df12db4294e9bfd3]::panicking::panic_fmt
[INFO] [stdout]   11:     0x56a9ed9a0327 - versatiles_geometry[8ad3b8a71818bfe8]::feature_source::csv::tests::missing_lon_column_errors::{closure#0}
[INFO] [stdout]   12:     0x56a9ed9e1d28 - <tokio[28db45c8d6144f06]::runtime::scheduler::current_thread::Context>::enter::<core[df12db4294e9bfd3]::task::poll::Poll<core[df12db4294e9bfd3]::result::Result<(), anyhow[9bddb66543366af9]::Error>>, <tokio[28db45c8d6144f06]::runtime::scheduler::current_thread::CoreGuard>::block_on<core[df12db4294e9bfd3]::pin::Pin<&mut core[df12db4294e9bfd3]::pin::Pin<&mut dyn core[df12db4294e9bfd3]::future::future::Future<Output = core[df12db4294e9bfd3]::result::Result<(), anyhow[9bddb66543366af9]::Error>>>>>::{closure#0}::{closure#0}>
[INFO] [stdout]   13:     0x56a9ed9824a7 - <tokio[28db45c8d6144f06]::runtime::context::scoped::Scoped<tokio[28db45c8d6144f06]::runtime::scheduler::Context>>::set::<<tokio[28db45c8d6144f06]::runtime::scheduler::current_thread::CoreGuard>::enter<<tokio[28db45c8d6144f06]::runtime::scheduler::current_thread::CoreGuard>::block_on<core[df12db4294e9bfd3]::pin::Pin<&mut core[df12db4294e9bfd3]::pin::Pin<&mut dyn core[df12db4294e9bfd3]::future::future::Future<Output = core[df12db4294e9bfd3]::result::Result<(), anyhow[9bddb66543366af9]::Error>>>>>::{closure#0}, core[df12db4294e9bfd3]::option::Option<core[df12db4294e9bfd3]::result::Result<(), anyhow[9bddb66543366af9]::Error>>>::{closure#0}, (alloc[2182bb758b4b3781]::boxed::Box<tokio[28db45c8d6144f06]::runtime::scheduler::current_thread::Core>, core[df12db4294e9bfd3]::option::Option<core[df12db4294e9bfd3]::result::Result<(), anyhow[9bddb66543366af9]::Error>>)>
[INFO] [stdout]   14:     0x56a9ed9e0cdf - <tokio[28db45c8d6144f06]::runtime::runtime::Runtime>::block_on::<core[df12db4294e9bfd3]::pin::Pin<&mut dyn core[df12db4294e9bfd3]::future::future::Future<Output = core[df12db4294e9bfd3]::result::Result<(), anyhow[9bddb66543366af9]::Error>>>>
[INFO] [stdout]   15:     0x56a9ed9a6ba5 - versatiles_geometry[8ad3b8a71818bfe8]::feature_source::csv::tests::missing_lon_column_errors
[INFO] [stdout]   16:     0x56a9ed9940ff - <versatiles_geometry[8ad3b8a71818bfe8]::feature_source::csv::tests::missing_lon_column_errors::{closure#0} as core[df12db4294e9bfd3]::ops::function::FnOnce<()>>::call_once
[INFO] [stdout]   17:     0x56a9eda8703b - test[9d35eded1c95d3be]::__rust_begin_short_backtrace::<core[df12db4294e9bfd3]::result::Result<(), alloc[2182bb758b4b3781]::string::String>, fn() -> core[df12db4294e9bfd3]::result::Result<(), alloc[2182bb758b4b3781]::string::String>>
[INFO] [stdout]   18:     0x56a9eda946a5 - test[9d35eded1c95d3be]::run_test::{closure#0}
[INFO] [stdout]   19:     0x56a9eda8df64 - std[70759c8f55707aa4]::sys::backtrace::__rust_begin_short_backtrace::<test[9d35eded1c95d3be]::run_test::{closure#1}, ()>
[INFO] [stdout]   20:     0x56a9eda97802 - <std[70759c8f55707aa4]::thread::lifecycle::spawn_unchecked<test[9d35eded1c95d3be]::run_test::{closure#1}, ()>::{closure#1} as core[df12db4294e9bfd3]::ops::function::FnOnce<()>>::call_once::{shim:vtable#0}
[INFO] [stdout]   21:     0x56a9edbb79d9 - <std[70759c8f55707aa4]::sys::thread::unix::Thread>::new::thread_start
[INFO] [stdout]   22:     0x7f760192cdfa - <unknown>
[INFO] [stdout]   23:     0x7f76019c03d4 - clone
[INFO] [stdout]   24:                0x0 - <unknown>
[INFO] [stdout] 
[INFO] [stdout] ---- feature_source::shapefile::tests::loads_fixture_features stdout ----
[INFO] [stdout] Error: opening shapefile ../testdata/admin.shp
[INFO] [stdout] 
[INFO] [stdout] Caused by:
[INFO] [stdout]     No such file or directory (os error 2)
[INFO] [stdout] 
[INFO] [stdout] Stack backtrace:
[INFO] [stdout]    0: <core::io::error::Error as anyhow::context::ext::StdError>::ext_context::<alloc::string::String>
[INFO] [stdout]    1: <versatiles_geometry::feature_source::shapefile::ShapefileSource as versatiles_geometry::feature_source::FeatureSource>::load
[INFO] [stdout]    2: versatiles_geometry::feature_source::shapefile::tests::loads_fixture_features::{closure#0}
[INFO] [stdout]    3: <tokio::runtime::scheduler::current_thread::Context>::enter::<core::task::poll::Poll<core::result::Result<(), anyhow::Error>>, <tokio::runtime::scheduler::current_thread::CoreGuard>::block_on<core::pin::Pin<&mut core::pin::Pin<&mut dyn core::future::future::Future<Output = core::result::Result<(), anyhow::Error>>>>>::{closure#0}::{closure#0}>
[INFO] [stdout]    4: <tokio::runtime::context::scoped::Scoped<tokio::runtime::scheduler::Context>>::set::<<tokio::runtime::scheduler::current_thread::CoreGuard>::enter<<tokio::runtime::scheduler::current_thread::CoreGuard>::block_on<core::pin::Pin<&mut core::pin::Pin<&mut dyn core::future::future::Future<Output = core::result::Result<(), anyhow::Error>>>>>::{closure#0}, core::option::Option<core::result::Result<(), anyhow::Error>>>::{closure#0}, (alloc::boxed::Box<tokio::runtime::scheduler::current_thread::Core>, core::option::Option<core::result::Result<(), anyhow::Error>>)>
[INFO] [stdout]    5: <tokio::runtime::runtime::Runtime>::block_on::<core::pin::Pin<&mut dyn core::future::future::Future<Output = core::result::Result<(), anyhow::Error>>>>
[INFO] [stdout]    6: versatiles_geometry::feature_source::shapefile::tests::loads_fixture_features
[INFO] [stdout]    7: <versatiles_geometry::feature_source::shapefile::tests::loads_fixture_features::{closure#0} as core::ops::function::FnOnce<()>>::call_once
[INFO] [stdout]    8: test::__rust_begin_short_backtrace::<core::result::Result<(), alloc::string::String>, fn() -> core::result::Result<(), alloc::string::String>>
[INFO] [stdout]    9: test::run_test::{closure#0}
[INFO] [stdout]   10: std::sys::backtrace::__rust_begin_short_backtrace::<test::run_test::{closure#1}, ()>
[INFO] [stdout]   11: <std::thread::lifecycle::spawn_unchecked<test::run_test::{closure#1}, ()>::{closure#1} as core::ops::function::FnOnce<()>>::call_once::{shim:vtable#0}
[INFO] [stdout]   12: <std::sys::thread::unix::Thread>::new::thread_start
[INFO] [stdout]   13: <unknown>
[INFO] [stdout]   14: clone
[INFO] [stdout] 
[INFO] [stdout] ---- feature_source::geojson::tests::loads_fixture_features stdout ----
[INFO] [stdout] Error: opening GeoJSON file ../testdata/places.geojson
[INFO] [stdout] 
[INFO] [stdout] Caused by:
[INFO] [stdout]     No such file or directory (os error 2)
[INFO] [stdout] 
[INFO] [stdout] Stack backtrace:
[INFO] [stdout]    0: <core::io::error::Error as anyhow::context::ext::StdError>::ext_context::<alloc::string::String>
[INFO] [stdout]    1: <versatiles_geometry::feature_source::geojson::GeoJsonSource as versatiles_geometry::feature_source::FeatureSource>::load
[INFO] [stdout]    2: versatiles_geometry::feature_source::geojson::tests::loads_fixture_features::{closure#0}
[INFO] [stdout]    3: <tokio::runtime::scheduler::current_thread::Context>::enter::<core::task::poll::Poll<core::result::Result<(), anyhow::Error>>, <tokio::runtime::scheduler::current_thread::CoreGuard>::block_on<core::pin::Pin<&mut core::pin::Pin<&mut dyn core::future::future::Future<Output = core::result::Result<(), anyhow::Error>>>>>::{closure#0}::{closure#0}>
[INFO] [stdout]    4: <tokio::runtime::context::scoped::Scoped<tokio::runtime::scheduler::Context>>::set::<<tokio::runtime::scheduler::current_thread::CoreGuard>::enter<<tokio::runtime::scheduler::current_thread::CoreGuard>::block_on<core::pin::Pin<&mut core::pin::Pin<&mut dyn core::future::future::Future<Output = core::result::Result<(), anyhow::Error>>>>>::{closure#0}, core::option::Option<core::result::Result<(), anyhow::Error>>>::{closure#0}, (alloc::boxed::Box<tokio::runtime::scheduler::current_thread::Core>, core::option::Option<core::result::Result<(), anyhow::Error>>)>
[INFO] [stdout]    5: <tokio::runtime::runtime::Runtime>::block_on::<core::pin::Pin<&mut dyn core::future::future::Future<Output = core::result::Result<(), anyhow::Error>>>>
[INFO] [stdout]    6: versatiles_geometry::feature_source::geojson::tests::loads_fixture_features
[INFO] [stdout]    7: <versatiles_geometry::feature_source::geojson::tests::loads_fixture_features::{closure#0} as core::ops::function::FnOnce<()>>::call_once
[INFO] [stdout]    8: test::__rust_begin_short_backtrace::<core::result::Result<(), alloc::string::String>, fn() -> core::result::Result<(), alloc::string::String>>
[INFO] [stdout]    9: test::run_test::{closure#0}
[INFO] [stdout]   10: std::sys::backtrace::__rust_begin_short_backtrace::<test::run_test::{closure#1}, ()>
[INFO] [stdout]   11: <std::thread::lifecycle::spawn_unchecked<test::run_test::{closure#1}, ()>::{closure#1} as core::ops::function::FnOnce<()>>::call_once::{shim:vtable#0}
[INFO] [stdout]   12: <std::sys::thread::unix::Thread>::new::thread_start
[INFO] [stdout]   13: <unknown>
[INFO] [stdout]   14: clone
[INFO] [stdout] 
[INFO] [stdout] ---- feature_source::geojson::tests::loads_line_delimited_fixture stdout ----
[INFO] [stdout] Error: opening GeoJSON file ../testdata/places.geojsonl
[INFO] [stdout] 
[INFO] [stdout] Caused by:
[INFO] [stdout]     No such file or directory (os error 2)
[INFO] [stdout] 
[INFO] [stdout] Stack backtrace:
[INFO] [stdout]    0: <core::io::error::Error as anyhow::context::ext::StdError>::ext_context::<alloc::string::String>
[INFO] [stdout]    1: <versatiles_geometry::feature_source::geojson::GeoJsonSource as versatiles_geometry::feature_source::FeatureSource>::load
[INFO] [stdout]    2: versatiles_geometry::feature_source::geojson::tests::loads_line_delimited_fixture::{closure#0}
[INFO] [stdout]    3: <tokio::runtime::scheduler::current_thread::Context>::enter::<core::task::poll::Poll<core::result::Result<(), anyhow::Error>>, <tokio::runtime::scheduler::current_thread::CoreGuard>::block_on<core::pin::Pin<&mut core::pin::Pin<&mut dyn core::future::future::Future<Output = core::result::Result<(), anyhow::Error>>>>>::{closure#0}::{closure#0}>
[INFO] [stdout]    4: <tokio::runtime::context::scoped::Scoped<tokio::runtime::scheduler::Context>>::set::<<tokio::runtime::scheduler::current_thread::CoreGuard>::enter<<tokio::runtime::scheduler::current_thread::CoreGuard>::block_on<core::pin::Pin<&mut core::pin::Pin<&mut dyn core::future::future::Future<Output = core::result::Result<(), anyhow::Error>>>>>::{closure#0}, core::option::Option<core::result::Result<(), anyhow::Error>>>::{closure#0}, (alloc::boxed::Box<tokio::runtime::scheduler::current_thread::Core>, core::option::Option<core::result::Result<(), anyhow::Error>>)>
[INFO] [stdout]    5: <tokio::runtime::runtime::Runtime>::block_on::<core::pin::Pin<&mut dyn core::future::future::Future<Output = core::result::Result<(), anyhow::Error>>>>
[INFO] [stdout]    6: versatiles_geometry::feature_source::geojson::tests::loads_line_delimited_fixture
[INFO] [stdout]    7: <versatiles_geometry::feature_source::geojson::tests::loads_line_delimited_fixture::{closure#0} as core::ops::function::FnOnce<()>>::call_once
[INFO] [stdout]    8: test::__rust_begin_short_backtrace::<core::result::Result<(), alloc::string::String>, fn() -> core::result::Result<(), alloc::string::String>>
[INFO] [stdout]    9: test::run_test::{closure#0}
[INFO] [stdout]   10: std::sys::backtrace::__rust_begin_short_backtrace::<test::run_test::{closure#1}, ()>
[INFO] [stdout]   11: <std::thread::lifecycle::spawn_unchecked<test::run_test::{closure#1}, ()>::{closure#1} as core::ops::function::FnOnce<()>>::call_once::{shim:vtable#0}
[INFO] [stdout]   12: <std::sys::thread::unix::Thread>::new::thread_start
[INFO] [stdout]   13: <unknown>
[INFO] [stdout]   14: clone
[INFO] [stdout] 
[INFO] [stdout] ---- feature_source::csv::tests::loads_fixture_features stdout ----
[INFO] [stdout] Error: opening CSV file ../testdata/quakes.csv
[INFO] [stdout] 
[INFO] [stdout] Caused by:
[INFO] [stdout]     No such file or directory (os error 2)
[INFO] [stdout] 
[INFO] [stdout] Stack backtrace:
[INFO] [stdout]    0: <core::io::error::Error as anyhow::context::ext::StdError>::ext_context::<alloc::string::String>
[INFO] [stdout]    1: <versatiles_geometry::feature_source::csv::CsvSource as versatiles_geometry::feature_source::FeatureSource>::load
[INFO] [stdout]    2: versatiles_geometry::feature_source::csv::tests::loads_fixture_features::{closure#0}
[INFO] [stdout]    3: <tokio::runtime::scheduler::current_thread::Context>::enter::<core::task::poll::Poll<core::result::Result<(), anyhow::Error>>, <tokio::runtime::scheduler::current_thread::CoreGuard>::block_on<core::pin::Pin<&mut core::pin::Pin<&mut dyn core::future::future::Future<Output = core::result::Result<(), anyhow::Error>>>>>::{closure#0}::{closure#0}>
[INFO] [stdout]    4: <tokio::runtime::context::scoped::Scoped<tokio::runtime::scheduler::Context>>::set::<<tokio::runtime::scheduler::current_thread::CoreGuard>::enter<<tokio::runtime::scheduler::current_thread::CoreGuard>::block_on<core::pin::Pin<&mut core::pin::Pin<&mut dyn core::future::future::Future<Output = core::result::Result<(), anyhow::Error>>>>>::{closure#0}, core::option::Option<core::result::Result<(), anyhow::Error>>>::{closure#0}, (alloc::boxed::Box<tokio::runtime::scheduler::current_thread::Core>, core::option::Option<core::result::Result<(), anyhow::Error>>)>
[INFO] [stdout]    5: <tokio::runtime::runtime::Runtime>::block_on::<core::pin::Pin<&mut dyn core::future::future::Future<Output = core::result::Result<(), anyhow::Error>>>>
[INFO] [stdout]    6: versatiles_geometry::feature_source::csv::tests::loads_fixture_features
[INFO] [stdout]    7: <versatiles_geometry::feature_source::csv::tests::loads_fixture_features::{closure#0} as core::ops::function::FnOnce<()>>::call_once
[INFO] [stdout]    8: test::__rust_begin_short_backtrace::<core::result::Result<(), alloc::string::String>, fn() -> core::result::Result<(), alloc::string::String>>
[INFO] [stdout]    9: test::run_test::{closure#0}
[INFO] [stdout]   10: std::sys::backtrace::__rust_begin_short_backtrace::<test::run_test::{closure#1}, ()>
[INFO] [stdout]   11: <std::thread::lifecycle::spawn_unchecked<test::run_test::{closure#1}, ()>::{closure#1} as core::ops::function::FnOnce<()>>::call_once::{shim:vtable#0}
[INFO] [stdout]   12: <std::sys::thread::unix::Thread>::new::thread_start
[INFO] [stdout]   13: <unknown>
[INFO] [stdout]   14: clone
[INFO] [stdout] 
[INFO] [stdout] ---- feature_source::shapefile::tests::progress_counts_the_bytes_of_both_sidecars stdout ----
[INFO] [stdout] Error: opening shapefile ../testdata/admin.shp
[INFO] [stdout] 
[INFO] [stdout] Caused by:
[INFO] [stdout]     No such file or directory (os error 2)
[INFO] [stdout] 
[INFO] [stdout] Stack backtrace:
[INFO] [stdout]    0: <core::io::error::Error as anyhow::context::ext::StdError>::ext_context::<alloc::string::String>
[INFO] [stdout]    1: <versatiles_geometry::feature_source::shapefile::ShapefileSource as versatiles_geometry::feature_source::FeatureSource>::load
[INFO] [stdout]    2: versatiles_geometry::feature_source::shapefile::tests::progress_counts_the_bytes_of_both_sidecars::{closure#0}
[INFO] [stdout]    3: <tokio::runtime::scheduler::current_thread::Context>::enter::<core::task::poll::Poll<core::result::Result<(), anyhow::Error>>, <tokio::runtime::scheduler::current_thread::CoreGuard>::block_on<core::pin::Pin<&mut core::pin::Pin<&mut dyn core::future::future::Future<Output = core::result::Result<(), anyhow::Error>>>>>::{closure#0}::{closure#0}>
[INFO] [stdout]    4: <tokio::runtime::context::scoped::Scoped<tokio::runtime::scheduler::Context>>::set::<<tokio::runtime::scheduler::current_thread::CoreGuard>::enter<<tokio::runtime::scheduler::current_thread::CoreGuard>::block_on<core::pin::Pin<&mut core::pin::Pin<&mut dyn core::future::future::Future<Output = core::result::Result<(), anyhow::Error>>>>>::{closure#0}, core::option::Option<core::result::Result<(), anyhow::Error>>>::{closure#0}, (alloc::boxed::Box<tokio::runtime::scheduler::current_thread::Core>, core::option::Option<core::result::Result<(), anyhow::Error>>)>
[INFO] [stdout]    5: <tokio::runtime::runtime::Runtime>::block_on::<core::pin::Pin<&mut dyn core::future::future::Future<Output = core::result::Result<(), anyhow::Error>>>>
[INFO] [stdout]    6: versatiles_geometry::feature_source::shapefile::tests::progress_counts_the_bytes_of_both_sidecars
[INFO] [stdout]    7: <versatiles_geometry::feature_source::shapefile::tests::progress_counts_the_bytes_of_both_sidecars::{closure#0} as core::ops::function::FnOnce<()>>::call_once
[INFO] [stdout]    8: test::__rust_begin_short_backtrace::<core::result::Result<(), alloc::string::String>, fn() -> core::result::Result<(), alloc::string::String>>
[INFO] [stdout]    9: test::run_test::{closure#0}
[INFO] [stdout]   10: std::sys::backtrace::__rust_begin_short_backtrace::<test::run_test::{closure#1}, ()>
[INFO] [stdout]   11: <std::thread::lifecycle::spawn_unchecked<test::run_test::{closure#1}, ()>::{closure#1} as core::ops::function::FnOnce<()>>::call_once::{shim:vtable#0}
[INFO] [stdout]   12: <std::sys::thread::unix::Thread>::new::thread_start
[INFO] [stdout]   13: <unknown>
[INFO] [stdout]   14: clone
[INFO] [stdout] 
[INFO] [stdout] ---- feature_source::shapefile::tests::the_committed_fixture_matches_its_generator stdout ----
[INFO] [stdout] Error: opening shapefile ../testdata/admin.shp
[INFO] [stdout] 
[INFO] [stdout] Caused by:
[INFO] [stdout]     No such file or directory (os error 2)
[INFO] [stdout] 
[INFO] [stdout] Stack backtrace:
[INFO] [stdout]    0: <core::io::error::Error as anyhow::context::ext::StdError>::ext_context::<alloc::string::String>
[INFO] [stdout]    1: <versatiles_geometry::feature_source::shapefile::ShapefileSource as versatiles_geometry::feature_source::FeatureSource>::load
[INFO] [stdout]    2: versatiles_geometry::feature_source::shapefile::tests::features_of::{closure#0}
[INFO] [stdout]    3: versatiles_geometry::feature_source::shapefile::tests::the_committed_fixture_matches_its_generator::{closure#0}
[INFO] [stdout]    4: <tokio::runtime::scheduler::current_thread::Context>::enter::<core::task::poll::Poll<core::result::Result<(), anyhow::Error>>, <tokio::runtime::scheduler::current_thread::CoreGuard>::block_on<core::pin::Pin<&mut core::pin::Pin<&mut dyn core::future::future::Future<Output = core::result::Result<(), anyhow::Error>>>>>::{closure#0}::{closure#0}>
[INFO] [stdout]    5: <tokio::runtime::context::scoped::Scoped<tokio::runtime::scheduler::Context>>::set::<<tokio::runtime::scheduler::current_thread::CoreGuard>::enter<<tokio::runtime::scheduler::current_thread::CoreGuard>::block_on<core::pin::Pin<&mut core::pin::Pin<&mut dyn core::future::future::Future<Output = core::result::Result<(), anyhow::Error>>>>>::{closure#0}, core::option::Option<core::result::Result<(), anyhow::Error>>>::{closure#0}, (alloc::boxed::Box<tokio::runtime::scheduler::current_thread::Core>, core::option::Option<core::result::Result<(), anyhow::Error>>)>
[INFO] [stdout]    6: <tokio::runtime::runtime::Runtime>::block_on::<core::pin::Pin<&mut dyn core::future::future::Future<Output = core::result::Result<(), anyhow::Error>>>>
[INFO] [stdout]    7: versatiles_geometry::feature_source::shapefile::tests::the_committed_fixture_matches_its_generator
[INFO] [stdout]    8: <versatiles_geometry::feature_source::shapefile::tests::the_committed_fixture_matches_its_generator::{closure#0} as core::ops::function::FnOnce<()>>::call_once
[INFO] [stdout]    9: test::__rust_begin_short_backtrace::<core::result::Result<(), alloc::string::String>, fn() -> core::result::Result<(), alloc::string::String>>
[INFO] [stdout]   10: test::run_test::{closure#0}
[INFO] [stdout]   11: std::sys::backtrace::__rust_begin_short_backtrace::<test::run_test::{closure#1}, ()>
[INFO] [stdout]   12: <std::thread::lifecycle::spawn_unchecked<test::run_test::{closure#1}, ()>::{closure#1} as core::ops::function::FnOnce<()>>::call_once::{shim:vtable#0}
[INFO] [stdout]   13: <std::sys::thread::unix::Thread>::new::thread_start
[INFO] [stdout]   14: <unknown>
[INFO] [stdout]   15: clone
[INFO] [stdout] 
[INFO] [stdout] ---- vector_tile::tile::tests::find_layer_mut_allows_modification stdout ----
[INFO] [stdout] Error: Failed to open PBF file
[INFO] [stdout] 
[INFO] [stdout] Caused by:
[INFO] [stdout]     0: while opening file "/opt/rustwide/workdir/../testdata/shortbread-tile.pbf"
[INFO] [stdout]     1: file "/opt/rustwide/workdir/../testdata/shortbread-tile.pbf" does not exist
[INFO] [stdout] 
[INFO] [stdout] Stack backtrace:
[INFO] [stdout]    0: <anyhow::Error>::msg::<alloc::string::String>
[INFO] [stdout]    1: anyhow::__private::format_err
[INFO] [stdout]    2: <versatiles_core::io::data_reader_file::DataReaderFile>::open
[INFO] [stdout]    3: versatiles_geometry::vector_tile::tile::tests::tile::{closure#0}
[INFO] [stdout]    4: versatiles_geometry::vector_tile::tile::tests::find_layer_mut_allows_modification::{closure#0}
[INFO] [stdout]    5: <tokio::runtime::scheduler::current_thread::Context>::enter::<core::task::poll::Poll<core::result::Result<(), anyhow::Error>>, <tokio::runtime::scheduler::current_thread::CoreGuard>::block_on<core::pin::Pin<&mut core::pin::Pin<&mut dyn core::future::future::Future<Output = core::result::Result<(), anyhow::Error>>>>>::{closure#0}::{closure#0}>
[INFO] [stdout]    6: <tokio::runtime::context::scoped::Scoped<tokio::runtime::scheduler::Context>>::set::<<tokio::runtime::scheduler::current_thread::CoreGuard>::enter<<tokio::runtime::scheduler::current_thread::CoreGuard>::block_on<core::pin::Pin<&mut core::pin::Pin<&mut dyn core::future::future::Future<Output = core::result::Result<(), anyhow::Error>>>>>::{closure#0}, core::option::Option<core::result::Result<(), anyhow::Error>>>::{closure#0}, (alloc::boxed::Box<tokio::runtime::scheduler::current_thread::Core>, core::option::Option<core::result::Result<(), anyhow::Error>>)>
[INFO] [stdout]    7: <tokio::runtime::runtime::Runtime>::block_on::<core::pin::Pin<&mut dyn core::future::future::Future<Output = core::result::Result<(), anyhow::Error>>>>
[INFO] [stdout]    8: versatiles_geometry::vector_tile::tile::tests::find_layer_mut_allows_modification
[INFO] [stdout]    9: <versatiles_geometry::vector_tile::tile::tests::find_layer_mut_allows_modification::{closure#0} as core::ops::function::FnOnce<()>>::call_once
[INFO] [stdout]   10: test::__rust_begin_short_backtrace::<core::result::Result<(), alloc::string::String>, fn() -> core::result::Result<(), alloc::string::String>>
[INFO] [stdout]   11: test::run_test::{closure#0}
[INFO] [stdout]   12: std::sys::backtrace::__rust_begin_short_backtrace::<test::run_test::{closure#1}, ()>
[INFO] [stdout]   13: <std::thread::lifecycle::spawn_unchecked<test::run_test::{closure#1}, ()>::{closure#1} as core::ops::function::FnOnce<()>>::call_once::{shim:vtable#0}
[INFO] [stdout]   14: <std::sys::thread::unix::Thread>::new::thread_start
[INFO] [stdout]   15: <unknown>
[INFO] [stdout]   16: clone
[INFO] [stdout] 
[INFO] [stdout] ---- vector_tile::tile::tests::from_to_blob stdout ----
[INFO] [stdout] Error: Failed to get initial VectorTile
[INFO] [stdout] 
[INFO] [stdout] Caused by:
[INFO] [stdout]     0: Failed to open PBF file
[INFO] [stdout]     1: while opening file "/opt/rustwide/workdir/../testdata/shortbread-tile.pbf"
[INFO] [stdout]     2: file "/opt/rustwide/workdir/../testdata/shortbread-tile.pbf" does not exist
[INFO] [stdout] 
[INFO] [stdout] Stack backtrace:
[INFO] [stdout]    0: <anyhow::Error>::msg::<alloc::string::String>
[INFO] [stdout]    1: anyhow::__private::format_err
[INFO] [stdout]    2: <versatiles_core::io::data_reader_file::DataReaderFile>::open
[INFO] [stdout]    3: versatiles_geometry::vector_tile::tile::tests::tile::{closure#0}
[INFO] [stdout]    4: versatiles_geometry::vector_tile::tile::tests::from_to_blob::{closure#0}
[INFO] [stdout]    5: <tokio::runtime::scheduler::current_thread::Context>::enter::<core::task::poll::Poll<core::result::Result<(), anyhow::Error>>, <tokio::runtime::scheduler::current_thread::CoreGuard>::block_on<core::pin::Pin<&mut core::pin::Pin<&mut dyn core::future::future::Future<Output = core::result::Result<(), anyhow::Error>>>>>::{closure#0}::{closure#0}>
[INFO] [stdout]    6: <tokio::runtime::context::scoped::Scoped<tokio::runtime::scheduler::Context>>::set::<<tokio::runtime::scheduler::current_thread::CoreGuard>::enter<<tokio::runtime::scheduler::current_thread::CoreGuard>::block_on<core::pin::Pin<&mut core::pin::Pin<&mut dyn core::future::future::Future<Output = core::result::Result<(), anyhow::Error>>>>>::{closure#0}, core::option::Option<core::result::Result<(), anyhow::Error>>>::{closure#0}, (alloc::boxed::Box<tokio::runtime::scheduler::current_thread::Core>, core::option::Option<core::result::Result<(), anyhow::Error>>)>
[INFO] [stdout]    7: <tokio::runtime::runtime::Runtime>::block_on::<core::pin::Pin<&mut dyn core::future::future::Future<Output = core::result::Result<(), anyhow::Error>>>>
[INFO] [stdout]    8: versatiles_geometry::vector_tile::tile::tests::from_to_blob
[INFO] [stdout]    9: <versatiles_geometry::vector_tile::tile::tests::from_to_blob::{closure#0} as core::ops::function::FnOnce<()>>::call_once
[INFO] [stdout]   10: test::__rust_begin_short_backtrace::<core::result::Result<(), alloc::string::String>, fn() -> core::result::Result<(), alloc::string::String>>
[INFO] [stdout]   11: test::run_test::{closure#0}
[INFO] [stdout]   12: std::sys::backtrace::__rust_begin_short_backtrace::<test::run_test::{closure#1}, ()>
[INFO] [stdout]   13: <std::thread::lifecycle::spawn_unchecked<test::run_test::{closure#1}, ()>::{closure#1} as core::ops::function::FnOnce<()>>::call_once::{shim:vtable#0}
[INFO] [stdout]   14: <std::sys::thread::unix::Thread>::new::thread_start
[INFO] [stdout]   15: <unknown>
[INFO] [stdout]   16: clone
[INFO] [stdout] 
[INFO] [stdout] ---- vector_tile::tile::tests::find_layer_returns_first_match stdout ----
[INFO] [stdout] Error: Failed to open PBF file
[INFO] [stdout] 
[INFO] [stdout] Caused by:
[INFO] [stdout]     0: while opening file "/opt/rustwide/workdir/../testdata/shortbread-tile.pbf"
[INFO] [stdout]     1: file "/opt/rustwide/workdir/../testdata/shortbread-tile.pbf" does not exist
[INFO] [stdout] 
[INFO] [stdout] Stack backtrace:
[INFO] [stdout]    0: <anyhow::Error>::msg::<alloc::string::String>
[INFO] [stdout]    1: anyhow::__private::format_err
[INFO] [stdout]    2: <versatiles_core::io::data_reader_file::DataReaderFile>::open
[INFO] [stdout]    3: versatiles_geometry::vector_tile::tile::tests::tile::{closure#0}
[INFO] [stdout]    4: versatiles_geometry::vector_tile::tile::tests::find_layer_returns_first_match::{closure#0}
[INFO] [stdout]    5: <tokio::runtime::scheduler::current_thread::Context>::enter::<core::task::poll::Poll<core::result::Result<(), anyhow::Error>>, <tokio::runtime::scheduler::current_thread::CoreGuard>::block_on<core::pin::Pin<&mut core::pin::Pin<&mut dyn core::future::future::Future<Output = core::result::Result<(), anyhow::Error>>>>>::{closure#0}::{closure#0}>
[INFO] [stdout]    6: <tokio::runtime::context::scoped::Scoped<tokio::runtime::scheduler::Context>>::set::<<tokio::runtime::scheduler::current_thread::CoreGuard>::enter<<tokio::runtime::scheduler::current_thread::CoreGuard>::block_on<core::pin::Pin<&mut core::pin::Pin<&mut dyn core::future::future::Future<Output = core::result::Result<(), anyhow::Error>>>>>::{closure#0}, core::option::Option<core::result::Result<(), anyhow::Error>>>::{closure#0}, (alloc::boxed::Box<tokio::runtime::scheduler::current_thread::Core>, core::option::Option<core::result::Result<(), anyhow::Error>>)>
[INFO] [stdout]    7: <tokio::runtime::runtime::Runtime>::block_on::<core::pin::Pin<&mut dyn core::future::future::Future<Output = core::result::Result<(), anyhow::Error>>>>
[INFO] [stdout]    8: versatiles_geometry::vector_tile::tile::tests::find_layer_returns_first_match
[INFO] [stdout]    9: <versatiles_geometry::vector_tile::tile::tests::find_layer_returns_first_match::{closure#0} as core::ops::function::FnOnce<()>>::call_once
[INFO] [stdout]   10: test::__rust_begin_short_backtrace::<core::result::Result<(), alloc::string::String>, fn() -> core::result::Result<(), alloc::string::String>>
[INFO] [stdout]   11: test::run_test::{closure#0}
[INFO] [stdout]   12: std::sys::backtrace::__rust_begin_short_backtrace::<test::run_test::{closure#1}, ()>
[INFO] [stdout]   13: <std::thread::lifecycle::spawn_unchecked<test::run_test::{closure#1}, ()>::{closure#1} as core::ops::function::FnOnce<()>>::call_once::{shim:vtable#0}
[INFO] [stdout]   14: <std::sys::thread::unix::Thread>::new::thread_start
[INFO] [stdout]   15: <unknown>
[INFO] [stdout]   16: clone
[INFO] [stdout] 
[INFO] [stdout] 
[INFO] [stdout] failures:
[INFO] [stdout]     feature_import::tests::from_features_via_geojson_source
[INFO] [stdout]     feature_source::csv::tests::loads_fixture_features
[INFO] [stdout]     feature_source::csv::tests::missing_id_column_errors
[INFO] [stdout]     feature_source::csv::tests::missing_lon_column_errors
[INFO] [stdout]     feature_source::geojson::tests::loads_fixture_features
[INFO] [stdout]     feature_source::geojson::tests::loads_line_delimited_fixture
[INFO] [stdout]     feature_source::shapefile::tests::loads_fixture_features
[INFO] [stdout]     feature_source::shapefile::tests::progress_counts_the_bytes_of_both_sidecars
[INFO] [stdout]     feature_source::shapefile::tests::the_committed_fixture_matches_its_generator
[INFO] [stdout]     vector_tile::tile::tests::find_layer_mut_allows_modification
[INFO] [stdout]     vector_tile::tile::tests::find_layer_returns_first_match
[INFO] [stdout]     vector_tile::tile::tests::from_to_blob
[INFO] [stdout] 
[INFO] [stdout] test result: FAILED. 399 passed; 12 failed; 1 ignored; 0 measured; 0 filtered out; finished in 0.07s
[INFO] [stdout] 
[INFO] [stderr] error: test failed, to rerun pass `--lib`
[INFO] running `Command { std: "docker" "inspect" "0e26a866d3adfc381d86bfdf2087447374fa108556e890bd2222184c9a82863c", kill_on_drop: false }`
[INFO] running `Command { std: "docker" "rm" "-f" "0e26a866d3adfc381d86bfdf2087447374fa108556e890bd2222184c9a82863c", kill_on_drop: false }`
[INFO] [stdout] 0e26a866d3adfc381d86bfdf2087447374fa108556e890bd2222184c9a82863c
