[INFO] fetching crate vectorlite 0.1.5...
[INFO] testing vectorlite-0.1.5 against 1.99.0-beta.8+cargoflags=--release for beta-release-1.100-2
[INFO] extracting crate vectorlite 0.1.5 into /workspace/builds/worker-2-tc1/source
[INFO] started tweaking crates.io crate vectorlite 0.1.5
[INFO] removed 0 missing tests
[INFO] finished tweaking crates.io crate vectorlite 0.1.5
[INFO] tweaked toml for crates.io crate vectorlite 0.1.5 written to /workspace/builds/worker-2-tc1/source/Cargo.toml
[INFO] validating manifest of crates.io crate vectorlite 0.1.5 on toolchain 1.99.0-beta.8
[INFO] running `Command { std: CARGO_HOME="/workspace/cargo-home" RUSTUP_HOME="/workspace/rustup-home" "/workspace/cargo-home/bin/cargo" "+1.99.0-beta.8" "metadata" "--manifest-path" "Cargo.toml" "--no-deps", kill_on_drop: false }`
[INFO] crate crates.io crate vectorlite 0.1.5 already has a lockfile, it will not be regenerated
[INFO] running `Command { std: CARGO_HOME="/workspace/cargo-home" RUSTUP_HOME="/workspace/rustup-home" "/workspace/cargo-home/bin/cargo" "+1.99.0-beta.8" "fetch" "--manifest-path" "Cargo.toml", kill_on_drop: false }`
[INFO] [stderr]     Blocking waiting for file lock on package cache
[INFO] [stderr]     Updating crates.io index
[INFO] [stderr]  Downloading crates ...
[INFO] [stderr]   Downloaded tokenizers v0.19.1
[INFO] [stderr]   Downloaded monostate v0.1.18
[INFO] [stderr]   Downloaded monostate-impl v0.1.18
[INFO] [stderr]   Downloaded macro_rules_attribute-proc_macro v0.2.2
[INFO] [stderr]   Downloaded rayon-cond v0.3.0
[INFO] [stderr]   Downloaded macro_rules_attribute v0.2.2
[INFO] [stderr]   Downloaded doc-comment v0.3.3
[INFO] [stderr]   Downloaded space v0.17.0
[INFO] [stderr]   Downloaded is-terminal v0.4.16
[INFO] [stderr]   Downloaded onig v6.5.1
[INFO] [stderr]   Downloaded find-msvc-tools v0.1.3
[INFO] [stderr]   Downloaded windows-targets v0.53.4
[INFO] [stderr]   Downloaded hnsw v0.11.0
[INFO] [stderr]   Downloaded unicode-normalization-alignments v0.1.12
[INFO] [stderr]   Downloaded unicode_categories v0.1.1
[INFO] [stderr]   Downloaded windows-strings v0.5.0
[INFO] [stderr]   Downloaded num_enum_derive v0.7.4
[INFO] [stderr]   Downloaded cc v1.2.40
[INFO] [stderr]   Downloaded num_enum v0.7.4
[INFO] [stderr]   Downloaded windows-core v0.62.1
[INFO] [stderr]   Downloaded safetensors v0.4.5
[INFO] [stderr]   Downloaded rand_distr v0.5.1
[INFO] [stderr]   Downloaded regex v1.11.3
[INFO] [stderr]   Downloaded esaxx-rs v0.1.10
[INFO] [stderr]   Downloaded windows-result v0.4.0
[INFO] [stderr]   Downloaded zip v1.1.4
[INFO] [stderr]   Downloaded toml_edit v0.23.6
[INFO] [stderr]   Downloaded gemm-f16 v0.17.1
[INFO] [stderr]   Downloaded tracing-subscriber v0.3.20
[INFO] [stderr]   Downloaded candle-nn v0.9.1
[INFO] [stderr]   Downloaded gemm v0.18.2
[INFO] [stderr]   Downloaded seq-macro v0.3.6
[INFO] [stderr]   Downloaded gemm-f64 v0.18.2
[INFO] [stderr]   Downloaded enum-as-inner v0.6.1
[INFO] [stderr]   Downloaded dyn-stack v0.13.2
[INFO] [stderr]   Downloaded gemm-c64 v0.18.2
[INFO] [stderr]   Downloaded gemm-f32 v0.17.1
[INFO] [stderr]   Downloaded gemm-c64 v0.17.1
[INFO] [stderr]   Downloaded candle-core v0.9.1
[INFO] [stderr]   Downloaded ug v0.4.0
[INFO] [stderr]   Downloaded memmap2 v0.9.8
[INFO] [stderr]   Downloaded gemm-common v0.18.2
[INFO] [stderr]   Downloaded gemm-f32 v0.18.2
[INFO] [stderr]   Downloaded gemm-c32 v0.18.2
[INFO] [stderr]   Downloaded sysctl v0.5.5
[INFO] [stderr]   Downloaded dyn-stack v0.10.0
[INFO] [stderr]   Downloaded gemm-c32 v0.17.1
[INFO] [stderr]   Downloaded reborrow v0.5.5
[INFO] [stderr]   Downloaded dyn-stack-macros v0.1.0
[INFO] [stderr]   Downloaded gemm-f64 v0.17.1
[INFO] [stderr]   Downloaded candle-transformers v0.9.1
[INFO] [stderr]   Downloaded gemm-f16 v0.18.2
[INFO] [stderr]   Downloaded gemm v0.17.1
[INFO] [stderr]   Downloaded gemm-common v0.17.1
[INFO] [stderr]   Downloaded raw-cpuid v10.7.0
[INFO] [stderr]   Downloaded sysctl v0.6.0
[INFO] [stderr]   Downloaded pulp v0.21.5
[INFO] [stderr]   Downloaded pulp v0.18.22
[INFO] [stderr]   Downloaded hyper-util v0.1.17
[INFO] [stderr]   Downloaded spm_precompiled v0.1.4
[INFO] [stderr]   Downloaded onig_sys v69.9.1
[INFO] [stderr]   Downloaded regex-automata v0.4.11
[INFO] [stderr]   Downloaded libc v0.2.176
[INFO] running `Command { std: "docker" "create" "-v" "/var/lib/crater-agent-workspace/builds/worker-2-tc1/source:/opt/rustwide/workdir:ro,Z" "-v" "/var/lib/crater-agent-workspace/builds/worker-2-tc1/target:/opt/rustwide/target:rw,Z" "-v" "/var/lib/crater-agent-workspace/cargo-home:/opt/rustwide/cargo-home:ro,Z" "-v" "/var/lib/crater-agent-workspace/rustup-home:/opt/rustwide/rustup-home:ro,Z" "-m" "1610612736" "--network" "none" "ghcr.io/rust-lang/crates-build-env/linux@sha256:77db811e55d90add9212f6832c23229e3de5f1c1f9905e8cb07319ea15df73ac" "sleep" "infinity", kill_on_drop: false }`
[INFO] [stdout] d7490a43064fda8bdc170f08e9f33b064c16417686ebe2e956aeddd0bf859877
[INFO] running `Command { std: "docker" "start" "d7490a43064fda8bdc170f08e9f33b064c16417686ebe2e956aeddd0bf859877", kill_on_drop: false }`
[INFO] running `Command { std: "docker" "inspect" "d7490a43064fda8bdc170f08e9f33b064c16417686ebe2e956aeddd0bf859877", kill_on_drop: false }`
[INFO] running `Command { std: "docker" "exec" "-e" "SOURCE_DIR=/opt/rustwide/workdir" "-e" "CARGO_HOME=/opt/rustwide/cargo-home" "-e" "RUSTUP_HOME=/opt/rustwide/rustup-home" "-e" "CARGO_TARGET_DIR=/opt/rustwide/target" "-w" "/opt/rustwide/workdir" "--user" "0:0" "d7490a43064fda8bdc170f08e9f33b064c16417686ebe2e956aeddd0bf859877" "/opt/rustwide/cargo-home/bin/cargo" "+1.99.0-beta.8" "metadata" "--no-deps" "--format-version=1", kill_on_drop: false }`
[INFO] running `Command { std: "docker" "inspect" "d7490a43064fda8bdc170f08e9f33b064c16417686ebe2e956aeddd0bf859877", kill_on_drop: false }`
[INFO] running `Command { std: "docker" "exec" "-e" "SOURCE_DIR=/opt/rustwide/workdir" "-e" "CARGO_HOME=/opt/rustwide/cargo-home" "-e" "RUSTUP_HOME=/opt/rustwide/rustup-home" "-e" "CARGO_TARGET_DIR=/opt/rustwide/target" "-e" "CARGO_INCREMENTAL=0" "-e" "RUST_BACKTRACE=full" "-e" "RUSTFLAGS=--cap-lints=warn" "-e" "RUSTDOCFLAGS=--cap-lints=warn" "-w" "/opt/rustwide/workdir" "--user" "0:0" "d7490a43064fda8bdc170f08e9f33b064c16417686ebe2e956aeddd0bf859877" "/opt/rustwide/cargo-home/bin/cargo" "+1.99.0-beta.8" "build" "--frozen" "--message-format=json" "--release", kill_on_drop: false }`
[INFO] [stderr]    Compiling syn v2.0.106
[INFO] [stderr]    Compiling libc v0.2.176
[INFO] [stderr]    Compiling libm v0.2.15
[INFO] [stderr]    Compiling zerocopy v0.8.27
[INFO] [stderr]    Compiling getrandom v0.3.3
[INFO] [stderr]    Compiling either v1.15.0
[INFO] [stderr]    Compiling reborrow v0.5.5
[INFO] [stderr]    Compiling num-traits v0.2.19
[INFO] [stderr]    Compiling seq-macro v0.3.6
[INFO] [stderr]    Compiling serde_core v1.0.228
[INFO] [stderr]    Compiling pulp v0.21.5
[INFO] [stderr]    Compiling tracing-core v0.1.34
[INFO] [stderr]    Compiling dyn-stack-macros v0.1.0
[INFO] [stderr]    Compiling raw-cpuid v11.6.0
[INFO] [stderr]    Compiling raw-cpuid v10.7.0
[INFO] [stderr]    Compiling bytes v1.10.1
[INFO] [stderr]    Compiling winnow v0.7.13
[INFO] [stderr]    Compiling serde_json v1.0.145
[INFO] [stderr]    Compiling find-msvc-tools v0.1.3
[INFO] [stderr]    Compiling toml_datetime v0.7.2
[INFO] [stderr]    Compiling stable_deref_trait v1.2.0
[INFO] [stderr]    Compiling crc32fast v1.5.0
[INFO] [stderr]    Compiling aho-corasick v1.1.3
[INFO] [stderr]    Compiling futures-task v0.3.31
[INFO] [stderr]    Compiling rayon v1.11.0
[INFO] [stderr]    Compiling zip v1.1.4
[INFO] [stderr]    Compiling indexmap v2.11.4
[INFO] [stderr]    Compiling cc v1.2.40
[INFO] [stderr]    Compiling futures-util v0.3.31
[INFO] [stderr]    Compiling libloading v0.8.9
[INFO] [stderr]    Compiling doc-comment v0.3.3
[INFO] [stderr]    Compiling http v1.3.1
[INFO] [stderr]    Compiling signal-hook v0.3.18
[INFO] [stderr]    Compiling portable-atomic v1.11.1
[INFO] [stderr]    Compiling futures-channel v0.3.31
[INFO] [stderr]    Compiling signal-hook-registry v1.4.6
[INFO] [stderr]    Compiling rand_core v0.9.3
[INFO] [stderr]    Compiling getrandom v0.2.16
[INFO] [stderr]    Compiling mio v1.0.4
[INFO] [stderr]    Compiling parking_lot_core v0.9.12
[INFO] [stderr]    Compiling socket2 v0.6.0
[INFO] [stderr]    Compiling toml_parser v1.0.3
[INFO] [stderr]    Compiling parking_lot v0.12.5
[INFO] [stderr]    Compiling http-body v1.0.1
[INFO] [stderr]    Compiling onig_sys v69.9.1
[INFO] [stderr]    Compiling rand_core v0.6.4
[INFO] [stderr]    Compiling regex-automata v0.4.11
[INFO] [stderr]    Compiling num-integer v0.1.46
[INFO] [stderr]    Compiling memmap2 v0.9.8
[INFO] [stderr]    Compiling num_cpus v1.17.0
[INFO] [stderr]    Compiling toml_edit v0.23.6
[INFO] [stderr]    Compiling num-bigint v0.4.6
[INFO] [stderr]    Compiling ppv-lite86 v0.2.21
[INFO] [stderr]    Compiling num-iter v0.1.45
[INFO] [stderr]    Compiling http-body-util v0.1.3
[INFO] [stderr]    Compiling esaxx-rs v0.1.10
[INFO] [stderr]    Compiling bit-vec v0.6.3
[INFO] [stderr]    Compiling minimal-lexical v0.2.1
[INFO] [stderr]    Compiling rustix v1.1.2
[INFO] [stderr]    Compiling rand_chacha v0.9.0
[INFO] [stderr]    Compiling rand_chacha v0.3.1
[INFO] [stderr]    Compiling nom v7.1.3
[INFO] [stderr]    Compiling bit-set v0.5.3
[INFO] [stderr]    Compiling anstream v0.6.20
[INFO] [stderr]    Compiling console v0.15.11
[INFO] [stderr]    Compiling rand v0.9.2
[INFO] [stderr]    Compiling proc-macro-crate v3.4.0
[INFO] [stderr]    Compiling ahash v0.7.8
[INFO] [stderr]    Compiling itertools v0.11.0
[INFO] [stderr]    Compiling base64 v0.13.1
[INFO] [stderr]    Compiling macro_rules_attribute-proc_macro v0.2.2
[INFO] [stderr]    Compiling clap_lex v0.7.5
[INFO] [stderr]    Compiling rand_distr v0.5.1
[INFO] [stderr]    Compiling macro_rules_attribute v0.2.2
[INFO] [stderr]    Compiling clap_builder v4.5.48
[INFO] [stderr]    Compiling indicatif v0.17.11
[INFO] [stderr]    Compiling signal-hook-mio v0.2.4
[INFO] [stderr]    Compiling rustix v0.38.44
[INFO] [stderr]    Compiling num-rational v0.4.2
[INFO] [stderr]    Compiling synstructure v0.13.2
[INFO] [stderr]    Compiling darling_core v0.20.11
[INFO] [stderr]    Compiling hashbrown v0.11.2
[INFO] [stderr]    Compiling space v0.17.0
[INFO] [stderr]    Compiling regex v1.11.3
[INFO] [stderr]    Compiling fancy-regex v0.13.0
[INFO] [stderr]    Compiling rayon-cond v0.3.0
[INFO] [stderr]    Compiling rand v0.8.5
[INFO] [stderr]    Compiling serde_path_to_error v0.1.20
[INFO] [stderr]    Compiling tracing-log v0.2.0
[INFO] [stderr]    Compiling itertools v0.12.1
[INFO] [stderr]    Compiling unicode-normalization-alignments v0.1.12
[INFO] [stderr]    Compiling thread_local v1.1.9
[INFO] [stderr]    Compiling nu-ansi-term v0.50.1
[INFO] [stderr]    Compiling matchit v0.7.3
[INFO] [stderr]    Compiling bytemuck_derive v1.10.2
[INFO] [stderr]    Compiling serde_derive v1.0.228
[INFO] [stderr]    Compiling tracing-attributes v0.1.30
[INFO] [stderr]    Compiling thiserror-impl v1.0.69
[INFO] [stderr]    Compiling zerofrom-derive v0.1.6
[INFO] [stderr]    Compiling yoke-derive v0.7.5
[INFO] [stderr]    Compiling tokio-macros v2.5.0
[INFO] [stderr]    Compiling darling_macro v0.20.11
[INFO] [stderr]    Compiling num_enum_derive v0.7.4
[INFO] [stderr]    Compiling darling v0.20.11
[INFO] [stderr]    Compiling tokio v1.47.1
[INFO] [stderr]    Compiling displaydoc v0.2.5
[INFO] [stderr]    Compiling bytemuck v1.24.0
[INFO] [stderr]    Compiling derive_builder_core v0.20.2
[INFO] [stderr]    Compiling pin-project-internal v1.1.10
[INFO] [stderr]    Compiling async-trait v0.1.89
[INFO] [stderr]    Compiling num-complex v0.4.6
[INFO] [stderr]    Compiling half v2.6.0
[INFO] [stderr]    Compiling dyn-stack v0.13.2
[INFO] [stderr]    Compiling dyn-stack v0.10.0
[INFO] [stderr]    Compiling tracing v0.1.41
[INFO] [stderr]    Compiling num_enum v0.7.4
[INFO] [stderr]    Compiling thiserror v1.0.69
[INFO] [stderr]    Compiling monostate-impl v0.1.18
[INFO] [stderr]    Compiling clap_derive v4.5.47
[INFO] [stderr]    Compiling zerofrom v0.1.6
[INFO] [stderr]    Compiling monostate v0.1.18
[INFO] [stderr]    Compiling pulp v0.18.22
[INFO] [stderr]    Compiling num v0.4.3
[INFO] [stderr]    Compiling yoke v0.7.5
[INFO] [stderr]    Compiling unicode_categories v0.1.1
[INFO] [stderr]    Compiling iana-time-zone v0.1.64
[INFO] [stderr]    Compiling tempfile v3.23.0
[INFO] [stderr]    Compiling tower-http v0.5.2
[INFO] [stderr]    Compiling axum-core v0.4.5
[INFO] [stderr]    Compiling pin-project v1.1.10
[INFO] [stderr]    Compiling derive_builder_macro v0.20.2
[INFO] [stderr]    Compiling tower v0.4.13
[INFO] [stderr]    Compiling derive_builder v0.20.2
[INFO] [stderr]    Compiling tracing-subscriber v0.3.20
[INFO] [stderr]    Compiling hnsw v0.11.0
[INFO] [stderr]    Compiling crossterm v0.28.1
[INFO] [stderr]    Compiling gemm-common v0.17.1
[INFO] [stderr]    Compiling gemm-f32 v0.17.1
[INFO] [stderr]    Compiling gemm-c64 v0.17.1
[INFO] [stderr]    Compiling gemm-f64 v0.17.1
[INFO] [stderr]    Compiling serde v1.0.228
[INFO] [stderr]    Compiling gemm-c32 v0.17.1
[INFO] [stderr]    Compiling clap v4.5.48
[INFO] [stderr]    Compiling gemm-f16 v0.17.1
[INFO] [stderr]    Compiling safetensors v0.4.5
[INFO] [stderr]    Compiling gemm-common v0.18.2
[INFO] [stderr]    Compiling gemm-f32 v0.18.2
[INFO] [stderr]    Compiling gemm-c64 v0.18.2
[INFO] [stderr]    Compiling gemm-f64 v0.18.2
[INFO] [stderr]    Compiling gemm-c32 v0.18.2
[INFO] [stderr]    Compiling gemm v0.17.1
[INFO] [stderr]    Compiling spm_precompiled v0.1.4
[INFO] [stderr]    Compiling gemm-f16 v0.18.2
[INFO] [stderr]    Compiling serde_urlencoded v0.7.1
[INFO] [stderr]    Compiling serde_plain v1.0.2
[INFO] [stderr]    Compiling chrono v0.4.42
[INFO] [stderr]    Compiling gemm v0.18.2
[INFO] [stderr]    Compiling ug v0.4.0
[INFO] [stderr]    Compiling hyper v1.7.0
[INFO] [stderr]    Compiling tower v0.5.2
[INFO] [stderr]    Compiling hyper-util v0.1.17
[INFO] [stderr]    Compiling axum v0.7.9
[INFO] [stderr]    Compiling onig v6.5.1
[INFO] [stderr]    Compiling tokenizers v0.19.1
[INFO] [stderr]    Compiling candle-core v0.9.1
[INFO] [stderr]    Compiling candle-nn v0.9.1
[INFO] [stderr]    Compiling candle-transformers v0.9.1
[INFO] [stderr]    Compiling vectorlite v0.1.5 (/opt/rustwide/workdir)
[INFO] [stderr]     Finished `release` profile [optimized] target(s) in 3m 59s
[INFO] running `Command { std: "docker" "inspect" "d7490a43064fda8bdc170f08e9f33b064c16417686ebe2e956aeddd0bf859877", kill_on_drop: false }`
[INFO] running `Command { std: "docker" "exec" "-e" "SOURCE_DIR=/opt/rustwide/workdir" "-e" "CARGO_HOME=/opt/rustwide/cargo-home" "-e" "RUSTUP_HOME=/opt/rustwide/rustup-home" "-e" "CARGO_TARGET_DIR=/opt/rustwide/target" "-e" "CARGO_INCREMENTAL=0" "-e" "RUST_BACKTRACE=full" "-e" "RUSTFLAGS=--cap-lints=warn" "-e" "RUSTDOCFLAGS=--cap-lints=warn" "-w" "/opt/rustwide/workdir" "--user" "0:0" "d7490a43064fda8bdc170f08e9f33b064c16417686ebe2e956aeddd0bf859877" "/opt/rustwide/cargo-home/bin/cargo" "+1.99.0-beta.8" "test" "--frozen" "--no-run" "--message-format=json" "--release", kill_on_drop: false }`
[INFO] [stderr]    Compiling serde v1.0.228
[INFO] [stderr]    Compiling plotters-backend v0.3.7
[INFO] [stderr]    Compiling ciborium-io v0.2.2
[INFO] [stderr]    Compiling itertools v0.10.5
[INFO] [stderr]    Compiling cast v0.3.0
[INFO] [stderr]    Compiling same-file v1.0.6
[INFO] [stderr]    Compiling is-terminal v0.4.16
[INFO] [stderr]    Compiling anes v0.1.6
[INFO] [stderr]    Compiling oorandom v11.1.5
[INFO] [stderr]    Compiling ciborium-ll v0.2.2
[INFO] [stderr]    Compiling walkdir v2.5.0
[INFO] [stderr]    Compiling plotters-svg v0.3.7
[INFO] [stderr]    Compiling plotters v0.3.7
[INFO] [stderr]    Compiling safetensors v0.4.5
[INFO] [stderr]    Compiling spm_precompiled v0.1.4
[INFO] [stderr]    Compiling serde_urlencoded v0.7.1
[INFO] [stderr]    Compiling serde_plain v1.0.2
[INFO] [stderr]    Compiling chrono v0.4.42
[INFO] [stderr]    Compiling tinytemplate v1.2.1
[INFO] [stderr]    Compiling ciborium v0.2.2
[INFO] [stderr]    Compiling tokenizers v0.19.1
[INFO] [stderr]    Compiling axum v0.7.9
[INFO] [stderr]    Compiling ug v0.4.0
[INFO] [stderr]    Compiling criterion-plot v0.5.0
[INFO] [stderr]    Compiling criterion v0.5.1
[INFO] [stderr]    Compiling candle-core v0.9.1
[INFO] [stderr]    Compiling candle-nn v0.9.1
[INFO] [stderr]    Compiling candle-transformers v0.9.1
[INFO] [stderr]    Compiling vectorlite v0.1.5 (/opt/rustwide/workdir)
[INFO] [stderr]     Finished `release` profile [optimized] target(s) in 2m 50s
[INFO] running `Command { std: "docker" "inspect" "d7490a43064fda8bdc170f08e9f33b064c16417686ebe2e956aeddd0bf859877", kill_on_drop: false }`
[INFO] running `Command { std: "docker" "exec" "-e" "SOURCE_DIR=/opt/rustwide/workdir" "-e" "CARGO_HOME=/opt/rustwide/cargo-home" "-e" "RUSTUP_HOME=/opt/rustwide/rustup-home" "-e" "CARGO_TARGET_DIR=/opt/rustwide/target" "-e" "CARGO_INCREMENTAL=0" "-e" "RUST_BACKTRACE=full" "-e" "RUSTFLAGS=--cap-lints=warn" "-e" "RUSTDOCFLAGS=--cap-lints=warn" "-w" "/opt/rustwide/workdir" "--user" "0:0" "d7490a43064fda8bdc170f08e9f33b064c16417686ebe2e956aeddd0bf859877" "/opt/rustwide/cargo-home/bin/cargo" "+1.99.0-beta.8" "test" "--frozen" "--release", kill_on_drop: false }`
[INFO] [stderr]     Finished `release` profile [optimized] target(s) in 0.40s
[INFO] [stderr]      Running unittests src/lib.rs (/opt/rustwide/target/release/deps/vectorlite-863a4e766754725a)
[INFO] [stdout] 
[INFO] [stdout] running 63 tests
[INFO] [stdout] test client::tests::test_client_creation ... ok
[INFO] [stdout] test client::tests::test_collection_load_nonexistent_file ... ok
[INFO] [stdout] test client::tests::test_collection_load_invalid_json ... ok
[INFO] [stdout] test client::tests::test_add_text_to_collection ... ok
[INFO] [stdout] test client::tests::test_add_text_to_nonexistent_collection ... ok
[INFO] [stdout] test client::tests::test_collection_operations ... ok
[INFO] [stdout] test client::tests::test_collection_with_hnsw_index ... ok
[INFO] [stdout] test client::tests::test_create_duplicate_collection ... ok
[INFO] [stdout] test client::tests::test_delete_collection ... ok
[INFO] [stdout] test client::tests::test_collection_save_and_load_hnsw ... ok
[INFO] [stdout] test client::tests::test_collection_save_and_load ... ok
[INFO] [stdout] test client::tests::test_create_collection ... ok
[INFO] [stdout] test client::tests::test_collection_save_nonexistent_directory ... ok
[INFO] [stdout] test client::tests::test_get_collection ... ok
[INFO] [stdout] test index::flat::tests::test_flat_index_with_cosine_similarity ... ok
[INFO] [stdout] test errors::tests::test_error_status_codes ... ok
[INFO] [stdout] test index::flat::tests::test_flat_index_change_similarity_metric ... ok
[INFO] [stdout] test index::flat::tests::test_flat_index_with_dot_product ... ok
[INFO] [stdout] test index::hnsw::test_add_vector ... ok
[INFO] [stdout] test index::flat::tests::test_flat_index_with_euclidean_similarity ... ok
[INFO] [stdout] test errors::tests::test_error_classification ... ok
[INFO] [stdout] test index::flat::tests::test_flat_index_with_manhattan_similarity ... ok
[INFO] [stdout] test index::hnsw::test_delete_vector ... ok
[INFO] [stdout] test index::hnsw::test_create_hnswindex ... ok
[INFO] [stdout] test index::hnsw::test_add_vector_dimension_mismatch ... ok
[INFO] [stdout] test index::flat::tests::test_serialization_deserialization ... ok
[INFO] [stdout] test index::hnsw::test_search_empty_index ... ok
[INFO] [stdout] test index::hnsw::test_empty_hnsw_serialization_deserialization ... ok
[INFO] [stdout] test index::hnsw::test_duplicate_id_error ... ok
[INFO] [stdout] test index::hnsw::test_serialization_deserialization ... ok
[INFO] [stdout] test embeddings::tests::test_different_texts_different_embeddings ... FAILED
[INFO] [stdout] test index::hnsw::test_id_mapping ... ok
[INFO] [stdout] test index::hnsw::test_search_with_limited_vectors ... ok
[INFO] [stdout] test index::hnsw::test_feature_flags ... ok
[INFO] [stdout] test index::hnsw::test_search_basic ... ok
[INFO] [stdout] test persistence::tests::test_collection_data_creation ... ok
[INFO] [stdout] test tests::test_cosine_similarity_orthogonal_vectors ... ok
[INFO] [stdout] test tests::test_dot_product_opposite_vectors ... ok
[INFO] [stdout] test tests::test_cosine_similarity_identical_vectors ... ok
[INFO] [stderr] error: test failed, to rerun pass `--lib`
[INFO] [stdout] test tests::test_dot_product_orthogonal_vectors ... ok
[INFO] [stdout] test persistence::tests::test_collection_data_conversion ... ok
[INFO] [stdout] test persistence::tests::test_invalid_file_format ... ok
[INFO] [stdout] test embeddings::tests::test_batch_embedding_generation ... FAILED
[INFO] [stdout] test persistence::tests::test_save_and_load_collection ... ok
[INFO] [stdout] test tests::test_dot_product_identical_vectors ... ok
[INFO] [stdout] test tests::test_cosine_similarity_opposite_vectors ... ok
[INFO] [stdout] test embeddings::tests::test_embedding_normalization ... FAILED
[INFO] [stdout] test embeddings::tests::test_empty_text_embedding ... FAILED
[INFO] [stdout] test persistence::tests::test_save_and_load_hnsw_collection ... ok
[INFO] [stdout] test persistence::tests::test_version_mismatch ... ok
[INFO] [stdout] test tests::test_euclidean_similarity_different_vectors ... ok
[INFO] [stdout] test embeddings::tests::test_embedding_generation ... FAILED
[INFO] [stdout] test embeddings::tests::test_embedding_dimension ... FAILED
[INFO] [stdout] test embeddings::tests::test_embedding_consistency ... FAILED
[INFO] [stdout] test tests::test_euclidean_similarity_identical_vectors ... ok
[INFO] [stdout] test tests::test_vector_store_creation ... ok
[INFO] [stdout] test tests::test_manhattan_similarity_identical_vectors ... ok
[INFO] [stdout] test tests::test_vector_store_search ... ok
[INFO] [stdout] test tests::test_manhattan_similarity_different_vectors ... ok
[INFO] [stdout] test tests::test_similarity_metric_default ... ok
[INFO] [stdout] test tests::test_vector_index_wrapper_serialization ... ok
[INFO] [stdout] test tests::test_similarity_metric_enum ... ok
[INFO] [stdout] test tests::test_vector_metadata_functionality ... ok
[INFO] [stdout] 
[INFO] [stdout] failures:
[INFO] [stdout] 
[INFO] [stdout] ---- embeddings::tests::test_different_texts_different_embeddings stdout ----
[INFO] [stdout] 
[INFO] [stdout] thread 'embeddings::tests::test_different_texts_different_embeddings' (4283) panicked at src/embeddings.rs:291:48:
[INFO] [stdout] called `Result::unwrap()` on an `Err` value: ModelLoading("Tokenizer file not found: ./models/all-MiniLM-L6-v2/tokenizer.json. Please ensure the model is properly downloaded.")
[INFO] [stdout] stack backtrace:
[INFO] [stdout]    0:     0x61979026d371 - <<std[70759c8f55707aa4]::sys::backtrace::BacktraceLock>::print::DisplayBacktrace as core[df12db4294e9bfd3]::fmt::Display>::fmt
[INFO] [stdout]    1:     0x619790284bba - core[df12db4294e9bfd3]::fmt::write
[INFO] [stdout]    2:     0x61979027220c - <alloc[2182bb758b4b3781]::vec::Vec<u8> as core[df12db4294e9bfd3]::io::write::Write>::write_fmt
[INFO] [stdout]    3:     0x619790246bc6 - std[70759c8f55707aa4]::panicking::default_hook::{closure#0}
[INFO] [stdout]    4:     0x619790264709 - std[70759c8f55707aa4]::panicking::default_hook
[INFO] [stdout]    5:     0x61978ff37520 - test[9d35eded1c95d3be]::test_main_inner::<test[9d35eded1c95d3be]::test_main_static::{closure#0}>::{closure#0}
[INFO] [stdout]    6:     0x619790264a32 - std[70759c8f55707aa4]::panicking::panic_with_hook
[INFO] [stdout]    7:     0x619790246c72 - std[70759c8f55707aa4]::panicking::panic_handler::{closure#0}
[INFO] [stdout]    8:     0x61979023eef9 - std[70759c8f55707aa4]::sys::backtrace::__rust_end_short_backtrace::<std[70759c8f55707aa4]::panicking::panic_handler::{closure#0}, !>
[INFO] [stdout]    9:     0x619790247b0d - __rustc[8fa7c3cbc660c2b3]::rust_begin_unwind
[INFO] [stdout]   10:     0x61979028539c - core[df12db4294e9bfd3]::panicking::panic_fmt
[INFO] [stdout]   11:     0x619790285172 - core[df12db4294e9bfd3]::result::unwrap_failed
[INFO] [stdout]   12:     0x61978fefca10 - vectorlite[186c57ecdbdbb45c]::embeddings::tests::create_test_generator
[INFO] [stdout]   13:     0x61978fefd973 - vectorlite[186c57ecdbdbb45c]::embeddings::tests::test_different_texts_different_embeddings
[INFO] [stdout]   14:     0x61978ff20c59 - <vectorlite[186c57ecdbdbb45c]::embeddings::tests::test_different_texts_different_embeddings::{closure#0} as core[df12db4294e9bfd3]::ops::function::FnOnce<()>>::call_once
[INFO] [stdout]   15:     0x61978ff2a80b - test[9d35eded1c95d3be]::__rust_begin_short_backtrace::<core[df12db4294e9bfd3]::result::Result<(), alloc[2182bb758b4b3781]::string::String>, fn() -> core[df12db4294e9bfd3]::result::Result<(), alloc[2182bb758b4b3781]::string::String>>
[INFO] [stdout]   16:     0x61978ff37e75 - test[9d35eded1c95d3be]::run_test::{closure#0}
[INFO] [stdout]   17:     0x61978ff31734 - std[70759c8f55707aa4]::sys::backtrace::__rust_begin_short_backtrace::<test[9d35eded1c95d3be]::run_test::{closure#1}, ()>
[INFO] [stdout]   18:     0x61978ff3afd2 - <std[70759c8f55707aa4]::thread::lifecycle::spawn_unchecked<test[9d35eded1c95d3be]::run_test::{closure#1}, ()>::{closure#1} as core[df12db4294e9bfd3]::ops::function::FnOnce<()>>::call_once::{shim:vtable#0}
[INFO] [stdout]   19:     0x61979026c6a9 - <std[70759c8f55707aa4]::sys::thread::unix::Thread>::new::thread_start
[INFO] [stdout]   20:     0x74af5bcb4dfa - <unknown>
[INFO] [stdout]   21:     0x74af5bd483d4 - clone
[INFO] [stdout]   22:                0x0 - <unknown>
[INFO] [stdout] 
[INFO] [stdout] ---- embeddings::tests::test_batch_embedding_generation stdout ----
[INFO] [stdout] 
[INFO] [stdout] thread 'embeddings::tests::test_batch_embedding_generation' (4282) panicked at src/embeddings.rs:291:48:
[INFO] [stdout] called `Result::unwrap()` on an `Err` value: ModelLoading("Tokenizer file not found: ./models/all-MiniLM-L6-v2/tokenizer.json. Please ensure the model is properly downloaded.")
[INFO] [stdout] stack backtrace:
[INFO] [stdout]    0:     0x61979026d371 - <<std[70759c8f55707aa4]::sys::backtrace::BacktraceLock>::print::DisplayBacktrace as core[df12db4294e9bfd3]::fmt::Display>::fmt
[INFO] [stdout]    1:     0x619790284bba - core[df12db4294e9bfd3]::fmt::write
[INFO] [stdout]    2:     0x61979027220c - <alloc[2182bb758b4b3781]::vec::Vec<u8> as core[df12db4294e9bfd3]::io::write::Write>::write_fmt
[INFO] [stdout]    3:     0x619790246bc6 - std[70759c8f55707aa4]::panicking::default_hook::{closure#0}
[INFO] [stdout]    4:     0x619790264709 - std[70759c8f55707aa4]::panicking::default_hook
[INFO] [stdout]    5:     0x61978ff37520 - test[9d35eded1c95d3be]::test_main_inner::<test[9d35eded1c95d3be]::test_main_static::{closure#0}>::{closure#0}
[INFO] [stdout]    6:     0x619790264a32 - std[70759c8f55707aa4]::panicking::panic_with_hook
[INFO] [stdout]    7:     0x619790246c72 - std[70759c8f55707aa4]::panicking::panic_handler::{closure#0}
[INFO] [stdout]    8:     0x61979023eef9 - std[70759c8f55707aa4]::sys::backtrace::__rust_end_short_backtrace::<std[70759c8f55707aa4]::panicking::panic_handler::{closure#0}, !>
[INFO] [stdout]    9:     0x619790247b0d - __rustc[8fa7c3cbc660c2b3]::rust_begin_unwind
[INFO] [stdout]   10:     0x61979028539c - core[df12db4294e9bfd3]::panicking::panic_fmt
[INFO] [stdout]   11:     0x619790285172 - core[df12db4294e9bfd3]::result::unwrap_failed
[INFO] [stdout]   12:     0x61978fefca10 - vectorlite[186c57ecdbdbb45c]::embeddings::tests::create_test_generator
[INFO] [stdout]   13:     0x61978fefd562 - vectorlite[186c57ecdbdbb45c]::embeddings::tests::test_batch_embedding_generation
[INFO] [stdout]   14:     0x61978ff20c39 - <vectorlite[186c57ecdbdbb45c]::embeddings::tests::test_batch_embedding_generation::{closure#0} as core[df12db4294e9bfd3]::ops::function::FnOnce<()>>::call_once
[INFO] [stdout]   15:     0x61978ff2a80b - test[9d35eded1c95d3be]::__rust_begin_short_backtrace::<core[df12db4294e9bfd3]::result::Result<(), alloc[2182bb758b4b3781]::string::String>, fn() -> core[df12db4294e9bfd3]::result::Result<(), alloc[2182bb758b4b3781]::string::String>>
[INFO] [stdout]   16:     0x61978ff37e75 - test[9d35eded1c95d3be]::run_test::{closure#0}
[INFO] [stdout]   17:     0x61978ff31734 - std[70759c8f55707aa4]::sys::backtrace::__rust_begin_short_backtrace::<test[9d35eded1c95d3be]::run_test::{closure#1}, ()>
[INFO] [stdout]   18:     0x61978ff3afd2 - <std[70759c8f55707aa4]::thread::lifecycle::spawn_unchecked<test[9d35eded1c95d3be]::run_test::{closure#1}, ()>::{closure#1} as core[df12db4294e9bfd3]::ops::function::FnOnce<()>>::call_once::{shim:vtable#0}
[INFO] [stdout]   19:     0x61979026c6a9 - <std[70759c8f55707aa4]::sys::thread::unix::Thread>::new::thread_start
[INFO] [stdout]   20:     0x74af5bcb4dfa - <unknown>
[INFO] [stdout]   21:     0x74af5bd483d4 - clone
[INFO] [stdout]   22:                0x0 - <unknown>
[INFO] [stdout] 
[INFO] [stdout] ---- embeddings::tests::test_embedding_normalization stdout ----
[INFO] [stdout] 
[INFO] [stdout] thread 'embeddings::tests::test_embedding_normalization' (4287) panicked at src/embeddings.rs:291:48:
[INFO] [stdout] called `Result::unwrap()` on an `Err` value: ModelLoading("Tokenizer file not found: ./models/all-MiniLM-L6-v2/tokenizer.json. Please ensure the model is properly downloaded.")
[INFO] [stdout] stack backtrace:
[INFO] [stdout]    0:     0x61979026d371 - <<std[70759c8f55707aa4]::sys::backtrace::BacktraceLock>::print::DisplayBacktrace as core[df12db4294e9bfd3]::fmt::Display>::fmt
[INFO] [stdout]    1:     0x619790284bba - core[df12db4294e9bfd3]::fmt::write
[INFO] [stdout]    2:     0x61979027220c - <alloc[2182bb758b4b3781]::vec::Vec<u8> as core[df12db4294e9bfd3]::io::write::Write>::write_fmt
[INFO] [stdout]    3:     0x619790246bc6 - std[70759c8f55707aa4]::panicking::default_hook::{closure#0}
[INFO] [stdout]    4:     0x619790264709 - std[70759c8f55707aa4]::panicking::default_hook
[INFO] [stdout]    5:     0x61978ff37520 - test[9d35eded1c95d3be]::test_main_inner::<test[9d35eded1c95d3be]::test_main_static::{closure#0}>::{closure#0}
[INFO] [stdout]    6:     0x619790264a32 - std[70759c8f55707aa4]::panicking::panic_with_hook
[INFO] [stdout]    7:     0x619790246c72 - std[70759c8f55707aa4]::panicking::panic_handler::{closure#0}
[INFO] [stdout]    8:     0x61979023eef9 - std[70759c8f55707aa4]::sys::backtrace::__rust_end_short_backtrace::<std[70759c8f55707aa4]::panicking::panic_handler::{closure#0}, !>
[INFO] [stdout]    9:     0x619790247b0d - __rustc[8fa7c3cbc660c2b3]::rust_begin_unwind
[INFO] [stdout]   10:     0x61979028539c - core[df12db4294e9bfd3]::panicking::panic_fmt
[INFO] [stdout]   11:     0x619790285172 - core[df12db4294e9bfd3]::result::unwrap_failed
[INFO] [stdout]   12:     0x61978fefca10 - vectorlite[186c57ecdbdbb45c]::embeddings::tests::create_test_generator
[INFO] [stdout]   13:     0x61978fefd2f0 - vectorlite[186c57ecdbdbb45c]::embeddings::tests::test_embedding_normalization
[INFO] [stdout]   14:     0x61978ff20c19 - <vectorlite[186c57ecdbdbb45c]::embeddings::tests::test_embedding_normalization::{closure#0} as core[df12db4294e9bfd3]::ops::function::FnOnce<()>>::call_once
[INFO] [stdout]   15:     0x61978ff2a80b - test[9d35eded1c95d3be]::__rust_begin_short_backtrace::<core[df12db4294e9bfd3]::result::Result<(), alloc[2182bb758b4b3781]::string::String>, fn() -> core[df12db4294e9bfd3]::result::Result<(), alloc[2182bb758b4b3781]::string::String>>
[INFO] [stdout]   16:     0x61978ff37e75 - test[9d35eded1c95d3be]::run_test::{closure#0}
[INFO] [stdout]   17:     0x61978ff31734 - std[70759c8f55707aa4]::sys::backtrace::__rust_begin_short_backtrace::<test[9d35eded1c95d3be]::run_test::{closure#1}, ()>
[INFO] [stdout]   18:     0x61978ff3afd2 - <std[70759c8f55707aa4]::thread::lifecycle::spawn_unchecked<test[9d35eded1c95d3be]::run_test::{closure#1}, ()>::{closure#1} as core[df12db4294e9bfd3]::ops::function::FnOnce<()>>::call_once::{shim:vtable#0}
[INFO] [stdout]   19:     0x61979026c6a9 - <std[70759c8f55707aa4]::sys::thread::unix::Thread>::new::thread_start
[INFO] [stdout]   20:     0x74af5bcb4dfa - <unknown>
[INFO] [stdout]   21:     0x74af5bd483d4 - clone
[INFO] [stdout]   22:                0x0 - <unknown>
[INFO] [stdout] 
[INFO] [stdout] ---- embeddings::tests::test_empty_text_embedding stdout ----
[INFO] [stdout] 
[INFO] [stdout] thread 'embeddings::tests::test_empty_text_embedding' (4288) panicked at src/embeddings.rs:291:48:
[INFO] [stdout] called `Result::unwrap()` on an `Err` value: ModelLoading("Tokenizer file not found: ./models/all-MiniLM-L6-v2/tokenizer.json. Please ensure the model is properly downloaded.")
[INFO] [stdout] stack backtrace:
[INFO] [stdout]    0:     0x61979026d371 - <<std[70759c8f55707aa4]::sys::backtrace::BacktraceLock>::print::DisplayBacktrace as core[df12db4294e9bfd3]::fmt::Display>::fmt
[INFO] [stdout]    1:     0x619790284bba - core[df12db4294e9bfd3]::fmt::write
[INFO] [stdout]    2:     0x61979027220c - <alloc[2182bb758b4b3781]::vec::Vec<u8> as core[df12db4294e9bfd3]::io::write::Write>::write_fmt
[INFO] [stdout]    3:     0x619790246bc6 - std[70759c8f55707aa4]::panicking::default_hook::{closure#0}
[INFO] [stdout]    4:     0x619790264709 - std[70759c8f55707aa4]::panicking::default_hook
[INFO] [stdout]    5:     0x61978ff37520 - test[9d35eded1c95d3be]::test_main_inner::<test[9d35eded1c95d3be]::test_main_static::{closure#0}>::{closure#0}
[INFO] [stdout]    6:     0x619790264a32 - std[70759c8f55707aa4]::panicking::panic_with_hook
[INFO] [stdout]    7:     0x619790246c72 - std[70759c8f55707aa4]::panicking::panic_handler::{closure#0}
[INFO] [stdout]    8:     0x61979023eef9 - std[70759c8f55707aa4]::sys::backtrace::__rust_end_short_backtrace::<std[70759c8f55707aa4]::panicking::panic_handler::{closure#0}, !>
[INFO] [stdout]    9:     0x619790247b0d - __rustc[8fa7c3cbc660c2b3]::rust_begin_unwind
[INFO] [stdout]   10:     0x61979028539c - core[df12db4294e9bfd3]::panicking::panic_fmt
[INFO] [stdout]   11:     0x619790285172 - core[df12db4294e9bfd3]::result::unwrap_failed
[INFO] [stdout]   12:     0x61978fefca10 - vectorlite[186c57ecdbdbb45c]::embeddings::tests::create_test_generator
[INFO] [stdout]   13:     0x61978fefcda0 - vectorlite[186c57ecdbdbb45c]::embeddings::tests::test_empty_text_embedding
[INFO] [stdout]   14:     0x61978ff20bd9 - <vectorlite[186c57ecdbdbb45c]::embeddings::tests::test_empty_text_embedding::{closure#0} as core[df12db4294e9bfd3]::ops::function::FnOnce<()>>::call_once
[INFO] [stdout]   15:     0x61978ff2a80b - test[9d35eded1c95d3be]::__rust_begin_short_backtrace::<core[df12db4294e9bfd3]::result::Result<(), alloc[2182bb758b4b3781]::string::String>, fn() -> core[df12db4294e9bfd3]::result::Result<(), alloc[2182bb758b4b3781]::string::String>>
[INFO] [stdout]   16:     0x61978ff37e75 - test[9d35eded1c95d3be]::run_test::{closure#0}
[INFO] [stdout]   17:     0x61978ff31734 - std[70759c8f55707aa4]::sys::backtrace::__rust_begin_short_backtrace::<test[9d35eded1c95d3be]::run_test::{closure#1}, ()>
[INFO] [stdout]   18:     0x61978ff3afd2 - <std[70759c8f55707aa4]::thread::lifecycle::spawn_unchecked<test[9d35eded1c95d3be]::run_test::{closure#1}, ()>::{closure#1} as core[df12db4294e9bfd3]::ops::function::FnOnce<()>>::call_once::{shim:vtable#0}
[INFO] [stdout]   19:     0x61979026c6a9 - <std[70759c8f55707aa4]::sys::thread::unix::Thread>::new::thread_start
[INFO] [stdout]   20:     0x74af5bcb4dfa - <unknown>
[INFO] [stdout]   21:     0x74af5bd483d4 - clone
[INFO] [stdout]   22:                0x0 - <unknown>
[INFO] [stdout] 
[INFO] [stdout] ---- embeddings::tests::test_embedding_generation stdout ----
[INFO] [stdout] 
[INFO] [stdout] thread 'embeddings::tests::test_embedding_generation' (4286) panicked at src/embeddings.rs:291:48:
[INFO] [stdout] called `Result::unwrap()` on an `Err` value: ModelLoading("Tokenizer file not found: ./models/all-MiniLM-L6-v2/tokenizer.json. Please ensure the model is properly downloaded.")
[INFO] [stdout] stack backtrace:
[INFO] [stdout]    0:     0x61979026d371 - <<std[70759c8f55707aa4]::sys::backtrace::BacktraceLock>::print::DisplayBacktrace as core[df12db4294e9bfd3]::fmt::Display>::fmt
[INFO] [stdout]    1:     0x619790284bba - core[df12db4294e9bfd3]::fmt::write
[INFO] [stdout]    2:     0x61979027220c - <alloc[2182bb758b4b3781]::vec::Vec<u8> as core[df12db4294e9bfd3]::io::write::Write>::write_fmt
[INFO] [stdout]    3:     0x619790246bc6 - std[70759c8f55707aa4]::panicking::default_hook::{closure#0}
[INFO] [stdout]    4:     0x619790264709 - std[70759c8f55707aa4]::panicking::default_hook
[INFO] [stdout]    5:     0x61978ff37520 - test[9d35eded1c95d3be]::test_main_inner::<test[9d35eded1c95d3be]::test_main_static::{closure#0}>::{closure#0}
[INFO] [stdout]    6:     0x619790264a32 - std[70759c8f55707aa4]::panicking::panic_with_hook
[INFO] [stdout]    7:     0x619790246c72 - std[70759c8f55707aa4]::panicking::panic_handler::{closure#0}
[INFO] [stdout]    8:     0x61979023eef9 - std[70759c8f55707aa4]::sys::backtrace::__rust_end_short_backtrace::<std[70759c8f55707aa4]::panicking::panic_handler::{closure#0}, !>
[INFO] [stdout]    9:     0x619790247b0d - __rustc[8fa7c3cbc660c2b3]::rust_begin_unwind
[INFO] [stdout]   10:     0x61979028539c - core[df12db4294e9bfd3]::panicking::panic_fmt
[INFO] [stdout]   11:     0x619790285172 - core[df12db4294e9bfd3]::result::unwrap_failed
[INFO] [stdout]   12:     0x61978fefca10 - vectorlite[186c57ecdbdbb45c]::embeddings::tests::create_test_generator
[INFO] [stdout]   13:     0x61978fefcb60 - vectorlite[186c57ecdbdbb45c]::embeddings::tests::test_embedding_generation
[INFO] [stdout]   14:     0x61978ff20bb9 - <vectorlite[186c57ecdbdbb45c]::embeddings::tests::test_embedding_generation::{closure#0} as core[df12db4294e9bfd3]::ops::function::FnOnce<()>>::call_once
[INFO] [stdout]   15:     0x61978ff2a80b - test[9d35eded1c95d3be]::__rust_begin_short_backtrace::<core[df12db4294e9bfd3]::result::Result<(), alloc[2182bb758b4b3781]::string::String>, fn() -> core[df12db4294e9bfd3]::result::Result<(), alloc[2182bb758b4b3781]::string::String>>
[INFO] [stdout]   16:     0x61978ff37e75 - test[9d35eded1c95d3be]::run_test::{closure#0}
[INFO] [stdout]   17:     0x61978ff31734 - std[70759c8f55707aa4]::sys::backtrace::__rust_begin_short_backtrace::<test[9d35eded1c95d3be]::run_test::{closure#1}, ()>
[INFO] [stdout]   18:     0x61978ff3afd2 - <std[70759c8f55707aa4]::thread::lifecycle::spawn_unchecked<test[9d35eded1c95d3be]::run_test::{closure#1}, ()>::{closure#1} as core[df12db4294e9bfd3]::ops::function::FnOnce<()>>::call_once::{shim:vtable#0}
[INFO] [stdout]   19:     0x61979026c6a9 - <std[70759c8f55707aa4]::sys::thread::unix::Thread>::new::thread_start
[INFO] [stdout]   20:     0x74af5bcb4dfa - <unknown>
[INFO] [stdout]   21:     0x74af5bd483d4 - clone
[INFO] [stdout]   22:                0x0 - <unknown>
[INFO] [stdout] 
[INFO] [stdout] ---- embeddings::tests::test_embedding_dimension stdout ----
[INFO] [stdout] 
[INFO] [stdout] thread 'embeddings::tests::test_embedding_dimension' (4285) panicked at src/embeddings.rs:291:48:
[INFO] [stdout] called `Result::unwrap()` on an `Err` value: ModelLoading("Tokenizer file not found: ./models/all-MiniLM-L6-v2/tokenizer.json. Please ensure the model is properly downloaded.")
[INFO] [stdout] stack backtrace:
[INFO] [stdout]    0:     0x61979026d371 - <<std[70759c8f55707aa4]::sys::backtrace::BacktraceLock>::print::DisplayBacktrace as core[df12db4294e9bfd3]::fmt::Display>::fmt
[INFO] [stdout]    1:     0x619790284bba - core[df12db4294e9bfd3]::fmt::write
[INFO] [stdout]    2:     0x61979027220c - <alloc[2182bb758b4b3781]::vec::Vec<u8> as core[df12db4294e9bfd3]::io::write::Write>::write_fmt
[INFO] [stdout]    3:     0x619790246bc6 - std[70759c8f55707aa4]::panicking::default_hook::{closure#0}
[INFO] [stdout]    4:     0x619790264709 - std[70759c8f55707aa4]::panicking::default_hook
[INFO] [stdout]    5:     0x61978ff37520 - test[9d35eded1c95d3be]::test_main_inner::<test[9d35eded1c95d3be]::test_main_static::{closure#0}>::{closure#0}
[INFO] [stdout]    6:     0x619790264a32 - std[70759c8f55707aa4]::panicking::panic_with_hook
[INFO] [stdout]    7:     0x619790246c72 - std[70759c8f55707aa4]::panicking::panic_handler::{closure#0}
[INFO] [stdout]    8:     0x61979023eef9 - std[70759c8f55707aa4]::sys::backtrace::__rust_end_short_backtrace::<std[70759c8f55707aa4]::panicking::panic_handler::{closure#0}, !>
[INFO] [stdout]    9:     0x619790247b0d - __rustc[8fa7c3cbc660c2b3]::rust_begin_unwind
[INFO] [stdout]   10:     0x61979028539c - core[df12db4294e9bfd3]::panicking::panic_fmt
[INFO] [stdout]   11:     0x619790285172 - core[df12db4294e9bfd3]::result::unwrap_failed
[INFO] [stdout]   12:     0x61978fefca10 - vectorlite[186c57ecdbdbb45c]::embeddings::tests::create_test_generator
[INFO] [stdout]   13:     0x61978fefca79 - vectorlite[186c57ecdbdbb45c]::embeddings::tests::test_embedding_dimension
[INFO] [stdout]   14:     0x61978ff20b99 - <vectorlite[186c57ecdbdbb45c]::embeddings::tests::test_embedding_dimension::{closure#0} as core[df12db4294e9bfd3]::ops::function::FnOnce<()>>::call_once
[INFO] [stdout]   15:     0x61978ff2a80b - test[9d35eded1c95d3be]::__rust_begin_short_backtrace::<core[df12db4294e9bfd3]::result::Result<(), alloc[2182bb758b4b3781]::string::String>, fn() -> core[df12db4294e9bfd3]::result::Result<(), alloc[2182bb758b4b3781]::string::String>>
[INFO] [stdout]   16:     0x61978ff37e75 - test[9d35eded1c95d3be]::run_test::{closure#0}
[INFO] [stdout]   17:     0x61978ff31734 - std[70759c8f55707aa4]::sys::backtrace::__rust_begin_short_backtrace::<test[9d35eded1c95d3be]::run_test::{closure#1}, ()>
[INFO] [stdout]   18:     0x61978ff3afd2 - <std[70759c8f55707aa4]::thread::lifecycle::spawn_unchecked<test[9d35eded1c95d3be]::run_test::{closure#1}, ()>::{closure#1} as core[df12db4294e9bfd3]::ops::function::FnOnce<()>>::call_once::{shim:vtable#0}
[INFO] [stdout]   19:     0x61979026c6a9 - <std[70759c8f55707aa4]::sys::thread::unix::Thread>::new::thread_start
[INFO] [stdout]   20:     0x74af5bcb4dfa - <unknown>
[INFO] [stdout]   21:     0x74af5bd483d4 - clone
[INFO] [stdout]   22:                0x0 - <unknown>
[INFO] [stdout] 
[INFO] [stdout] ---- embeddings::tests::test_embedding_consistency stdout ----
[INFO] [stdout] 
[INFO] [stdout] thread 'embeddings::tests::test_embedding_consistency' (4284) panicked at src/embeddings.rs:291:48:
[INFO] [stdout] called `Result::unwrap()` on an `Err` value: ModelLoading("Tokenizer file not found: ./models/all-MiniLM-L6-v2/tokenizer.json. Please ensure the model is properly downloaded.")
[INFO] [stdout] stack backtrace:
[INFO] [stdout]    0:     0x61979026d371 - <<std[70759c8f55707aa4]::sys::backtrace::BacktraceLock>::print::DisplayBacktrace as core[df12db4294e9bfd3]::fmt::Display>::fmt
[INFO] [stdout]    1:     0x619790284bba - core[df12db4294e9bfd3]::fmt::write
[INFO] [stdout]    2:     0x61979027220c - <alloc[2182bb758b4b3781]::vec::Vec<u8> as core[df12db4294e9bfd3]::io::write::Write>::write_fmt
[INFO] [stdout]    3:     0x619790246bc6 - std[70759c8f55707aa4]::panicking::default_hook::{closure#0}
[INFO] [stdout]    4:     0x619790264709 - std[70759c8f55707aa4]::panicking::default_hook
[INFO] [stdout]    5:     0x61978ff37520 - test[9d35eded1c95d3be]::test_main_inner::<test[9d35eded1c95d3be]::test_main_static::{closure#0}>::{closure#0}
[INFO] [stdout]    6:     0x619790264a32 - std[70759c8f55707aa4]::panicking::panic_with_hook
[INFO] [stdout]    7:     0x619790246c72 - std[70759c8f55707aa4]::panicking::panic_handler::{closure#0}
[INFO] [stdout]    8:     0x61979023eef9 - std[70759c8f55707aa4]::sys::backtrace::__rust_end_short_backtrace::<std[70759c8f55707aa4]::panicking::panic_handler::{closure#0}, !>
[INFO] [stdout]    9:     0x619790247b0d - __rustc[8fa7c3cbc660c2b3]::rust_begin_unwind
[INFO] [stdout]   10:     0x61979028539c - core[df12db4294e9bfd3]::panicking::panic_fmt
[INFO] [stdout]   11:     0x619790285172 - core[df12db4294e9bfd3]::result::unwrap_failed
[INFO] [stdout]   12:     0x61978fefca10 - vectorlite[186c57ecdbdbb45c]::embeddings::tests::create_test_generator
[INFO] [stdout]   13:     0x61978fefcfe3 - vectorlite[186c57ecdbdbb45c]::embeddings::tests::test_embedding_consistency
[INFO] [stdout]   14:     0x61978ff20bf9 - <vectorlite[186c57ecdbdbb45c]::embeddings::tests::test_embedding_consistency::{closure#0} as core[df12db4294e9bfd3]::ops::function::FnOnce<()>>::call_once
[INFO] [stdout]   15:     0x61978ff2a80b - test[9d35eded1c95d3be]::__rust_begin_short_backtrace::<core[df12db4294e9bfd3]::result::Result<(), alloc[2182bb758b4b3781]::string::String>, fn() -> core[df12db4294e9bfd3]::result::Result<(), alloc[2182bb758b4b3781]::string::String>>
[INFO] [stdout]   16:     0x61978ff37e75 - test[9d35eded1c95d3be]::run_test::{closure#0}
[INFO] [stdout]   17:     0x61978ff31734 - std[70759c8f55707aa4]::sys::backtrace::__rust_begin_short_backtrace::<test[9d35eded1c95d3be]::run_test::{closure#1}, ()>
[INFO] [stdout]   18:     0x61978ff3afd2 - <std[70759c8f55707aa4]::thread::lifecycle::spawn_unchecked<test[9d35eded1c95d3be]::run_test::{closure#1}, ()>::{closure#1} as core[df12db4294e9bfd3]::ops::function::FnOnce<()>>::call_once::{shim:vtable#0}
[INFO] [stdout]   19:     0x61979026c6a9 - <std[70759c8f55707aa4]::sys::thread::unix::Thread>::new::thread_start
[INFO] [stdout]   20:     0x74af5bcb4dfa - <unknown>
[INFO] [stdout]   21:     0x74af5bd483d4 - clone
[INFO] [stdout]   22:                0x0 - <unknown>
[INFO] [stdout] 
[INFO] [stdout] 
[INFO] [stdout] failures:
[INFO] [stdout]     embeddings::tests::test_batch_embedding_generation
[INFO] [stdout]     embeddings::tests::test_different_texts_different_embeddings
[INFO] [stdout]     embeddings::tests::test_embedding_consistency
[INFO] [stdout]     embeddings::tests::test_embedding_dimension
[INFO] [stdout]     embeddings::tests::test_embedding_generation
[INFO] [stdout]     embeddings::tests::test_embedding_normalization
[INFO] [stdout]     embeddings::tests::test_empty_text_embedding
[INFO] [stdout] 
[INFO] [stdout] test result: FAILED. 56 passed; 7 failed; 0 ignored; 0 measured; 0 filtered out; finished in 0.03s
[INFO] [stdout] 
[INFO] running `Command { std: "docker" "inspect" "d7490a43064fda8bdc170f08e9f33b064c16417686ebe2e956aeddd0bf859877", kill_on_drop: false }`
[INFO] running `Command { std: "docker" "rm" "-f" "d7490a43064fda8bdc170f08e9f33b064c16417686ebe2e956aeddd0bf859877", kill_on_drop: false }`
[INFO] [stdout] d7490a43064fda8bdc170f08e9f33b064c16417686ebe2e956aeddd0bf859877
