[INFO] fetching crate uiautomator 1.0.2...
[INFO] testing uiautomator-1.0.2 against 1.99.0-beta.8+cargoflags=--release for beta-release-1.100-2
[INFO] extracting crate uiautomator 1.0.2 into /workspace/builds/worker-4-tc1/source
[INFO] started tweaking crates.io crate uiautomator 1.0.2
[INFO] finished tweaking crates.io crate uiautomator 1.0.2
[INFO] tweaked toml for crates.io crate uiautomator 1.0.2 written to /workspace/builds/worker-4-tc1/source/Cargo.toml
[INFO] validating manifest of crates.io crate uiautomator 1.0.2 on toolchain 1.99.0-beta.8
[INFO] running `Command { std: CARGO_HOME="/workspace/cargo-home" RUSTUP_HOME="/workspace/rustup-home" "/workspace/cargo-home/bin/cargo" "+1.99.0-beta.8" "metadata" "--manifest-path" "Cargo.toml" "--no-deps", kill_on_drop: false }`
[INFO] crate crates.io crate uiautomator 1.0.2 already has a lockfile, it will not be regenerated
[INFO] running `Command { std: CARGO_HOME="/workspace/cargo-home" RUSTUP_HOME="/workspace/rustup-home" "/workspace/cargo-home/bin/cargo" "+1.99.0-beta.8" "fetch" "--manifest-path" "Cargo.toml", kill_on_drop: false }`
[INFO] [stderr]     Updating crates.io index
[INFO] [stderr]  Downloading crates ...
[INFO] [stderr]   Downloaded mockall_derive v0.12.1
[INFO] [stderr]   Downloaded rcgen v0.14.7
[INFO] [stderr]   Downloaded mockall v0.12.1
[INFO] [stderr]   Downloaded adb_client v3.1.1
[INFO] running `Command { std: "docker" "create" "-v" "/var/lib/crater-agent-workspace/builds/worker-4-tc1/source:/opt/rustwide/workdir:ro,Z" "-v" "/var/lib/crater-agent-workspace/builds/worker-4-tc1/target:/opt/rustwide/target:rw,Z" "-v" "/var/lib/crater-agent-workspace/cargo-home:/opt/rustwide/cargo-home:ro,Z" "-v" "/var/lib/crater-agent-workspace/rustup-home:/opt/rustwide/rustup-home:ro,Z" "-m" "1610612736" "--network" "none" "ghcr.io/rust-lang/crates-build-env/linux@sha256:77db811e55d90add9212f6832c23229e3de5f1c1f9905e8cb07319ea15df73ac" "sleep" "infinity", kill_on_drop: false }`
[INFO] [stdout] 762d457a42c848b1f1ad9ea58dfb332336c4da29ff3b3016c54e5157af94d476
[INFO] running `Command { std: "docker" "start" "762d457a42c848b1f1ad9ea58dfb332336c4da29ff3b3016c54e5157af94d476", kill_on_drop: false }`
[INFO] running `Command { std: "docker" "inspect" "762d457a42c848b1f1ad9ea58dfb332336c4da29ff3b3016c54e5157af94d476", kill_on_drop: false }`
[INFO] running `Command { std: "docker" "exec" "-e" "SOURCE_DIR=/opt/rustwide/workdir" "-e" "CARGO_HOME=/opt/rustwide/cargo-home" "-e" "RUSTUP_HOME=/opt/rustwide/rustup-home" "-e" "CARGO_TARGET_DIR=/opt/rustwide/target" "-w" "/opt/rustwide/workdir" "--user" "0:0" "762d457a42c848b1f1ad9ea58dfb332336c4da29ff3b3016c54e5157af94d476" "/opt/rustwide/cargo-home/bin/cargo" "+1.99.0-beta.8" "metadata" "--no-deps" "--format-version=1", kill_on_drop: false }`
[INFO] running `Command { std: "docker" "inspect" "762d457a42c848b1f1ad9ea58dfb332336c4da29ff3b3016c54e5157af94d476", kill_on_drop: false }`
[INFO] running `Command { std: "docker" "exec" "-e" "SOURCE_DIR=/opt/rustwide/workdir" "-e" "CARGO_HOME=/opt/rustwide/cargo-home" "-e" "RUSTUP_HOME=/opt/rustwide/rustup-home" "-e" "CARGO_TARGET_DIR=/opt/rustwide/target" "-e" "CARGO_INCREMENTAL=0" "-e" "RUST_BACKTRACE=full" "-e" "RUSTFLAGS=--cap-lints=warn" "-e" "RUSTDOCFLAGS=--cap-lints=warn" "-w" "/opt/rustwide/workdir" "--user" "0:0" "762d457a42c848b1f1ad9ea58dfb332336c4da29ff3b3016c54e5157af94d476" "/opt/rustwide/cargo-home/bin/cargo" "+1.99.0-beta.8" "build" "--frozen" "--message-format=json" "--release", kill_on_drop: false }`
[INFO] [stderr]    Compiling quote v1.0.44
[INFO] [stderr]    Compiling smallvec v1.15.1
[INFO] [stderr]    Compiling zerocopy v0.8.40
[INFO] [stderr]    Compiling simd-adler32 v0.3.8
[INFO] [stderr]    Compiling openssl-sys v0.9.111
[INFO] [stderr]    Compiling getrandom v0.2.17
[INFO] [stderr]    Compiling num-traits v0.2.19
[INFO] [stderr]    Compiling errno v0.3.14
[INFO] [stderr]    Compiling socket2 v0.6.2
[INFO] [stderr]    Compiling ring v0.17.14
[INFO] [stderr]    Compiling pem-rfc7468 v0.7.0
[INFO] [stderr]    Compiling openssl v0.10.75
[INFO] [stderr]    Compiling winnow v0.7.14
[INFO] [stderr]    Compiling toml_datetime v0.7.5+spec-1.1.0
[INFO] [stderr]    Compiling tracing v0.1.44
[INFO] [stderr]    Compiling digest v0.10.7
[INFO] [stderr]    Compiling signal-hook-registry v1.4.8
[INFO] [stderr]    Compiling spin v0.9.8
[INFO] [stderr]    Compiling syn v2.0.117
[INFO] [stderr]    Compiling miniz_oxide v0.8.9
[INFO] [stderr]    Compiling rand_core v0.6.4
[INFO] [stderr]    Compiling der v0.7.10
[INFO] [stderr]    Compiling fdeflate v0.3.7
[INFO] [stderr]    Compiling parking_lot_core v0.9.12
[INFO] [stderr]    Compiling bytemuck v1.25.0
[INFO] [stderr]    Compiling rand_core v0.10.0
[INFO] [stderr]    Compiling native-tls v0.2.18
[INFO] [stderr]    Compiling getrandom v0.4.1
[INFO] [stderr]    Compiling num-bigint-dig v0.8.6
[INFO] [stderr]    Compiling time v0.3.47
[INFO] [stderr]    Compiling lazy_static v1.5.0
[INFO] [stderr]    Compiling http-body v0.4.6
[INFO] [stderr]    Compiling socket2 v0.5.10
[INFO] [stderr]    Compiling weezl v0.1.12
[INFO] [stderr]    Compiling pem v3.0.6
[INFO] [stderr]    Compiling parking_lot v0.12.5
[INFO] [stderr]    Compiling chacha20 v0.10.0
[INFO] [stderr]    Compiling jpeg-decoder v0.3.2
[INFO] [stderr]    Compiling flate2 v1.1.9
[INFO] [stderr]    Compiling num-integer v0.1.46
[INFO] [stderr]    Compiling pxfm v0.1.27
[INFO] [stderr]    Compiling yasna v0.5.2
[INFO] [stderr]    Compiling signature v2.2.0
[INFO] [stderr]    Compiling png v0.18.1
[INFO] [stderr]    Compiling zune-inflate v0.2.54
[INFO] [stderr]    Compiling md5 v0.7.0
[INFO] [stderr]    Compiling toml_parser v1.0.9+spec-1.1.0
[INFO] [stderr]    Compiling spki v0.7.3
[INFO] [stderr]    Compiling num-iter v0.1.45
[INFO] [stderr]    Compiling pkcs8 v0.10.2
[INFO] [stderr]    Compiling bit_field v0.10.3
[INFO] [stderr]    Compiling lebe v0.5.3
[INFO] [stderr]    Compiling png v0.17.16
[INFO] [stderr]    Compiling anstream v0.6.21
[INFO] [stderr]    Compiling pkcs1 v0.7.5
[INFO] [stderr]    Compiling sha1 v0.10.6
[INFO] [stderr]    Compiling uiautomator v1.0.2 (/opt/rustwide/workdir)
[INFO] [stderr]    Compiling tiff v0.9.1
[INFO] [stderr]    Compiling gif v0.13.3
[INFO] [stderr]    Compiling rand v0.10.0
[INFO] [stderr]    Compiling serde_json v1.0.149
[INFO] [stderr]    Compiling toml_edit v0.23.10+spec-1.0.0
[INFO] [stderr]    Compiling chrono v0.4.44
[INFO] [stderr]    Compiling quick-protobuf v0.8.1
[INFO] [stderr]    Compiling qoi v0.4.1
[INFO] [stderr]    Compiling env_filter v1.0.0
[INFO] [stderr]    Compiling jiff v0.2.21
[INFO] [stderr]    Compiling proc-macro-crate v3.4.0
[INFO] [stderr] warning: uiautomator@1.0.2: atx-agent file is missing
[INFO] [stderr]    Compiling quick-xml v0.31.0
[INFO] [stderr]    Compiling synstructure v0.13.2
[INFO] [stderr]    Compiling moxcms v0.7.11
[INFO] [stderr]    Compiling zerofrom-derive v0.1.6
[INFO] [stderr]    Compiling yoke-derive v0.8.1
[INFO] [stderr]    Compiling zerovec-derive v0.11.2
[INFO] [stderr]    Compiling displaydoc v0.2.5
[INFO] [stderr]    Compiling zerocopy-derive v0.8.40
[INFO] [stderr]    Compiling zerofrom v0.1.6
[INFO] [stderr]    Compiling futures-macro v0.3.32
[INFO] [stderr]    Compiling tokio-macros v2.6.0
[INFO] [stderr]    Compiling serde_derive v1.0.228
[INFO] [stderr]    Compiling openssl-macros v0.1.1
[INFO] [stderr]    Compiling thiserror-impl v2.0.18
[INFO] [stderr]    Compiling num_enum_derive v0.7.5
[INFO] [stderr]    Compiling thiserror-impl v1.0.69
[INFO] [stderr]    Compiling yoke v0.8.1
[INFO] [stderr]    Compiling tokio v1.49.0
[INFO] [stderr]    Compiling zerotrie v0.2.3
[INFO] [stderr]    Compiling zerovec v0.11.5
[INFO] [stderr]    Compiling futures-util v0.3.32
[INFO] [stderr]    Compiling thiserror v1.0.69
[INFO] [stderr]    Compiling env_logger v0.11.9
[INFO] [stderr]    Compiling num_enum v0.7.5
[INFO] [stderr]    Compiling tinystr v0.8.2
[INFO] [stderr]    Compiling potential_utf v0.1.4
[INFO] [stderr]    Compiling icu_collections v2.1.1
[INFO] [stderr]    Compiling icu_locale_core v2.1.1
[INFO] [stderr]    Compiling thiserror v2.0.18
[INFO] [stderr]    Compiling icu_provider v2.1.1
[INFO] [stderr]    Compiling icu_properties v2.1.2
[INFO] [stderr]    Compiling icu_normalizer v2.1.1
[INFO] [stderr]    Compiling serde v1.0.228
[INFO] [stderr]    Compiling serde_urlencoded v0.7.1
[INFO] [stderr]    Compiling futures-executor v0.3.32
[INFO] [stderr]    Compiling futures v0.3.32
[INFO] [stderr]    Compiling rustls v0.23.37
[INFO] [stderr]    Compiling idna_adapter v1.2.1
[INFO] [stderr]    Compiling idna v1.1.0
[INFO] [stderr]    Compiling image v0.25.9
[INFO] [stderr]    Compiling url v2.5.8
[INFO] [stderr]    Compiling ppv-lite86 v0.2.21
[INFO] [stderr]    Compiling half v2.7.1
[INFO] [stderr]    Compiling rustls-webpki v0.103.9
[INFO] [stderr]    Compiling rcgen v0.14.7
[INFO] [stderr]    Compiling rand_chacha v0.3.1
[INFO] [stderr]    Compiling exr v1.74.0
[INFO] [stderr]    Compiling rand v0.8.5
[INFO] [stderr]    Compiling tokio-util v0.7.18
[INFO] [stderr]    Compiling tokio-native-tls v0.3.1
[INFO] [stderr]    Compiling h2 v0.3.27
[INFO] [stderr]    Compiling rsa v0.9.10
[INFO] [stderr]    Compiling image v0.24.9
[INFO] [stderr]    Compiling hyper v0.14.32
[INFO] [stderr]    Compiling adb_client v3.1.1
[INFO] [stderr]    Compiling hyper-tls v0.5.0
[INFO] [stderr]    Compiling reqwest v0.11.27
[INFO] [stderr]     Finished `release` profile [optimized] target(s) in 2m 56s
[INFO] running `Command { std: "docker" "inspect" "762d457a42c848b1f1ad9ea58dfb332336c4da29ff3b3016c54e5157af94d476", kill_on_drop: false }`
[INFO] running `Command { std: "docker" "exec" "-e" "SOURCE_DIR=/opt/rustwide/workdir" "-e" "CARGO_HOME=/opt/rustwide/cargo-home" "-e" "RUSTUP_HOME=/opt/rustwide/rustup-home" "-e" "CARGO_TARGET_DIR=/opt/rustwide/target" "-e" "CARGO_INCREMENTAL=0" "-e" "RUST_BACKTRACE=full" "-e" "RUSTFLAGS=--cap-lints=warn" "-e" "RUSTDOCFLAGS=--cap-lints=warn" "-w" "/opt/rustwide/workdir" "--user" "0:0" "762d457a42c848b1f1ad9ea58dfb332336c4da29ff3b3016c54e5157af94d476" "/opt/rustwide/cargo-home/bin/cargo" "+1.99.0-beta.8" "test" "--frozen" "--no-run" "--message-format=json" "--release", kill_on_drop: false }`
[INFO] [stderr]    Compiling smallvec v1.15.1
[INFO] [stderr]    Compiling getrandom v0.3.4
[INFO] [stderr]    Compiling openssl v0.10.75
[INFO] [stderr]    Compiling jpeg-decoder v0.3.2
[INFO] [stderr]    Compiling png v0.18.1
[INFO] [stderr]    Compiling tempfile v3.26.0
[INFO] [stderr]    Compiling clap_builder v4.5.60
[INFO] [stderr]    Compiling ciborium-ll v0.2.2
[INFO] [stderr]    Compiling wait-timeout v0.2.1
[INFO] [stderr]    Compiling mockall_derive v0.12.1
[INFO] [stderr]    Compiling uiautomator v1.0.2 (/opt/rustwide/workdir)
[INFO] [stderr]    Compiling plotters v0.3.7
[INFO] [stderr]    Compiling predicates v3.1.4
[INFO] [stderr]    Compiling http-body-util v0.1.3
[INFO] [stderr]    Compiling tinytemplate v1.2.1
[INFO] [stderr]    Compiling assert-json-diff v2.0.2
[INFO] [stderr] warning: uiautomator@1.0.2: atx-agent file is missing
[INFO] [stderr]    Compiling is-terminal v0.4.17
[INFO] [stderr]    Compiling rand_core v0.9.5
[INFO] [stderr]    Compiling ciborium v0.2.2
[INFO] [stderr]    Compiling downcast v0.11.0
[INFO] [stderr]    Compiling parking_lot_core v0.9.12
[INFO] [stderr]    Compiling icu_normalizer v2.1.1
[INFO] [stderr]    Compiling rand_chacha v0.9.0
[INFO] [stderr]    Compiling num-bigint-dig v0.8.6
[INFO] [stderr]    Compiling parking_lot v0.12.5
[INFO] [stderr]    Compiling exr v1.74.0
[INFO] [stderr]    Compiling tokio v1.49.0
[INFO] [stderr]    Compiling idna_adapter v1.2.1
[INFO] [stderr]    Compiling idna v1.1.0
[INFO] [stderr]    Compiling rand v0.9.2
[INFO] [stderr]    Compiling rusty-fork v0.3.1
[INFO] [stderr]    Compiling rand_xorshift v0.4.0
[INFO] [stderr]    Compiling tiff v0.9.1
[INFO] [stderr]    Compiling url v2.5.8
[INFO] [stderr]    Compiling image v0.25.9
[INFO] [stderr]    Compiling fragile v2.0.1
[INFO] [stderr]    Compiling similar v2.7.0
[INFO] [stderr]    Compiling proptest v1.10.0
[INFO] [stderr]    Compiling rsa v0.9.10
[INFO] [stderr]    Compiling clap v4.5.60
[INFO] [stderr]    Compiling criterion v0.5.1
[INFO] [stderr]    Compiling mockall v0.12.1
[INFO] [stderr]    Compiling native-tls v0.2.18
[INFO] [stderr]    Compiling adb_client v3.1.1
[INFO] [stderr]    Compiling image v0.24.9
[INFO] [stderr]    Compiling tokio-util v0.7.18
[INFO] [stderr]    Compiling tokio-native-tls v0.3.1
[INFO] [stderr]    Compiling tokio-stream v0.1.18
[INFO] [stderr]    Compiling h2 v0.3.27
[INFO] [stderr]    Compiling h2 v0.4.13
[INFO] [stderr]    Compiling tokio-test v0.4.5
[INFO] [stderr]    Compiling hyper v1.8.1
[INFO] [stderr]    Compiling hyper v0.14.32
[INFO] [stderr]    Compiling hyper-util v0.1.20
[INFO] [stderr]    Compiling mockito v1.7.2
[INFO] [stderr]    Compiling hyper-tls v0.5.0
[INFO] [stderr]    Compiling reqwest v0.11.27
[INFO] [stderr]     Finished `release` profile [optimized] target(s) in 3m 24s
[INFO] running `Command { std: "docker" "inspect" "762d457a42c848b1f1ad9ea58dfb332336c4da29ff3b3016c54e5157af94d476", kill_on_drop: false }`
[INFO] running `Command { std: "docker" "exec" "-e" "SOURCE_DIR=/opt/rustwide/workdir" "-e" "CARGO_HOME=/opt/rustwide/cargo-home" "-e" "RUSTUP_HOME=/opt/rustwide/rustup-home" "-e" "CARGO_TARGET_DIR=/opt/rustwide/target" "-e" "CARGO_INCREMENTAL=0" "-e" "RUST_BACKTRACE=full" "-e" "RUSTFLAGS=--cap-lints=warn" "-e" "RUSTDOCFLAGS=--cap-lints=warn" "-w" "/opt/rustwide/workdir" "--user" "0:0" "762d457a42c848b1f1ad9ea58dfb332336c4da29ff3b3016c54e5157af94d476" "/opt/rustwide/cargo-home/bin/cargo" "+1.99.0-beta.8" "test" "--frozen" "--release", kill_on_drop: false }`
[INFO] [stderr]    Compiling uiautomator v1.0.2 (/opt/rustwide/workdir)
[INFO] [stderr] warning: uiautomator@1.0.2: atx-agent file is missing
[INFO] [stderr]     Finished `release` profile [optimized] target(s) in 20.92s
[INFO] [stderr]      Running unittests src/lib.rs (/opt/rustwide/target/release/deps/uiautomator-180d589aad6ed257)
[INFO] [stdout] 
[INFO] [stdout] running 256 tests
[INFO] [stdout] test device::tests::test_app_clear_basic ... ignored, 需要真实设备或模拟器
[INFO] [stdout] test device::tests::test_app_clear_nonexistent ... ignored, 需要真实设备或模拟器
[INFO] [stdout] test device::tests::test_app_current_after_start ... ignored, 需要真实设备或模拟器
[INFO] [stdout] test device::tests::test_app_current_basic ... ignored, 需要真实设备或模拟器
[INFO] [stdout] test device::tests::test_app_current_pid_valid ... ignored, 需要真实设备或模拟器
[INFO] [stdout] test atx_agent::tests::test_parse_version_response_invalid_json_version ... ok
[INFO] [stdout] test device::tests::test_app_start_and_wait ... ignored, 需要真实设备或模拟器
[INFO] [stdout] test device::tests::test_app_start_multiple_apps ... ignored, 需要真实设备或模拟器
[INFO] [stdout] test adb::tests::test_decode_shell_output_plain_text ... ok
[INFO] [stdout] test adb::tests::test_try_decode_shell_v2_invalid_stream_returns_none ... ok
[INFO] [stdout] test atx_agent::tests::test_parse_version_response_plain_text ... ok
[INFO] [stdout] test device::tests::test_app_start_nonexistent_package ... ignored, 需要真实设备或模拟器
[INFO] [stdout] test atx_agent::tests::test_parse_version_response_json_object ... ok
[INFO] [stdout] test device::tests::test_app_start_package_only ... ignored, 需要真实设备或模拟器
[INFO] [stdout] test device::tests::test_app_start_with_activity ... ignored, 需要真实设备或模拟器
[INFO] [stdout] test device::tests::test_app_stop_basic ... ignored, 需要真实设备或模拟器
[INFO] [stdout] test device::tests::test_app_stop_nonexistent ... ignored, 需要真实设备或模拟器
[INFO] [stdout] test device::tests::test_app_wait_already_running ... ignored, 需要真实设备或模拟器
[INFO] [stdout] test device::tests::test_app_wait_basic ... ignored, 需要真实设备或模拟器
[INFO] [stdout] test device::tests::test_app_wait_timeout ... ignored, 需要真实设备或模拟器
[INFO] [stdout] test device::tests::test_click_basic ... ignored, 需要真实设备或模拟器
[INFO] [stdout] test device::tests::test_click_with_percentage ... ignored, 需要真实设备或模拟器
[INFO] [stdout] test device::tests::test_connect_auto_select_single_device ... ignored, 需要真实设备或模拟器
[INFO] [stdout] test device::tests::test_connect_multiple_devices_error ... ignored, 需要多个设备连接
[INFO] [stdout] test device::tests::test_connect_quick ... ignored, 需要真实设备或模拟器
[INFO] [stdout] test device::tests::test_connect_with_mode ... ignored, 需要真实设备或模拟器
[INFO] [stdout] test device::tests::test_device_accessors ... ignored, 需要真实设备或模拟器
[INFO] [stdout] test device::tests::test_device_clone ... ignored, 需要真实设备或模拟器
[INFO] [stdout] test device::tests::test_device_get_wait_timeout ... ignored, 需要真实设备或模拟器
[INFO] [stdout] test device::tests::test_device_info ... ignored, 需要真实设备或模拟器
[INFO] [stdout] test device::tests::test_device_set_wait_timeout ... ignored, 需要真实设备或模拟器
[INFO] [stdout] test device::tests::test_device_wait_for ... ignored, 需要真实设备或模拟器
[INFO] [stdout] test device::tests::test_device_wait_for_operation_timeout_override ... ignored, 需要真实设备或模拟器
[INFO] [stdout] test device::tests::test_device_wait_for_uses_global_timeout ... ignored, 需要真实设备或模拟器
[INFO] [stdout] test device::tests::test_double_click ... ignored, 需要真实设备或模拟器
[INFO] [stdout] test adb::tests::test_decode_shell_output_shell_v2_stdout_exit ... ok
[INFO] [stdout] test device::tests::test_drag_basic ... ignored, 需要真实设备或模拟器
[INFO] [stdout] test device::tests::test_classify_app_start_failure_app_crashed ... ok
[INFO] [stdout] test device::tests::test_classify_app_start_failure_activity_missing_is_not_not_installed ... ok
[INFO] [stdout] test atx_agent::tests::test_parse_version_response_empty_body ... ok
[INFO] [stdout] test device::tests::test_extract_and_truncate_app_start_failure_reason ... ok
[INFO] [stdout] test adb::tests::test_decode_shell_output_shell_v2_with_stderr ... ok
[INFO] [stdout] test device::tests::test_device_structure ... ok
[INFO] [stdout] test device::tests::test_atx_agent_init_guidance_contains_cli_command ... ok
[INFO] [stdout] test atx_agent::tests::test_parse_version_response_invalid_plain_text ... ok
[INFO] [stdout] test device::tests::test_find_returns_uiobject ... ignored, 需要真实设备或模拟器
[INFO] [stdout] test device::tests::test_classify_app_start_failure_fallback ... ok
[INFO] [stdout] test device::tests::test_classify_app_start_failure_app_not_installed ... ok
[INFO] [stdout] test device::tests::test_is_app_start_failure_line_is_precise ... ok
[INFO] [stdout] test device::tests::test_long_click ... ignored, 需要真实设备或模拟器
[INFO] [stdout] test device::tests::test_is_likely_device_offline_text_detection ... ok
[INFO] [stdout] test device::tests::test_get_wait_timeout ... ok
[INFO] [stdout] test device::tests::test_parse_shell_output_with_exit_code ... ok
[INFO] [stdout] test device::tests::test_pos_rel2abs_edge_cases ... ok
[INFO] [stdout] test device::tests::test_is_jsonrpc_method_unavailable_error_is_precise ... ok
[INFO] [stdout] test device::tests::test_pos_rel2abs_percentage ... ok
[INFO] [stdout] test device::tests::test_find_creates_uiobject ... ok
[INFO] [stdout] test device::tests::test_pm_path_output_has_package ... ok
[INFO] [stdout] test device::tests::test_pos_rel2abs_with_device ... ignored, 需要真实设备或模拟器
[INFO] [stdout] test device::tests::test_press_all_common_keys ... ignored, 需要真实设备或模拟器
[INFO] [stdout] test device::tests::test_press_back_key ... ignored, 需要真实设备或模拟器
[INFO] [stdout] test device::tests::test_press_direction_keys ... ignored, 需要真实设备或模拟器
[INFO] [stdout] test device::tests::test_press_enter_key ... ignored, 需要真实设备或模拟器
[INFO] [stdout] test device::tests::test_press_home_key ... ignored, 需要真实设备或模拟器
[INFO] [stdout] test device::tests::test_press_keycode ... ignored, 需要真实设备或模拟器
[INFO] [stdout] test device::tests::test_press_power_key ... ignored, 需要真实设备或模拟器
[INFO] [stdout] test device::tests::test_press_volume_keys ... ignored, 需要真实设备或模拟器
[INFO] [stdout] test device::tests::test_press_vs_press_keycode_equivalence ... ignored, 需要真实设备或模拟器
[INFO] [stdout] test device::tests::test_press_with_operation_delay ... ignored, 需要真实设备或模拟器
[INFO] [stdout] test device::tests::test_screenshot_basic ... ignored, 需要真实设备或模拟器
[INFO] [stdout] test device::tests::test_screenshot_dimensions_match_screen ... ignored, 需要真实设备或模拟器
[INFO] [stdout] test device::tests::test_screenshot_image_format ... ignored, 需要真实设备或模拟器
[INFO] [stdout] test device::tests::test_screenshot_multiple_times ... ignored, 需要真实设备或模拟器
[INFO] [stdout] test device::tests::test_screenshot_to_file_format_detection ... ignored, 需要真实设备或模拟器
[INFO] [stdout] test device::tests::test_screenshot_to_file_invalid_path ... ignored, 需要真实设备或模拟器
[INFO] [stdout] test device::tests::test_screenshot_to_file_jpeg ... ignored, 需要真实设备或模拟器
[INFO] [stdout] test device::tests::test_screenshot_to_file_png ... ignored, 需要真实设备或模拟器
[INFO] [stdout] test device::tests::test_screenshot_to_file_preserves_dimensions ... ignored, 需要真实设备或模拟器
[INFO] [stdout] test device::tests::test_swipe_basic ... ignored, 需要真实设备或模拟器
[INFO] [stdout] test device::tests::test_swipe_diagonal ... ignored, 需要真实设备或模拟器
[INFO] [stdout] test device::tests::test_swipe_vertical ... ignored, 需要真实设备或模拟器
[INFO] [stdout] test device::tests::test_parse_app_component_from_dump_does_not_use_unfocused_window_lines ... ok
[INFO] [stdout] test device::tests::test_pos_rel2abs_pixel ... ok
[INFO] [stdout] test device::tests::test_server_mode_debug ... ok
[INFO] [stdout] test device::tests::test_is_jsonrpc_method_params_invalid_error_is_precise ... ok
[INFO] [stdout] test device::tests::test_wait_for_immediate_success ... ok
[INFO] [stdout] test device::tests::test_window_size ... ignored, 需要真实设备或模拟器
[INFO] [stdout] test device::tests::test_resolve_activity_command_unavailable_detection ... ok
[INFO] [stdout] test device::tests::test_set_wait_timeout_various_values ... ok
[INFO] [stdout] test device::tests::test_key_to_keycode_consistency ... ok
[INFO] [stdout] test device::tests::test_server_mode_clone_copy ... ok
[INFO] [stdout] test device::tests::test_parse_app_component_from_dump_prefers_focus_lines ... ok
[INFO] [stdout] test device::tests::test_set_wait_timeout ... ok
[INFO] [stdout] test device::tests::test_parse_app_component_from_dump_supports_activity_dump_fallback ... ok
[INFO] [stdout] test device::tests::test_wait_for_condition_error ... ok
[INFO] [stdout] test device::tests::test_pos_rel2abs_round_trip ... ok
[INFO] [stdout] test error::tests::test_app_not_installed ... ok
[INFO] [stdout] test error::tests::test_app_crashed ... ok
[INFO] [stdout] test error::tests::test_app_start_failed ... ok
[INFO] [stdout] test error::tests::test_device_offline ... ok
[INFO] [stdout] test error::tests::test_device_offline_contains_serial ... ok
[INFO] [stdout] test error::tests::test_element_not_found ... ok
[INFO] [stdout] test error::tests::test_adb_error ... ok
[INFO] [stdout] test error::tests::test_app_not_running ... ok
[INFO] [stdout] test error::tests::test_element_not_found_contains_selector ... ok
[INFO] [stdout] test error::tests::test_device_connection ... ok
[INFO] [stdout] test error::tests::test_device_not_found ... ok
[INFO] [stdout] test error::tests::test_element_timeout ... ok
[INFO] [stdout] test device::tests::test_set_wait_timeout_thread_safe ... ok
[INFO] [stdout] test error::tests::test_error_codes_application ... ok
[INFO] [stdout] test error::tests::test_error_codes_element ... ok
[INFO] [stdout] test error::tests::test_error_codes_network ... ok
[INFO] [stdout] test error::tests::test_element_timeout_contains_both_selector_and_timeout ... ok
[INFO] [stdout] test error::tests::test_error_categories ... ok
[INFO] [stdout] test error::tests::test_error_code_uniqueness ... ok
[INFO] [stdout] test device::tests::test_parse_app_component_from_dump_ignores_keyboard_focus_short_name ... ok
[INFO] [stdout] test error::tests::test_error_codes_device ... ok
[INFO] [stdout] test error::tests::test_error_from_io ... ok
[INFO] [stdout] test error::tests::test_error_codes_other ... ok
[INFO] [stdout] test error::tests::test_error_from_serde_json ... ok
[INFO] [stdout] test error::tests::test_http_timeout ... ok
[INFO] [stdout] test error::tests::test_invalid_argument ... ok
[INFO] [stdout] test error::tests::test_jsonrpc_error ... ok
[INFO] [stdout] test error::tests::test_jsonrpc_parse_error ... ok
[INFO] [stdout] test error::tests::test_internal_error ... ok
[INFO] [stdout] test error::tests::test_uiautomator_not_connected ... ok
[INFO] [stdout] test error::tests::test_unknown_error ... ok
[INFO] [stdout] test error::tests::test_multiple_devices_found ... ok
[INFO] [stdout] test key::tests::test_key_from_name ... ok
[INFO] [stdout] test error::tests::test_result_type ... ok
[INFO] [stdout] test error::tests::test_timeout ... ok
[INFO] [stdout] test error::tests::test_error_debug ... ok
[INFO] [stdout] test key::tests::test_key_round_trip ... ok
[INFO] [stdout] test key::tests::test_all_keys_have_unique_keycodes ... ok
[INFO] [stdout] test key::tests::test_key_to_keycode ... ok
[INFO] [stdout] test key::tests::test_key_to_name ... ok
[INFO] [stdout] test models::tests::test_device_info_serialization ... ok
[INFO] [stdout] test models::tests::test_device_info_rotation_from_surface_index ... ok
[INFO] [stdout] test models::tests::test_coord_percent_nan ... ok
[INFO] [stdout] test models::tests::test_app_info_serialization ... ok
[INFO] [stdout] test models::tests::test_coord_percent_out_of_range ... ok
[INFO] [stdout] test models::tests::test_coord_percent_to_pixel ... ok
[INFO] [stdout] test models::tests::test_element_info_deserialize_null_string_fields ... ok
[INFO] [stdout] test models::tests::test_rect_center ... ok
[INFO] [stdout] test models::tests::test_rect_height ... ok
[INFO] [stdout] test models::tests::test_rect_center_odd_dimensions ... ok
[INFO] [stdout] test models::tests::test_rect_zero_size ... ok
[INFO] [stdout] test selector::tests::test_index_vs_instance ... ok
[INFO] [stdout] test selector::tests::test_mask_combination_all_boolean_fields ... ok
[INFO] [stdout] test selector::tests::test_mask_combination_all_text_fields ... ok
[INFO] [stdout] test selector::tests::test_mask_combination_complex ... ok
[INFO] [stdout] test selector::tests::test_mask_combination_all_extended_boolean_fields ... ok
[INFO] [stdout] test selector::tests::test_child_selector ... ok
[INFO] [stdout] test selector::tests::test_mask_combination_matches_fields ... ok
[INFO] [stdout] test selector::tests::test_mask_single_field_checkable ... ok
[INFO] [stdout] test models::tests::test_coord_pixel_to_pixel ... ok
[INFO] [stdout] test selector::tests::test_mask_single_field_checked ... ok
[INFO] [stdout] test models::tests::test_device_info_rotation_from_degrees ... ok
[INFO] [stdout] test selector::tests::test_mask_combination_text_clickable ... ok
[INFO] [stdout] test models::tests::test_rect_serialization ... ok
[INFO] [stdout] test selector::tests::test_mask_combination_three_fields ... ok
[INFO] [stdout] test jsonrpc::tests::test_retry_fails_after_max_attempts ... FAILED
[INFO] [stdout] test jsonrpc::tests::test_retry_succeeds_on_second_attempt ... FAILED
[INFO] [stdout] test models::tests::test_rect_width ... ok
[INFO] [stdout] test jsonrpc::tests::test_retry_non_retryable_error_returns_immediately ... FAILED
[INFO] [stdout] test selector::tests::test_mask_single_field_description_contains ... ok
[INFO] [stdout] test selector::tests::test_mask_single_field_description ... ok
[INFO] [stdout] test jsonrpc::tests::test_retry_uses_exponential_backoff ... FAILED
[INFO] [stdout] test selector::tests::test_mask_single_field_class_name ... ok
[INFO] [stdout] test selector::tests::test_mask_single_field_description_starts_with ... ok
[INFO] [stdout] test selector::tests::test_mask_single_field_focusable ... ok
[INFO] [stdout] test jsonrpc::tests::test_retry_first_success_no_retry ... FAILED
[INFO] [stdout] test selector::tests::test_mask_single_field_index ... ok
[INFO] [stdout] test selector::tests::test_mask_single_field_enabled ... ok
[INFO] [stdout] test selector::tests::test_mask_single_field_class_name_matches ... ok
[INFO] [stdout] test selector::tests::test_mask_single_field_description_matches ... ok
[INFO] [stdout] test selector::tests::test_mask_single_field_package_name ... ok
[INFO] [stdout] test selector::tests::test_mask_single_field_resource_id_matches ... ok
[INFO] [stdout] test selector::tests::test_mask_single_field_scrollable ... ok
[INFO] [stdout] test selector::tests::test_mask_single_field_selected ... ok
[INFO] [stdout] test selector::tests::test_mask_single_field_text_matches ... ok
[INFO] [stdout] test selector::tests::test_mask_single_field_resource_id ... ok
[INFO] [stdout] test selector::tests::test_mask_single_field_text_contains ... ok
[INFO] [stdout] test selector::tests::test_no_child_or_sibling_fields_when_empty ... ok
[INFO] [stdout] test selector::tests::test_mask_single_field_clickable ... ok
[INFO] [stdout] test selector::tests::test_mask_single_field_package_name_matches ... ok
[INFO] [stdout] test selector::tests::test_mask_single_field_focused ... ok
[INFO] [stdout] test selector::tests::test_selector_chaining ... ok
[INFO] [stdout] test selector::tests::test_selector_class_name ... ok
[INFO] [stdout] test selector::tests::test_selector_default ... ok
[INFO] [stdout] test selector::tests::test_selector_description ... ok
[INFO] [stdout] test selector::tests::test_selector_resource_id ... ok
[INFO] [stdout] test selector::tests::test_mask_single_field_text_starts_with ... ok
[INFO] [stdout] test selector::tests::test_mask_single_field_long_clickable ... ok
[INFO] [stdout] test selector::tests::test_nested_child_selector ... ok
[INFO] [stdout] test selector::tests::test_mask_single_field_instance ... ok
[INFO] [stdout] test selector::tests::test_mask_single_field_text ... ok
[INFO] [stdout] test selector::tests::test_selector_boolean_properties ... ok
[INFO] [stdout] test selector::tests::test_selector_instance ... ok
[INFO] [stdout] test selector::tests::test_selector_empty ... ok
[INFO] [stdout] test settings::tests::test_set_http_timeout ... ok
[INFO] [stdout] test selector::tests::test_selector_all_string_fields ... ok
[INFO] [stdout] test selector::tests::test_selector_clone ... ok
[INFO] [stdout] test selector::tests::test_selector_multiple_conditions ... ok
[INFO] [stdout] test selector::tests::test_selector_text ... ok
[INFO] [stdout] test settings::tests::test_set_max_retry ... ok
[INFO] [stdout] test settings::tests::test_set_operation_delays ... ok
[INFO] [stdout] test settings::tests::test_set_polling_interval ... ok
[INFO] [stdout] test settings::tests::test_builder_pattern ... ok
[INFO] [stdout] test selector::tests::test_selector_text_contains ... ok
[INFO] [stdout] test selector::tests::test_selector_text_starts_with ... ok
[INFO] [stdout] test selector::tests::test_selector_text_matches ... ok
[INFO] [stdout] test settings::tests::test_clone ... ok
[INFO] [stdout] test settings::tests::test_default_settings ... ok
[INFO] [stdout] test settings::tests::test_new_settings ... ok
[INFO] [stdout] test selector::tests::test_sibling_selector ... ok
[INFO] [stdout] test uiobject::tests::test_bounds_returns_element_bounds ... ignored, 需要 Device 完整实现
[INFO] [stdout] test uiobject::tests::test_center_returns_center_coordinates ... ignored, 需要 Device 完整实现
[INFO] [stdout] test uiobject::tests::test_clear_text ... ignored, 需要 Device 完整实现
[INFO] [stdout] test uiobject::tests::test_click_element_at_center ... ignored, 需要 Device 完整实现
[INFO] [stdout] test uiobject::tests::test_click_element_with_offset ... ignored, 需要 Device 完整实现
[INFO] [stdout] test uiobject::tests::test_click_exists_returns_false_when_not_found ... ignored, 需要 Device 完整实现
[INFO] [stdout] test uiobject::tests::test_click_exists_returns_true_when_clicked ... ignored, 需要 Device 完整实现
[INFO] [stdout] test uiobject::tests::test_click_timeout_returns_error ... ignored, 需要 Device 完整实现
[INFO] [stdout] test settings::tests::test_set_wait_timeout ... ok
[INFO] [stdout] test uiobject::tests::test_exists_operation_timeout_override ... ignored, 需要 Device 完整实现
[INFO] [stdout] test uiobject::tests::test_exists_returns_false_when_element_not_found ... ignored, 需要 Device 完整实现
[INFO] [stdout] test uiobject::tests::test_exists_returns_true_when_element_found ... ignored, 需要 Device 完整实现
[INFO] [stdout] test uiobject::tests::test_exists_uses_global_timeout ... ignored, 需要 Device 完整实现
[INFO] [stdout] test uiobject::tests::test_get_text_returns_element_text ... ignored, 需要 Device 完整实现
[INFO] [stdout] test uiobject::tests::test_info_returns_element_details ... ignored, 需要 Device 完整实现
[INFO] [stdout] test uiobject::tests::test_long_click_with_custom_duration ... ignored, 需要 Device 完整实现
[INFO] [stdout] test uiobject::tests::test_long_click_with_default_duration ... ignored, 需要 Device 完整实现
[INFO] [stdout] test uiobject::tests::test_polling_interval ... ignored, 需要 Device 完整实现
[INFO] [stdout] test uiobject::tests::test_set_text ... ignored, 需要 Device 完整实现
[INFO] [stdout] test uiobject::tests::test_uiobject_selector_combinations ... ok
[INFO] [stdout] test uiobject::tests::test_wait_fails_on_timeout ... ignored, 需要 Device 完整实现
[INFO] [stdout] test uiobject::tests::test_wait_gone_fails_on_timeout ... ignored, 需要 Device 完整实现
[INFO] [stdout] test uiobject::tests::test_wait_gone_operation_timeout_override ... ignored, 需要 Device 完整实现
[INFO] [stdout] test uiobject::tests::test_wait_gone_succeeds_when_element_disappears ... ignored, 需要 Device 完整实现
[INFO] [stdout] test uiobject::tests::test_wait_gone_timeout_returns_error ... ignored, 需要 Device 完整实现
[INFO] [stdout] test uiobject::tests::test_wait_gone_uses_global_timeout ... ignored, 需要 Device 完整实现
[INFO] [stdout] test uiobject::tests::test_wait_operation_timeout_override ... ignored, 需要 Device 完整实现
[INFO] [stdout] test uiobject::tests::test_wait_succeeds_when_element_appears ... ignored, 需要 Device 完整实现
[INFO] [stdout] test uiobject::tests::test_wait_timeout_returns_error ... ignored, 需要 Device 完整实现
[INFO] [stdout] test uiobject::tests::test_wait_uses_global_timeout ... ignored, 需要 Device 完整实现
[INFO] [stdout] test uiobject::tests::test_is_element_not_found_error_avoids_false_positive ... ok
[INFO] [stdout] test uiobject::tests::test_uiobject_structure ... ok
[INFO] [stdout] test uiobject::tests::test_is_element_not_found_error_matches_known_patterns ... ok
[INFO] [stdout] test uiobject::tests::test_matches_selector_regex_matches_supported_patterns ... ok
[INFO] [stdout] test uiobject::tests::test_ensure_action_rpc_result_handles_boolean_and_non_boolean ... ok
[INFO] [stdout] test uiobject::tests::test_matches_selector_regex_rejects_mismatch ... ok
[INFO] [stdout] test uiobject::tests::test_matches_selector_regex_skips_incompatible_patterns ... ok
[INFO] [stdout] test device::tests::test_wait_for_delayed_success ... ok
[INFO] [stdout] test device::tests::test_wait_for_polling_interval ... ok
[INFO] [stdout] test device::tests::test_wait_for_timeout ... ok
[INFO] [stdout] 
[INFO] [stdout] failures:
[INFO] [stdout] 
[INFO] [stdout] ---- jsonrpc::tests::test_retry_fails_after_max_attempts stdout ----
[INFO] [stdout] 
[INFO] [stdout] thread 'jsonrpc::tests::test_retry_fails_after_max_attempts' (3925) panicked at src/jsonrpc.rs:1060:58:
[INFO] [stdout] called `Result::unwrap()` on an `Err` value: Adb("无法连接到 ADB 服务器: Connection refused (os error 111). 请确保 ADB 服务已启动")
[INFO] [stdout] stack backtrace:
[INFO] [stdout]    0:     0x5acb9affb171 - <<std[70759c8f55707aa4]::sys::backtrace::BacktraceLock>::print::DisplayBacktrace as core[df12db4294e9bfd3]::fmt::Display>::fmt
[INFO] [stdout]    1:     0x5acb9b014fea - core[df12db4294e9bfd3]::fmt::write
[INFO] [stdout]    2:     0x5acb9b00017c - <alloc[2182bb758b4b3781]::vec::Vec<u8> as core[df12db4294e9bfd3]::io::write::Write>::write_fmt
[INFO] [stdout]    3:     0x5acb9afd4b46 - std[70759c8f55707aa4]::panicking::default_hook::{closure#0}
[INFO] [stdout]    4:     0x5acb9aff2ac9 - std[70759c8f55707aa4]::panicking::default_hook
[INFO] [stdout]    5:     0x5acb9ae88e10 - test[9d35eded1c95d3be]::test_main_inner::<test[9d35eded1c95d3be]::test_main_static::{closure#0}>::{closure#0}
[INFO] [stdout]    6:     0x5acb9aff2df2 - std[70759c8f55707aa4]::panicking::panic_with_hook
[INFO] [stdout]    7:     0x5acb9afd4bf2 - std[70759c8f55707aa4]::panicking::panic_handler::{closure#0}
[INFO] [stdout]    8:     0x5acb9afcd779 - std[70759c8f55707aa4]::sys::backtrace::__rust_end_short_backtrace::<std[70759c8f55707aa4]::panicking::panic_handler::{closure#0}, !>
[INFO] [stdout]    9:     0x5acb9afd59dd - __rustc[8fa7c3cbc660c2b3]::rust_begin_unwind
[INFO] [stdout]   10:     0x5acb9b0157cc - core[df12db4294e9bfd3]::panicking::panic_fmt
[INFO] [stdout]   11:     0x5acb9b0155a2 - core[df12db4294e9bfd3]::result::unwrap_failed
[INFO] [stdout]   12:     0x5acb9ab39552 - uiautomator[f558013835fd7743]::jsonrpc::tests::test_retry_fails_after_max_attempts::{closure#0}
[INFO] [stdout]   13:     0x5acb9ab695a3 - <tokio[5ef94453663e650e]::runtime::scheduler::current_thread::Context>::enter::<core[df12db4294e9bfd3]::task::poll::Poll<()>, <tokio[5ef94453663e650e]::runtime::scheduler::current_thread::CoreGuard>::block_on<core[df12db4294e9bfd3]::pin::Pin<&mut core[df12db4294e9bfd3]::pin::Pin<&mut dyn core[df12db4294e9bfd3]::future::future::Future<Output = ()>>>>::{closure#0}::{closure#0}>
[INFO] [stdout]   14:     0x5acb9ab5168c - <tokio[5ef94453663e650e]::runtime::context::scoped::Scoped<tokio[5ef94453663e650e]::runtime::scheduler::Context>>::set::<<tokio[5ef94453663e650e]::runtime::scheduler::current_thread::CoreGuard>::enter<<tokio[5ef94453663e650e]::runtime::scheduler::current_thread::CoreGuard>::block_on<core[df12db4294e9bfd3]::pin::Pin<&mut core[df12db4294e9bfd3]::pin::Pin<&mut dyn core[df12db4294e9bfd3]::future::future::Future<Output = ()>>>>::{closure#0}, core[df12db4294e9bfd3]::option::Option<()>>::{closure#0}, (alloc[2182bb758b4b3781]::boxed::Box<tokio[5ef94453663e650e]::runtime::scheduler::current_thread::Core>, core[df12db4294e9bfd3]::option::Option<()>)>
[INFO] [stdout]   15:     0x5acb9ab699f7 - <tokio[5ef94453663e650e]::runtime::scheduler::current_thread::CoreGuard>::block_on::<core[df12db4294e9bfd3]::pin::Pin<&mut core[df12db4294e9bfd3]::pin::Pin<&mut dyn core[df12db4294e9bfd3]::future::future::Future<Output = ()>>>>
[INFO] [stdout]   16:     0x5acb9ab5451d - tokio[5ef94453663e650e]::runtime::context::runtime::enter_runtime::<<tokio[5ef94453663e650e]::runtime::scheduler::current_thread::CurrentThread>::block_on<core[df12db4294e9bfd3]::pin::Pin<&mut dyn core[df12db4294e9bfd3]::future::future::Future<Output = ()>>>::{closure#0}, ()>
[INFO] [stdout]   17:     0x5acb9ab5132e - <tokio[5ef94453663e650e]::runtime::runtime::Runtime>::block_on::<core[df12db4294e9bfd3]::pin::Pin<&mut dyn core[df12db4294e9bfd3]::future::future::Future<Output = ()>>>
[INFO] [stdout]   18:     0x5acb9ab3dc3b - uiautomator[f558013835fd7743]::jsonrpc::tests::test_retry_fails_after_max_attempts
[INFO] [stdout]   19:     0x5acb9ab502b9 - <uiautomator[f558013835fd7743]::jsonrpc::tests::test_retry_fails_after_max_attempts::{closure#0} as core[df12db4294e9bfd3]::ops::function::FnOnce<()>>::call_once
[INFO] [stdout]   20:     0x5acb9ae7c0fb - test[9d35eded1c95d3be]::__rust_begin_short_backtrace::<core[df12db4294e9bfd3]::result::Result<(), alloc[2182bb758b4b3781]::string::String>, fn() -> core[df12db4294e9bfd3]::result::Result<(), alloc[2182bb758b4b3781]::string::String>>
[INFO] [stdout]   21:     0x5acb9ae89765 - test[9d35eded1c95d3be]::run_test::{closure#0}
[INFO] [stdout]   22:     0x5acb9ae83024 - std[70759c8f55707aa4]::sys::backtrace::__rust_begin_short_backtrace::<test[9d35eded1c95d3be]::run_test::{closure#1}, ()>
[INFO] [stdout]   23:     0x5acb9ae8c8c2 - <std[70759c8f55707aa4]::thread::lifecycle::spawn_unchecked<test[9d35eded1c95d3be]::run_test::{closure#1}, ()>::{closure#1} as core[df12db4294e9bfd3]::ops::function::FnOnce<()>>::call_once::{shim:vtable#0}
[INFO] [stdout]   24:     0x5acb9affa0a9 - <std[70759c8f55707aa4]::sys::thread::unix::Thread>::new::thread_start
[INFO] [stdout]   25:     0x7b6d64dc2dfa - <unknown>
[INFO] [stdout]   26:     0x7b6d64e563d4 - clone
[INFO] [stdout]   27:                0x0 - <unknown>
[INFO] [stdout] 
[INFO] [stdout] ---- jsonrpc::tests::test_retry_succeeds_on_second_attempt stdout ----
[INFO] [stdout] 
[INFO] [stdout] thread 'jsonrpc::tests::test_retry_succeeds_on_second_attempt' (3928) panicked at src/jsonrpc.rs:1016:58:
[INFO] [stdout] called `Result::unwrap()` on an `Err` value: Adb("无法连接到 ADB 服务器: Connection refused (os error 111). 请确保 ADB 服务已启动")
[INFO] [stdout] stack backtrace:
[INFO] [stdout]    0:     0x5acb9affb171 - <<std[70759c8f55707aa4]::sys::backtrace::BacktraceLock>::print::DisplayBacktrace as core[df12db4294e9bfd3]::fmt::Display>::fmt
[INFO] [stdout]    1:     0x5acb9b014fea - core[df12db4294e9bfd3]::fmt::write
[INFO] [stdout]    2:     0x5acb9b00017c - <alloc[2182bb758b4b3781]::vec::Vec<u8> as core[df12db4294e9bfd3]::io::write::Write>::write_fmt
[INFO] [stdout]    3:     0x5acb9afd4b46 - std[70759c8f55707aa4]::panicking::default_hook::{closure#0}
[INFO] [stdout]    4:     0x5acb9aff2ac9 - std[70759c8f55707aa4]::panicking::default_hook
[INFO] [stdout]    5:     0x5acb9ae88e10 - test[9d35eded1c95d3be]::test_main_inner::<test[9d35eded1c95d3be]::test_main_static::{closure#0}>::{closure#0}
[INFO] [stdout]    6:     0x5acb9aff2df2 - std[70759c8f55707aa4]::panicking::panic_with_hook
[INFO] [stdout]    7:     0x5acb9afd4bf2 - std[70759c8f55707aa4]::panicking::panic_handler::{closure#0}
[INFO] [stdout]    8:     0x5acb9afcd779 - std[70759c8f55707aa4]::sys::backtrace::__rust_end_short_backtrace::<std[70759c8f55707aa4]::panicking::panic_handler::{closure#0}, !>
[INFO] [stdout]    9:     0x5acb9afd59dd - __rustc[8fa7c3cbc660c2b3]::rust_begin_unwind
[INFO] [stdout]   10:     0x5acb9b0157cc - core[df12db4294e9bfd3]::panicking::panic_fmt
[INFO] [stdout]   11:     0x5acb9b0155a2 - core[df12db4294e9bfd3]::result::unwrap_failed
[INFO] [stdout]   12:     0x5acb9ab3b8a0 - uiautomator[f558013835fd7743]::jsonrpc::tests::test_retry_succeeds_on_second_attempt::{closure#0}
[INFO] [stdout]   13:     0x5acb9ab695a3 - <tokio[5ef94453663e650e]::runtime::scheduler::current_thread::Context>::enter::<core[df12db4294e9bfd3]::task::poll::Poll<()>, <tokio[5ef94453663e650e]::runtime::scheduler::current_thread::CoreGuard>::block_on<core[df12db4294e9bfd3]::pin::Pin<&mut core[df12db4294e9bfd3]::pin::Pin<&mut dyn core[df12db4294e9bfd3]::future::future::Future<Output = ()>>>>::{closure#0}::{closure#0}>
[INFO] [stdout]   14:     0x5acb9ab5168c - <tokio[5ef94453663e650e]::runtime::context::scoped::Scoped<tokio[5ef94453663e650e]::runtime::scheduler::Context>>::set::<<tokio[5ef94453663e650e]::runtime::scheduler::current_thread::CoreGuard>::enter<<tokio[5ef94453663e650e]::runtime::scheduler::current_thread::CoreGuard>::block_on<core[df12db4294e9bfd3]::pin::Pin<&mut core[df12db4294e9bfd3]::pin::Pin<&mut dyn core[df12db4294e9bfd3]::future::future::Future<Output = ()>>>>::{closure#0}, core[df12db4294e9bfd3]::option::Option<()>>::{closure#0}, (alloc[2182bb758b4b3781]::boxed::Box<tokio[5ef94453663e650e]::runtime::scheduler::current_thread::Core>, core[df12db4294e9bfd3]::option::Option<()>)>
[INFO] [stdout]   15:     0x5acb9ab699f7 - <tokio[5ef94453663e650e]::runtime::scheduler::current_thread::CoreGuard>::block_on::<core[df12db4294e9bfd3]::pin::Pin<&mut core[df12db4294e9bfd3]::pin::Pin<&mut dyn core[df12db4294e9bfd3]::future::future::Future<Output = ()>>>>
[INFO] [stdout]   16:     0x5acb9ab5451d - tokio[5ef94453663e650e]::runtime::context::runtime::enter_runtime::<<tokio[5ef94453663e650e]::runtime::scheduler::current_thread::CurrentThread>::block_on<core[df12db4294e9bfd3]::pin::Pin<&mut dyn core[df12db4294e9bfd3]::future::future::Future<Output = ()>>>::{closure#0}, ()>
[INFO] [stdout]   17:     0x5acb9ab5132e - <tokio[5ef94453663e650e]::runtime::runtime::Runtime>::block_on::<core[df12db4294e9bfd3]::pin::Pin<&mut dyn core[df12db4294e9bfd3]::future::future::Future<Output = ()>>>
[INFO] [stdout]   18:     0x5acb9ab3dedb - uiautomator[f558013835fd7743]::jsonrpc::tests::test_retry_succeeds_on_second_attempt
[INFO] [stdout]   19:     0x5acb9ab502f9 - <uiautomator[f558013835fd7743]::jsonrpc::tests::test_retry_succeeds_on_second_attempt::{closure#0} as core[df12db4294e9bfd3]::ops::function::FnOnce<()>>::call_once
[INFO] [stdout]   20:     0x5acb9ae7c0fb - test[9d35eded1c95d3be]::__rust_begin_short_backtrace::<core[df12db4294e9bfd3]::result::Result<(), alloc[2182bb758b4b3781]::string::String>, fn() -> core[df12db4294e9bfd3]::result::Result<(), alloc[2182bb758b4b3781]::string::String>>
[INFO] [stdout]   21:     0x5acb9ae89765 - test[9d35eded1c95d3be]::run_test::{closure#0}
[INFO] [stdout]   22:     0x5acb9ae83024 - std[70759c8f55707aa4]::sys::backtrace::__rust_begin_short_backtrace::<test[9d35eded1c95d3be]::run_test::{closure#1}, ()>
[INFO] [stdout]   23:     0x5acb9ae8c8c2 - <std[70759c8f55707aa4]::thread::lifecycle::spawn_unchecked<test[9d35eded1c95d3be]::run_test::{closure#1}, ()>::{closure#1} as core[df12db4294e9bfd3]::ops::function::FnOnce<()>>::call_once::{shim:vtable#0}
[INFO] [stdout]   24:     0x5acb9affa0a9 - <std[70759c8f55707aa4]::sys::thread::unix::Thread>::new::thread_start
[INFO] [stdout]   25:     0x7b6d64dc2dfa - <unknown>
[INFO] [stdout]   26:     0x7b6d64e563d4 - clone
[INFO] [stdout]   27:                0x0 - <unknown>
[INFO] [stdout] 
[INFO] [stdout] ---- jsonrpc::tests::test_retry_non_retryable_error_returns_immediately stdout ----
[INFO] [stdout] 
[INFO] [stdout] thread 'jsonrpc::tests::test_retry_non_retryable_error_returns_immediately' (3927) panicked at src/jsonrpc.rs:1145:58:
[INFO] [stdout] called `Result::unwrap()` on an `Err` value: Adb("无法连接到 ADB 服务器: Connection refused (os error 111). 请确保 ADB 服务已启动")
[INFO] [stdout] stack backtrace:
[INFO] [stdout]    0:     0x5acb9affb171 - <<std[70759c8f55707aa4]::sys::backtrace::BacktraceLock>::print::DisplayBacktrace as core[df12db4294e9bfd3]::fmt::Display>::fmt
[INFO] [stdout]    1:     0x5acb9b014fea - core[df12db4294e9bfd3]::fmt::write
[INFO] [stdout]    2:     0x5acb9b00017c - <alloc[2182bb758b4b3781]::vec::Vec<u8> as core[df12db4294e9bfd3]::io::write::Write>::write_fmt
[INFO] [stdout]    3:     0x5acb9afd4b46 - std[70759c8f55707aa4]::panicking::default_hook::{closure#0}
[INFO] [stdout]    4:     0x5acb9aff2ac9 - std[70759c8f55707aa4]::panicking::default_hook
[INFO] [stdout]    5:     0x5acb9ae88e10 - test[9d35eded1c95d3be]::test_main_inner::<test[9d35eded1c95d3be]::test_main_static::{closure#0}>::{closure#0}
[INFO] [stdout]    6:     0x5acb9aff2df2 - std[70759c8f55707aa4]::panicking::panic_with_hook
[INFO] [stdout]    7:     0x5acb9afd4bf2 - std[70759c8f55707aa4]::panicking::panic_handler::{closure#0}
[INFO] [stdout]    8:     0x5acb9afcd779 - std[70759c8f55707aa4]::sys::backtrace::__rust_end_short_backtrace::<std[70759c8f55707aa4]::panicking::panic_handler::{closure#0}, !>
[INFO] [stdout]    9:     0x5acb9afd59dd - __rustc[8fa7c3cbc660c2b3]::rust_begin_unwind
[INFO] [stdout]   10:     0x5acb9b0157cc - core[df12db4294e9bfd3]::panicking::panic_fmt
[INFO] [stdout]   11:     0x5acb9b0155a2 - core[df12db4294e9bfd3]::result::unwrap_failed
[INFO] [stdout]   12:     0x5acb9ab3cc1f - uiautomator[f558013835fd7743]::jsonrpc::tests::test_retry_non_retryable_error_returns_immediately::{closure#0}
[INFO] [stdout]   13:     0x5acb9ab695a3 - <tokio[5ef94453663e650e]::runtime::scheduler::current_thread::Context>::enter::<core[df12db4294e9bfd3]::task::poll::Poll<()>, <tokio[5ef94453663e650e]::runtime::scheduler::current_thread::CoreGuard>::block_on<core[df12db4294e9bfd3]::pin::Pin<&mut core[df12db4294e9bfd3]::pin::Pin<&mut dyn core[df12db4294e9bfd3]::future::future::Future<Output = ()>>>>::{closure#0}::{closure#0}>
[INFO] [stdout]   14:     0x5acb9ab5168c - <tokio[5ef94453663e650e]::runtime::context::scoped::Scoped<tokio[5ef94453663e650e]::runtime::scheduler::Context>>::set::<<tokio[5ef94453663e650e]::runtime::scheduler::current_thread::CoreGuard>::enter<<tokio[5ef94453663e650e]::runtime::scheduler::current_thread::CoreGuard>::block_on<core[df12db4294e9bfd3]::pin::Pin<&mut core[df12db4294e9bfd3]::pin::Pin<&mut dyn core[df12db4294e9bfd3]::future::future::Future<Output = ()>>>>::{closure#0}, core[df12db4294e9bfd3]::option::Option<()>>::{closure#0}, (alloc[2182bb758b4b3781]::boxed::Box<tokio[5ef94453663e650e]::runtime::scheduler::current_thread::Core>, core[df12db4294e9bfd3]::option::Option<()>)>
[INFO] [stdout]   15:     0x5acb9ab699f7 - <tokio[5ef94453663e650e]::runtime::scheduler::current_thread::CoreGuard>::block_on::<core[df12db4294e9bfd3]::pin::Pin<&mut core[df12db4294e9bfd3]::pin::Pin<&mut dyn core[df12db4294e9bfd3]::future::future::Future<Output = ()>>>>
[INFO] [stdout]   16:     0x5acb9ab5451d - tokio[5ef94453663e650e]::runtime::context::runtime::enter_runtime::<<tokio[5ef94453663e650e]::runtime::scheduler::current_thread::CurrentThread>::block_on<core[df12db4294e9bfd3]::pin::Pin<&mut dyn core[df12db4294e9bfd3]::future::future::Future<Output = ()>>>::{closure#0}, ()>
[INFO] [stdout]   17:     0x5acb9ab5132e - <tokio[5ef94453663e650e]::runtime::runtime::Runtime>::block_on::<core[df12db4294e9bfd3]::pin::Pin<&mut dyn core[df12db4294e9bfd3]::future::future::Future<Output = ()>>>
[INFO] [stdout]   18:     0x5acb9ab3e02b - uiautomator[f558013835fd7743]::jsonrpc::tests::test_retry_non_retryable_error_returns_immediately
[INFO] [stdout]   19:     0x5acb9ab50319 - <uiautomator[f558013835fd7743]::jsonrpc::tests::test_retry_non_retryable_error_returns_immediately::{closure#0} as core[df12db4294e9bfd3]::ops::function::FnOnce<()>>::call_once
[INFO] [stdout]   20:     0x5acb9ae7c0fb - test[9d35eded1c95d3be]::__rust_begin_short_backtrace::<core[df12db4294e9bfd3]::result::Result<(), alloc[2182bb758b4b3781]::string::String>, fn() -> core[df12db4294e9bfd3]::result::Result<(), alloc[2182bb758b4b3781]::string::String>>
[INFO] [stdout]   21:     0x5acb9ae89765 - test[9d35eded1c95d3be]::run_test::{closure#0}
[INFO] [stdout]   22:     0x5acb9ae83024 - std[70759c8f55707aa4]::sys::backtrace::__rust_begin_short_backtrace::<test[9d35eded1c95d3be]::run_test::{closure#1}, ()>
[INFO] [stdout]   23:     0x5acb9ae8c8c2 - <std[70759c8f55707aa4]::thread::lifecycle::spawn_unchecked<test[9d35eded1c95d3be]::run_test::{closure#1}, ()>::{closure#1} as core[df12db4294e9bfd3]::ops::function::FnOnce<()>>::call_once::{shim:vtable#0}
[INFO] [stdout]   24:     0x5acb9affa0a9 - <std[70759c8f55707aa4]::sys::thread::unix::Thread>::new::thread_start
[INFO] [stdout]   25:     0x7b6d64dc2dfa - <unknown>
[INFO] [stdout]   26:     0x7b6d64e563d4 - clone
[INFO] [stdout]   27:                0x0 - <unknown>
[INFO] [stdout] 
[INFO] [stdout] ---- jsonrpc::tests::test_retry_uses_exponential_backoff stdout ----
[INFO] [stdout] 
[INFO] [stdout] thread 'jsonrpc::tests::test_retry_uses_exponential_backoff' (3929) panicked at src/jsonrpc.rs:1098:58:
[INFO] [stdout] called `Result::unwrap()` on an `Err` value: Adb("无法连接到 ADB 服务器: Connection refused (os error 111). 请确保 ADB 服务已启动")
[INFO] [stdout] stack backtrace:
[INFO] [stdout]    0:     0x5acb9affb171 - <<std[70759c8f55707aa4]::sys::backtrace::BacktraceLock>::print::DisplayBacktrace as core[df12db4294e9bfd3]::fmt::Display>::fmt
[INFO] [stdout]    1:     0x5acb9b014fea - core[df12db4294e9bfd3]::fmt::write
[INFO] [stdout]    2:     0x5acb9b00017c - <alloc[2182bb758b4b3781]::vec::Vec<u8> as core[df12db4294e9bfd3]::io::write::Write>::write_fmt
[INFO] [stdout]    3:     0x5acb9afd4b46 - std[70759c8f55707aa4]::panicking::default_hook::{closure#0}
[INFO] [stdout]    4:     0x5acb9aff2ac9 - std[70759c8f55707aa4]::panicking::default_hook
[INFO] [stdout]    5:     0x5acb9ae88e10 - test[9d35eded1c95d3be]::test_main_inner::<test[9d35eded1c95d3be]::test_main_static::{closure#0}>::{closure#0}
[INFO] [stdout]    6:     0x5acb9aff2df2 - std[70759c8f55707aa4]::panicking::panic_with_hook
[INFO] [stdout]    7:     0x5acb9afd4bf2 - std[70759c8f55707aa4]::panicking::panic_handler::{closure#0}
[INFO] [stdout]    8:     0x5acb9afcd779 - std[70759c8f55707aa4]::sys::backtrace::__rust_end_short_backtrace::<std[70759c8f55707aa4]::panicking::panic_handler::{closure#0}, !>
[INFO] [stdout]    9:     0x5acb9afd59dd - __rustc[8fa7c3cbc660c2b3]::rust_begin_unwind
[INFO] [stdout]   10:     0x5acb9b0157cc - core[df12db4294e9bfd3]::panicking::panic_fmt
[INFO] [stdout]   11:     0x5acb9b0155a2 - core[df12db4294e9bfd3]::result::unwrap_failed
[INFO] [stdout]   12:     0x5acb9ab3a745 - uiautomator[f558013835fd7743]::jsonrpc::tests::test_retry_uses_exponential_backoff::{closure#0}
[INFO] [stdout]   13:     0x5acb9ab695a3 - <tokio[5ef94453663e650e]::runtime::scheduler::current_thread::Context>::enter::<core[df12db4294e9bfd3]::task::poll::Poll<()>, <tokio[5ef94453663e650e]::runtime::scheduler::current_thread::CoreGuard>::block_on<core[df12db4294e9bfd3]::pin::Pin<&mut core[df12db4294e9bfd3]::pin::Pin<&mut dyn core[df12db4294e9bfd3]::future::future::Future<Output = ()>>>>::{closure#0}::{closure#0}>
[INFO] [stdout]   14:     0x5acb9ab5168c - <tokio[5ef94453663e650e]::runtime::context::scoped::Scoped<tokio[5ef94453663e650e]::runtime::scheduler::Context>>::set::<<tokio[5ef94453663e650e]::runtime::scheduler::current_thread::CoreGuard>::enter<<tokio[5ef94453663e650e]::runtime::scheduler::current_thread::CoreGuard>::block_on<core[df12db4294e9bfd3]::pin::Pin<&mut core[df12db4294e9bfd3]::pin::Pin<&mut dyn core[df12db4294e9bfd3]::future::future::Future<Output = ()>>>>::{closure#0}, core[df12db4294e9bfd3]::option::Option<()>>::{closure#0}, (alloc[2182bb758b4b3781]::boxed::Box<tokio[5ef94453663e650e]::runtime::scheduler::current_thread::Core>, core[df12db4294e9bfd3]::option::Option<()>)>
[INFO] [stdout]   15:     0x5acb9ab699f7 - <tokio[5ef94453663e650e]::runtime::scheduler::current_thread::CoreGuard>::block_on::<core[df12db4294e9bfd3]::pin::Pin<&mut core[df12db4294e9bfd3]::pin::Pin<&mut dyn core[df12db4294e9bfd3]::future::future::Future<Output = ()>>>>
[INFO] [stdout]   16:     0x5acb9ab5451d - tokio[5ef94453663e650e]::runtime::context::runtime::enter_runtime::<<tokio[5ef94453663e650e]::runtime::scheduler::current_thread::CurrentThread>::block_on<core[df12db4294e9bfd3]::pin::Pin<&mut dyn core[df12db4294e9bfd3]::future::future::Future<Output = ()>>>::{closure#0}, ()>
[INFO] [stdout]   17:     0x5acb9ab5132e - <tokio[5ef94453663e650e]::runtime::runtime::Runtime>::block_on::<core[df12db4294e9bfd3]::pin::Pin<&mut dyn core[df12db4294e9bfd3]::future::future::Future<Output = ()>>>
[INFO] [stdout]   18:     0x5acb9ab3dd8b - uiautomator[f558013835fd7743]::jsonrpc::tests::test_retry_uses_exponential_backoff
[INFO] [stdout]   19:     0x5acb9ab502d9 - <uiautomator[f558013835fd7743]::jsonrpc::tests::test_retry_uses_exponential_backoff::{closure#0} as core[df12db4294e9bfd3]::ops::function::FnOnce<()>>::call_once
[INFO] [stdout]   20:     0x5acb9ae7c0fb - test[9d35eded1c95d3be]::__rust_begin_short_backtrace::<core[df12db4294e9bfd3]::result::Result<(), alloc[2182bb758b4b3781]::string::String>, fn() -> core[df12db4294e9bfd3]::result::Result<(), alloc[2182bb758b4b3781]::string::String>>
[INFO] [stdout]   21:     0x5acb9ae89765 - test[9d35eded1c95d3be]::run_test::{closure#0}
[INFO] [stdout]   22:     0x5acb9ae83024 - std[70759c8f55707aa4]::sys::backtrace::__rust_begin_short_backtrace::<test[9d35eded1c95d3be]::run_test::{closure#1}, ()>
[INFO] [stdout]   23:     0x5acb9ae8c8c2 - <std[70759c8f55707aa4]::thread::lifecycle::spawn_unchecked<test[9d35eded1c95d3be]::run_test::{closure#1}, ()>::{closure#1} as core[df12db4294e9bfd3]::ops::function::FnOnce<()>>::call_once::{shim:vtable#0}
[INFO] [stdout]   24:     0x5acb9affa0a9 - <std[70759c8f55707aa4]::sys::thread::unix::Thread>::new::thread_start
[INFO] [stdout]   25:     0x7b6d64dc2dfa - <unknown>
[INFO] [stdout]   26:     0x7b6d64e563d4 - clone
[INFO] [stdout]   27:                0x0 - <unknown>
[INFO] [stdout] 
[INFO] [stdout] ---- jsonrpc::tests::test_retry_first_success_no_retry stdout ----
[INFO] [stdout] 
[INFO] [stdout] thread 'jsonrpc::tests::test_retry_first_success_no_retry' (3926) panicked at src/jsonrpc.rs:1181:58:
[INFO] [stdout] called `Result::unwrap()` on an `Err` value: Adb("无法连接到 ADB 服务器: Connection refused (os error 111). 请确保 ADB 服务已启动")
[INFO] [stdout] stack backtrace:
[INFO] [stdout]    0:     0x5acb9affb171 - <<std[70759c8f55707aa4]::sys::backtrace::BacktraceLock>::print::DisplayBacktrace as core[df12db4294e9bfd3]::fmt::Display>::fmt
[INFO] [stdout]    1:     0x5acb9b014fea - core[df12db4294e9bfd3]::fmt::write
[INFO] [stdout]    2:     0x5acb9b00017c - <alloc[2182bb758b4b3781]::vec::Vec<u8> as core[df12db4294e9bfd3]::io::write::Write>::write_fmt
[INFO] [stdout]    3:     0x5acb9afd4b46 - std[70759c8f55707aa4]::panicking::default_hook::{closure#0}
[INFO] [stdout]    4:     0x5acb9aff2ac9 - std[70759c8f55707aa4]::panicking::default_hook
[INFO] [stdout]    5:     0x5acb9ae88e10 - test[9d35eded1c95d3be]::test_main_inner::<test[9d35eded1c95d3be]::test_main_static::{closure#0}>::{closure#0}
[INFO] [stdout]    6:     0x5acb9aff2df2 - std[70759c8f55707aa4]::panicking::panic_with_hook
[INFO] [stdout]    7:     0x5acb9afd4bf2 - std[70759c8f55707aa4]::panicking::panic_handler::{closure#0}
[INFO] [stdout]    8:     0x5acb9afcd779 - std[70759c8f55707aa4]::sys::backtrace::__rust_end_short_backtrace::<std[70759c8f55707aa4]::panicking::panic_handler::{closure#0}, !>
[INFO] [stdout]    9:     0x5acb9afd59dd - __rustc[8fa7c3cbc660c2b3]::rust_begin_unwind
[INFO] [stdout]   10:     0x5acb9b0157cc - core[df12db4294e9bfd3]::panicking::panic_fmt
[INFO] [stdout]   11:     0x5acb9b0155a2 - core[df12db4294e9bfd3]::result::unwrap_failed
[INFO] [stdout]   12:     0x5acb9ab38c89 - uiautomator[f558013835fd7743]::jsonrpc::tests::test_retry_first_success_no_retry::{closure#0}
[INFO] [stdout]   13:     0x5acb9ab695a3 - <tokio[5ef94453663e650e]::runtime::scheduler::current_thread::Context>::enter::<core[df12db4294e9bfd3]::task::poll::Poll<()>, <tokio[5ef94453663e650e]::runtime::scheduler::current_thread::CoreGuard>::block_on<core[df12db4294e9bfd3]::pin::Pin<&mut core[df12db4294e9bfd3]::pin::Pin<&mut dyn core[df12db4294e9bfd3]::future::future::Future<Output = ()>>>>::{closure#0}::{closure#0}>
[INFO] [stdout]   14:     0x5acb9ab5168c - <tokio[5ef94453663e650e]::runtime::context::scoped::Scoped<tokio[5ef94453663e650e]::runtime::scheduler::Context>>::set::<<tokio[5ef94453663e650e]::runtime::scheduler::current_thread::CoreGuard>::enter<<tokio[5ef94453663e650e]::runtime::scheduler::current_thread::CoreGuard>::block_on<core[df12db4294e9bfd3]::pin::Pin<&mut core[df12db4294e9bfd3]::pin::Pin<&mut dyn core[df12db4294e9bfd3]::future::future::Future<Output = ()>>>>::{closure#0}, core[df12db4294e9bfd3]::option::Option<()>>::{closure#0}, (alloc[2182bb758b4b3781]::boxed::Box<tokio[5ef94453663e650e]::runtime::scheduler::current_thread::Core>, core[df12db4294e9bfd3]::option::Option<()>)>
[INFO] [stdout]   15:     0x5acb9ab699f7 - <tokio[5ef94453663e650e]::runtime::scheduler::current_thread::CoreGuard>::block_on::<core[df12db4294e9bfd3]::pin::Pin<&mut core[df12db4294e9bfd3]::pin::Pin<&mut dyn core[df12db4294e9bfd3]::future::future::Future<Output = ()>>>>
[INFO] [stdout]   16:     0x5acb9ab5451d - tokio[5ef94453663e650e]::runtime::context::runtime::enter_runtime::<<tokio[5ef94453663e650e]::runtime::scheduler::current_thread::CurrentThread>::block_on<core[df12db4294e9bfd3]::pin::Pin<&mut dyn core[df12db4294e9bfd3]::future::future::Future<Output = ()>>>::{closure#0}, ()>
[INFO] [stdout]   17:     0x5acb9ab5132e - <tokio[5ef94453663e650e]::runtime::runtime::Runtime>::block_on::<core[df12db4294e9bfd3]::pin::Pin<&mut dyn core[df12db4294e9bfd3]::future::future::Future<Output = ()>>>
[INFO] [stdout]   18:     0x5acb9ab3daeb - uiautomator[f558013835fd7743]::jsonrpc::tests::test_retry_first_success_no_retry
[INFO] [stdout]   19:     0x5acb9ab50299 - <uiautomator[f558013835fd7743]::jsonrpc::tests::test_retry_first_success_no_retry::{closure#0} as core[df12db4294e9bfd3]::ops::function::FnOnce<()>>::call_once
[INFO] [stdout]   20:     0x5acb9ae7c0fb - test[9d35eded1c95d3be]::__rust_begin_short_backtrace::<core[df12db4294e9bfd3]::result::Result<(), alloc[2182bb758b4b3781]::string::String>, fn() -> core[df12db4294e9bfd3]::result::Result<(), alloc[2182bb758b4b3781]::string::String>>
[INFO] [stdout]   21:     0x5acb9ae89765 - test[9d35eded1c95d3be]::run_test::{closure#0}
[INFO] [stdout]   22:     0x5acb9ae83024 - std[70759c8f55707aa4]::sys::backtrace::__rust_begin_short_backtrace::<test[9d35eded1c95d3be]::run_test::{closure#1}, ()>
[INFO] [stdout]   23:     0x5acb9ae8c8c2 - <std[70759c8f55707aa4]::thread::lifecycle::spawn_unchecked<test[9d35eded1c95d3be]::run_test::{closure#1}, ()>::{closure#1} as core[df12db4294e9bfd3]::ops::function::FnOnce<()>>::call_once::{shim:vtable#0}
[INFO] [stdout]   24:     0x5acb9affa0a9 - <std[70759c8f55707aa4]::sys::thread::unix::Thread>::new::thread_start
[INFO] [stdout]   25:     0x7b6d64dc2dfa - <unknown>
[INFO] [stdout]   26:     0x7b6d64e563d4 - clone
[INFO] [stdout]   27:                0x0 - <unknown>
[INFO] [stdout] 
[INFO] [stdout] 
[INFO] [stdout] failures:
[INFO] [stdout]     jsonrpc::tests::test_retry_fails_after_max_attempts
[INFO] [stdout]     jsonrpc::tests::test_retry_first_success_no_retry
[INFO] [stdout]     jsonrpc::tests::test_retry_non_retryable_error_returns_immediately
[INFO] [stdout]     jsonrpc::tests::test_retry_succeeds_on_second_attempt
[INFO] [stdout]     jsonrpc::tests::test_retry_uses_exponential_backoff
[INFO] [stdout] 
[INFO] [stdout] test result: FAILED. 166 passed; 5 failed; 85 ignored; 0 measured; 0 filtered out; finished in 2.24s
[INFO] [stdout] 
[INFO] [stderr] error: test failed, to rerun pass `--lib`
[INFO] running `Command { std: "docker" "inspect" "762d457a42c848b1f1ad9ea58dfb332336c4da29ff3b3016c54e5157af94d476", kill_on_drop: false }`
[INFO] running `Command { std: "docker" "rm" "-f" "762d457a42c848b1f1ad9ea58dfb332336c4da29ff3b3016c54e5157af94d476", kill_on_drop: false }`
[INFO] [stdout] 762d457a42c848b1f1ad9ea58dfb332336c4da29ff3b3016c54e5157af94d476
