[INFO] fetching crate tinyquant-core 1.1.0...
[INFO] testing tinyquant-core-1.1.0 against 1.99.0-beta.8+cargoflags=--release for beta-release-1.100-2
[INFO] extracting crate tinyquant-core 1.1.0 into /workspace/builds/worker-5-tc1/source
[INFO] started tweaking crates.io crate tinyquant-core 1.1.0
[INFO] removed 0 missing examples
[INFO] removed 0 missing tests
[INFO] finished tweaking crates.io crate tinyquant-core 1.1.0
[INFO] tweaked toml for crates.io crate tinyquant-core 1.1.0 written to /workspace/builds/worker-5-tc1/source/Cargo.toml
[INFO] validating manifest of crates.io crate tinyquant-core 1.1.0 on toolchain 1.99.0-beta.8
[INFO] running `Command { std: CARGO_HOME="/workspace/cargo-home" RUSTUP_HOME="/workspace/rustup-home" "/workspace/cargo-home/bin/cargo" "+1.99.0-beta.8" "metadata" "--manifest-path" "Cargo.toml" "--no-deps", kill_on_drop: false }`
[INFO] crate crates.io crate tinyquant-core 1.1.0 already has a lockfile, it will not be regenerated
[INFO] running `Command { std: CARGO_HOME="/workspace/cargo-home" RUSTUP_HOME="/workspace/rustup-home" "/workspace/cargo-home/bin/cargo" "+1.99.0-beta.8" "fetch" "--manifest-path" "Cargo.toml", kill_on_drop: false }`
[INFO] [stderr]     Updating crates.io index
[INFO] [stderr]  Downloading crates ...
[INFO] [stderr]   Downloaded serde_json v1.0.140
[INFO] [stderr]   Downloaded reborrow v0.5.5
[INFO] [stderr]   Downloaded nano-gemm-f64 v0.1.0
[INFO] [stderr]   Downloaded nano-gemm v0.1.3
[INFO] [stderr]   Downloaded dyn-stack v0.10.0
[INFO] [stderr]   Downloaded gemm-f32 v0.18.2
[INFO] [stderr]   Downloaded gemm-c64 v0.18.2
[INFO] [stderr]   Downloaded faer-entity v0.19.2
[INFO] [stderr]   Downloaded nano-gemm-codegen v0.1.0
[INFO] [stderr]   Downloaded nano-gemm-c64 v0.1.0
[INFO] [stderr]   Downloaded equator v0.2.2
[INFO] [stderr]   Downloaded seq-macro v0.3.6
[INFO] [stderr]   Downloaded dyn-stack-macros v0.1.3
[INFO] [stderr]   Downloaded coe-rs v0.1.2
[INFO] [stderr]   Downloaded dbgf v0.1.2
[INFO] [stderr]   Downloaded nano-gemm-c32 v0.1.0
[INFO] [stderr]   Downloaded equator-macro v0.2.1
[INFO] [stderr]   Downloaded gemm v0.18.2
[INFO] [stderr]   Downloaded gemm-f64 v0.18.2
[INFO] [stderr]   Downloaded gemm-c32 v0.18.2
[INFO] [stderr]   Downloaded gemm-common v0.18.2
[INFO] [stderr]   Downloaded dyn-stack v0.13.2
[INFO] [stderr]   Downloaded nano-gemm-f32 v0.1.0
[INFO] [stderr]   Downloaded pulp v0.18.22
[INFO] [stderr]   Downloaded pulp v0.21.5
[INFO] [stderr]   Downloaded nano-gemm-core v0.1.0
[INFO] [stderr]   Downloaded faer v0.19.4
[INFO] running `Command { std: "docker" "create" "-v" "/var/lib/crater-agent-workspace/builds/worker-5-tc1/source:/opt/rustwide/workdir:ro,Z" "-v" "/var/lib/crater-agent-workspace/builds/worker-5-tc1/target:/opt/rustwide/target:rw,Z" "-v" "/var/lib/crater-agent-workspace/cargo-home:/opt/rustwide/cargo-home:ro,Z" "-v" "/var/lib/crater-agent-workspace/rustup-home:/opt/rustwide/rustup-home:ro,Z" "-m" "1610612736" "--network" "none" "ghcr.io/rust-lang/crates-build-env/linux@sha256:77db811e55d90add9212f6832c23229e3de5f1c1f9905e8cb07319ea15df73ac" "sleep" "infinity", kill_on_drop: false }`
[INFO] [stdout] 49906e7d1717afd90564a2a971d89a5d7a61afcb52a311bd2010c304ed8afb7c
[INFO] running `Command { std: "docker" "start" "49906e7d1717afd90564a2a971d89a5d7a61afcb52a311bd2010c304ed8afb7c", kill_on_drop: false }`
[INFO] running `Command { std: "docker" "inspect" "49906e7d1717afd90564a2a971d89a5d7a61afcb52a311bd2010c304ed8afb7c", kill_on_drop: false }`
[INFO] running `Command { std: "docker" "exec" "-e" "SOURCE_DIR=/opt/rustwide/workdir" "-e" "CARGO_HOME=/opt/rustwide/cargo-home" "-e" "RUSTUP_HOME=/opt/rustwide/rustup-home" "-e" "CARGO_TARGET_DIR=/opt/rustwide/target" "-w" "/opt/rustwide/workdir" "--user" "0:0" "49906e7d1717afd90564a2a971d89a5d7a61afcb52a311bd2010c304ed8afb7c" "/opt/rustwide/cargo-home/bin/cargo" "+1.99.0-beta.8" "metadata" "--no-deps" "--format-version=1", kill_on_drop: false }`
[INFO] running `Command { std: "docker" "inspect" "49906e7d1717afd90564a2a971d89a5d7a61afcb52a311bd2010c304ed8afb7c", kill_on_drop: false }`
[INFO] running `Command { std: "docker" "exec" "-e" "SOURCE_DIR=/opt/rustwide/workdir" "-e" "CARGO_HOME=/opt/rustwide/cargo-home" "-e" "RUSTUP_HOME=/opt/rustwide/rustup-home" "-e" "CARGO_TARGET_DIR=/opt/rustwide/target" "-e" "CARGO_INCREMENTAL=0" "-e" "RUST_BACKTRACE=full" "-e" "RUSTFLAGS=--cap-lints=warn" "-e" "RUSTDOCFLAGS=--cap-lints=warn" "-w" "/opt/rustwide/workdir" "--user" "0:0" "49906e7d1717afd90564a2a971d89a5d7a61afcb52a311bd2010c304ed8afb7c" "/opt/rustwide/cargo-home/bin/cargo" "+1.99.0-beta.8" "build" "--frozen" "--message-format=json" "--release", kill_on_drop: false }`
[INFO] [stderr]    Compiling syn v2.0.117
[INFO] [stderr]    Compiling num-traits v0.2.19
[INFO] [stderr]    Compiling nano-gemm-codegen v0.1.0
[INFO] [stderr]    Compiling libm v0.2.16
[INFO] [stderr]    Compiling reborrow v0.5.5
[INFO] [stderr]    Compiling dyn-stack-macros v0.1.3
[INFO] [stderr]    Compiling bitflags v2.11.0
[INFO] [stderr]    Compiling once_cell v1.21.4
[INFO] [stderr]    Compiling seq-macro v0.3.6
[INFO] [stderr]    Compiling nano-gemm-core v0.1.0
[INFO] [stderr]    Compiling zerocopy v0.8.48
[INFO] [stderr]    Compiling coe-rs v0.1.2
[INFO] [stderr]    Compiling pulp v0.21.5
[INFO] [stderr]    Compiling thiserror v2.0.18
[INFO] [stderr]    Compiling dbgf v0.1.2
[INFO] [stderr]    Compiling hex v0.4.3
[INFO] [stderr]    Compiling spin v0.9.8
[INFO] [stderr]    Compiling raw-cpuid v11.6.0
[INFO] [stderr]    Compiling nano-gemm-c64 v0.1.0
[INFO] [stderr]    Compiling nano-gemm-f32 v0.1.0
[INFO] [stderr]    Compiling nano-gemm-c32 v0.1.0
[INFO] [stderr]    Compiling nano-gemm-f64 v0.1.0
[INFO] [stderr]    Compiling bytemuck_derive v1.10.2
[INFO] [stderr]    Compiling equator-macro v0.2.1
[INFO] [stderr]    Compiling equator-macro v0.4.2
[INFO] [stderr]    Compiling thiserror-impl v2.0.18
[INFO] [stderr]    Compiling equator v0.4.2
[INFO] [stderr]    Compiling equator v0.2.2
[INFO] [stderr]    Compiling bytemuck v1.25.0
[INFO] [stderr]    Compiling num-complex v0.4.6
[INFO] [stderr]    Compiling dyn-stack v0.13.2
[INFO] [stderr]    Compiling dyn-stack v0.10.0
[INFO] [stderr]    Compiling half v2.4.1
[INFO] [stderr]    Compiling pulp v0.18.22
[INFO] [stderr]    Compiling ppv-lite86 v0.2.21
[INFO] [stderr]    Compiling faer-entity v0.19.2
[INFO] [stderr]    Compiling rand_chacha v0.3.1
[INFO] [stderr]    Compiling gemm-common v0.18.2
[INFO] [stderr]    Compiling gemm-c32 v0.18.2
[INFO] [stderr]    Compiling gemm-f64 v0.18.2
[INFO] [stderr]    Compiling gemm-f32 v0.18.2
[INFO] [stderr]    Compiling gemm-c64 v0.18.2
[INFO] [stderr]    Compiling gemm v0.18.2
[INFO] [stderr]    Compiling nano-gemm v0.1.3
[INFO] [stderr]    Compiling faer v0.19.4
[INFO] [stderr]    Compiling tinyquant-core v1.1.0 (/opt/rustwide/workdir)
[INFO] [stderr]     Finished `release` profile [optimized] target(s) in 1m 08s
[INFO] running `Command { std: "docker" "inspect" "49906e7d1717afd90564a2a971d89a5d7a61afcb52a311bd2010c304ed8afb7c", kill_on_drop: false }`
[INFO] running `Command { std: "docker" "exec" "-e" "SOURCE_DIR=/opt/rustwide/workdir" "-e" "CARGO_HOME=/opt/rustwide/cargo-home" "-e" "RUSTUP_HOME=/opt/rustwide/rustup-home" "-e" "CARGO_TARGET_DIR=/opt/rustwide/target" "-e" "CARGO_INCREMENTAL=0" "-e" "RUST_BACKTRACE=full" "-e" "RUSTFLAGS=--cap-lints=warn" "-e" "RUSTDOCFLAGS=--cap-lints=warn" "-w" "/opt/rustwide/workdir" "--user" "0:0" "49906e7d1717afd90564a2a971d89a5d7a61afcb52a311bd2010c304ed8afb7c" "/opt/rustwide/cargo-home/bin/cargo" "+1.99.0-beta.8" "test" "--frozen" "--no-run" "--message-format=json" "--release", kill_on_drop: false }`
[INFO] [stderr]    Compiling libc v0.2.184
[INFO] [stderr]    Compiling crossbeam-utils v0.8.21
[INFO] [stderr]    Compiling ppv-lite86 v0.2.21
[INFO] [stderr]    Compiling rayon-core v1.12.1
[INFO] [stderr]    Compiling serde v1.0.228
[INFO] [stderr]    Compiling serde_json v1.0.140
[INFO] [stderr]    Compiling either v1.15.0
[INFO] [stderr]    Compiling crossbeam-epoch v0.9.18
[INFO] [stderr]    Compiling crossbeam-deque v0.8.6
[INFO] [stderr]    Compiling getrandom v0.2.17
[INFO] [stderr]    Compiling rand_core v0.6.4
[INFO] [stderr]    Compiling rand_chacha v0.3.1
[INFO] [stderr]    Compiling rayon v1.10.0
[INFO] [stderr]    Compiling rand v0.8.5
[INFO] [stderr]    Compiling tinyquant-core v1.1.0 (/opt/rustwide/workdir)
[INFO] [stderr]     Finished `release` profile [optimized] target(s) in 18.57s
[INFO] running `Command { std: "docker" "inspect" "49906e7d1717afd90564a2a971d89a5d7a61afcb52a311bd2010c304ed8afb7c", kill_on_drop: false }`
[INFO] running `Command { std: "docker" "exec" "-e" "SOURCE_DIR=/opt/rustwide/workdir" "-e" "CARGO_HOME=/opt/rustwide/cargo-home" "-e" "RUSTUP_HOME=/opt/rustwide/rustup-home" "-e" "CARGO_TARGET_DIR=/opt/rustwide/target" "-e" "CARGO_INCREMENTAL=0" "-e" "RUST_BACKTRACE=full" "-e" "RUSTFLAGS=--cap-lints=warn" "-e" "RUSTDOCFLAGS=--cap-lints=warn" "-w" "/opt/rustwide/workdir" "--user" "0:0" "49906e7d1717afd90564a2a971d89a5d7a61afcb52a311bd2010c304ed8afb7c" "/opt/rustwide/cargo-home/bin/cargo" "+1.99.0-beta.8" "test" "--frozen" "--release", kill_on_drop: false }`
[INFO] [stderr]     Finished `release` profile [optimized] target(s) in 0.17s
[INFO] [stderr]      Running unittests src/lib.rs (/opt/rustwide/target/release/deps/tinyquant_core-dc5057ff55e658b5)
[INFO] [stdout] 
[INFO] [stdout] running 3 tests
[INFO] [stdout] test codec::gaussian::tests::different_seeds_diverge ... ok
[INFO] [stdout] test codec::gaussian::tests::samples_have_reasonable_spread ... ok
[INFO] [stdout] test codec::gaussian::tests::same_seed_produces_identical_stream ... ok
[INFO] [stdout] 
[INFO] [stdout] test result: ok. 3 passed; 0 failed; 0 ignored; 0 measured; 0 filtered out; finished in 0.00s
[INFO] [stdout] 
[INFO] [stderr]      Running tests/backend_trait.rs (/opt/rustwide/target/release/deps/backend_trait-4414ff0a24dfd863)
[INFO] [stdout] 
[INFO] [stdout] running 4 tests
[INFO] [stdout] test search_result_tie_breaks_preserve_insertion_order ... ok
[INFO] [stdout] test search_result_nan_collapses_to_equal ... ok
[INFO] [stdout] test search_result_ordering_descending ... ok
[INFO] [stdout] test search_result_is_send_sync_clone ... ok
[INFO] [stdout] 
[INFO] [stdout] test result: ok. 4 passed; 0 failed; 0 ignored; 0 measured; 0 filtered out; finished in 0.01s
[INFO] [stdout] 
[INFO] [stderr]      Running tests/batch_determinism.rs (/opt/rustwide/target/release/deps/batch_determinism-7042e405e225bb37)
[INFO] [stdout] 
[INFO] [stdout] running 2 tests
[INFO] [stdout] test full_pipeline_deterministic_across_thread_counts ... FAILED
[INFO] [stdout] test full_pipeline_deterministic_across_repeat_runs ... FAILED
[INFO] [stdout] 
[INFO] [stdout] failures:
[INFO] [stdout] 
[INFO] [stdout] ---- full_pipeline_deterministic_across_thread_counts stdout ----
[INFO] [stdout] 
[INFO] [stdout] thread 'full_pipeline_deterministic_across_thread_counts' (2287) panicked at tests/batch_determinism.rs:36:26:
[INFO] [stdout] range end index 4096 out of range for slice of length 33
[INFO] [stdout] stack backtrace:
[INFO] [stdout]    0:     0x58d9f0424a91 - <<std[70759c8f55707aa4]::sys::backtrace::BacktraceLock>::print::DisplayBacktrace as core[df12db4294e9bfd3]::fmt::Display>::fmt
[INFO] [stdout]    1:     0x58d9f04397aa - core[df12db4294e9bfd3]::fmt::write
[INFO] [stdout]    2:     0x58d9f0428f7c - <alloc[2182bb758b4b3781]::vec::Vec<u8> as core[df12db4294e9bfd3]::io::write::Write>::write_fmt
[INFO] [stdout]    3:     0x58d9f0400926 - std[70759c8f55707aa4]::panicking::default_hook::{closure#0}
[INFO] [stdout]    4:     0x58d9f041cd59 - std[70759c8f55707aa4]::panicking::default_hook
[INFO] [stdout]    5:     0x58d9f0365000 - test[9d35eded1c95d3be]::test_main_inner::<test[9d35eded1c95d3be]::test_main_static::{closure#0}>::{closure#0}
[INFO] [stdout]    6:     0x58d9f041d082 - std[70759c8f55707aa4]::panicking::panic_with_hook
[INFO] [stdout]    7:     0x58d9f04009d2 - std[70759c8f55707aa4]::panicking::panic_handler::{closure#0}
[INFO] [stdout]    8:     0x58d9f03f95c9 - std[70759c8f55707aa4]::sys::backtrace::__rust_end_short_backtrace::<std[70759c8f55707aa4]::panicking::panic_handler::{closure#0}, !>
[INFO] [stdout]    9:     0x58d9f04015cd - __rustc[8fa7c3cbc660c2b3]::rust_begin_unwind
[INFO] [stdout]   10:     0x58d9f0439edc - core[df12db4294e9bfd3]::panicking::panic_fmt
[INFO] [stdout]   11:     0x58d9f043a838 - core[df12db4294e9bfd3]::slice::index::slice_index_fail
[INFO] [stdout]   12:     0x58d9f0354807 - batch_determinism[80b8584b2cbd86ed]::full_pipeline
[INFO] [stdout]   13:     0x58d9f0355d5d - <batch_determinism[80b8584b2cbd86ed]::full_pipeline_deterministic_across_thread_counts::{closure#0} as core[df12db4294e9bfd3]::ops::function::FnOnce<()>>::call_once
[INFO] [stdout]   14:     0x58d9f03582eb - test[9d35eded1c95d3be]::__rust_begin_short_backtrace::<core[df12db4294e9bfd3]::result::Result<(), alloc[2182bb758b4b3781]::string::String>, fn() -> core[df12db4294e9bfd3]::result::Result<(), alloc[2182bb758b4b3781]::string::String>>
[INFO] [stdout]   15:     0x58d9f0365955 - test[9d35eded1c95d3be]::run_test::{closure#0}
[INFO] [stdout]   16:     0x58d9f035f214 - std[70759c8f55707aa4]::sys::backtrace::__rust_begin_short_backtrace::<test[9d35eded1c95d3be]::run_test::{closure#1}, ()>
[INFO] [stdout]   17:     0x58d9f0368ab2 - <std[70759c8f55707aa4]::thread::lifecycle::spawn_unchecked<test[9d35eded1c95d3be]::run_test::{closure#1}, ()>::{closure#1} as core[df12db4294e9bfd3]::ops::function::FnOnce<()>>::call_once::{shim:vtable#0}
[INFO] [stdout]   18:     0x58d9f0424039 - <std[70759c8f55707aa4]::sys::thread::unix::Thread>::new::thread_start
[INFO] [stdout]   19:     0x723556f28dfa - <unknown>
[INFO] [stdout]   20:     0x723556fbc3d4 - clone
[INFO] [stdout]   21:                0x0 - <unknown>
[INFO] [stdout] 
[INFO] [stdout] ---- full_pipeline_deterministic_across_repeat_runs stdout ----
[INFO] [stdout] 
[INFO] [stdout] thread 'full_pipeline_deterministic_across_repeat_runs' (2286) panicked at tests/batch_determinism.rs:36:26:
[INFO] [stdout] range end index 4096 out of range for slice of length 33
[INFO] [stdout] stack backtrace:
[INFO] [stdout]    0:     0x58d9f0424a91 - <<std[70759c8f55707aa4]::sys::backtrace::BacktraceLock>::print::DisplayBacktrace as core[df12db4294e9bfd3]::fmt::Display>::fmt
[INFO] [stdout]    1:     0x58d9f04397aa - core[df12db4294e9bfd3]::fmt::write
[INFO] [stdout]    2:     0x58d9f0428f7c - <alloc[2182bb758b4b3781]::vec::Vec<u8> as core[df12db4294e9bfd3]::io::write::Write>::write_fmt
[INFO] [stdout]    3:     0x58d9f0400926 - std[70759c8f55707aa4]::panicking::default_hook::{closure#0}
[INFO] [stdout]    4:     0x58d9f041cd59 - std[70759c8f55707aa4]::panicking::default_hook
[INFO] [stdout]    5:     0x58d9f0365000 - test[9d35eded1c95d3be]::test_main_inner::<test[9d35eded1c95d3be]::test_main_static::{closure#0}>::{closure#0}
[INFO] [stdout]    6:     0x58d9f041d082 - std[70759c8f55707aa4]::panicking::panic_with_hook
[INFO] [stdout]    7:     0x58d9f04009d2 - std[70759c8f55707aa4]::panicking::panic_handler::{closure#0}
[INFO] [stdout]    8:     0x58d9f03f95c9 - std[70759c8f55707aa4]::sys::backtrace::__rust_end_short_backtrace::<std[70759c8f55707aa4]::panicking::panic_handler::{closure#0}, !>
[INFO] [stdout]    9:     0x58d9f04015cd - __rustc[8fa7c3cbc660c2b3]::rust_begin_unwind
[INFO] [stdout]   10:     0x58d9f0439edc - core[df12db4294e9bfd3]::panicking::panic_fmt
[INFO] [stdout]   11:     0x58d9f043a838 - core[df12db4294e9bfd3]::slice::index::slice_index_fail
[INFO] [stdout]   12:     0x58d9f0354807 - batch_determinism[80b8584b2cbd86ed]::full_pipeline
[INFO] [stdout]   13:     0x58d9f0355986 - <batch_determinism[80b8584b2cbd86ed]::full_pipeline_deterministic_across_repeat_runs::{closure#0} as core[df12db4294e9bfd3]::ops::function::FnOnce<()>>::call_once
[INFO] [stdout]   14:     0x58d9f03582eb - test[9d35eded1c95d3be]::__rust_begin_short_backtrace::<core[df12db4294e9bfd3]::result::Result<(), alloc[2182bb758b4b3781]::string::String>, fn() -> core[df12db4294e9bfd3]::result::Result<(), alloc[2182bb758b4b3781]::string::String>>
[INFO] [stdout]   15:     0x58d9f0365955 - test[9d35eded1c95d3be]::run_test::{closure#0}
[INFO] [stdout]   16:     0x58d9f035f214 - std[70759c8f55707aa4]::sys::backtrace::__rust_begin_short_backtrace::<test[9d35eded1c95d3be]::run_test::{closure#1}, ()>
[INFO] [stdout]   17:     0x58d9f0368ab2 - <std[70759c8f55707aa4]::thread::lifecycle::spawn_unchecked<test[9d35eded1c95d3be]::run_test::{closure#1}, ()>::{closure#1} as core[df12db4294e9bfd3]::ops::function::FnOnce<()>>::call_once::{shim:vtable#0}
[INFO] [stdout]   18:     0x58d9f0424039 - <std[70759c8f55707aa4]::sys::thread::unix::Thread>::new::thread_start
[INFO] [stdout]   19:     0x723556f28dfa - <unknown>
[INFO] [stdout]   20:     0x723556fbc3d4 - clone
[INFO] [stdout]   21:                0x0 - <unknown>
[INFO] [stdout] 
[INFO] [stdout] 
[INFO] [stdout] failures:
[INFO] [stdout]     full_pipeline_deterministic_across_repeat_runs
[INFO] [stdout]     full_pipeline_deterministic_across_thread_counts
[INFO] [stdout] 
[INFO] [stdout] test result: FAILED. 0 passed; 2 failed; 0 ignored; 0 measured; 0 filtered out; finished in 0.00s
[INFO] [stdout] 
[INFO] [stderr] error: test failed, to rerun pass `--test batch_determinism`
[INFO] running `Command { std: "docker" "inspect" "49906e7d1717afd90564a2a971d89a5d7a61afcb52a311bd2010c304ed8afb7c", kill_on_drop: false }`
[INFO] running `Command { std: "docker" "rm" "-f" "49906e7d1717afd90564a2a971d89a5d7a61afcb52a311bd2010c304ed8afb7c", kill_on_drop: false }`
[INFO] [stdout] 49906e7d1717afd90564a2a971d89a5d7a61afcb52a311bd2010c304ed8afb7c
