[INFO] fetching crate test-bd 0.2.0...
[INFO] testing test-bd-0.2.0 against 1.99.0-beta.8+cargoflags=--release for beta-release-1.100-2
[INFO] extracting crate test-bd 0.2.0 into /workspace/builds/worker-2-tc1/source
[INFO] started tweaking crates.io crate test-bd 0.2.0
[INFO] removed 0 missing tests
[INFO] finished tweaking crates.io crate test-bd 0.2.0
[INFO] tweaked toml for crates.io crate test-bd 0.2.0 written to /workspace/builds/worker-2-tc1/source/Cargo.toml
[INFO] validating manifest of crates.io crate test-bd 0.2.0 on toolchain 1.99.0-beta.8
[INFO] running `Command { std: CARGO_HOME="/workspace/cargo-home" RUSTUP_HOME="/workspace/rustup-home" "/workspace/cargo-home/bin/cargo" "+1.99.0-beta.8" "metadata" "--manifest-path" "Cargo.toml" "--no-deps", kill_on_drop: false }`
[INFO] crate crates.io crate test-bd 0.2.0 already has a lockfile, it will not be regenerated
[INFO] running `Command { std: CARGO_HOME="/workspace/cargo-home" RUSTUP_HOME="/workspace/rustup-home" "/workspace/cargo-home/bin/cargo" "+1.99.0-beta.8" "fetch" "--manifest-path" "Cargo.toml", kill_on_drop: false }`
[INFO] [stderr]     Updating crates.io index
[INFO] [stderr]  Downloading crates ...
[INFO] [stderr]   Downloaded blocking v1.6.2
[INFO] [stderr]   Downloaded piper v0.2.4
[INFO] [stderr]   Downloaded async-task v4.7.1
[INFO] [stderr]   Downloaded async-channel v2.5.0
[INFO] [stderr]   Downloaded size-display v0.1.4
[INFO] [stderr]   Downloaded num-iter v0.1.45
[INFO] [stderr]   Downloaded daemonize v0.5.0
[INFO] [stderr]   Downloaded async-process v2.5.0
[INFO] [stderr]   Downloaded async-fs v2.2.0
[INFO] [stderr]   Downloaded derive_setters v0.1.8
[INFO] [stderr]   Downloaded parse-size v1.1.0
[INFO] [stderr]   Downloaded rand_pcg v0.9.0
[INFO] [stderr]   Downloaded env_filter v0.1.4
[INFO] [stderr]   Downloaded async-signal v0.2.13
[INFO] [stderr]   Downloaded env_logger v0.11.8
[INFO] [stderr]   Downloaded colored v3.0.0
[INFO] [stderr]   Downloaded portable-atomic-util v0.2.4
[INFO] [stderr]   Downloaded polling v3.11.0
[INFO] [stderr]   Downloaded async-executor v1.13.3
[INFO] [stderr]   Downloaded async-lock v3.4.1
[INFO] [stderr]   Downloaded io-uring v0.7.9
[INFO] [stderr]   Downloaded jiff-static v0.2.16
[INFO] [stderr]   Downloaded async-io v2.6.0
[INFO] [stderr]   Downloaded clap v4.5.52
[INFO] [stderr]   Downloaded smol v2.0.2
[INFO] [stderr]   Downloaded libublk v0.4.5
[INFO] [stderr]   Downloaded clap_builder v4.5.52
[INFO] [stderr]   Downloaded bindgen v0.69.5
[INFO] [stderr]   Downloaded nix v0.30.1
[INFO] [stderr]   Downloaded jiff v0.2.16
[INFO] running `Command { std: "docker" "create" "-v" "/var/lib/crater-agent-workspace/builds/worker-2-tc1/source:/opt/rustwide/workdir:ro,Z" "-v" "/var/lib/crater-agent-workspace/builds/worker-2-tc1/target:/opt/rustwide/target:rw,Z" "-v" "/var/lib/crater-agent-workspace/cargo-home:/opt/rustwide/cargo-home:ro,Z" "-v" "/var/lib/crater-agent-workspace/rustup-home:/opt/rustwide/rustup-home:ro,Z" "-m" "1610612736" "--network" "none" "ghcr.io/rust-lang/crates-build-env/linux@sha256:77db811e55d90add9212f6832c23229e3de5f1c1f9905e8cb07319ea15df73ac" "sleep" "infinity", kill_on_drop: false }`
[INFO] [stdout] 22008d76daad8a1b10140ceaa894fd545d699d49385f9fd35f0a8fcd161097d6
[INFO] running `Command { std: "docker" "start" "22008d76daad8a1b10140ceaa894fd545d699d49385f9fd35f0a8fcd161097d6", kill_on_drop: false }`
[INFO] running `Command { std: "docker" "inspect" "22008d76daad8a1b10140ceaa894fd545d699d49385f9fd35f0a8fcd161097d6", kill_on_drop: false }`
[INFO] running `Command { std: "docker" "exec" "-e" "SOURCE_DIR=/opt/rustwide/workdir" "-e" "CARGO_HOME=/opt/rustwide/cargo-home" "-e" "RUSTUP_HOME=/opt/rustwide/rustup-home" "-e" "CARGO_TARGET_DIR=/opt/rustwide/target" "-w" "/opt/rustwide/workdir" "--user" "0:0" "22008d76daad8a1b10140ceaa894fd545d699d49385f9fd35f0a8fcd161097d6" "/opt/rustwide/cargo-home/bin/cargo" "+1.99.0-beta.8" "metadata" "--no-deps" "--format-version=1", kill_on_drop: false }`
[INFO] running `Command { std: "docker" "inspect" "22008d76daad8a1b10140ceaa894fd545d699d49385f9fd35f0a8fcd161097d6", kill_on_drop: false }`
[INFO] running `Command { std: "docker" "exec" "-e" "SOURCE_DIR=/opt/rustwide/workdir" "-e" "CARGO_HOME=/opt/rustwide/cargo-home" "-e" "RUSTUP_HOME=/opt/rustwide/rustup-home" "-e" "CARGO_TARGET_DIR=/opt/rustwide/target" "-e" "CARGO_INCREMENTAL=0" "-e" "RUST_BACKTRACE=full" "-e" "RUSTFLAGS=--cap-lints=warn" "-e" "RUSTDOCFLAGS=--cap-lints=warn" "-w" "/opt/rustwide/workdir" "--user" "0:0" "22008d76daad8a1b10140ceaa894fd545d699d49385f9fd35f0a8fcd161097d6" "/opt/rustwide/cargo-home/bin/cargo" "+1.99.0-beta.8" "build" "--frozen" "--message-format=json" "--release", kill_on_drop: false }`
[INFO] [stderr]    Compiling proc-macro2 v1.0.103
[INFO] [stderr]    Compiling quote v1.0.42
[INFO] [stderr]    Compiling unicode-ident v1.0.22
[INFO] [stderr]    Compiling pin-project-lite v0.2.16
[INFO] [stderr]    Compiling crossbeam-utils v0.8.21
[INFO] [stderr]    Compiling futures-core v0.3.31
[INFO] [stderr]    Compiling libc v0.2.177
[INFO] [stderr]    Compiling parking v2.2.1
[INFO] [stderr]    Compiling futures-io v0.3.31
[INFO] [stderr]    Compiling slab v0.4.11
[INFO] [stderr]    Compiling bitflags v2.10.0
[INFO] [stderr]    Compiling memchr v2.7.6
[INFO] [stderr]    Compiling rustix v1.1.2
[INFO] [stderr]    Compiling num-traits v0.2.19
[INFO] [stderr]    Compiling glob v0.3.3
[INFO] [stderr]    Compiling linux-raw-sys v0.11.0
[INFO] [stderr]    Compiling async-io v2.6.0
[INFO] [stderr]    Compiling async-task v4.7.1
[INFO] [stderr]    Compiling prettyplease v0.2.37
[INFO] [stderr]    Compiling rustix v0.38.44
[INFO] [stderr]    Compiling futures-lite v2.6.1
[INFO] [stderr]    Compiling cfg-if v1.0.4
[INFO] [stderr]    Compiling minimal-lexical v0.2.1
[INFO] [stderr]    Compiling atomic-waker v1.1.2
[INFO] [stderr]    Compiling getrandom v0.3.4
[INFO] [stderr]    Compiling clang-sys v1.8.1
[INFO] [stderr]    Compiling linux-raw-sys v0.4.15
[INFO] [stderr]    Compiling either v1.15.0
[INFO] [stderr]    Compiling regex-syntax v0.8.8
[INFO] [stderr]    Compiling aho-corasick v1.1.4
[INFO] [stderr]    Compiling piper v0.2.4
[INFO] [stderr]    Compiling nom v7.1.3
[INFO] [stderr]    Compiling libloading v0.8.9
[INFO] [stderr]    Compiling bindgen v0.69.5
[INFO] [stderr]    Compiling anyhow v1.0.100
[INFO] [stderr]    Compiling concurrent-queue v2.5.0
[INFO] [stderr]    Compiling home v0.5.12
[INFO] [stderr]    Compiling zerocopy v0.8.27
[INFO] [stderr]    Compiling strsim v0.11.1
[INFO] [stderr]    Compiling ident_case v1.0.1
[INFO] [stderr]    Compiling fnv v1.0.7
[INFO] [stderr]    Compiling anstyle-parse v0.2.7
[INFO] [stderr]    Compiling event-listener v5.4.1
[INFO] [stderr]    Compiling num-integer v0.1.46
[INFO] [stderr]    Compiling syn v2.0.110
[INFO] [stderr]    Compiling itertools v0.12.1
[INFO] [stderr]    Compiling lazycell v1.3.0
[INFO] [stderr]    Compiling colorchoice v1.0.4
[INFO] [stderr]    Compiling anstyle v1.0.13
[INFO] [stderr]    Compiling log v0.4.28
[INFO] [stderr]    Compiling event-listener-strategy v0.5.4
[INFO] [stderr]    Compiling lazy_static v1.5.0
[INFO] [stderr]    Compiling async-channel v2.5.0
[INFO] [stderr]    Compiling async-lock v3.4.1
[INFO] [stderr]    Compiling rustc-hash v1.1.0
[INFO] [stderr]    Compiling blocking v1.6.2
[INFO] [stderr]    Compiling anstream v0.6.21
[INFO] [stderr]    Compiling futures-channel v0.3.31
[INFO] [stderr]    Compiling thiserror v1.0.69
[INFO] [stderr]    Compiling serde_json v1.0.145
[INFO] [stderr]    Compiling io-uring v0.7.9
[INFO] [stderr]    Compiling nix v0.30.1
[INFO] [stderr]    Compiling num-bigint v0.4.6
[INFO] [stderr]    Compiling async-executor v1.13.3
[INFO] [stderr]    Compiling cexpr v0.6.0
[INFO] [stderr]    Compiling async-fs v2.2.0
[INFO] [stderr]    Compiling ryu v1.0.20
[INFO] [stderr]    Compiling regex-automata v0.4.13
[INFO] [stderr]    Compiling signal-hook-registry v1.4.6
[INFO] [stderr]    Compiling which v4.4.2
[INFO] [stderr]    Compiling rand_core v0.9.3
[INFO] [stderr]    Compiling itoa v1.0.15
[INFO] [stderr]    Compiling clap_lex v0.7.6
[INFO] [stderr]    Compiling clap_builder v4.5.52
[INFO] [stderr]    Compiling num-iter v0.1.45
[INFO] [stderr]    Compiling num-complex v0.4.6
[INFO] [stderr]    Compiling futures-timer v3.0.3
[INFO] [stderr]    Compiling bitmaps v3.2.1
[INFO] [stderr]    Compiling jiff v0.2.16
[INFO] [stderr]    Compiling rand_pcg v0.9.0
[INFO] [stderr]    Compiling daemonize v0.5.0
[INFO] [stderr]    Compiling size-display v0.1.4
[INFO] [stderr]    Compiling parse-size v1.1.0
[INFO] [stderr]    Compiling num-rational v0.4.2
[INFO] [stderr]    Compiling colored v3.0.0
[INFO] [stderr]    Compiling ppv-lite86 v0.2.21
[INFO] [stderr]    Compiling rand_chacha v0.9.0
[INFO] [stderr]    Compiling rand v0.9.2
[INFO] [stderr]    Compiling num v0.4.3
[INFO] [stderr]    Compiling darling_core v0.20.11
[INFO] [stderr]    Compiling regex v1.12.2
[INFO] [stderr]    Compiling futures-macro v0.3.31
[INFO] [stderr]    Compiling thiserror-impl v1.0.69
[INFO] [stderr]    Compiling serde_derive v1.0.228
[INFO] [stderr]    Compiling env_filter v0.1.4
[INFO] [stderr]    Compiling polling v3.11.0
[INFO] [stderr]    Compiling futures-util v0.3.31
[INFO] [stderr]    Compiling clap_derive v4.5.49
[INFO] [stderr]    Compiling env_logger v0.11.8
[INFO] [stderr]    Compiling darling_macro v0.20.11
[INFO] [stderr]    Compiling async-signal v0.2.13
[INFO] [stderr]    Compiling async-process v2.5.0
[INFO] [stderr]    Compiling darling v0.20.11
[INFO] [stderr]    Compiling async-net v2.0.0
[INFO] [stderr]    Compiling derive_setters v0.1.8
[INFO] [stderr]    Compiling smol v2.0.2
[INFO] [stderr]    Compiling clap v4.5.52
[INFO] [stderr]    Compiling serde v1.0.228
[INFO] [stderr]    Compiling futures-executor v0.3.31
[INFO] [stderr]    Compiling futures v0.3.31
[INFO] [stderr]    Compiling libublk v0.4.5
[INFO] [stderr]    Compiling test-bd v0.2.0 (/opt/rustwide/workdir)
[INFO] [stderr]     Finished `release` profile [optimized] target(s) in 1m 22s
[INFO] running `Command { std: "docker" "inspect" "22008d76daad8a1b10140ceaa894fd545d699d49385f9fd35f0a8fcd161097d6", kill_on_drop: false }`
[INFO] running `Command { std: "docker" "exec" "-e" "SOURCE_DIR=/opt/rustwide/workdir" "-e" "CARGO_HOME=/opt/rustwide/cargo-home" "-e" "RUSTUP_HOME=/opt/rustwide/rustup-home" "-e" "CARGO_TARGET_DIR=/opt/rustwide/target" "-e" "CARGO_INCREMENTAL=0" "-e" "RUST_BACKTRACE=full" "-e" "RUSTFLAGS=--cap-lints=warn" "-e" "RUSTDOCFLAGS=--cap-lints=warn" "-w" "/opt/rustwide/workdir" "--user" "0:0" "22008d76daad8a1b10140ceaa894fd545d699d49385f9fd35f0a8fcd161097d6" "/opt/rustwide/cargo-home/bin/cargo" "+1.99.0-beta.8" "test" "--frozen" "--no-run" "--message-format=json" "--release", kill_on_drop: false }`
[INFO] [stderr]    Compiling test-bd v0.2.0 (/opt/rustwide/workdir)
[INFO] [stderr]     Finished `release` profile [optimized] target(s) in 3.91s
[INFO] running `Command { std: "docker" "inspect" "22008d76daad8a1b10140ceaa894fd545d699d49385f9fd35f0a8fcd161097d6", kill_on_drop: false }`
[INFO] running `Command { std: "docker" "exec" "-e" "SOURCE_DIR=/opt/rustwide/workdir" "-e" "CARGO_HOME=/opt/rustwide/cargo-home" "-e" "RUSTUP_HOME=/opt/rustwide/rustup-home" "-e" "CARGO_TARGET_DIR=/opt/rustwide/target" "-e" "CARGO_INCREMENTAL=0" "-e" "RUST_BACKTRACE=full" "-e" "RUSTFLAGS=--cap-lints=warn" "-e" "RUSTDOCFLAGS=--cap-lints=warn" "-w" "/opt/rustwide/workdir" "--user" "0:0" "22008d76daad8a1b10140ceaa894fd545d699d49385f9fd35f0a8fcd161097d6" "/opt/rustwide/cargo-home/bin/cargo" "+1.99.0-beta.8" "test" "--frozen" "--release", kill_on_drop: false }`
[INFO] [stderr]     Finished `release` profile [optimized] target(s) in 0.15s
[INFO] [stderr]      Running unittests src/lib.rs (/opt/rustwide/target/release/deps/test_bd-9db0c124c39f12ff)
[INFO] [stdout] 
[INFO] [stdout] running 17 tests
[INFO] [stdout] test data_pattern::tests::test_duplicate_pattern_with_offset ... ok
[INFO] [stdout] test data_pattern::tests::test_large_offset ... ok
[INFO] [stdout] test data_pattern::tests::test_fill_pattern ... ok
[INFO] [stdout] test data_pattern::tests::test_random_access_pattern ... ok
[INFO] [stdout] test data_pattern::tests::test_random_pattern_different_seeds ... ok
[INFO] [stdout] test data_pattern::tests::test_duplicate_pattern_single_read ... ok
[INFO] [stdout] test data_pattern::tests::test_segment_boundaries ... ok
[INFO] [stdout] test data_pattern::tests::test_continuous_sequential_read ... ok
[INFO] [stdout] test data_pattern::tests::test_segment_creation_coverage ... ok
[INFO] [stdout] test data_pattern::tests::test_random_pattern_deterministic ... ok
[INFO] [stdout] test data_pattern::tests::test_duplicate_pattern_boundary ... ok
[INFO] [stdout] test data_pattern::tests::test_segment_transition ... ok
[INFO] [stdout] test data_pattern::tests::test_mixed_pattern_segments ... ok
[INFO] [stdout] test data_pattern::tests::test_duplicate_pattern_repeats ... ok
[INFO] [stdout] test data_pattern::tests::test_invalid_percentages - should panic ... ok
[INFO] [stdout] test data_pattern::tests::test_setup_preserves_offset_position ... ok
[INFO] [stdout] test data_pattern::tests::test_sequential_read_across_segments ... ok
[INFO] [stderr]      Running unittests src/bin/test-bd.rs (/opt/rustwide/target/release/deps/test_bd-e968e04614d46939)
[INFO] [stdout] 
[INFO] [stdout] test result: ok. 17 passed; 0 failed; 0 ignored; 0 measured; 0 filtered out; finished in 0.01s
[INFO] [stdout] 
[INFO] [stdout] 
[INFO] [stdout] running 0 tests
[INFO] [stdout] 
[INFO] [stdout] test result: ok. 0 passed; 0 failed; 0 ignored; 0 measured; 0 filtered out; finished in 0.00s
[INFO] [stdout] 
[INFO] [stderr]      Running unittests src/bin/test-bd-verify.rs (/opt/rustwide/target/release/deps/test_bd_verify-4f9198a61673c6cd)
[INFO] [stdout] 
[INFO] [stdout] running 0 tests
[INFO] [stdout] 
[INFO] [stdout] test result: ok. 0 passed; 0 failed; 0 ignored; 0 measured; 0 filtered out; finished in 0.00s
[INFO] [stdout] 
[INFO] [stderr]      Running tests/data_verification_tests.rs (/opt/rustwide/target/release/deps/data_verification_tests-5bbb9eaa8834cee9)
[INFO] [stdout] 
[INFO] [stdout] running 7 tests
[INFO] [stderr] 2026-10-18T18:28:21.063Z [tid:2917] ERROR - Failed to receive device ready signal from thread
[INFO] [stderr] 2026-10-18T18:28:21.064Z [tid:2915] ERROR - Failed to receive device ready signal from thread
[INFO] [stderr] 2026-10-18T18:28:21.064Z [tid:2918] ERROR - Failed to receive device ready signal from thread
[INFO] [stderr] 2026-10-18T18:28:21.064Z [tid:2921] ERROR - Failed to receive device ready signal from thread
[INFO] [stderr] 2026-10-18T18:28:21.064Z [tid:2916] ERROR - Failed to receive device ready signal from thread
[INFO] [stdout] test test_mixed_pattern_verification ... FAILED
[INFO] [stdout] test test_random_access_pattern ... FAILED
[INFO] [stdout] test test_duplicate_pattern_verification ... FAILED
[INFO] [stdout] test test_segment_boundary_reading ... FAILED
[INFO] [stdout] test test_fill_pattern_verification ... FAILED
[INFO] [stderr] 2026-10-18T18:28:21.149Z [tid:2920] ERROR - Failed to receive device ready signal from thread
[INFO] [stderr] 2026-10-18T18:28:21.149Z [tid:2919] ERROR - Failed to receive device ready signal from thread
[INFO] [stdout] test test_read_entire_device_sequential ... FAILED
[INFO] [stdout] test test_random_pattern_deterministic ... FAILED
[INFO] [stdout] 
[INFO] [stdout] failures:
[INFO] [stdout] 
[INFO] [stdout] ---- test_mixed_pattern_verification stdout ----
[INFO] [stdout] 
[INFO] [stdout] thread 'test_mixed_pattern_verification' (2917) panicked at tests/data_verification_tests.rs:363:41:
[INFO] [stdout] Failed to create device: "Failed to receive device ready signal from thread. The device thread may have panicked or failed to start."
[INFO] [stdout] stack backtrace:
[INFO] [stdout]    0:     0x600c92603d01 - <<std[70759c8f55707aa4]::sys::backtrace::BacktraceLock>::print::DisplayBacktrace as core[df12db4294e9bfd3]::fmt::Display>::fmt
[INFO] [stdout]    1:     0x600c9261b33a - core[df12db4294e9bfd3]::fmt::write
[INFO] [stdout]    2:     0x600c92609c6c - <alloc[2182bb758b4b3781]::vec::Vec<u8> as core[df12db4294e9bfd3]::io::write::Write>::write_fmt
[INFO] [stdout]    3:     0x600c925df026 - std[70759c8f55707aa4]::panicking::default_hook::{closure#0}
[INFO] [stdout]    4:     0x600c925fbf29 - std[70759c8f55707aa4]::panicking::default_hook
[INFO] [stdout]    5:     0x600c924750f0 - test[9d35eded1c95d3be]::test_main_inner::<test[9d35eded1c95d3be]::test_main_static::{closure#0}>::{closure#0}
[INFO] [stdout]    6:     0x600c925fc252 - std[70759c8f55707aa4]::panicking::panic_with_hook
[INFO] [stdout]    7:     0x600c925df0d2 - std[70759c8f55707aa4]::panicking::panic_handler::{closure#0}
[INFO] [stdout]    8:     0x600c925d7d09 - std[70759c8f55707aa4]::sys::backtrace::__rust_end_short_backtrace::<std[70759c8f55707aa4]::panicking::panic_handler::{closure#0}, !>
[INFO] [stdout]    9:     0x600c925dfd8d - __rustc[8fa7c3cbc660c2b3]::rust_begin_unwind
[INFO] [stdout]   10:     0x600c9261bb1c - core[df12db4294e9bfd3]::panicking::panic_fmt
[INFO] [stdout]   11:     0x600c9261b8f2 - core[df12db4294e9bfd3]::result::unwrap_failed
[INFO] [stdout]   12:     0x600c92461cdc - <data_verification_tests[c2e99f63c94ea91f]::test_mixed_pattern_verification::{closure#0} as core[df12db4294e9bfd3]::ops::function::FnOnce<()>>::call_once
[INFO] [stdout]   13:     0x600c924683db - test[9d35eded1c95d3be]::__rust_begin_short_backtrace::<core[df12db4294e9bfd3]::result::Result<(), alloc[2182bb758b4b3781]::string::String>, fn() -> core[df12db4294e9bfd3]::result::Result<(), alloc[2182bb758b4b3781]::string::String>>
[INFO] [stdout]   14:     0x600c92475a45 - test[9d35eded1c95d3be]::run_test::{closure#0}
[INFO] [stdout]   15:     0x600c9246f304 - std[70759c8f55707aa4]::sys::backtrace::__rust_begin_short_backtrace::<test[9d35eded1c95d3be]::run_test::{closure#1}, ()>
[INFO] [stdout]   16:     0x600c92478ba2 - <std[70759c8f55707aa4]::thread::lifecycle::spawn_unchecked<test[9d35eded1c95d3be]::run_test::{closure#1}, ()>::{closure#1} as core[df12db4294e9bfd3]::ops::function::FnOnce<()>>::call_once::{shim:vtable#0}
[INFO] [stdout]   17:     0x600c926035c9 - <std[70759c8f55707aa4]::sys::thread::unix::Thread>::new::thread_start
[INFO] [stdout]   18:     0x7d5cea8a6dfa - <unknown>
[INFO] [stdout]   19:     0x7d5cea93a3d4 - clone
[INFO] [stdout]   20:                0x0 - <unknown>
[INFO] [stdout] 
[INFO] [stdout] ---- test_random_access_pattern stdout ----
[INFO] [stdout] 
[INFO] [stdout] thread 'test_random_access_pattern' (2918) panicked at tests/data_verification_tests.rs:591:10:
[INFO] [stdout] Failed to create device: "Failed to receive device ready signal from thread. The device thread may have panicked or failed to start."
[INFO] [stdout] stack backtrace:
[INFO] [stdout]    0:     0x600c92603d01 - <<std[70759c8f55707aa4]::sys::backtrace::BacktraceLock>::print::DisplayBacktrace as core[df12db4294e9bfd3]::fmt::Display>::fmt
[INFO] [stdout]    1:     0x600c9261b33a - core[df12db4294e9bfd3]::fmt::write
[INFO] [stdout]    2:     0x600c92609c6c - <alloc[2182bb758b4b3781]::vec::Vec<u8> as core[df12db4294e9bfd3]::io::write::Write>::write_fmt
[INFO] [stdout]    3:     0x600c925df026 - std[70759c8f55707aa4]::panicking::default_hook::{closure#0}
[INFO] [stdout]    4:     0x600c925fbf29 - std[70759c8f55707aa4]::panicking::default_hook
[INFO] [stdout]    5:     0x600c924750f0 - test[9d35eded1c95d3be]::test_main_inner::<test[9d35eded1c95d3be]::test_main_static::{closure#0}>::{closure#0}
[INFO] [stdout]    6:     0x600c925fc252 - std[70759c8f55707aa4]::panicking::panic_with_hook
[INFO] [stdout]    7:     0x600c925df0d2 - std[70759c8f55707aa4]::panicking::panic_handler::{closure#0}
[INFO] [stdout]    8:     0x600c925d7d09 - std[70759c8f55707aa4]::sys::backtrace::__rust_end_short_backtrace::<std[70759c8f55707aa4]::panicking::panic_handler::{closure#0}, !>
[INFO] [stdout]    9:     0x600c925dfd8d - __rustc[8fa7c3cbc660c2b3]::rust_begin_unwind
[INFO] [stdout]   10:     0x600c9261bb1c - core[df12db4294e9bfd3]::panicking::panic_fmt
[INFO] [stdout]   11:     0x600c9261b8f2 - core[df12db4294e9bfd3]::result::unwrap_failed
[INFO] [stdout]   12:     0x600c9245fc1f - <data_verification_tests[c2e99f63c94ea91f]::test_random_access_pattern::{closure#0} as core[df12db4294e9bfd3]::ops::function::FnOnce<()>>::call_once
[INFO] [stdout]   13:     0x600c924683db - test[9d35eded1c95d3be]::__rust_begin_short_backtrace::<core[df12db4294e9bfd3]::result::Result<(), alloc[2182bb758b4b3781]::string::String>, fn() -> core[df12db4294e9bfd3]::result::Result<(), alloc[2182bb758b4b3781]::string::String>>
[INFO] [stdout]   14:     0x600c92475a45 - test[9d35eded1c95d3be]::run_test::{closure#0}
[INFO] [stdout]   15:     0x600c9246f304 - std[70759c8f55707aa4]::sys::backtrace::__rust_begin_short_backtrace::<test[9d35eded1c95d3be]::run_test::{closure#1}, ()>
[INFO] [stdout]   16:     0x600c92478ba2 - <std[70759c8f55707aa4]::thread::lifecycle::spawn_unchecked<test[9d35eded1c95d3be]::run_test::{closure#1}, ()>::{closure#1} as core[df12db4294e9bfd3]::ops::function::FnOnce<()>>::call_once::{shim:vtable#0}
[INFO] [stdout]   17:     0x600c926035c9 - <std[70759c8f55707aa4]::sys::thread::unix::Thread>::new::thread_start
[INFO] [stdout]   18:     0x7d5cea8a6dfa - <unknown>
[INFO] [stdout]   19:     0x7d5cea93a3d4 - clone
[INFO] [stdout]   20:                0x0 - <unknown>
[INFO] [stdout] 
[INFO] [stdout] ---- test_duplicate_pattern_verification stdout ----
[INFO] [stdout] 
[INFO] [stdout] thread 'test_duplicate_pattern_verification' (2915) panicked at tests/data_verification_tests.rs:169:41:
[INFO] [stdout] Failed to create device: "Failed to receive device ready signal from thread. The device thread may have panicked or failed to start."
[INFO] [stdout] stack backtrace:
[INFO] [stdout]    0:     0x600c92603d01 - <<std[70759c8f55707aa4]::sys::backtrace::BacktraceLock>::print::DisplayBacktrace as core[df12db4294e9bfd3]::fmt::Display>::fmt
[INFO] [stdout]    1:     0x600c9261b33a - core[df12db4294e9bfd3]::fmt::write
[INFO] [stdout]    2:     0x600c92609c6c - <alloc[2182bb758b4b3781]::vec::Vec<u8> as core[df12db4294e9bfd3]::io::write::Write>::write_fmt
[INFO] [stdout]    3:     0x600c925df026 - std[70759c8f55707aa4]::panicking::default_hook::{closure#0}
[INFO] [stdout]    4:     0x600c925fbf29 - std[70759c8f55707aa4]::panicking::default_hook
[INFO] [stdout]    5:     0x600c924750f0 - test[9d35eded1c95d3be]::test_main_inner::<test[9d35eded1c95d3be]::test_main_static::{closure#0}>::{closure#0}
[INFO] [stdout]    6:     0x600c925fc252 - std[70759c8f55707aa4]::panicking::panic_with_hook
[INFO] [stdout]    7:     0x600c925df0d2 - std[70759c8f55707aa4]::panicking::panic_handler::{closure#0}
[INFO] [stdout]    8:     0x600c925d7d09 - std[70759c8f55707aa4]::sys::backtrace::__rust_end_short_backtrace::<std[70759c8f55707aa4]::panicking::panic_handler::{closure#0}, !>
[INFO] [stdout]    9:     0x600c925dfd8d - __rustc[8fa7c3cbc660c2b3]::rust_begin_unwind
[INFO] [stdout]   10:     0x600c9261bb1c - core[df12db4294e9bfd3]::panicking::panic_fmt
[INFO] [stdout]   11:     0x600c9261b8f2 - core[df12db4294e9bfd3]::result::unwrap_failed
[INFO] [stdout]   12:     0x600c9246479b - <data_verification_tests[c2e99f63c94ea91f]::test_duplicate_pattern_verification::{closure#0} as core[df12db4294e9bfd3]::ops::function::FnOnce<()>>::call_once
[INFO] [stdout]   13:     0x600c924683db - test[9d35eded1c95d3be]::__rust_begin_short_backtrace::<core[df12db4294e9bfd3]::result::Result<(), alloc[2182bb758b4b3781]::string::String>, fn() -> core[df12db4294e9bfd3]::result::Result<(), alloc[2182bb758b4b3781]::string::String>>
[INFO] [stdout]   14:     0x600c92475a45 - test[9d35eded1c95d3be]::run_test::{closure#0}
[INFO] [stdout]   15:     0x600c9246f304 - std[70759c8f55707aa4]::sys::backtrace::__rust_begin_short_backtrace::<test[9d35eded1c95d3be]::run_test::{closure#1}, ()>
[INFO] [stdout]   16:     0x600c92478ba2 - <std[70759c8f55707aa4]::thread::lifecycle::spawn_unchecked<test[9d35eded1c95d3be]::run_test::{closure#1}, ()>::{closure#1} as core[df12db4294e9bfd3]::ops::function::FnOnce<()>>::call_once::{shim:vtable#0}
[INFO] [stdout]   17:     0x600c926035c9 - <std[70759c8f55707aa4]::sys::thread::unix::Thread>::new::thread_start
[INFO] [stdout]   18:     0x7d5cea8a6dfa - <unknown>
[INFO] [stdout]   19:     0x7d5cea93a3d4 - clone
[INFO] [stdout]   20:                0x0 - <unknown>
[INFO] [stdout] 
[INFO] [stdout] ---- test_segment_boundary_reading stdout ----
[INFO] [stdout] 
[INFO] [stdout] thread 'test_segment_boundary_reading' (2921) panicked at tests/data_verification_tests.rs:465:41:
[INFO] [stdout] Failed to create device: "Failed to receive device ready signal from thread. The device thread may have panicked or failed to start."
[INFO] [stdout] stack backtrace:
[INFO] [stdout]    0:     0x600c92603d01 - <<std[70759c8f55707aa4]::sys::backtrace::BacktraceLock>::print::DisplayBacktrace as core[df12db4294e9bfd3]::fmt::Display>::fmt
[INFO] [stdout]    1:     0x600c9261b33a - core[df12db4294e9bfd3]::fmt::write
[INFO] [stdout]    2:     0x600c92609c6c - <alloc[2182bb758b4b3781]::vec::Vec<u8> as core[df12db4294e9bfd3]::io::write::Write>::write_fmt
[INFO] [stdout]    3:     0x600c925df026 - std[70759c8f55707aa4]::panicking::default_hook::{closure#0}
[INFO] [stdout]    4:     0x600c925fbf29 - std[70759c8f55707aa4]::panicking::default_hook
[INFO] [stdout]    5:     0x600c924750f0 - test[9d35eded1c95d3be]::test_main_inner::<test[9d35eded1c95d3be]::test_main_static::{closure#0}>::{closure#0}
[INFO] [stdout]    6:     0x600c925fc252 - std[70759c8f55707aa4]::panicking::panic_with_hook
[INFO] [stdout]    7:     0x600c925df0d2 - std[70759c8f55707aa4]::panicking::panic_handler::{closure#0}
[INFO] [stdout]    8:     0x600c925d7d09 - std[70759c8f55707aa4]::sys::backtrace::__rust_end_short_backtrace::<std[70759c8f55707aa4]::panicking::panic_handler::{closure#0}, !>
[INFO] [stdout]    9:     0x600c925dfd8d - __rustc[8fa7c3cbc660c2b3]::rust_begin_unwind
[INFO] [stdout]   10:     0x600c9261bb1c - core[df12db4294e9bfd3]::panicking::panic_fmt
[INFO] [stdout]   11:     0x600c9261b8f2 - core[df12db4294e9bfd3]::result::unwrap_failed
[INFO] [stdout]   12:     0x600c9246024e - <data_verification_tests[c2e99f63c94ea91f]::test_segment_boundary_reading::{closure#0} as core[df12db4294e9bfd3]::ops::function::FnOnce<()>>::call_once
[INFO] [stdout]   13:     0x600c924683db - test[9d35eded1c95d3be]::__rust_begin_short_backtrace::<core[df12db4294e9bfd3]::result::Result<(), alloc[2182bb758b4b3781]::string::String>, fn() -> core[df12db4294e9bfd3]::result::Result<(), alloc[2182bb758b4b3781]::string::String>>
[INFO] [stdout]   14:     0x600c92475a45 - test[9d35eded1c95d3be]::run_test::{closure#0}
[INFO] [stdout]   15:     0x600c9246f304 - std[70759c8f55707aa4]::sys::backtrace::__rust_begin_short_backtrace::<test[9d35eded1c95d3be]::run_test::{closure#1}, ()>
[INFO] [stdout]   16:     0x600c92478ba2 - <std[70759c8f55707aa4]::thread::lifecycle::spawn_unchecked<test[9d35eded1c95d3be]::run_test::{closure#1}, ()>::{closure#1} as core[df12db4294e9bfd3]::ops::function::FnOnce<()>>::call_once::{shim:vtable#0}
[INFO] [stdout]   17:     0x600c926035c9 - <std[70759c8f55707aa4]::sys::thread::unix::Thread>::new::thread_start
[INFO] [stdout]   18:     0x7d5cea8a6dfa - <unknown>
[INFO] [stdout]   19:     0x7d5cea93a3d4 - clone
[INFO] [stdout]   20:                0x0 - <unknown>
[INFO] [stdout] 
[INFO] [stdout] ---- test_fill_pattern_verification stdout ----
[INFO] [stdout] 
[INFO] [stdout] thread 'test_fill_pattern_verification' (2916) panicked at tests/data_verification_tests.rs:89:41:
[INFO] [stdout] Failed to create device: "Failed to receive device ready signal from thread. The device thread may have panicked or failed to start."
[INFO] [stdout] stack backtrace:
[INFO] [stdout]    0:     0x600c92603d01 - <<std[70759c8f55707aa4]::sys::backtrace::BacktraceLock>::print::DisplayBacktrace as core[df12db4294e9bfd3]::fmt::Display>::fmt
[INFO] [stdout]    1:     0x600c9261b33a - core[df12db4294e9bfd3]::fmt::write
[INFO] [stdout]    2:     0x600c92609c6c - <alloc[2182bb758b4b3781]::vec::Vec<u8> as core[df12db4294e9bfd3]::io::write::Write>::write_fmt
[INFO] [stdout]    3:     0x600c925df026 - std[70759c8f55707aa4]::panicking::default_hook::{closure#0}
[INFO] [stdout]    4:     0x600c925fbf29 - std[70759c8f55707aa4]::panicking::default_hook
[INFO] [stdout]    5:     0x600c924750f0 - test[9d35eded1c95d3be]::test_main_inner::<test[9d35eded1c95d3be]::test_main_static::{closure#0}>::{closure#0}
[INFO] [stdout]    6:     0x600c925fc252 - std[70759c8f55707aa4]::panicking::panic_with_hook
[INFO] [stdout]    7:     0x600c925df0d2 - std[70759c8f55707aa4]::panicking::panic_handler::{closure#0}
[INFO] [stdout]    8:     0x600c925d7d09 - std[70759c8f55707aa4]::sys::backtrace::__rust_end_short_backtrace::<std[70759c8f55707aa4]::panicking::panic_handler::{closure#0}, !>
[INFO] [stdout]    9:     0x600c925dfd8d - __rustc[8fa7c3cbc660c2b3]::rust_begin_unwind
[INFO] [stdout]   10:     0x600c9261bb1c - core[df12db4294e9bfd3]::panicking::panic_fmt
[INFO] [stdout]   11:     0x600c9261b8f2 - core[df12db4294e9bfd3]::result::unwrap_failed
[INFO] [stdout]   12:     0x600c92460c5f - <data_verification_tests[c2e99f63c94ea91f]::test_fill_pattern_verification::{closure#0} as core[df12db4294e9bfd3]::ops::function::FnOnce<()>>::call_once
[INFO] [stdout]   13:     0x600c924683db - test[9d35eded1c95d3be]::__rust_begin_short_backtrace::<core[df12db4294e9bfd3]::result::Result<(), alloc[2182bb758b4b3781]::string::String>, fn() -> core[df12db4294e9bfd3]::result::Result<(), alloc[2182bb758b4b3781]::string::String>>
[INFO] [stdout]   14:     0x600c92475a45 - test[9d35eded1c95d3be]::run_test::{closure#0}
[INFO] [stdout]   15:     0x600c9246f304 - std[70759c8f55707aa4]::sys::backtrace::__rust_begin_short_backtrace::<test[9d35eded1c95d3be]::run_test::{closure#1}, ()>
[INFO] [stdout]   16:     0x600c92478ba2 - <std[70759c8f55707aa4]::thread::lifecycle::spawn_unchecked<test[9d35eded1c95d3be]::run_test::{closure#1}, ()>::{closure#1} as core[df12db4294e9bfd3]::ops::function::FnOnce<()>>::call_once::{shim:vtable#0}
[INFO] [stdout]   17:     0x600c926035c9 - <std[70759c8f55707aa4]::sys::thread::unix::Thread>::new::thread_start
[INFO] [stdout]   18:     0x7d5cea8a6dfa - <unknown>
[INFO] [stdout]   19:     0x7d5cea93a3d4 - clone
[INFO] [stdout]   20:                0x0 - <unknown>
[INFO] [stdout] 
[INFO] [stdout] ---- test_read_entire_device_sequential stdout ----
[INFO] [stdout] 
[INFO] [stdout] thread 'test_read_entire_device_sequential' (2920) panicked at tests/data_verification_tests.rs:518:10:
[INFO] [stdout] Failed to create device: "Failed to receive device ready signal from thread. The device thread may have panicked or failed to start."
[INFO] [stdout] stack backtrace:
[INFO] [stdout]    0:     0x600c92603d01 - <<std[70759c8f55707aa4]::sys::backtrace::BacktraceLock>::print::DisplayBacktrace as core[df12db4294e9bfd3]::fmt::Display>::fmt
[INFO] [stdout]    1:     0x600c9261b33a - core[df12db4294e9bfd3]::fmt::write
[INFO] [stdout]    2:     0x600c92609c6c - <alloc[2182bb758b4b3781]::vec::Vec<u8> as core[df12db4294e9bfd3]::io::write::Write>::write_fmt
[INFO] [stdout]    3:     0x600c925df026 - std[70759c8f55707aa4]::panicking::default_hook::{closure#0}
[INFO] [stdout]    4:     0x600c925fbf29 - std[70759c8f55707aa4]::panicking::default_hook
[INFO] [stdout]    5:     0x600c924750f0 - test[9d35eded1c95d3be]::test_main_inner::<test[9d35eded1c95d3be]::test_main_static::{closure#0}>::{closure#0}
[INFO] [stdout]    6:     0x600c925fc252 - std[70759c8f55707aa4]::panicking::panic_with_hook
[INFO] [stdout]    7:     0x600c925df0d2 - std[70759c8f55707aa4]::panicking::panic_handler::{closure#0}
[INFO] [stdout]    8:     0x600c925d7d09 - std[70759c8f55707aa4]::sys::backtrace::__rust_end_short_backtrace::<std[70759c8f55707aa4]::panicking::panic_handler::{closure#0}, !>
[INFO] [stdout]    9:     0x600c925dfd8d - __rustc[8fa7c3cbc660c2b3]::rust_begin_unwind
[INFO] [stdout]   10:     0x600c9261bb1c - core[df12db4294e9bfd3]::panicking::panic_fmt
[INFO] [stdout]   11:     0x600c9261b8f2 - core[df12db4294e9bfd3]::result::unwrap_failed
[INFO] [stdout]   12:     0x600c92462ee1 - <data_verification_tests[c2e99f63c94ea91f]::test_read_entire_device_sequential::{closure#0} as core[df12db4294e9bfd3]::ops::function::FnOnce<()>>::call_once
[INFO] [stdout]   13:     0x600c924683db - test[9d35eded1c95d3be]::__rust_begin_short_backtrace::<core[df12db4294e9bfd3]::result::Result<(), alloc[2182bb758b4b3781]::string::String>, fn() -> core[df12db4294e9bfd3]::result::Result<(), alloc[2182bb758b4b3781]::string::String>>
[INFO] [stdout]   14:     0x600c92475a45 - test[9d35eded1c95d3be]::run_test::{closure#0}
[INFO] [stdout]   15:     0x600c9246f304 - std[70759c8f55707aa4]::sys::backtrace::__rust_begin_short_backtrace::<test[9d35eded1c95d3be]::run_test::{closure#1}, ()>
[INFO] [stdout]   16:     0x600c92478ba2 - <std[70759c8f55707aa4]::thread::lifecycle::spawn_unchecked<test[9d35eded1c95d3be]::run_test::{closure#1}, ()>::{closure#1} as core[df12db4294e9bfd3]::ops::function::FnOnce<()>>::call_once::{shim:vtable#0}
[INFO] [stdout]   17:     0x600c926035c9 - <std[70759c8f55707aa4]::sys::thread::unix::Thread>::new::thread_start
[INFO] [stdout]   18:     0x7d5cea8a6dfa - <unknown>
[INFO] [stdout]   19:     0x7d5cea93a3d4 - clone
[INFO] [stdout]   20:                0x0 - <unknown>
[INFO] [stdout] 
[INFO] [stdout] ---- test_random_pattern_deterministic stdout ----
[INFO] [stdout] 
[INFO] [stdout] thread 'test_random_pattern_deterministic' (2919) panicked at tests/data_verification_tests.rs:272:10:
[INFO] [stdout] Failed to create device: "Failed to receive device ready signal from thread. The device thread may have panicked or failed to start."
[INFO] [stdout] stack backtrace:
[INFO] [stdout]    0:     0x600c92603d01 - <<std[70759c8f55707aa4]::sys::backtrace::BacktraceLock>::print::DisplayBacktrace as core[df12db4294e9bfd3]::fmt::Display>::fmt
[INFO] [stdout]    1:     0x600c9261b33a - core[df12db4294e9bfd3]::fmt::write
[INFO] [stdout]    2:     0x600c92609c6c - <alloc[2182bb758b4b3781]::vec::Vec<u8> as core[df12db4294e9bfd3]::io::write::Write>::write_fmt
[INFO] [stdout]    3:     0x600c925df026 - std[70759c8f55707aa4]::panicking::default_hook::{closure#0}
[INFO] [stdout]    4:     0x600c925fbf29 - std[70759c8f55707aa4]::panicking::default_hook
[INFO] [stdout]    5:     0x600c924750f0 - test[9d35eded1c95d3be]::test_main_inner::<test[9d35eded1c95d3be]::test_main_static::{closure#0}>::{closure#0}
[INFO] [stdout]    6:     0x600c925fc252 - std[70759c8f55707aa4]::panicking::panic_with_hook
[INFO] [stdout]    7:     0x600c925df0d2 - std[70759c8f55707aa4]::panicking::panic_handler::{closure#0}
[INFO] [stdout]    8:     0x600c925d7d09 - std[70759c8f55707aa4]::sys::backtrace::__rust_end_short_backtrace::<std[70759c8f55707aa4]::panicking::panic_handler::{closure#0}, !>
[INFO] [stdout]    9:     0x600c925dfd8d - __rustc[8fa7c3cbc660c2b3]::rust_begin_unwind
[INFO] [stdout]   10:     0x600c9261bb1c - core[df12db4294e9bfd3]::panicking::panic_fmt
[INFO] [stdout]   11:     0x600c9261b8f2 - core[df12db4294e9bfd3]::result::unwrap_failed
[INFO] [stdout]   12:     0x600c92462692 - <data_verification_tests[c2e99f63c94ea91f]::test_random_pattern_deterministic::{closure#0} as core[df12db4294e9bfd3]::ops::function::FnOnce<()>>::call_once
[INFO] [stdout]   13:     0x600c924683db - test[9d35eded1c95d3be]::__rust_begin_short_backtrace::<core[df12db4294e9bfd3]::result::Result<(), alloc[2182bb758b4b3781]::string::String>, fn() -> core[df12db4294e9bfd3]::result::Result<(), alloc[2182bb758b4b3781]::string::String>>
[INFO] [stdout]   14:     0x600c92475a45 - test[9d35eded1c95d3be]::run_test::{closure#0}
[INFO] [stdout]   15:     0x600c9246f304 - std[70759c8f55707aa4]::sys::backtrace::__rust_begin_short_backtrace::<test[9d35eded1c95d3be]::run_test::{closure#1}, ()>
[INFO] [stdout]   16:     0x600c92478ba2 - <std[70759c8f55707aa4]::thread::lifecycle::spawn_unchecked<test[9d35eded1c95d3be]::run_test::{closure#1}, ()>::{closure#1} as core[df12db4294e9bfd3]::ops::function::FnOnce<()>>::call_once::{shim:vtable#0}
[INFO] [stdout]   17:     0x600c926035c9 - <std[70759c8f55707aa4]::sys::thread::unix::Thread>::new::thread_start
[INFO] [stdout]   18:     0x7d5cea8a6dfa - <unknown>
[INFO] [stdout]   19:     0x7d5cea93a3d4 - clone
[INFO] [stdout]   20:                0x0 - <unknown>
[INFO] [stdout] 
[INFO] [stdout] 
[INFO] [stdout] failures:
[INFO] [stdout]     test_duplicate_pattern_verification
[INFO] [stdout]     test_fill_pattern_verification
[INFO] [stdout]     test_mixed_pattern_verification
[INFO] [stdout]     test_random_access_pattern
[INFO] [stdout]     test_random_pattern_deterministic
[INFO] [stdout]     test_read_entire_device_sequential
[INFO] [stdout]     test_segment_boundary_reading
[INFO] [stdout] 
[INFO] [stdout] test result: FAILED. 0 passed; 7 failed; 0 ignored; 0 measured; 0 filtered out; finished in 0.09s
[INFO] [stdout] 
[INFO] [stderr] error: test failed, to rerun pass `--test data_verification_tests`
[INFO] running `Command { std: "docker" "inspect" "22008d76daad8a1b10140ceaa894fd545d699d49385f9fd35f0a8fcd161097d6", kill_on_drop: false }`
[INFO] running `Command { std: "docker" "rm" "-f" "22008d76daad8a1b10140ceaa894fd545d699d49385f9fd35f0a8fcd161097d6", kill_on_drop: false }`
[INFO] [stdout] 22008d76daad8a1b10140ceaa894fd545d699d49385f9fd35f0a8fcd161097d6
