[INFO] fetching crate symbiotic 0.1.0...
[INFO] testing symbiotic-0.1.0 against 1.99.0-beta.8+cargoflags=--release for beta-release-1.100-2
[INFO] extracting crate symbiotic 0.1.0 into /workspace/builds/worker-5-tc1/source
[INFO] started tweaking crates.io crate symbiotic 0.1.0
[INFO] removed 0 missing examples
[INFO] finished tweaking crates.io crate symbiotic 0.1.0
[INFO] tweaked toml for crates.io crate symbiotic 0.1.0 written to /workspace/builds/worker-5-tc1/source/Cargo.toml
[INFO] validating manifest of crates.io crate symbiotic 0.1.0 on toolchain 1.99.0-beta.8
[INFO] running `Command { std: CARGO_HOME="/workspace/cargo-home" RUSTUP_HOME="/workspace/rustup-home" "/workspace/cargo-home/bin/cargo" "+1.99.0-beta.8" "metadata" "--manifest-path" "Cargo.toml" "--no-deps", kill_on_drop: false }`
[INFO] crate crates.io crate symbiotic 0.1.0 already has a lockfile, it will not be regenerated
[INFO] running `Command { std: CARGO_HOME="/workspace/cargo-home" RUSTUP_HOME="/workspace/rustup-home" "/workspace/cargo-home/bin/cargo" "+1.99.0-beta.8" "fetch" "--manifest-path" "Cargo.toml", kill_on_drop: false }`
[INFO] [stderr]     Updating crates.io index
[INFO] [stderr]     Blocking waiting for file lock on package cache
[INFO] [stderr]  Downloading crates ...
[INFO] [stderr]   Downloaded nu-ansi-term v0.50.1
[INFO] [stderr]   Downloaded find-msvc-tools v0.1.2
[INFO] [stderr]   Downloaded tonic-prost v0.14.4
[INFO] [stderr]   Downloaded windows-targets v0.53.4
[INFO] [stderr]   Downloaded cc v1.2.38
[INFO] [stderr]   Downloaded symbiotic_macros v0.1.0
[INFO] [stderr]   Downloaded tonic-build v0.14.4
[INFO] [stderr]   Downloaded pulldown-cmark-to-cmark v22.0.0
[INFO] [stderr]   Downloaded tikv-jemalloc-ctl v0.6.0
[INFO] [stderr]   Downloaded line-clipping v0.3.5
[INFO] [stderr]   Downloaded tonic-prost-build v0.14.4
[INFO] [stderr]   Downloaded kasuari v0.4.11
[INFO] [stderr]   Downloaded bytemuck v1.23.2
[INFO] [stderr]   Downloaded symbolic-common v12.16.3
[INFO] [stderr]   Downloaded dioxus-core-types v0.7.3
[INFO] [stderr]   Downloaded prettytable-rs v0.10.0
[INFO] [stderr]   Downloaded dioxus-ssr v0.7.3
[INFO] [stderr]   Downloaded subsecond-types v0.7.3
[INFO] [stderr]   Downloaded longest-increasing-subsequence v0.1.0
[INFO] [stderr]   Downloaded dioxus-config-macro v0.7.3
[INFO] [stderr]   Downloaded euclid v0.22.13
[INFO] [stderr]   Downloaded core-error v0.0.0
[INFO] [stderr]   Downloaded dioxus-config-macros v0.7.3
[INFO] [stderr]   Downloaded subsecond v0.7.3
[INFO] [stderr]   Downloaded tonic v0.14.4
[INFO] [stderr]   Downloaded c-enum v0.2.3
[INFO] [stderr]   Downloaded aya-log-common v0.1.15
[INFO] [stderr]   Downloaded generational-box v0.7.3
[INFO] [stderr]   Downloaded askama_escape v0.13.0
[INFO] [stderr]   Downloaded aya-log v0.2.1
[INFO] [stderr]   Downloaded clap v4.5.48
[INFO] [stderr]   Downloaded cpp_demangle v0.4.4
[INFO] [stderr]   Downloaded perf-event2 v0.7.4
[INFO] [stderr]   Downloaded perf-event-data v0.1.8
[INFO] [stderr]   Downloaded perf-event-open-sys2 v5.0.6
[INFO] [stderr]   Downloaded regex v1.11.2
[INFO] [stderr]   Downloaded rand v0.10.0
[INFO] [stderr]   Downloaded dioxus v0.7.3
[INFO] [stderr]   Downloaded objc2-core-foundation v0.3.1
[INFO] [stderr]   Downloaded const_format v0.2.35
[INFO] [stderr]   Downloaded miniz_oxide v0.9.0
[INFO] [stderr]   Downloaded cpp_demangle v0.5.1
[INFO] [stderr]   Downloaded inferno v0.12.4
[INFO] [stderr]   Downloaded dioxus-core v0.7.3
[INFO] [stderr]   Downloaded objc2-io-kit v0.3.1
[INFO] [stderr]   Downloaded sysinfo v0.38.2
[INFO] [stderr]   Downloaded clap_builder v4.5.48
[INFO] [stderr]   Downloaded symbolic-demangle v12.16.3
[INFO] [stderr]   Downloaded aya-obj v0.2.1
[INFO] [stderr]   Downloaded regex-syntax v0.8.6
[INFO] [stderr]   Downloaded aya v0.13.1
[INFO] [stderr]   Downloaded blazesym v0.2.3
[INFO] [stderr]   Downloaded regex-automata v0.4.10
[INFO] [stderr]   Downloaded tikv-jemalloc-sys v0.6.0+5.3.0-1-ge13ca993e8ccb9ba9847cc330696e02839f328f7
[INFO] running `Command { std: "docker" "create" "-v" "/var/lib/crater-agent-workspace/builds/worker-5-tc1/source:/opt/rustwide/workdir:ro,Z" "-v" "/var/lib/crater-agent-workspace/builds/worker-5-tc1/target:/opt/rustwide/target:rw,Z" "-v" "/var/lib/crater-agent-workspace/cargo-home:/opt/rustwide/cargo-home:ro,Z" "-v" "/var/lib/crater-agent-workspace/rustup-home:/opt/rustwide/rustup-home:ro,Z" "-m" "1610612736" "--network" "none" "ghcr.io/rust-lang/crates-build-env/linux@sha256:77db811e55d90add9212f6832c23229e3de5f1c1f9905e8cb07319ea15df73ac" "sleep" "infinity", kill_on_drop: false }`
[INFO] [stdout] 853170e6c6380147738ca9cfd0b40c67bfa15e272a4b8b0ffa003d61e3ce94b2
[INFO] running `Command { std: "docker" "start" "853170e6c6380147738ca9cfd0b40c67bfa15e272a4b8b0ffa003d61e3ce94b2", kill_on_drop: false }`
[INFO] running `Command { std: "docker" "inspect" "853170e6c6380147738ca9cfd0b40c67bfa15e272a4b8b0ffa003d61e3ce94b2", kill_on_drop: false }`
[INFO] running `Command { std: "docker" "exec" "-e" "SOURCE_DIR=/opt/rustwide/workdir" "-e" "CARGO_HOME=/opt/rustwide/cargo-home" "-e" "RUSTUP_HOME=/opt/rustwide/rustup-home" "-e" "CARGO_TARGET_DIR=/opt/rustwide/target" "-w" "/opt/rustwide/workdir" "--user" "0:0" "853170e6c6380147738ca9cfd0b40c67bfa15e272a4b8b0ffa003d61e3ce94b2" "/opt/rustwide/cargo-home/bin/cargo" "+1.99.0-beta.8" "metadata" "--no-deps" "--format-version=1", kill_on_drop: false }`
[INFO] running `Command { std: "docker" "inspect" "853170e6c6380147738ca9cfd0b40c67bfa15e272a4b8b0ffa003d61e3ce94b2", kill_on_drop: false }`
[INFO] running `Command { std: "docker" "exec" "-e" "SOURCE_DIR=/opt/rustwide/workdir" "-e" "CARGO_HOME=/opt/rustwide/cargo-home" "-e" "RUSTUP_HOME=/opt/rustwide/rustup-home" "-e" "CARGO_TARGET_DIR=/opt/rustwide/target" "-e" "CARGO_INCREMENTAL=0" "-e" "RUST_BACKTRACE=full" "-e" "RUSTFLAGS=--cap-lints=warn" "-e" "RUSTDOCFLAGS=--cap-lints=warn" "-w" "/opt/rustwide/workdir" "--user" "0:0" "853170e6c6380147738ca9cfd0b40c67bfa15e272a4b8b0ffa003d61e3ce94b2" "/opt/rustwide/cargo-home/bin/cargo" "+1.99.0-beta.8" "build" "--frozen" "--message-format=json" "--release", kill_on_drop: false }`
[INFO] [stderr]    Compiling libc v0.2.175
[INFO] [stderr]    Compiling cfg-if v1.0.3
[INFO] [stderr]    Compiling serde_core v1.0.225
[INFO] [stderr]    Compiling serde v1.0.225
[INFO] [stderr]    Compiling find-msvc-tools v0.1.2
[INFO] [stderr]    Compiling regex-syntax v0.8.6
[INFO] [stderr]    Compiling serde_json v1.0.145
[INFO] [stderr]    Compiling lock_api v0.4.13
[INFO] [stderr]    Compiling zerocopy v0.8.27
[INFO] [stderr]    Compiling clap_lex v0.7.5
[INFO] [stderr]    Compiling syn v2.0.106
[INFO] [stderr]    Compiling rustix v1.1.2
[INFO] [stderr]    Compiling log v0.4.28
[INFO] [stderr]    Compiling cpp_demangle v0.4.4
[INFO] [stderr]    Compiling uuid v1.18.1
[INFO] [stderr]    Compiling hashbrown v0.16.1
[INFO] [stderr]    Compiling half v2.6.0
[INFO] [stderr]    Compiling tracing-core v0.1.34
[INFO] [stderr]    Compiling debugid v0.8.0
[INFO] [stderr]    Compiling cc v1.2.38
[INFO] [stderr]    Compiling clap_builder v4.5.48
[INFO] [stderr]    Compiling stable_deref_trait v1.2.0
[INFO] [stderr]    Compiling symbolic-demangle v12.16.3
[INFO] [stderr]    Compiling linux-raw-sys v0.11.0
[INFO] [stderr]    Compiling libm v0.2.15
[INFO] [stderr]    Compiling ciborium-ll v0.2.2
[INFO] [stderr]    Compiling rustc-demangle v0.1.26
[INFO] [stderr]    Compiling bytemuck v1.23.2
[INFO] [stderr]    Compiling miniz_oxide v0.8.9
[INFO] [stderr]    Compiling num-format v0.4.4
[INFO] [stderr]    Compiling rgb v0.8.52
[INFO] [stderr]    Compiling object v0.36.7
[INFO] [stderr]    Compiling indexmap v2.11.4
[INFO] [stderr]    Compiling quick-xml v0.26.0
[INFO] [stderr]    Compiling csv-core v0.1.12
[INFO] [stderr]    Compiling alloca v0.4.0
[INFO] [stderr]    Compiling findshlibs v0.10.2
[INFO] [stderr]    Compiling pprof v0.15.0
[INFO] [stderr]    Compiling str_stack v0.1.0
[INFO] [stderr]    Compiling criterion-plot v0.8.2
[INFO] [stderr]    Compiling tracing-log v0.2.0
[INFO] [stderr]    Compiling spin v0.10.0
[INFO] [stderr]    Compiling thread_local v1.1.9
[INFO] [stderr]    Compiling nu-ansi-term v0.50.1
[INFO] [stderr]    Compiling symbiotic v0.1.0 (/opt/rustwide/workdir)
[INFO] [stderr]    Compiling iana-time-zone v0.1.64
[INFO] [stderr]    Compiling regex-automata v0.4.10
[INFO] [stderr]    Compiling encode_unicode v1.0.0
[INFO] [stderr]    Compiling getrandom v0.3.3
[INFO] [stderr]    Compiling is-terminal v0.4.16
[INFO] [stderr]    Compiling memmap2 v0.9.8
[INFO] [stderr]    Compiling dirs-sys-next v0.1.2
[INFO] [stderr]    Compiling ahash v0.8.12
[INFO] [stderr]    Compiling parking_lot_core v0.9.11
[INFO] [stderr]    Compiling dirs-next v2.0.0
[INFO] [stderr]    Compiling symbolic-common v12.16.3
[INFO] [stderr]    Compiling term v0.7.0
[INFO] [stderr]    Compiling nix v0.26.4
[INFO] [stderr]    Compiling inferno v0.11.21
[INFO] [stderr]    Compiling page_size v0.6.0
[INFO] [stderr]    Compiling unicode-width v0.1.14
[INFO] [stderr]    Compiling parking_lot v0.12.4
[INFO] [stderr]    Compiling chrono v0.4.42
[INFO] [stderr]    Compiling num_cpus v1.17.0
[INFO] [stderr]    Compiling tempfile v3.22.0
[INFO] [stderr]    Compiling clap v4.5.48
[INFO] [stderr]    Compiling humansize v2.1.3
[INFO] [stderr]    Compiling sysinfo v0.38.2
[INFO] [stderr]    Compiling crossbeam-channel v0.5.15
[INFO] [stderr]    Compiling regex v1.11.2
[INFO] [stderr]    Compiling matchers v0.2.0
[INFO] [stderr]    Compiling serde_derive v1.0.225
[INFO] [stderr]    Compiling equator-macro v0.4.2
[INFO] [stderr]    Compiling thiserror-impl v2.0.18
[INFO] [stderr]    Compiling tracing-attributes v0.1.30
[INFO] [stderr]    Compiling backtrace v0.3.75
[INFO] [stderr]    Compiling tokio-macros v2.5.0
[INFO] [stderr]    Compiling symbiotic_macros v0.1.0
[INFO] [stderr]    Compiling equator v0.4.2
[INFO] [stderr]    Compiling aligned-vec v0.6.4
[INFO] [stderr]    Compiling tokio v1.47.1
[INFO] [stderr]    Compiling tracing v0.1.41
[INFO] [stderr]    Compiling thiserror v2.0.18
[INFO] [stderr]    Compiling tracing-subscriber v0.3.20
[INFO] [stderr]    Compiling ciborium v0.2.2
[INFO] [stderr]    Compiling tinytemplate v1.2.1
[INFO] [stderr]    Compiling csv v1.3.1
[INFO] [stderr]    Compiling criterion v0.5.1
[INFO] [stderr]    Compiling criterion v0.8.2
[INFO] [stderr]    Compiling prettytable-rs v0.10.0
[INFO] [stderr]     Finished `release` profile [optimized] target(s) in 1m 42s
[INFO] running `Command { std: "docker" "inspect" "853170e6c6380147738ca9cfd0b40c67bfa15e272a4b8b0ffa003d61e3ce94b2", kill_on_drop: false }`
[INFO] running `Command { std: "docker" "exec" "-e" "SOURCE_DIR=/opt/rustwide/workdir" "-e" "CARGO_HOME=/opt/rustwide/cargo-home" "-e" "RUSTUP_HOME=/opt/rustwide/rustup-home" "-e" "CARGO_TARGET_DIR=/opt/rustwide/target" "-e" "CARGO_INCREMENTAL=0" "-e" "RUST_BACKTRACE=full" "-e" "RUSTFLAGS=--cap-lints=warn" "-e" "RUSTDOCFLAGS=--cap-lints=warn" "-w" "/opt/rustwide/workdir" "--user" "0:0" "853170e6c6380147738ca9cfd0b40c67bfa15e272a4b8b0ffa003d61e3ce94b2" "/opt/rustwide/cargo-home/bin/cargo" "+1.99.0-beta.8" "test" "--frozen" "--no-run" "--message-format=json" "--release", kill_on_drop: false }`
[INFO] [stderr]    Compiling rand_core v0.10.0
[INFO] [stderr]    Compiling getrandom v0.4.1
[INFO] [stderr]    Compiling chacha20 v0.10.0
[INFO] [stderr]    Compiling rand v0.10.0
[INFO] [stderr]    Compiling symbiotic v0.1.0 (/opt/rustwide/workdir)
[INFO] [stderr]     Finished `release` profile [optimized] target(s) in 8.54s
[INFO] running `Command { std: "docker" "inspect" "853170e6c6380147738ca9cfd0b40c67bfa15e272a4b8b0ffa003d61e3ce94b2", kill_on_drop: false }`
[INFO] running `Command { std: "docker" "exec" "-e" "SOURCE_DIR=/opt/rustwide/workdir" "-e" "CARGO_HOME=/opt/rustwide/cargo-home" "-e" "RUSTUP_HOME=/opt/rustwide/rustup-home" "-e" "CARGO_TARGET_DIR=/opt/rustwide/target" "-e" "CARGO_INCREMENTAL=0" "-e" "RUST_BACKTRACE=full" "-e" "RUSTFLAGS=--cap-lints=warn" "-e" "RUSTDOCFLAGS=--cap-lints=warn" "-w" "/opt/rustwide/workdir" "--user" "0:0" "853170e6c6380147738ca9cfd0b40c67bfa15e272a4b8b0ffa003d61e3ce94b2" "/opt/rustwide/cargo-home/bin/cargo" "+1.99.0-beta.8" "test" "--frozen" "--release", kill_on_drop: false }`
[INFO] [stderr]     Finished `release` profile [optimized] target(s) in 0.27s
[INFO] [stderr]      Running unittests src/lib.rs (/opt/rustwide/target/release/deps/symbiotic-5e067d805deaa5a3)
[INFO] [stdout] 
[INFO] [stdout] running 49 tests
[INFO] [stdout] test analysis::insights::tests::test_energy_efficiency ... ok
[INFO] [stdout] test analysis::insights::tests::test_fmt_count ... ok
[INFO] [stdout] test analysis::insights::tests::test_insights_sorted_by_severity ... ok
[INFO] [stdout] test analysis::insights::tests::test_l1d_miss_global ... ok
[INFO] [stdout] test analysis::insights::tests::test_load_latency_tail ... ok
[INFO] [stdout] test analysis::insights::tests::test_low_simd_rule ... ok
[INFO] [stdout] test analysis::insights::tests::test_memory_stall_global ... ok
[INFO] [stdout] test analysis::insights::tests::test_numa_locality_rule ... ok
[INFO] [stdout] test analysis::insights::tests::test_dtlb_miss_global ... ok
[INFO] [stdout] test analysis::insights::tests::test_empty_snapshot_no_insights ... ok
[INFO] [stdout] test analysis::insights::tests::test_humanize_bytes ... ok
[INFO] [stdout] test analysis::insights::tests::test_iowait_rule ... ok
[INFO] [stdout] test analysis::insights::tests::test_jemalloc_fragmentation ... ok
[INFO] [stdout] test analysis::insights::tests::test_thread_utilization_underutilized ... ok
[INFO] [stdout] test analysis::insights::tests::test_cache_hierarchy_l1d_high_l3_low ... ok
[INFO] [stdout] test correlation::attribution::tests::test_cache_pressure_detection ... ok
[INFO] [stdout] test analysis::thread_attribution::tests::test_gini_single ... ok
[INFO] [stdout] test analysis::thread_attribution::tests::test_gini_equal ... ok
[INFO] [stdout] test analysis::insights::tests::test_severity_ordering ... ok
[INFO] [stdout] test display::tests::test_format_bytes ... ok
[INFO] [stdout] test display::tests::test_fixed_width_progress_bar ... ok
[INFO] [stdout] test analysis::insights::tests::test_bandwidth_rule ... ok
[INFO] [stdout] test display::tests::test_format_number ... ok
[INFO] [stdout] test display::tests::test_progress_bar ... ok
[INFO] [stdout] test source_registry::tests::deduplication ... ok
[INFO] [stdout] test source_registry::tests::get_by_file_returns_all ... ok
[INFO] [stdout] test source_registry::tests::get_by_function_found ... ok
[INFO] [stdout] test analysis::insights::tests::test_page_fault_major ... ok
[INFO] [stdout] test analysis::insights::tests::test_frontend_stall_rule ... ok
[INFO] [stdout] test source_registry::tests::read_source_range_crlf ... ok
[INFO] [stdout] test source_registry::tests::read_source_range_basic ... ok
[INFO] [stdout] test analysis::insights::tests::test_context_switch_rule ... ok
[INFO] [stdout] test analysis::insights::tests::test_kernel_time_rule ... ok
[INFO] [stdout] test source_registry::tests::read_source_range_invalid_range ... ok
[INFO] [stdout] test source_registry::tests::read_source_range_no_trailing_newline ... ok
[INFO] [stdout] test source_registry::tests::read_source_range_nonexistent_file ... ok
[INFO] [stdout] test source_registry::tests::registered_files_includes_our_entries ... ok
[INFO] [stdout] test source_registry::tests::register_and_retrieve ... ok
[INFO] [stdout] test correlation::attribution::tests::test_empty_functions ... ok
[INFO] [stdout] test source_registry::tests::same_name_different_file_not_deduplicated ... ok
[INFO] [stdout] test source_registry::tests::read_source_range_utf8_bom ... ok
[INFO] [stdout] test correlation::attribution::tests::test_proportional_attribution ... ok
[INFO] [stdout] test analysis::thread_attribution::tests::test_gini_unequal ... ok
[INFO] [stdout] test analysis::insights::tests::test_branch_miss_global ... ok
[INFO] [stdout] test analysis::insights::tests::test_cpu_migration_rule ... ok
[INFO] [stdout] test display::tests::test_padding ... ok
[INFO] [stdout] test source_registry::tests::clear_does_not_panic ... ok
[INFO] [stdout] test source_registry::tests::concurrent_dedup_registration ... FAILED
[INFO] [stderr] error: test failed, to rerun pass `--lib`
[INFO] [stdout] test source_registry::tests::concurrent_registration ... ok
[INFO] [stdout] 
[INFO] [stdout] failures:
[INFO] [stdout] 
[INFO] [stdout] ---- source_registry::tests::concurrent_dedup_registration stdout ----
[INFO] [stdout] 
[INFO] [stdout] thread 'source_registry::tests::concurrent_dedup_registration' (2395) panicked at src/source_registry.rs:344:9:
[INFO] [stdout] assertion `left == right` failed: concurrent duplicate registrations should dedup to 1
[INFO] [stdout]   left: 0
[INFO] [stdout]  right: 1
[INFO] [stdout] stack backtrace:
[INFO] [stdout]    0:     0x56f4543e41b1 - <<std[70759c8f55707aa4]::sys::backtrace::BacktraceLock>::print::DisplayBacktrace as core[df12db4294e9bfd3]::fmt::Display>::fmt
[INFO] [stdout]    1:     0x56f4543f866a - core[df12db4294e9bfd3]::fmt::write
[INFO] [stdout]    2:     0x56f4543e866c - <alloc[2182bb758b4b3781]::vec::Vec<u8> as core[df12db4294e9bfd3]::io::write::Write>::write_fmt
[INFO] [stdout]    3:     0x56f4543bfd46 - std[70759c8f55707aa4]::panicking::default_hook::{closure#0}
[INFO] [stdout]    4:     0x56f4543dc159 - std[70759c8f55707aa4]::panicking::default_hook
[INFO] [stdout]    5:     0x56f454374110 - test[9d35eded1c95d3be]::test_main_inner::<test[9d35eded1c95d3be]::test_main_static::{closure#0}>::{closure#0}
[INFO] [stdout]    6:     0x56f4543dc312 - std[70759c8f55707aa4]::panicking::panic_with_hook
[INFO] [stdout]    7:     0x56f4543bfdf2 - std[70759c8f55707aa4]::panicking::panic_handler::{closure#0}
[INFO] [stdout]    8:     0x56f4543b8939 - std[70759c8f55707aa4]::sys::backtrace::__rust_end_short_backtrace::<std[70759c8f55707aa4]::panicking::panic_handler::{closure#0}, !>
[INFO] [stdout]    9:     0x56f4543c09ed - __rustc[8fa7c3cbc660c2b3]::rust_begin_unwind
[INFO] [stdout]   10:     0x56f4543f8d9c - core[df12db4294e9bfd3]::panicking::panic_fmt
[INFO] [stdout]   11:     0x56f4543f8d13 - core[df12db4294e9bfd3]::panicking::assert_failed_inner
[INFO] [stdout]   12:     0x56f4543f53e8 - core[df12db4294e9bfd3]::panicking::assert_failed::<usize, usize>
[INFO] [stdout]   13:     0x56f4543637c3 - symbiotic[af9058331f5010a]::source_registry::tests::concurrent_dedup_registration
[INFO] [stdout]   14:     0x56f45435e449 - <symbiotic[af9058331f5010a]::source_registry::tests::concurrent_dedup_registration::{closure#0} as core[df12db4294e9bfd3]::ops::function::FnOnce<()>>::call_once
[INFO] [stdout]   15:     0x56f4543673fb - test[9d35eded1c95d3be]::__rust_begin_short_backtrace::<core[df12db4294e9bfd3]::result::Result<(), alloc[2182bb758b4b3781]::string::String>, fn() -> core[df12db4294e9bfd3]::result::Result<(), alloc[2182bb758b4b3781]::string::String>>
[INFO] [stdout]   16:     0x56f454374a65 - test[9d35eded1c95d3be]::run_test::{closure#0}
[INFO] [stdout]   17:     0x56f45436e324 - std[70759c8f55707aa4]::sys::backtrace::__rust_begin_short_backtrace::<test[9d35eded1c95d3be]::run_test::{closure#1}, ()>
[INFO] [stdout]   18:     0x56f454377bc2 - <std[70759c8f55707aa4]::thread::lifecycle::spawn_unchecked<test[9d35eded1c95d3be]::run_test::{closure#1}, ()>::{closure#1} as core[df12db4294e9bfd3]::ops::function::FnOnce<()>>::call_once::{shim:vtable#0}
[INFO] [stdout]   19:     0x56f4543e34f9 - <std[70759c8f55707aa4]::sys::thread::unix::Thread>::new::thread_start
[INFO] [stdout]   20:     0x7a9301e86dfa - <unknown>
[INFO] [stdout]   21:     0x7a9301f1a3d4 - clone
[INFO] [stdout]   22:                0x0 - <unknown>
[INFO] [stdout] 
[INFO] [stdout] 
[INFO] [stdout] failures:
[INFO] [stdout]     source_registry::tests::concurrent_dedup_registration
[INFO] [stdout] 
[INFO] [stdout] test result: FAILED. 48 passed; 1 failed; 0 ignored; 0 measured; 0 filtered out; finished in 0.01s
[INFO] [stdout] 
[INFO] running `Command { std: "docker" "inspect" "853170e6c6380147738ca9cfd0b40c67bfa15e272a4b8b0ffa003d61e3ce94b2", kill_on_drop: false }`
[INFO] running `Command { std: "docker" "rm" "-f" "853170e6c6380147738ca9cfd0b40c67bfa15e272a4b8b0ffa003d61e3ce94b2", kill_on_drop: false }`
[INFO] [stdout] 853170e6c6380147738ca9cfd0b40c67bfa15e272a4b8b0ffa003d61e3ce94b2
