[INFO] fetching crate sockudo-ably-compat 5.1.0...
[INFO] testing sockudo-ably-compat-5.1.0 against 1.99.0-beta.8+cargoflags=--release for beta-release-1.100-2
[INFO] extracting crate sockudo-ably-compat 5.1.0 into /workspace/builds/worker-7-tc1/source
[INFO] started tweaking crates.io crate sockudo-ably-compat 5.1.0
[INFO] finished tweaking crates.io crate sockudo-ably-compat 5.1.0
[INFO] tweaked toml for crates.io crate sockudo-ably-compat 5.1.0 written to /workspace/builds/worker-7-tc1/source/Cargo.toml
[INFO] validating manifest of crates.io crate sockudo-ably-compat 5.1.0 on toolchain 1.99.0-beta.8
[INFO] running `Command { std: CARGO_HOME="/workspace/cargo-home" RUSTUP_HOME="/workspace/rustup-home" "/workspace/cargo-home/bin/cargo" "+1.99.0-beta.8" "metadata" "--manifest-path" "Cargo.toml" "--no-deps", kill_on_drop: false }`
[INFO] crate crates.io crate sockudo-ably-compat 5.1.0 already has a lockfile, it will not be regenerated
[INFO] running `Command { std: CARGO_HOME="/workspace/cargo-home" RUSTUP_HOME="/workspace/rustup-home" "/workspace/cargo-home/bin/cargo" "+1.99.0-beta.8" "fetch" "--manifest-path" "Cargo.toml", kill_on_drop: false }`
[INFO] [stderr]     Updating crates.io index
[INFO] [stderr]  Downloading crates ...
[INFO] [stderr]   Downloaded sonic-number v0.1.3
[INFO] [stderr]   Downloaded sonic-simd v0.1.4
[INFO] [stderr]   Downloaded wasip1 v1.0.0
[INFO] [stderr]   Downloaded sockudo-filter v5.1.0
[INFO] [stderr]   Downloaded quanta v0.13.0
[INFO] [stderr]   Downloaded sockudo-protocol v5.1.0
[INFO] [stderr]   Downloaded serde-aux v4.7.0
[INFO] [stderr]   Downloaded sockudo-delta v5.1.0
[INFO] [stderr]   Downloaded libz-rs-sys v0.6.8
[INFO] [stderr]   Downloaded jmespath v0.5.0
[INFO] [stderr]   Downloaded sonic-rs v0.5.10
[INFO] [stderr]   Downloaded pointers v0.1.0
[INFO] [stderr]   Downloaded crossfire v3.1.20
[INFO] [stderr]   Downloaded oxidelta v0.1.4
[INFO] [stderr]   Downloaded sockudo-cache v5.1.0
[INFO] [stderr]   Downloaded fossil-delta v0.2.0
[INFO] [stderr]   Downloaded sockudo-webhook v5.1.0
[INFO] [stderr]   Downloaded sockudo-push v5.1.0
[INFO] [stderr]   Downloaded sockudo-core v5.1.0
[INFO] [stderr]   Downloaded faststr v0.2.34
[INFO] [stderr]   Downloaded sockudo-ws v3.0.0
[INFO] [stderr]   Downloaded redis v1.7.0
[INFO] [stderr]   Downloaded sockudo-adapter v5.1.0
[INFO] [stderr]   Downloaded sockudo-metrics v5.1.0
[INFO] [stderr]   Downloaded metrics-util v0.20.4
[INFO] [stderr]   Downloaded metrics-exporter-tcp v0.11.2
[INFO] [stderr]   Downloaded metrics-exporter-prometheus v0.18.3
[INFO] [stderr]   Downloaded evmap v11.0.0
[INFO] [stderr]   Downloaded left-right v0.11.8
[INFO] [stderr]   Downloaded hashbag v0.1.13
[INFO] [stderr]   Downloaded sockudo-ai-transport v5.1.0
[INFO] running `Command { std: "docker" "create" "-v" "/var/lib/crater-agent-workspace/builds/worker-7-tc1/source:/opt/rustwide/workdir:ro,Z" "-v" "/var/lib/crater-agent-workspace/builds/worker-7-tc1/target:/opt/rustwide/target:rw,Z" "-v" "/var/lib/crater-agent-workspace/cargo-home:/opt/rustwide/cargo-home:ro,Z" "-v" "/var/lib/crater-agent-workspace/rustup-home:/opt/rustwide/rustup-home:ro,Z" "-m" "1610612736" "--network" "none" "ghcr.io/rust-lang/crates-build-env/linux@sha256:77db811e55d90add9212f6832c23229e3de5f1c1f9905e8cb07319ea15df73ac" "sleep" "infinity", kill_on_drop: false }`
[INFO] [stdout] 949cc3beac597d28a318572b0dcf7cdac962040545a7074d0ea40628846899e4
[INFO] running `Command { std: "docker" "start" "949cc3beac597d28a318572b0dcf7cdac962040545a7074d0ea40628846899e4", kill_on_drop: false }`
[INFO] running `Command { std: "docker" "inspect" "949cc3beac597d28a318572b0dcf7cdac962040545a7074d0ea40628846899e4", kill_on_drop: false }`
[INFO] running `Command { std: "docker" "exec" "-e" "SOURCE_DIR=/opt/rustwide/workdir" "-e" "CARGO_HOME=/opt/rustwide/cargo-home" "-e" "RUSTUP_HOME=/opt/rustwide/rustup-home" "-e" "CARGO_TARGET_DIR=/opt/rustwide/target" "-w" "/opt/rustwide/workdir" "--user" "0:0" "949cc3beac597d28a318572b0dcf7cdac962040545a7074d0ea40628846899e4" "/opt/rustwide/cargo-home/bin/cargo" "+1.99.0-beta.8" "metadata" "--no-deps" "--format-version=1", kill_on_drop: false }`
[INFO] running `Command { std: "docker" "inspect" "949cc3beac597d28a318572b0dcf7cdac962040545a7074d0ea40628846899e4", kill_on_drop: false }`
[INFO] running `Command { std: "docker" "exec" "-e" "SOURCE_DIR=/opt/rustwide/workdir" "-e" "CARGO_HOME=/opt/rustwide/cargo-home" "-e" "RUSTUP_HOME=/opt/rustwide/rustup-home" "-e" "CARGO_TARGET_DIR=/opt/rustwide/target" "-e" "CARGO_INCREMENTAL=0" "-e" "RUST_BACKTRACE=full" "-e" "RUSTFLAGS=--cap-lints=warn" "-e" "RUSTDOCFLAGS=--cap-lints=warn" "-w" "/opt/rustwide/workdir" "--user" "0:0" "949cc3beac597d28a318572b0dcf7cdac962040545a7074d0ea40628846899e4" "/opt/rustwide/cargo-home/bin/cargo" "+1.99.0-beta.8" "build" "--frozen" "--message-format=json" "--release", kill_on_drop: false }`
[INFO] [stderr]    Compiling smallvec v1.16.1
[INFO] [stderr]    Compiling syn v3.0.5
[INFO] [stderr]    Compiling mio v1.2.3
[INFO] [stderr]    Compiling cc v1.4.6
[INFO] [stderr]    Compiling crypto-common v0.2.2
[INFO] [stderr]    Compiling indexmap v2.14.2
[INFO] [stderr]    Compiling tracing v0.1.44
[INFO] [stderr]    Compiling either v1.18.0
[INFO] [stderr]    Compiling ctutils v0.4.2
[INFO] [stderr]    Compiling block-buffer v0.12.1
[INFO] [stderr]    Compiling serde_json v1.0.151
[INFO] [stderr]    Compiling generic-array v0.14.7
[INFO] [stderr]    Compiling zmij v1.0.23
[INFO] [stderr]    Compiling sync_wrapper v1.0.2
[INFO] [stderr]    Compiling http-body-util v0.1.5
[INFO] [stderr]    Compiling ahash v0.8.12
[INFO] [stderr]    Compiling deunicode v1.6.2
[INFO] [stderr]    Compiling portable-atomic v1.15.0
[INFO] [stderr]    Compiling simdutf8 v0.1.5
[INFO] [stderr]    Compiling itertools v0.14.0
[INFO] [stderr]    Compiling parking_lot_core v0.9.12
[INFO] [stderr]    Compiling slug v0.1.6
[INFO] [stderr]    Compiling rustls-pki-types v1.15.1
[INFO] [stderr]    Compiling getrandom v0.2.17
[INFO] [stderr]    Compiling parking_lot v0.12.5
[INFO] [stderr]    Compiling regex-syntax v0.8.11
[INFO] [stderr]    Compiling rand v0.10.2
[INFO] [stderr]    Compiling num-integer v0.1.47
[INFO] [stderr]    Compiling crypto-common v0.1.7
[INFO] [stderr]    Compiling block-buffer v0.10.4
[INFO] [stderr]    Compiling digest v0.11.3
[INFO] [stderr]    Compiling digest v0.10.7
[INFO] [stderr]    Compiling sonic-number v0.1.3
[INFO] [stderr]    Compiling cmake v0.1.58
[INFO] [stderr]    Compiling sha1 v0.10.7
[INFO] [stderr]    Compiling sonic-simd v0.1.4
[INFO] [stderr]    Compiling aws-lc-rs v1.18.1
[INFO] [stderr]    Compiling bumpalo v3.20.3
[INFO] [stderr]    Compiling fastrand v2.5.0
[INFO] [stderr]    Compiling crossbeam-epoch v0.9.21
[INFO] [stderr]    Compiling rustls v0.23.45
[INFO] [stderr]    Compiling once_cell v1.21.4
[INFO] [stderr]    Compiling zlib-rs v0.6.8
[INFO] [stderr]    Compiling time v0.3.55
[INFO] [stderr]    Compiling petgraph v0.8.3
[INFO] [stderr]    Compiling tempfile v3.27.0
[INFO] [stderr]    Compiling uuid v1.26.1
[INFO] [stderr]    Compiling axum-core v0.5.6
[INFO] [stderr]    Compiling num-bigint v0.4.8
[INFO] [stderr]    Compiling rapidhash v4.5.1
[INFO] [stderr]    Compiling ordered-float v2.10.1
[INFO] [stderr]    Compiling rmp v0.8.15
[INFO] [stderr]    Compiling openssl-sys v0.9.117
[INFO] [stderr]    Compiling ring v0.17.14
[INFO] [stderr]    Compiling aws-lc-sys v0.45.0
[INFO] [stderr]    Compiling jmespath v0.5.0
[INFO] [stderr]    Compiling serde_path_to_error v0.1.20
[INFO] [stderr]    Compiling chrono v0.4.45
[INFO] [stderr]    Compiling dashmap v6.2.1
[INFO] [stderr]    Compiling metrics v0.24.6
[INFO] [stderr]    Compiling regex-automata v0.4.18
[INFO] [stderr]    Compiling openssl v0.10.81
[INFO] [stderr]    Compiling prost-derive v0.14.4
[INFO] [stderr]    Compiling native-tls v0.2.18
[INFO] [stderr]    Compiling quanta v0.13.0
[INFO] [stderr]    Compiling sha1 v0.11.0
[INFO] [stderr]    Compiling nibble_vec v0.1.0
[INFO] [stderr]    Compiling seize v0.5.1
[INFO] [stderr]    Compiling serde_bytes v0.11.19
[INFO] [stderr]    Compiling endian-type v0.1.2
[INFO] [stderr]    Compiling pointers v0.1.0
[INFO] [stderr]    Compiling base64 v0.23.1
[INFO] [stderr]    Compiling hashbrown v0.16.1
[INFO] [stderr]    Compiling radix_trie v0.2.1
[INFO] [stderr]    Compiling papaya v0.2.5
[INFO] [stderr]    Compiling sha2 v0.11.0
[INFO] [stderr]    Compiling hmac v0.13.0
[INFO] [stderr]    Compiling webpki-roots v1.0.9
[INFO] [stderr]    Compiling quanta v0.12.6
[INFO] [stderr]    Compiling prost v0.14.4
[INFO] [stderr]    Compiling regex v1.13.1
[INFO] [stderr]    Compiling prost-types v0.14.4
[INFO] [stderr]    Compiling flate2 v1.1.10
[INFO] [stderr]    Compiling libz-rs-sys v0.6.8
[INFO] [stderr]    Compiling rand_xoshiro v0.7.0
[INFO] [stderr]    Compiling left-right v0.11.8
[INFO] [stderr]    Compiling crossbeam-channel v0.5.17
[INFO] [stderr]    Compiling ordered-float v5.5.0
[INFO] [stderr]    Compiling metrics-exporter-prometheus v0.18.3
[INFO] [stderr]    Compiling md5 v0.8.1
[INFO] [stderr]    Compiling predicates-core v1.0.10
[INFO] [stderr]    Compiling hashbag v0.1.13
[INFO] [stderr]    Compiling mockall_derive v0.15.0
[INFO] [stderr]    Compiling sketches-ddsketch v0.3.1
[INFO] [stderr]    Compiling evmap v11.0.0
[INFO] [stderr]    Compiling cipher v0.5.2
[INFO] [stderr]    Compiling universal-hash v0.6.1
[INFO] [stderr]    Compiling serde_derive v1.0.229
[INFO] [stderr]    Compiling tokio-macros v2.7.2
[INFO] [stderr]    Compiling futures-macro v0.3.34
[INFO] [stderr]    Compiling zerovec-derive v0.11.6
[INFO] [stderr]    Compiling displaydoc v0.2.7
[INFO] [stderr]    Compiling thiserror-impl v2.0.20
[INFO] [stderr]    Compiling ref-cast-impl v1.0.27
[INFO] [stderr]    Compiling async-trait v0.1.92
[INFO] [stderr]    Compiling futures-util v0.3.34
[INFO] [stderr]    Compiling ref-cast v1.0.27
[INFO] [stderr]    Compiling tokio v1.53.1
[INFO] [stderr]    Compiling prost-build v0.14.4
[INFO] [stderr]    Compiling metrics-util v0.20.4
[INFO] [stderr]    Compiling zerotrie v0.2.5
[INFO] [stderr]    Compiling termtree v0.5.1
[INFO] [stderr]    Compiling mockall v0.15.0
[INFO] [stderr]    Compiling predicates v3.1.4
[INFO] [stderr]    Compiling predicates-tree v1.0.13
[INFO] [stderr]    Compiling polyval v0.7.3
[INFO] [stderr]    Compiling fragile v2.1.0
[INFO] [stderr]    Compiling downcast v0.11.0
[INFO] [stderr]    Compiling compact_str v0.9.1
[INFO] [stderr]    Compiling thiserror v2.0.20
[INFO] [stderr]    Compiling ghash v0.6.0
[INFO] [stderr]    Compiling tungstenite v0.29.0
[INFO] [stderr]    Compiling simple_asn1 v0.6.4
[INFO] [stderr]    Compiling zerovec v0.11.8
[INFO] [stderr]    Compiling metrics-exporter-tcp v0.11.2
[INFO] [stderr]    Compiling ctr v0.10.1
[INFO] [stderr]    Compiling aes v0.9.3
[INFO] [stderr]    Compiling serde v1.0.229
[INFO] [stderr]    Compiling tinystr v0.8.4
[INFO] [stderr]    Compiling potential_utf v0.1.6
[INFO] [stderr]    Compiling icu_locale_core v2.3.0
[INFO] [stderr]    Compiling icu_collections v2.3.0
[INFO] [stderr]    Compiling aead v0.6.1
[INFO] [stderr]    Compiling num_cpus v1.17.0
[INFO] [stderr]    Compiling serde_urlencoded v0.7.1
[INFO] [stderr]    Compiling faststr v0.2.34
[INFO] [stderr]    Compiling toml_datetime v0.6.11
[INFO] [stderr]    Compiling serde_spanned v0.6.9
[INFO] [stderr]    Compiling sonic-rs v0.5.10
[INFO] [stderr]    Compiling serde-value v0.7.0
[INFO] [stderr]    Compiling toml_edit v0.22.27
[INFO] [stderr]    Compiling rmp-serde v1.3.1
[INFO] [stderr]    Compiling icu_provider v2.3.1
[INFO] [stderr]    Compiling serde-aux v4.7.0
[INFO] [stderr]    Compiling futures-executor v0.3.34
[INFO] [stderr]    Compiling moka v0.12.16
[INFO] [stderr]    Compiling icu_normalizer v2.3.0
[INFO] [stderr]    Compiling icu_properties v2.3.0
[INFO] [stderr]    Compiling futures v0.3.34
[INFO] [stderr]    Compiling aes-gcm v0.11.1
[INFO] [stderr]    Compiling sockudo-protocol v5.1.0
[INFO] [stderr]    Compiling sockudo-filter v5.1.0
[INFO] [stderr]    Compiling idna_adapter v1.2.2
[INFO] [stderr]    Compiling idna v1.1.0
[INFO] [stderr]    Compiling toml v0.8.23
[INFO] [stderr]    Compiling url v2.5.8
[INFO] [stderr]    Compiling tokio-util v0.7.19
[INFO] [stderr]    Compiling tower v0.5.3
[INFO] [stderr]    Compiling tokio-tungstenite v0.29.0
[INFO] [stderr]    Compiling tokio-native-tls v0.3.1
[INFO] [stderr]    Compiling crossfire v3.1.20
[INFO] [stderr]    Compiling h2 v0.4.19
[INFO] [stderr]    Compiling rustls-webpki v0.103.15
[INFO] [stderr]    Compiling tower-http v0.6.11
[INFO] [stderr]    Compiling tokio-rustls v0.26.5
[INFO] [stderr]    Compiling hyper v1.11.1
[INFO] [stderr]    Compiling hyper-util v0.1.20
[INFO] [stderr]    Compiling axum v0.8.9
[INFO] [stderr]    Compiling hyper-rustls v0.27.9
[INFO] [stderr]    Compiling hyper-tls v0.6.0
[INFO] [stderr]    Compiling reqwest v0.12.28
[INFO] [stderr]    Compiling sockudo-ws v3.0.0
[INFO] [stderr]    Compiling jsonwebtoken v11.0.0
[INFO] [stderr]    Compiling sockudo-core v5.1.0
[INFO] [stderr]    Compiling sockudo-webhook v5.1.0
[INFO] [stderr]    Compiling sockudo-metrics v5.1.0
[INFO] [stderr]    Compiling sockudo-adapter v5.1.0
[INFO] [stderr]    Compiling sockudo-ably-compat v5.1.0 (/opt/rustwide/workdir)
[INFO] [stdout] warning: use of deprecated method `std::sync::atomic::Atomic::<usize>::fetch_update`: renamed to `try_update` for consistency
[INFO] [stdout]    --> src/outbound.rs:383:10
[INFO] [stdout]     |
[INFO] [stdout] 383 |         .fetch_update(Ordering::AcqRel, Ordering::Acquire, |current| {
[INFO] [stdout]     |          ^^^^^^^^^^^^
[INFO] [stdout]     |
[INFO] [stdout]     = note: `#[warn(deprecated)]` on by default
[INFO] [stdout] help: replace the use of the deprecated method
[INFO] [stdout]     |
[INFO] [stdout] 383 -         .fetch_update(Ordering::AcqRel, Ordering::Acquire, |current| {
[INFO] [stdout] 383 +         .try_update(Ordering::AcqRel, Ordering::Acquire, |current| {
[INFO] [stdout]     |
[INFO] [stdout] 
[INFO] [stdout] 
[INFO] [stdout] warning: use of deprecated method `std::sync::atomic::Atomic::<usize>::fetch_update`: renamed to `try_update` for consistency
[INFO] [stdout]    --> src/outbound.rs:391:10
[INFO] [stdout]     |
[INFO] [stdout] 391 |         .fetch_update(Ordering::AcqRel, Ordering::Acquire, |current| {
[INFO] [stdout]     |          ^^^^^^^^^^^^
[INFO] [stdout]     |
[INFO] [stdout] help: replace the use of the deprecated method
[INFO] [stdout]     |
[INFO] [stdout] 391 -         .fetch_update(Ordering::AcqRel, Ordering::Acquire, |current| {
[INFO] [stdout] 391 +         .try_update(Ordering::AcqRel, Ordering::Acquire, |current| {
[INFO] [stdout]     |
[INFO] [stdout] 
[INFO] [stdout] 
[INFO] [stdout] warning: use of deprecated method `std::sync::atomic::Atomic::<u64>::fetch_update`: renamed to `try_update` for consistency
[INFO] [stdout]    --> src/stats.rs:928:29
[INFO] [stdout]     |
[INFO] [stdout] 928 |             let _ = current.fetch_update(Ordering::AcqRel, Ordering::Acquire, |value| {
[INFO] [stdout]     |                             ^^^^^^^^^^^^
[INFO] [stdout]     |
[INFO] [stdout] help: replace the use of the deprecated method
[INFO] [stdout]     |
[INFO] [stdout] 928 -             let _ = current.fetch_update(Ordering::AcqRel, Ordering::Acquire, |value| {
[INFO] [stdout] 928 +             let _ = current.try_update(Ordering::AcqRel, Ordering::Acquire, |value| {
[INFO] [stdout]     |
[INFO] [stdout] 
[INFO] [stdout] 
[INFO] [stdout] warning: use of deprecated method `std::sync::atomic::Atomic::<u64>::fetch_update`: renamed to `try_update` for consistency
[INFO] [stdout]    --> src/stats.rs:945:29
[INFO] [stdout]     |
[INFO] [stdout] 945 |             let _ = current.fetch_update(Ordering::AcqRel, Ordering::Acquire, |value| {
[INFO] [stdout]     |                             ^^^^^^^^^^^^
[INFO] [stdout]     |
[INFO] [stdout] help: replace the use of the deprecated method
[INFO] [stdout]     |
[INFO] [stdout] 945 -             let _ = current.fetch_update(Ordering::AcqRel, Ordering::Acquire, |value| {
[INFO] [stdout] 945 +             let _ = current.try_update(Ordering::AcqRel, Ordering::Acquire, |value| {
[INFO] [stdout]     |
[INFO] [stdout] 
[INFO] [stdout] 
[INFO] [stderr]     Finished `release` profile [optimized] target(s) in 5m 45s
[INFO] running `Command { std: "docker" "inspect" "949cc3beac597d28a318572b0dcf7cdac962040545a7074d0ea40628846899e4", kill_on_drop: false }`
[INFO] running `Command { std: "docker" "exec" "-e" "SOURCE_DIR=/opt/rustwide/workdir" "-e" "CARGO_HOME=/opt/rustwide/cargo-home" "-e" "RUSTUP_HOME=/opt/rustwide/rustup-home" "-e" "CARGO_TARGET_DIR=/opt/rustwide/target" "-e" "CARGO_INCREMENTAL=0" "-e" "RUST_BACKTRACE=full" "-e" "RUSTFLAGS=--cap-lints=warn" "-e" "RUSTDOCFLAGS=--cap-lints=warn" "-w" "/opt/rustwide/workdir" "--user" "0:0" "949cc3beac597d28a318572b0dcf7cdac962040545a7074d0ea40628846899e4" "/opt/rustwide/cargo-home/bin/cargo" "+1.99.0-beta.8" "test" "--frozen" "--no-run" "--message-format=json" "--release", kill_on_drop: false }`
[INFO] [stderr]    Compiling zerocopy v0.8.57
[INFO] [stderr]    Compiling zerocopy-derive v0.8.57
[INFO] [stderr]    Compiling num-integer v0.1.47
[INFO] [stderr]    Compiling raw-cpuid v11.6.0
[INFO] [stderr]    Compiling crc16 v0.4.0
[INFO] [stderr]    Compiling rmp v0.8.15
[INFO] [stderr]    Compiling ordered-float v2.10.1
[INFO] [stderr]    Compiling chrono v0.4.45
[INFO] [stderr]    Compiling openssl v0.10.81
[INFO] [stderr]    Compiling rustls-native-certs v0.8.4
[INFO] [stderr]    Compiling backon v1.6.0
[INFO] [stderr]    Compiling arc-swap v1.9.2
[INFO] [stderr]    Compiling combine v4.6.8
[INFO] [stderr]    Compiling sha1_smol v1.0.1
[INFO] [stderr]    Compiling arcstr v1.2.0
[INFO] [stderr]    Compiling xxhash-rust v0.8.18
[INFO] [stderr]    Compiling ordered-float v5.5.0
[INFO] [stderr]    Compiling tower-http v0.6.11
[INFO] [stderr]    Compiling rustix v1.1.4
[INFO] [stderr]    Compiling crossbeam-deque v0.8.8
[INFO] [stderr]    Compiling rmp-serde v1.3.1
[INFO] [stderr]    Compiling serde-value v0.7.0
[INFO] [stderr]    Compiling num-bigint v0.4.8
[INFO] [stderr]    Compiling num-bigint v0.5.1
[INFO] [stderr]    Compiling clap_lex v1.1.1
[INFO] [stderr]    Compiling rayon-core v1.13.0
[INFO] [stderr]    Compiling itertools v0.13.0
[INFO] [stderr]    Compiling clap_builder v4.6.7
[INFO] [stderr]    Compiling tinytemplate v1.2.1
[INFO] [stderr]    Compiling rayon v1.12.0
[INFO] [stderr]    Compiling criterion-plot v0.6.0
[INFO] [stderr]    Compiling serde-aux v4.7.0
[INFO] [stderr]    Compiling tempfile v3.27.0
[INFO] [stderr]    Compiling quanta v0.13.0
[INFO] [stderr]    Compiling simple_asn1 v0.6.4
[INFO] [stderr]    Compiling quanta v0.12.6
[INFO] [stderr]    Compiling rusty-fork v0.3.1
[INFO] [stderr]    Compiling jsonwebtoken v11.0.0
[INFO] [stderr]    Compiling clap v4.6.7
[INFO] [stderr]    Compiling native-tls v0.2.18
[INFO] [stderr]    Compiling tokio-native-tls v0.3.1
[INFO] [stderr]    Compiling hyper-tls v0.6.0
[INFO] [stderr]    Compiling reqwest v0.12.28
[INFO] [stderr]    Compiling redis v1.7.0
[INFO] [stderr]    Compiling ppv-lite86 v0.2.21
[INFO] [stderr]    Compiling ahash v0.8.12
[INFO] [stderr]    Compiling half v2.7.1
[INFO] [stderr]    Compiling rand_chacha v0.9.0
[INFO] [stderr]    Compiling sonic-rs v0.5.10
[INFO] [stderr]    Compiling ciborium-ll v0.2.2
[INFO] [stderr]    Compiling rand v0.9.5
[INFO] [stderr]    Compiling ciborium v0.2.2
[INFO] [stderr]    Compiling criterion v0.7.0
[INFO] [stderr]    Compiling tungstenite v0.29.0
[INFO] [stderr]    Compiling metrics-util v0.20.4
[INFO] [stderr]    Compiling proptest v1.11.0
[INFO] [stderr]    Compiling tokio-tungstenite v0.29.0
[INFO] [stderr]    Compiling sockudo-protocol v5.1.0
[INFO] [stderr]    Compiling sockudo-filter v5.1.0
[INFO] [stderr]    Compiling metrics-exporter-prometheus v0.18.3
[INFO] [stderr]    Compiling axum v0.8.9
[INFO] [stderr]    Compiling sockudo-ws v3.0.0
[INFO] [stderr]    Compiling sockudo-core v5.1.0
[INFO] [stderr]    Compiling sockudo-metrics v5.1.0
[INFO] [stderr]    Compiling sockudo-webhook v5.1.0
[INFO] [stderr]    Compiling sockudo-cache v5.1.0
[INFO] [stderr]    Compiling sockudo-adapter v5.1.0
[INFO] [stderr]    Compiling sockudo-ably-compat v5.1.0 (/opt/rustwide/workdir)
[INFO] [stdout] warning: use of deprecated method `std::sync::atomic::Atomic::<usize>::fetch_update`: renamed to `try_update` for consistency
[INFO] [stdout]    --> src/outbound.rs:383:10
[INFO] [stdout]     |
[INFO] [stdout] 383 |         .fetch_update(Ordering::AcqRel, Ordering::Acquire, |current| {
[INFO] [stdout]     |          ^^^^^^^^^^^^
[INFO] [stdout]     |
[INFO] [stdout]     = note: `#[warn(deprecated)]` on by default
[INFO] [stdout] help: replace the use of the deprecated method
[INFO] [stdout]     |
[INFO] [stdout] 383 -         .fetch_update(Ordering::AcqRel, Ordering::Acquire, |current| {
[INFO] [stdout] 383 +         .try_update(Ordering::AcqRel, Ordering::Acquire, |current| {
[INFO] [stdout]     |
[INFO] [stdout] 
[INFO] [stdout] 
[INFO] [stdout] warning: use of deprecated method `std::sync::atomic::Atomic::<usize>::fetch_update`: renamed to `try_update` for consistency
[INFO] [stdout]    --> src/outbound.rs:391:10
[INFO] [stdout]     |
[INFO] [stdout] 391 |         .fetch_update(Ordering::AcqRel, Ordering::Acquire, |current| {
[INFO] [stdout]     |          ^^^^^^^^^^^^
[INFO] [stdout]     |
[INFO] [stdout] help: replace the use of the deprecated method
[INFO] [stdout]     |
[INFO] [stdout] 391 -         .fetch_update(Ordering::AcqRel, Ordering::Acquire, |current| {
[INFO] [stdout] 391 +         .try_update(Ordering::AcqRel, Ordering::Acquire, |current| {
[INFO] [stdout]     |
[INFO] [stdout] 
[INFO] [stdout] 
[INFO] [stdout] warning: use of deprecated method `std::sync::atomic::Atomic::<u64>::fetch_update`: renamed to `try_update` for consistency
[INFO] [stdout]    --> src/stats.rs:928:29
[INFO] [stdout]     |
[INFO] [stdout] 928 |             let _ = current.fetch_update(Ordering::AcqRel, Ordering::Acquire, |value| {
[INFO] [stdout]     |                             ^^^^^^^^^^^^
[INFO] [stdout]     |
[INFO] [stdout] help: replace the use of the deprecated method
[INFO] [stdout]     |
[INFO] [stdout] 928 -             let _ = current.fetch_update(Ordering::AcqRel, Ordering::Acquire, |value| {
[INFO] [stdout] 928 +             let _ = current.try_update(Ordering::AcqRel, Ordering::Acquire, |value| {
[INFO] [stdout]     |
[INFO] [stdout] 
[INFO] [stdout] 
[INFO] [stdout] warning: use of deprecated method `std::sync::atomic::Atomic::<u64>::fetch_update`: renamed to `try_update` for consistency
[INFO] [stdout]    --> src/stats.rs:945:29
[INFO] [stdout]     |
[INFO] [stdout] 945 |             let _ = current.fetch_update(Ordering::AcqRel, Ordering::Acquire, |value| {
[INFO] [stdout]     |                             ^^^^^^^^^^^^
[INFO] [stdout]     |
[INFO] [stdout] help: replace the use of the deprecated method
[INFO] [stdout]     |
[INFO] [stdout] 945 -             let _ = current.fetch_update(Ordering::AcqRel, Ordering::Acquire, |value| {
[INFO] [stdout] 945 +             let _ = current.try_update(Ordering::AcqRel, Ordering::Acquire, |value| {
[INFO] [stdout]     |
[INFO] [stdout] 
[INFO] [stdout] 
[INFO] [stdout] warning: use of deprecated method `std::sync::atomic::Atomic::<usize>::fetch_update`: renamed to `try_update` for consistency
[INFO] [stdout]    --> src/outbound.rs:383:10
[INFO] [stdout]     |
[INFO] [stdout] 383 |         .fetch_update(Ordering::AcqRel, Ordering::Acquire, |current| {
[INFO] [stdout]     |          ^^^^^^^^^^^^
[INFO] [stdout]     |
[INFO] [stdout]     = note: `#[warn(deprecated)]` on by default
[INFO] [stdout] help: replace the use of the deprecated method
[INFO] [stdout]     |
[INFO] [stdout] 383 -         .fetch_update(Ordering::AcqRel, Ordering::Acquire, |current| {
[INFO] [stdout] 383 +         .try_update(Ordering::AcqRel, Ordering::Acquire, |current| {
[INFO] [stdout]     |
[INFO] [stdout] 
[INFO] [stdout] 
[INFO] [stdout] warning: use of deprecated method `std::sync::atomic::Atomic::<usize>::fetch_update`: renamed to `try_update` for consistency
[INFO] [stdout]    --> src/outbound.rs:391:10
[INFO] [stdout]     |
[INFO] [stdout] 391 |         .fetch_update(Ordering::AcqRel, Ordering::Acquire, |current| {
[INFO] [stdout]     |          ^^^^^^^^^^^^
[INFO] [stdout]     |
[INFO] [stdout] help: replace the use of the deprecated method
[INFO] [stdout]     |
[INFO] [stdout] 391 -         .fetch_update(Ordering::AcqRel, Ordering::Acquire, |current| {
[INFO] [stdout] 391 +         .try_update(Ordering::AcqRel, Ordering::Acquire, |current| {
[INFO] [stdout]     |
[INFO] [stdout] 
[INFO] [stdout] 
[INFO] [stdout] warning: use of deprecated method `std::sync::atomic::Atomic::<u64>::fetch_update`: renamed to `try_update` for consistency
[INFO] [stdout]    --> src/stats.rs:928:29
[INFO] [stdout]     |
[INFO] [stdout] 928 |             let _ = current.fetch_update(Ordering::AcqRel, Ordering::Acquire, |value| {
[INFO] [stdout]     |                             ^^^^^^^^^^^^
[INFO] [stdout]     |
[INFO] [stdout] help: replace the use of the deprecated method
[INFO] [stdout]     |
[INFO] [stdout] 928 -             let _ = current.fetch_update(Ordering::AcqRel, Ordering::Acquire, |value| {
[INFO] [stdout] 928 +             let _ = current.try_update(Ordering::AcqRel, Ordering::Acquire, |value| {
[INFO] [stdout]     |
[INFO] [stdout] 
[INFO] [stdout] 
[INFO] [stdout] warning: use of deprecated method `std::sync::atomic::Atomic::<u64>::fetch_update`: renamed to `try_update` for consistency
[INFO] [stdout]    --> src/stats.rs:945:29
[INFO] [stdout]     |
[INFO] [stdout] 945 |             let _ = current.fetch_update(Ordering::AcqRel, Ordering::Acquire, |value| {
[INFO] [stdout]     |                             ^^^^^^^^^^^^
[INFO] [stdout]     |
[INFO] [stdout] help: replace the use of the deprecated method
[INFO] [stdout]     |
[INFO] [stdout] 945 -             let _ = current.fetch_update(Ordering::AcqRel, Ordering::Acquire, |value| {
[INFO] [stdout] 945 +             let _ = current.try_update(Ordering::AcqRel, Ordering::Acquire, |value| {
[INFO] [stdout]     |
[INFO] [stdout] 
[INFO] [stdout] 
[INFO] [stderr]     Finished `release` profile [optimized] target(s) in 5m 41s
[INFO] running `Command { std: "docker" "inspect" "949cc3beac597d28a318572b0dcf7cdac962040545a7074d0ea40628846899e4", kill_on_drop: false }`
[INFO] running `Command { std: "docker" "exec" "-e" "SOURCE_DIR=/opt/rustwide/workdir" "-e" "CARGO_HOME=/opt/rustwide/cargo-home" "-e" "RUSTUP_HOME=/opt/rustwide/rustup-home" "-e" "CARGO_TARGET_DIR=/opt/rustwide/target" "-e" "CARGO_INCREMENTAL=0" "-e" "RUST_BACKTRACE=full" "-e" "RUSTFLAGS=--cap-lints=warn" "-e" "RUSTDOCFLAGS=--cap-lints=warn" "-w" "/opt/rustwide/workdir" "--user" "0:0" "949cc3beac597d28a318572b0dcf7cdac962040545a7074d0ea40628846899e4" "/opt/rustwide/cargo-home/bin/cargo" "+1.99.0-beta.8" "test" "--frozen" "--release", kill_on_drop: false }`
[INFO] [stderr] warning: use of deprecated method `std::sync::atomic::Atomic::<usize>::fetch_update`: renamed to `try_update` for consistency
[INFO] [stderr]    --> src/outbound.rs:383:10
[INFO] [stderr]     |
[INFO] [stderr] 383 |         .fetch_update(Ordering::AcqRel, Ordering::Acquire, |current| {
[INFO] [stderr]     |          ^^^^^^^^^^^^
[INFO] [stderr]     |
[INFO] [stderr]     = note: `#[warn(deprecated)]` on by default
[INFO] [stderr] help: replace the use of the deprecated method
[INFO] [stderr]     |
[INFO] [stderr] 383 -         .fetch_update(Ordering::AcqRel, Ordering::Acquire, |current| {
[INFO] [stderr] 383 +         .try_update(Ordering::AcqRel, Ordering::Acquire, |current| {
[INFO] [stderr]     |
[INFO] [stderr] 
[INFO] [stderr] warning: use of deprecated method `std::sync::atomic::Atomic::<usize>::fetch_update`: renamed to `try_update` for consistency
[INFO] [stderr]    --> src/outbound.rs:391:10
[INFO] [stderr]     |
[INFO] [stderr] 391 |         .fetch_update(Ordering::AcqRel, Ordering::Acquire, |current| {
[INFO] [stderr]     |          ^^^^^^^^^^^^
[INFO] [stderr]     |
[INFO] [stderr] help: replace the use of the deprecated method
[INFO] [stderr]     |
[INFO] [stderr] 391 -         .fetch_update(Ordering::AcqRel, Ordering::Acquire, |current| {
[INFO] [stderr] 391 +         .try_update(Ordering::AcqRel, Ordering::Acquire, |current| {
[INFO] [stderr]     |
[INFO] [stderr] 
[INFO] [stderr] warning: use of deprecated method `std::sync::atomic::Atomic::<u64>::fetch_update`: renamed to `try_update` for consistency
[INFO] [stderr]    --> src/stats.rs:928:29
[INFO] [stderr]     |
[INFO] [stderr] 928 |             let _ = current.fetch_update(Ordering::AcqRel, Ordering::Acquire, |value| {
[INFO] [stderr]     |                             ^^^^^^^^^^^^
[INFO] [stderr]     |
[INFO] [stderr] help: replace the use of the deprecated method
[INFO] [stderr]     |
[INFO] [stderr] 928 -             let _ = current.fetch_update(Ordering::AcqRel, Ordering::Acquire, |value| {
[INFO] [stderr] 928 +             let _ = current.try_update(Ordering::AcqRel, Ordering::Acquire, |value| {
[INFO] [stderr]     |
[INFO] [stderr] 
[INFO] [stderr] warning: use of deprecated method `std::sync::atomic::Atomic::<u64>::fetch_update`: renamed to `try_update` for consistency
[INFO] [stderr]    --> src/stats.rs:945:29
[INFO] [stderr]     |
[INFO] [stderr] 945 |             let _ = current.fetch_update(Ordering::AcqRel, Ordering::Acquire, |value| {
[INFO] [stderr]     |                             ^^^^^^^^^^^^
[INFO] [stderr]     |
[INFO] [stderr] help: replace the use of the deprecated method
[INFO] [stderr]     |
[INFO] [stderr] 945 -             let _ = current.fetch_update(Ordering::AcqRel, Ordering::Acquire, |value| {
[INFO] [stderr] 945 +             let _ = current.try_update(Ordering::AcqRel, Ordering::Acquire, |value| {
[INFO] [stderr]     |
[INFO] [stderr] 
[INFO] [stderr] warning: `sockudo-ably-compat` (lib) generated 4 warnings (run `cargo fix --lib -p sockudo-ably-compat` to apply 4 suggestions)
[INFO] [stderr] warning: `sockudo-ably-compat` (lib test) generated 4 warnings (4 duplicates)
[INFO] [stderr]     Finished `release` profile [optimized] target(s) in 1.00s
[INFO] [stderr]      Running unittests src/lib.rs (/opt/rustwide/target/release/deps/sockudo_ably_compat-5b7c288e585f2239)
[INFO] [stdout] 
[INFO] [stdout] running 173 tests
[INFO] [stdout] test channel_name::tests::accepts_ably_character_set_and_extracts_base_channel ... ok
[INFO] [stdout] test channel_name::tests::enforces_bounded_utf8_wire_length ... ok
[INFO] [stdout] test channel_name::tests::rejects_invalid_channel_shapes ... ok
[INFO] [stdout] test codec::tests::attach_params_reject_nested_values ... ok
[INFO] [stdout] test codec::tests::json_annotation_structured_data_preserves_value_and_encoding ... ok
[INFO] [stdout] test codec::tests::msgpack_protocol_rejects_trailing_bytes ... ok
[INFO] [stdout] test codec::tests::binary_data_is_normalized_once_and_keeps_unknown_encoding_chain ... ok
[INFO] [stdout] test codec::tests::msgpack_rejects_oversized_array_before_allocating_declared_capacity ... ok
[INFO] [stdout] test codec::tests::msgpack_rejects_oversized_map_before_reading_entries ... ok
[INFO] [stdout] test codec::tests::msgpack_annotation_binary_data_is_normalized_with_base64_encoding ... ok
[INFO] [stdout] test outbound::tests::control_encoding_is_excluded_from_shared_data_encoding_metric ... ok
[INFO] [stdout] test filter::tests::evaluates_message_name_and_headers ... ok
[INFO] [stdout] test outbound::tests::control_frames_are_prioritized_over_data ... ok
[INFO] [stdout] test outbound::tests::data_overflow_marks_continuity_and_emits_recoverable_error ... ok
[INFO] [stdout] test outbound::tests::data_queue_uses_configured_websocket_bounds ... ok
[INFO] [stdout] test outbound::tests::reserve_bytes_is_atomic_at_the_limit ... ok
[INFO] [stdout] test codec::tests::attach_params_normalize_numeric_scalars_in_json_and_msgpack ... ok
[INFO] [stdout] test runtime::tests::ably_channel_serial_round_trips_stream_position ... ok
[INFO] [stdout] test filter::tests::rejects_invalid_and_oversized_filters ... ok
[INFO] [stdout] test channel_name::tests::percent_decoded_printable_unicode_and_spaces_parse ... ok
[INFO] [stdout] test runtime::tests::annotation_cursor_is_opaque_and_scoped_to_app_channel_and_message ... ok
[INFO] [stdout] test runtime::tests::ack_count_covers_the_inbound_protocol_serial_range ... ok
[INFO] [stdout] test runtime::tests::ably_errors_use_browser_decodable_json_for_all_request_formats ... ok
[INFO] [stdout] test runtime::tests::ably_key_parses_key_and_secret ... ok
[INFO] [stdout] test runtime::tests::ably_protocol_format_defaults_to_json_and_accepts_msgpack ... ok
[INFO] [stdout] test runtime::tests::ably_token_capability_accepts_json_string_and_wildcard ... ok
[INFO] [stdout] test runtime::tests::ably_token_capability_maps_to_sockudo_capabilities ... ok
[INFO] [stdout] test runtime::tests::ably_token_client_id_cannot_be_overridden ... ok
[INFO] [stdout] test runtime::tests::append_projection_uses_delta_for_mutations_and_aggregate_for_history ... ok
[INFO] [stdout] test runtime::tests::attach_options_default_to_supported_channel_modes ... ok
[INFO] [stdout] test runtime::tests::attach_options_drop_unknown_params_and_unknown_mode_bits ... ok
[INFO] [stdout] test runtime::tests::attach_params_modes_override_protocol_mode_flags ... ok
[INFO] [stdout] test runtime::tests::attach_resume_suppresses_rewind_params ... ok
[INFO] [stdout] test runtime::tests::attach_mode_intersection_normalizes_echoed_modes_parameter ... ok
[INFO] [stdout] test runtime::tests::attach_modes_are_intersected_with_token_capabilities ... ok
[INFO] [stdout] test runtime::tests::attach_options_accept_only_vcdiff_delta_mode ... ok
[INFO] [stdout] test runtime::tests::annotation_delete_capabilities_are_independent_operations ... ok
[INFO] [stdout] test runtime::tests::attached_channel_modes_deny_only_explicitly_missing_operations ... ok
[INFO] [stdout] test runtime::tests::attached_sets_has_presence_even_when_no_other_flags_are_present ... ok
[INFO] [stdout] test runtime::tests::authorization_replacement_is_atomic_and_invalidates_stale_deadlines ... ok
[INFO] [stdout] test runtime::tests::authentication_cache_failures_do_not_reach_client_error_messages ... ok
[INFO] [stdout] test runtime::tests::authenticated_identity_rejects_mutation_actor_spoofing ... ok
[INFO] [stdout] test runtime::tests::batch_publish_accepts_single_and_many_request_shapes ... ok
[INFO] [stdout] test runtime::tests::append_delivery_preserves_channel_serial_across_both_projections ... ok
[INFO] [stdout] test runtime::tests::attach_gate_delivers_only_messages_after_captured_high_water ... ok
[INFO] [stdout] test runtime::tests::active_connection_lease_refreshes_and_graceful_close_invalidates_it ... ok
[INFO] [stdout] test channel_name::tests::malformed_or_missing_qualifier_close_is_rejected ... ok
[INFO] [stdout] test runtime::tests::bearer_token_accepts_raw_and_ably_base64_values ... ok
[INFO] [stdout] test runtime::tests::close_and_disconnect_actions_have_distinct_terminal_outcomes ... ok
[INFO] [stdout] test runtime::tests::capability_downgrade_removes_subscribe_without_affecting_publish_upgrade ... ok
[INFO] [stdout] test runtime::tests::bounded_ordered_work_limits_inflight_and_preserves_input_order ... ok
[INFO] [stdout] test runtime::tests::channel_serial_source_never_falls_through_an_enabled_durable_authority ... ok
[INFO] [stdout] test runtime::tests::abrupt_disconnect_presence_removal_runs_after_its_deadline ... ok
[INFO] [stdout] test runtime::tests::clean_recovered_attach_sets_the_resumed_flag ... ok
[INFO] [stdout] test runtime::tests::connection_query_accepts_canonical_names_aliases_and_boolean_echo ... ok
[INFO] [stdout] test runtime::tests::connection_key_validation_is_bounded_and_matches_server_issued_shape ... ok
[INFO] [stdout] test runtime::tests::auth_key_rotation_invalidates_previous_key_on_every_runtime ... ok
[INFO] [stdout] test runtime::tests::constructed_runtimes_do_not_share_compatibility_state ... ok
[INFO] [stdout] test runtime::tests::connection_key_resolves_only_a_live_same_app_identity ... ok
[INFO] [stdout] test runtime::tests::delete_own_and_delete_any_authorize_independently_of_message_mutation ... ok
[INFO] [stdout] test runtime::tests::contiguous_delivery_frontier_suppresses_old_duplicates_without_growing_memory ... ok
[INFO] [stdout] test runtime::tests::create_annotation_rejects_authenticated_client_id_spoofing ... ok
[INFO] [stdout] test runtime::tests::delete_annotation_dto_keeps_native_target_selector_fields ... ok
[INFO] [stdout] test runtime::tests::compact_jwe_decrypts_nested_jwt_and_rejects_tampering ... ok
[INFO] [stdout] test runtime::tests::duplicate_remote_delivery_position_reaches_local_ably_subscriber_once ... ok
[INFO] [stdout] test codec::tests::json_round_trip_preserves_json_semantics ... ok
[INFO] [stdout] test runtime::tests::durable_presence_payload_decodes_nested_json_data ... ok
[INFO] [stdout] test runtime::tests::client_id_header_requires_base64_utf8 ... ok
[INFO] [stdout] test codec::tests::msgpack_round_trip_preserves_every_wire_variant ... ok
[INFO] [stdout] test runtime::tests::derived_filter_cache_reports_hits_and_misses ... ok
[INFO] [stdout] test runtime::tests::echo_filter_only_suppresses_the_originating_connection ... ok
[INFO] [stdout] test runtime::tests::empty_version_stream_advertises_zero_without_consuming_the_first_position ... ok
[INFO] [stdout] test channel_name::tests::valid_qualifiers_share_the_base_channel ... ok
[INFO] [stdout] test runtime::tests::embedded_jwt_verifies_signature_key_and_inner_credential ... ok
[INFO] [stdout] test runtime::tests::expiry_sweep_removes_expired_sessions_and_tokens ... ok
[INFO] [stdout] test runtime::tests::excessive_delivery_reordering_fails_closed_and_requires_reset ... ok
[INFO] [stdout] test runtime::tests::derived_filter_cache_evicts_at_the_entry_bound ... ok
[INFO] [stdout] test runtime::tests::fatal_socket_error_is_delivered_before_orderly_close ... ok
[INFO] [stdout] test runtime::tests::explicit_channel_serial_uses_durable_recovery_on_a_resumed_attach ... ok
[INFO] [stdout] test runtime::tests::batch_publish_body_decodes_single_message_without_expansion ... ok
[INFO] [stdout] test runtime::tests::hot_recovery_fails_closed_without_a_buffered_position ... ok
[INFO] [stdout] test runtime::tests::heartbeat_response_echoes_correlation_id ... ok
[INFO] [stdout] test runtime::tests::history_link_header_includes_stable_first_and_next_relations ... ok
[INFO] [stdout] test runtime::tests::inbound_protocol_serial_ranges_suppress_overlapping_retries ... ok
[INFO] [stdout] test runtime::tests::history_next_link_preserves_page_shape_without_credentials ... ok
[INFO] [stdout] test runtime::tests::jwt_lifetime_cannot_outlive_local_revocation_retention ... ok
[INFO] [stdout] test runtime::tests::issued_before_revocation_does_not_disconnect_a_renewed_generation ... ok
[INFO] [stdout] test runtime::tests::inbound_protocol_serial_is_processed_once_per_transport ... ok
[INFO] [stdout] test runtime::tests::interest_check_does_not_create_compatibility_channel_state ... ok
[INFO] [stdout] test channel_name::tests::control_characters_are_always_rejected ... ok
[INFO] [stdout] test runtime::tests::invalid_cached_revocation_is_reported_without_serialization_details ... ok
[INFO] [stdout] test runtime::tests::hot_recovery_fails_closed_when_the_stream_changes ... ok
[INFO] [stdout] test runtime::tests::hot_recovery_filters_the_live_tail_after_the_explicit_boundary ... ok
[INFO] [stdout] test runtime::tests::key_rotation_metadata_controls_key_activity ... ok
[INFO] [stdout] test runtime::tests::jwt_timestamp_conversion_rejects_seconds_that_overflow_milliseconds ... ok
[INFO] [stdout] test runtime::tests::local_revocation_store_preserves_live_evidence_when_capacity_is_exhausted ... ok
[INFO] [stdout] test runtime::tests::legacy_batch_publish_partial_failure_uses_browser_decodable_40020_envelope ... ok
[INFO] [stdout] test runtime::tests::local_channel_revocations_are_scoped_to_the_issuing_app ... ok
[INFO] [stdout] test runtime::tests::missing_well_formed_recover_and_resume_keys_use_expired_error ... ok
[INFO] [stdout] test runtime::tests::local_revocation_store_enforces_its_byte_limit ... ok
[INFO] [stdout] test runtime::tests::malformed_recover_and_resume_keys_use_invalid_format_error ... ok
[INFO] [stdout] test runtime::tests::local_revocation_retention_covers_the_configured_maximum_token_lifetime ... ok
[INFO] [stdout] test runtime::tests::mutation_operation_without_serial_uses_message_serial ... ok
[INFO] [stdout] test runtime::tests::jwt_ttl_is_bounded_by_revocation_retention ... ok
[INFO] [stdout] test runtime::tests::msgpack_binary_payload_is_projected_to_base64_without_rejection ... ok
[INFO] [stdout] test runtime::tests::mutation_path_is_authoritative_for_message_serial ... ok
[INFO] [stdout] test runtime::tests::multi_message_idempotency_requires_one_base_and_consecutive_serials ... ok
[INFO] [stdout] test runtime::tests::multiple_summary_renames_native_client_counts_only_at_ably_edge ... ok
[INFO] [stdout] test runtime::tests::node_local_session_owner_survives_socket_registry_cleanup ... ok
[INFO] [stdout] test runtime::tests::out_of_order_delivery_is_emitted_once_then_folded_into_the_frontier ... ok
[INFO] [stdout] test runtime::tests::pagination_relations_are_emitted_as_separate_link_values ... ok
[INFO] [stdout] test runtime::tests::presence_history_link_replaces_the_final_history_segment ... ok
[INFO] [stdout] test runtime::tests::presence_reentry_preserves_only_valid_same_connection_ids ... ok
[INFO] [stdout] test runtime::tests::presence_replication_converges_two_isolated_node_registries ... ok
[INFO] [stdout] test runtime::tests::presence_sync_chunks_110_members_in_stable_order_with_continuation ... ok
[INFO] [stdout] test runtime::tests::publish_validation_accepts_empty_ai_step_owner ... ok
[INFO] [stdout] test runtime::tests::publish_validation_accepts_nameless_and_dataless_messages ... ok
[INFO] [stdout] test runtime::tests::presence_registry_projects_present_and_removes_leave_from_base_state ... ok
[INFO] [stdout] test runtime::tests::publish_validation_rejects_obsolete_start_serial ... ok
[INFO] [stdout] test runtime::tests::publish_validation_rejects_reserved_and_unknown_fields ... ok
[INFO] [stdout] test runtime::tests::publish_validation_accepts_step_start_serial ... ok
[INFO] [stdout] test runtime::tests::realtime_publish_accepts_only_its_server_assigned_connection_id ... ok
[INFO] [stdout] test runtime::tests::realtime_msgpack_protocol_message_round_trips_named_fields ... ok
[INFO] [stdout] test runtime::tests::realtime_message_ids_are_stable_across_unacked_retries ... ok
[INFO] [stdout] test runtime::tests::recovery_projects_annotation_summary_with_original_message_serial ... ok
[INFO] [stdout] test runtime::tests::recover_key_survives_handoff_to_another_runtime_node ... ok
[INFO] [stdout] test runtime::tests::qualified_and_base_subscriptions_share_state_but_keep_wire_names ... ok
[INFO] [stdout] test runtime::tests::qualifier_wildcard_capability_matches_qualified_and_base_channels ... ok
[INFO] [stdout] test runtime::tests::recovery_projects_stored_annotation_as_action_21 ... ok
[INFO] [stdout] test runtime::tests::recoverable_marking_does_not_lock_unrelated_channels ... ok
[INFO] [stdout] test runtime::tests::recovered_session_owner_supersedes_the_previous_node_atomically ... ok
[INFO] [stdout] test runtime::tests::rest_msgpack_response_uses_named_message_fields ... ok
[INFO] [stdout] test runtime::tests::rest_publish_payload_decodes_json_and_msgpack_arrays ... ok
[INFO] [stdout] test runtime::tests::pusher_to_ably_keeps_ai_extras_and_hides_runtime_headers ... ok
[INFO] [stdout] test runtime::tests::remain_present_for_uses_ably_default_and_bounds ... ok
[INFO] [stdout] test runtime::tests::recovered_transport_supersedes_without_unregistering_replacement ... ok
[INFO] [stdout] test runtime::tests::rsa6_rejects_empty_unknown_and_mixed_wildcard_operations ... ok
[INFO] [stdout] test runtime::tests::resumed_subscriber_replays_the_bounded_delivery_window_in_order ... ok
[INFO] [stdout] test runtime::tests::rest_publish_rejects_message_client_id_spoofing ... ok
[INFO] [stdout] test runtime::tests::resumed_attach_without_a_channel_serial_keeps_the_live_recovery_tail ... ok
[INFO] [stdout] test runtime::tests::rest_publish_payload_decodes_single_json_object ... ok
[INFO] [stdout] test runtime::tests::resumed_subscriber_replays_the_shared_channel_tail_in_order ... ok
[INFO] [stdout] test runtime::tests::stamp_ai_identity_rejects_client_id_spoofing ... ok
[INFO] [stdout] test runtime::tests::synthesized_disconnect_leave_omits_the_enter_message_id ... ok
[INFO] [stdout] test runtime::tests::revocable_token_tracks_key_rotation_and_revocation ... ok
[INFO] [stdout] test runtime::tests::rewind_history_request_is_bounded_and_ends_at_attach_high_water ... ok
[INFO] [stdout] test runtime::tests::rewind_parser_accepts_count_and_seconds_minutes_hours ... ok
[INFO] [stdout] test runtime::tests::rsa6_capability_intersection_preserves_equal_and_intersects_ops_and_paths ... ok
[INFO] [stdout] test runtime::tests::stats_fixture_ingest_decodes_json_and_msgpack ... ok
[INFO] [stdout] test runtime::tests::rewind_parser_rejects_zero_invalid_and_overflowing_values ... ok
[INFO] [stdout] test runtime::tests::token_request_mac_uses_canonical_newline_terminated_input ... ok
[INFO] [stdout] test runtime::tests::token_request_integer_accepts_decimal_json_strings ... ok
[INFO] [stdout] test runtime::tests::revocable_authorization_fails_closed_when_shared_backend_is_unavailable ... ok
[INFO] [stdout] test runtime::tests::unsigned_embedded_token_envelope_accepts_token_from_jwe_header ... ok
[INFO] [stdout] test runtime::tests::wire_connection_key_is_not_treated_as_delivered_connection_id ... ok
[INFO] [stdout] test runtime::tests::shared_cache_channel_revocation_scan_pages_past_one_thousand_records ... ok
[INFO] [stdout] test stats::tests::acknowledged_observation_is_flushed_before_record_returns ... ok
[INFO] [stdout] test services::tests::publish_context_keeps_actor_identity_separate_from_fanout_exclusion ... ok
[INFO] [stdout] test stats::tests::cache_store_merges_concurrent_nodes_and_survives_runtime_recreation ... ok
[INFO] [stdout] test runtime::tests::unsigned_embedded_token_envelope_accepts_token_from_jws_claims ... ok
[INFO] [stdout] test stats::tests::cursor_is_interval_anchored_and_rejects_query_changes ... ok
[INFO] [stdout] test stats::tests::fixture_ingestion_and_rollups_share_the_store_contract ... ok
[INFO] [stdout] test runtime::tests::revocation_is_observed_by_an_independent_runtime_through_shared_cache ... ok
[INFO] [stdout] test stats::tests::nonblocking_recording_never_exceeds_the_bounded_queue ... ok
[INFO] [stdout] test runtime::tests::two_runtimes_share_nonce_replay_and_issued_tokens_through_cache ... ok
[INFO] [stdout] test stats::tests::fixture_ingestion_enforces_field_and_depth_bounds ... ok
[INFO] [stdout] test stats::tests::live_observations_reconcile_with_worker_counters ... ok
[INFO] [stdout] test runtime::tests::subscriber_mode_update_stops_delivery_after_auth_downgrade ... ok
[INFO] [stdout] test runtime::tests::recovered_live_session_cancels_pending_presence_removal ... ok
[INFO] [stdout] test runtime::tests::recovered_shared_owner_cancels_the_old_nodes_presence_deadline ... ok
[INFO] [stdout] test runtime::tests::second_disconnect_uses_a_new_presence_removal_deadline ... ok
[INFO] [stdout] test runtime::tests::two_redis_backed_nodes_share_tokens_revocation_and_session_ownership ... FAILED
[INFO] [stdout] test stats::tests::redis_store_merges_independent_nodes_and_survives_rolling_restart ... FAILED
[INFO] [stdout] 
[INFO] [stdout] failures:
[INFO] [stdout] 
[INFO] [stdout] ---- runtime::tests::two_redis_backed_nodes_share_tokens_revocation_and_session_ownership stdout ----
[INFO] [stdout] 
[INFO] [stdout] thread 'runtime::tests::two_redis_backed_nodes_share_tokens_revocation_and_session_ownership' (6209) panicked at src/runtime/tests.rs:3339:14:
[INFO] [stdout] configured Redis test service must be available: Cache("Failed to connect to Redis: Redis error: failed to connect to Redis: Connection refused (os error 111)")
[INFO] [stdout] stack backtrace:
[INFO] [stdout]    0:     0x577efe3fbf01 - <<std[70759c8f55707aa4]::sys::backtrace::BacktraceLock>::print::DisplayBacktrace as core[df12db4294e9bfd3]::fmt::Display>::fmt
[INFO] [stdout]    1:     0x577efe4142da - core[df12db4294e9bfd3]::fmt::write
[INFO] [stdout]    2:     0x577efe40104c - <alloc[2182bb758b4b3781]::vec::Vec<u8> as core[df12db4294e9bfd3]::io::write::Write>::write_fmt
[INFO] [stdout]    3:     0x577efe3d5b86 - std[70759c8f55707aa4]::panicking::default_hook::{closure#0}
[INFO] [stdout]    4:     0x577efe3f3899 - std[70759c8f55707aa4]::panicking::default_hook
[INFO] [stdout]    5:     0x577efdd76a20 - test[9d35eded1c95d3be]::test_main_inner::<test[9d35eded1c95d3be]::test_main_static::{closure#0}>::{closure#0}
[INFO] [stdout]    6:     0x577efe3f3bc2 - std[70759c8f55707aa4]::panicking::panic_with_hook
[INFO] [stdout]    7:     0x577efe3d5c32 - std[70759c8f55707aa4]::panicking::panic_handler::{closure#0}
[INFO] [stdout]    8:     0x577efe3ce629 - std[70759c8f55707aa4]::sys::backtrace::__rust_end_short_backtrace::<std[70759c8f55707aa4]::panicking::panic_handler::{closure#0}, !>
[INFO] [stdout]    9:     0x577efe3d6a1d - __rustc[8fa7c3cbc660c2b3]::rust_begin_unwind
[INFO] [stdout]   10:     0x577efe414abc - core[df12db4294e9bfd3]::panicking::panic_fmt
[INFO] [stdout]   11:     0x577efe414892 - core[df12db4294e9bfd3]::result::unwrap_failed
[INFO] [stdout]   12:     0x577efda65591 - sockudo_ably_compat[4f83a4f63970e47a]::runtime::tests::two_redis_backed_nodes_share_tokens_revocation_and_session_ownership::{closure#0}
[INFO] [stdout]   13:     0x577efdcb1eb3 - <tokio[8f278e5b9d7b3e64]::runtime::scheduler::current_thread::Context>::enter::<core[df12db4294e9bfd3]::task::poll::Poll<()>, <tokio[8f278e5b9d7b3e64]::runtime::scheduler::current_thread::CoreGuard>::block_on<core[df12db4294e9bfd3]::pin::Pin<&mut core[df12db4294e9bfd3]::pin::Pin<&mut dyn core[df12db4294e9bfd3]::future::future::Future<Output = ()>>>>::{closure#0}::{closure#0}>
[INFO] [stdout]   14:     0x577efdb70cac - <tokio[8f278e5b9d7b3e64]::runtime::context::scoped::Scoped<tokio[8f278e5b9d7b3e64]::runtime::scheduler::Context>>::set::<<tokio[8f278e5b9d7b3e64]::runtime::scheduler::current_thread::CoreGuard>::enter<<tokio[8f278e5b9d7b3e64]::runtime::scheduler::current_thread::CoreGuard>::block_on<core[df12db4294e9bfd3]::pin::Pin<&mut core[df12db4294e9bfd3]::pin::Pin<&mut dyn core[df12db4294e9bfd3]::future::future::Future<Output = ()>>>>::{closure#0}, core[df12db4294e9bfd3]::option::Option<()>>::{closure#0}, (alloc[2182bb758b4b3781]::boxed::Box<tokio[8f278e5b9d7b3e64]::runtime::scheduler::current_thread::Core>, core[df12db4294e9bfd3]::option::Option<()>)>
[INFO] [stdout]   15:     0x577efdcb1267 - <tokio[8f278e5b9d7b3e64]::runtime::runtime::Runtime>::block_on::<core[df12db4294e9bfd3]::pin::Pin<&mut dyn core[df12db4294e9bfd3]::future::future::Future<Output = ()>>>
[INFO] [stdout]   16:     0x577efda96ee9 - sockudo_ably_compat[4f83a4f63970e47a]::runtime::tests::two_redis_backed_nodes_share_tokens_revocation_and_session_ownership
[INFO] [stdout]   17:     0x577efdc47679 - <sockudo_ably_compat[4f83a4f63970e47a]::runtime::tests::two_redis_backed_nodes_share_tokens_revocation_and_session_ownership::{closure#0} as core[df12db4294e9bfd3]::ops::function::FnOnce<()>>::call_once
[INFO] [stdout]   18:     0x577efdd69d0b - test[9d35eded1c95d3be]::__rust_begin_short_backtrace::<core[df12db4294e9bfd3]::result::Result<(), alloc[2182bb758b4b3781]::string::String>, fn() -> core[df12db4294e9bfd3]::result::Result<(), alloc[2182bb758b4b3781]::string::String>>
[INFO] [stdout]   19:     0x577efdd77375 - test[9d35eded1c95d3be]::run_test::{closure#0}
[INFO] [stdout]   20:     0x577efdd70c34 - std[70759c8f55707aa4]::sys::backtrace::__rust_begin_short_backtrace::<test[9d35eded1c95d3be]::run_test::{closure#1}, ()>
[INFO] [stdout]   21:     0x577efdd7a4d2 - <std[70759c8f55707aa4]::thread::lifecycle::spawn_unchecked<test[9d35eded1c95d3be]::run_test::{closure#1}, ()>::{closure#1} as core[df12db4294e9bfd3]::ops::function::FnOnce<()>>::call_once::{shim:vtable#0}
[INFO] [stdout]   22:     0x577efe3fb109 - <std[70759c8f55707aa4]::sys::thread::unix::Thread>::new::thread_start
[INFO] [stdout]   23:     0x70041d795dfa - <unknown>
[INFO] [stdout]   24:     0x70041d8293d4 - clone
[INFO] [stdout]   25:                0x0 - <unknown>
[INFO] [stdout] 
[INFO] [stdout] ---- stats::tests::redis_store_merges_independent_nodes_and_survives_rolling_restart stdout ----
[INFO] [stdout] 
[INFO] [stdout] thread 'stats::tests::redis_store_merges_independent_nodes_and_survives_rolling_restart' (6222) panicked at src/stats.rs:1467:18:
[INFO] [stdout] configured Redis test service must be available: Cache("Failed to connect to Redis: Redis error: failed to connect to Redis: Connection refused (os error 111)")
[INFO] [stdout] stack backtrace:
[INFO] [stdout]    0:     0x577efe3fbf01 - <<std[70759c8f55707aa4]::sys::backtrace::BacktraceLock>::print::DisplayBacktrace as core[df12db4294e9bfd3]::fmt::Display>::fmt
[INFO] [stdout]    1:     0x577efe4142da - core[df12db4294e9bfd3]::fmt::write
[INFO] [stdout]    2:     0x577efe40104c - <alloc[2182bb758b4b3781]::vec::Vec<u8> as core[df12db4294e9bfd3]::io::write::Write>::write_fmt
[INFO] [stdout]    3:     0x577efe3d5b86 - std[70759c8f55707aa4]::panicking::default_hook::{closure#0}
[INFO] [stdout]    4:     0x577efe3f3899 - std[70759c8f55707aa4]::panicking::default_hook
[INFO] [stdout]    5:     0x577efdd76a20 - test[9d35eded1c95d3be]::test_main_inner::<test[9d35eded1c95d3be]::test_main_static::{closure#0}>::{closure#0}
[INFO] [stdout]    6:     0x577efe3f3bc2 - std[70759c8f55707aa4]::panicking::panic_with_hook
[INFO] [stdout]    7:     0x577efe3d5c32 - std[70759c8f55707aa4]::panicking::panic_handler::{closure#0}
[INFO] [stdout]    8:     0x577efe3ce629 - std[70759c8f55707aa4]::sys::backtrace::__rust_end_short_backtrace::<std[70759c8f55707aa4]::panicking::panic_handler::{closure#0}, !>
[INFO] [stdout]    9:     0x577efe3d6a1d - __rustc[8fa7c3cbc660c2b3]::rust_begin_unwind
[INFO] [stdout]   10:     0x577efe414abc - core[df12db4294e9bfd3]::panicking::panic_fmt
[INFO] [stdout]   11:     0x577efe414892 - core[df12db4294e9bfd3]::result::unwrap_failed
[INFO] [stdout]   12:     0x577efdba924f - sockudo_ably_compat[4f83a4f63970e47a]::stats::tests::redis_store_merges_independent_nodes_and_survives_rolling_restart::{closure#0}
[INFO] [stdout]   13:     0x577efdcb1eb3 - <tokio[8f278e5b9d7b3e64]::runtime::scheduler::current_thread::Context>::enter::<core[df12db4294e9bfd3]::task::poll::Poll<()>, <tokio[8f278e5b9d7b3e64]::runtime::scheduler::current_thread::CoreGuard>::block_on<core[df12db4294e9bfd3]::pin::Pin<&mut core[df12db4294e9bfd3]::pin::Pin<&mut dyn core[df12db4294e9bfd3]::future::future::Future<Output = ()>>>>::{closure#0}::{closure#0}>
[INFO] [stdout]   14:     0x577efdb70cac - <tokio[8f278e5b9d7b3e64]::runtime::context::scoped::Scoped<tokio[8f278e5b9d7b3e64]::runtime::scheduler::Context>>::set::<<tokio[8f278e5b9d7b3e64]::runtime::scheduler::current_thread::CoreGuard>::enter<<tokio[8f278e5b9d7b3e64]::runtime::scheduler::current_thread::CoreGuard>::block_on<core[df12db4294e9bfd3]::pin::Pin<&mut core[df12db4294e9bfd3]::pin::Pin<&mut dyn core[df12db4294e9bfd3]::future::future::Future<Output = ()>>>>::{closure#0}, core[df12db4294e9bfd3]::option::Option<()>>::{closure#0}, (alloc[2182bb758b4b3781]::boxed::Box<tokio[8f278e5b9d7b3e64]::runtime::scheduler::current_thread::Core>, core[df12db4294e9bfd3]::option::Option<()>)>
[INFO] [stdout]   15:     0x577efdcb1267 - <tokio[8f278e5b9d7b3e64]::runtime::runtime::Runtime>::block_on::<core[df12db4294e9bfd3]::pin::Pin<&mut dyn core[df12db4294e9bfd3]::future::future::Future<Output = ()>>>
[INFO] [stdout]   16:     0x577efdbb0a2a - sockudo_ably_compat[4f83a4f63970e47a]::stats::tests::redis_store_merges_independent_nodes_and_survives_rolling_restart
[INFO] [stdout]   17:     0x577efdc46389 - <sockudo_ably_compat[4f83a4f63970e47a]::stats::tests::redis_store_merges_independent_nodes_and_survives_rolling_restart::{closure#0} as core[df12db4294e9bfd3]::ops::function::FnOnce<()>>::call_once
[INFO] [stdout]   18:     0x577efdd69d0b - test[9d35eded1c95d3be]::__rust_begin_short_backtrace::<core[df12db4294e9bfd3]::result::Result<(), alloc[2182bb758b4b3781]::string::String>, fn() -> core[df12db4294e9bfd3]::result::Result<(), alloc[2182bb758b4b3781]::string::String>>
[INFO] [stdout]   19:     0x577efdd77375 - test[9d35eded1c95d3be]::run_test::{closure#0}
[INFO] [stdout]   20:     0x577efdd70c34 - std[70759c8f55707aa4]::sys::backtrace::__rust_begin_short_backtrace::<test[9d35eded1c95d3be]::run_test::{closure#1}, ()>
[INFO] [stdout]   21:     0x577efdd7a4d2 - <std[70759c8f55707aa4]::thread::lifecycle::spawn_unchecked<test[9d35eded1c95d3be]::run_test::{closure#1}, ()>::{closure#1} as core[df12db4294e9bfd3]::ops::function::FnOnce<()>>::call_once::{shim:vtable#0}
[INFO] [stdout]   22:     0x577efe3fb109 - <std[70759c8f55707aa4]::sys::thread::unix::Thread>::new::thread_start
[INFO] [stdout]   23:     0x70041d795dfa - <unknown>
[INFO] [stdout]   24:     0x70041d8293d4 - clone
[INFO] [stdout]   25:                0x0 - <unknown>
[INFO] [stdout] 
[INFO] [stdout] 
[INFO] [stdout] failures:
[INFO] [stdout]     runtime::tests::two_redis_backed_nodes_share_tokens_revocation_and_session_ownership
[INFO] [stdout]     stats::tests::redis_store_merges_independent_nodes_and_survives_rolling_restart
[INFO] [stdout] 
[INFO] [stdout] test result: FAILED. 171 passed; 2 failed; 0 ignored; 0 measured; 0 filtered out; finished in 4.39s
[INFO] [stdout] 
[INFO] [stderr] error: test failed, to rerun pass `--lib`
[INFO] running `Command { std: "docker" "inspect" "949cc3beac597d28a318572b0dcf7cdac962040545a7074d0ea40628846899e4", kill_on_drop: false }`
[INFO] running `Command { std: "docker" "rm" "-f" "949cc3beac597d28a318572b0dcf7cdac962040545a7074d0ea40628846899e4", kill_on_drop: false }`
[INFO] [stdout] 949cc3beac597d28a318572b0dcf7cdac962040545a7074d0ea40628846899e4
