[INFO] fetching crate slashmail 0.8.1...
[INFO] testing slashmail-0.8.1 against 1.99.0-beta.8+cargoflags=--release for beta-release-1.100-2
[INFO] extracting crate slashmail 0.8.1 into /workspace/builds/worker-0-tc1/source
[INFO] started tweaking crates.io crate slashmail 0.8.1
[INFO] removed 0 missing tests
[INFO] finished tweaking crates.io crate slashmail 0.8.1
[INFO] tweaked toml for crates.io crate slashmail 0.8.1 written to /workspace/builds/worker-0-tc1/source/Cargo.toml
[INFO] validating manifest of crates.io crate slashmail 0.8.1 on toolchain 1.99.0-beta.8
[INFO] running `Command { std: CARGO_HOME="/workspace/cargo-home" RUSTUP_HOME="/workspace/rustup-home" "/workspace/cargo-home/bin/cargo" "+1.99.0-beta.8" "metadata" "--manifest-path" "Cargo.toml" "--no-deps", kill_on_drop: false }`
[INFO] crate crates.io crate slashmail 0.8.1 already has a lockfile, it will not be regenerated
[INFO] running `Command { std: CARGO_HOME="/workspace/cargo-home" RUSTUP_HOME="/workspace/rustup-home" "/workspace/cargo-home/bin/cargo" "+1.99.0-beta.8" "fetch" "--manifest-path" "Cargo.toml", kill_on_drop: false }`
[INFO] [stderr]     Updating crates.io index
[INFO] [stderr]  Downloading crates ...
[INFO] [stderr]   Downloaded quoted_printable v0.5.1
[INFO] [stderr]   Downloaded mailparse v0.17.0
[INFO] [stderr]   Downloaded charset v0.1.5
[INFO] [stderr]   Downloaded markup5ever v0.35.0
[INFO] [stderr]   Downloaded match_token v0.35.0
[INFO] [stderr]   Downloaded email-encoding v0.4.1
[INFO] [stderr]   Downloaded psm v0.1.28
[INFO] [stderr]   Downloaded ar_archive_writer v0.2.0
[INFO] [stderr]   Downloaded stacker v0.1.24
[INFO] [stderr]   Downloaded imap-proto v0.16.7
[INFO] [stderr]   Downloaded openssl-sys v0.9.116
[INFO] [stderr]   Downloaded chumsky v0.9.3
[INFO] [stderr]   Downloaded imap v3.0.0-alpha.15
[INFO] [stderr]   Downloaded inquire v0.9.3
[INFO] [stderr]   Downloaded html5ever v0.35.0
[INFO] [stderr]   Downloaded comfy-table v7.1.3
[INFO] [stderr]   Downloaded lettre v0.11.19
[INFO] [stderr]   Downloaded html2text v0.15.5
[INFO] [stderr]   Downloaded openssl v0.10.80
[INFO] [stderr]   Downloaded libc v0.2.181
[INFO] [stderr]   Downloaded clap_complete v4.5.65
[INFO] running `Command { std: "docker" "create" "-v" "/var/lib/crater-agent-workspace/builds/worker-0-tc1/source:/opt/rustwide/workdir:ro,Z" "-v" "/var/lib/crater-agent-workspace/builds/worker-0-tc1/target:/opt/rustwide/target:rw,Z" "-v" "/var/lib/crater-agent-workspace/cargo-home:/opt/rustwide/cargo-home:ro,Z" "-v" "/var/lib/crater-agent-workspace/rustup-home:/opt/rustwide/rustup-home:ro,Z" "-m" "1610612736" "--network" "none" "ghcr.io/rust-lang/crates-build-env/linux@sha256:77db811e55d90add9212f6832c23229e3de5f1c1f9905e8cb07319ea15df73ac" "sleep" "infinity", kill_on_drop: false }`
[INFO] [stdout] 4a55eea91ec95d46734bb25badf09a9d0993979dbdd30380f86d6d800b7f9e59
[INFO] running `Command { std: "docker" "start" "4a55eea91ec95d46734bb25badf09a9d0993979dbdd30380f86d6d800b7f9e59", kill_on_drop: false }`
[INFO] running `Command { std: "docker" "inspect" "4a55eea91ec95d46734bb25badf09a9d0993979dbdd30380f86d6d800b7f9e59", kill_on_drop: false }`
[INFO] running `Command { std: "docker" "exec" "-e" "SOURCE_DIR=/opt/rustwide/workdir" "-e" "CARGO_HOME=/opt/rustwide/cargo-home" "-e" "RUSTUP_HOME=/opt/rustwide/rustup-home" "-e" "CARGO_TARGET_DIR=/opt/rustwide/target" "-w" "/opt/rustwide/workdir" "--user" "0:0" "4a55eea91ec95d46734bb25badf09a9d0993979dbdd30380f86d6d800b7f9e59" "/opt/rustwide/cargo-home/bin/cargo" "+1.99.0-beta.8" "metadata" "--no-deps" "--format-version=1", kill_on_drop: false }`
[INFO] running `Command { std: "docker" "inspect" "4a55eea91ec95d46734bb25badf09a9d0993979dbdd30380f86d6d800b7f9e59", kill_on_drop: false }`
[INFO] running `Command { std: "docker" "exec" "-e" "SOURCE_DIR=/opt/rustwide/workdir" "-e" "CARGO_HOME=/opt/rustwide/cargo-home" "-e" "RUSTUP_HOME=/opt/rustwide/rustup-home" "-e" "CARGO_TARGET_DIR=/opt/rustwide/target" "-e" "CARGO_INCREMENTAL=0" "-e" "RUST_BACKTRACE=full" "-e" "RUSTFLAGS=--cap-lints=warn" "-e" "RUSTDOCFLAGS=--cap-lints=warn" "-w" "/opt/rustwide/workdir" "--user" "0:0" "4a55eea91ec95d46734bb25badf09a9d0993979dbdd30380f86d6d800b7f9e59" "/opt/rustwide/cargo-home/bin/cargo" "+1.99.0-beta.8" "build" "--frozen" "--message-format=json" "--release", kill_on_drop: false }`
[INFO] [stderr]    Compiling unicode-ident v1.0.23
[INFO] [stderr]    Compiling libc v0.2.181
[INFO] [stderr]    Compiling smallvec v1.15.1
[INFO] [stderr]    Compiling stable_deref_trait v1.2.1
[INFO] [stderr]    Compiling rand_core v0.6.4
[INFO] [stderr]    Compiling siphasher v1.0.2
[INFO] [stderr]    Compiling memchr v2.8.0
[INFO] [stderr]    Compiling cc v1.2.55
[INFO] [stderr]    Compiling log v0.4.29
[INFO] [stderr]    Compiling bitflags v2.10.0
[INFO] [stderr]    Compiling vcpkg v0.2.15
[INFO] [stderr]    Compiling writeable v0.6.2
[INFO] [stderr]    Compiling new_debug_unreachable v1.0.6
[INFO] [stderr]    Compiling litemap v0.8.1
[INFO] [stderr]    Compiling icu_normalizer_data v2.1.1
[INFO] [stderr]    Compiling icu_properties_data v2.1.2
[INFO] [stderr]    Compiling proc-macro2 v1.0.106
[INFO] [stderr]    Compiling zerocopy v0.8.55
[INFO] [stderr]    Compiling phf_shared v0.11.3
[INFO] [stderr]    Compiling rand v0.8.6
[INFO] [stderr]    Compiling anstyle-parse v0.2.7
[INFO] [stderr]    Compiling proc-macro2-diagnostics v0.10.1
[INFO] [stderr]    Compiling ahash v0.8.12
[INFO] [stderr]    Compiling mac v0.1.1
[INFO] [stderr]    Compiling unicode-width v0.2.2
[INFO] [stderr]    Compiling colorchoice v1.0.4
[INFO] [stderr]    Compiling anstyle v1.0.13
[INFO] [stderr]    Compiling signal-hook v0.3.18
[INFO] [stderr]    Compiling precomputed-hash v0.1.1
[INFO] [stderr]    Compiling unicode-segmentation v1.12.0
[INFO] [stderr]    Compiling num-traits v0.2.19
[INFO] [stderr]    Compiling phf v0.11.3
[INFO] [stderr]    Compiling anstream v0.6.21
[INFO] [stderr]    Compiling object v0.32.2
[INFO] [stderr]    Compiling futf v0.1.5
[INFO] [stderr]    Compiling foreign-types-shared v0.1.1
[INFO] [stderr]    Compiling rustix v1.1.3
[INFO] [stderr]    Compiling openssl v0.10.80
[INFO] [stderr]    Compiling yansi v1.0.1
[INFO] [stderr]    Compiling rustix v0.38.44
[INFO] [stderr]    Compiling rustversion v1.0.22
[INFO] [stderr]    Compiling clap_lex v0.7.7
[INFO] [stderr]    Compiling quote v1.0.44
[INFO] [stderr]    Compiling clap_builder v4.5.57
[INFO] [stderr]    Compiling tendril v0.4.3
[INFO] [stderr]    Compiling foreign-types v0.3.2
[INFO] [stderr]    Compiling aho-corasick v1.1.4
[INFO] [stderr]    Compiling syn v2.0.114
[INFO] [stderr]    Compiling phf_generator v0.11.3
[INFO] [stderr]    Compiling convert_case v0.10.0
[INFO] [stderr]    Compiling heck v0.4.1
[INFO] [stderr]    Compiling regex-syntax v0.8.9
[INFO] [stderr]    Compiling linux-raw-sys v0.11.0
[INFO] [stderr]    Compiling allocator-api2 v0.2.21
[INFO] [stderr]    Compiling zmij v1.0.20
[INFO] [stderr]    Compiling litrs v1.0.0
[INFO] [stderr]    Compiling phf_codegen v0.11.3
[INFO] [stderr]    Compiling string_cache_codegen v0.5.4
[INFO] [stderr]    Compiling portable-atomic v1.13.1
[INFO] [stderr]    Compiling linux-raw-sys v0.4.15
[INFO] [stderr]    Compiling native-tls v0.2.14
[INFO] [stderr]    Compiling mime_guess v2.0.5
[INFO] [stderr]    Compiling web_atoms v0.1.3
[INFO] [stderr]    Compiling nom v7.1.3
[INFO] [stderr]    Compiling document-features v0.2.12
[INFO] [stderr]    Compiling openssl-sys v0.9.116
[INFO] [stderr]    Compiling stacker v0.1.24
[INFO] [stderr]    Compiling encoding_rs v0.8.35
[INFO] [stderr]    Compiling parking_lot_core v0.9.12
[INFO] [stderr]    Compiling errno v0.3.14
[INFO] [stderr]    Compiling signal-hook-registry v1.4.8
[INFO] [stderr]    Compiling mio v1.1.1
[INFO] [stderr]    Compiling parking_lot v0.12.5
[INFO] [stderr]    Compiling utf8_iter v1.0.4
[INFO] [stderr]    Compiling openssl-probe v0.1.6
[INFO] [stderr]    Compiling static_assertions v1.1.0
[INFO] [stderr]    Compiling anyhow v1.0.103
[INFO] [stderr]    Compiling quoted_printable v0.5.1
[INFO] [stderr]    Compiling aliasable v0.1.3
[INFO] [stderr]    Compiling chrono v0.4.43
[INFO] [stderr]    Compiling crossterm v0.28.1
[INFO] [stderr]    Compiling imap-proto v0.16.7
[INFO] [stderr]    Compiling signal-hook-mio v0.2.5
[INFO] [stderr]    Compiling dirs-sys v0.5.0
[INFO] [stderr]    Compiling fuzzy-matcher v0.3.7
[INFO] [stderr]    Compiling console v0.15.11
[INFO] [stderr]    Compiling email-encoding v0.4.1
[INFO] [stderr]    Compiling bufstream v0.1.4
[INFO] [stderr]    Compiling roff v0.2.2
[INFO] [stderr]    Compiling number_prefix v0.4.0
[INFO] [stderr]    Compiling fastrand v2.3.0
[INFO] [stderr]    Compiling email_address v0.2.9
[INFO] [stderr]    Compiling charset v0.1.5
[INFO] [stderr]    Compiling strum v0.26.3
[INFO] [stderr]    Compiling dyn-clone v1.0.20
[INFO] [stderr]    Compiling mailparse v0.17.0
[INFO] [stderr]    Compiling serde_json v1.0.149
[INFO] [stderr]    Compiling dirs v6.0.0
[INFO] [stderr]    Compiling indicatif v0.17.11
[INFO] [stderr]    Compiling dotenvy v0.15.7
[INFO] [stderr]    Compiling ar_archive_writer v0.2.0
[INFO] [stderr]    Compiling regex-automata v0.4.14
[INFO] [stderr]    Compiling psm v0.1.28
[INFO] [stderr]    Compiling hashbrown v0.14.5
[INFO] [stderr]    Compiling synstructure v0.13.2
[INFO] [stderr]    Compiling chumsky v0.9.3
[INFO] [stderr]    Compiling zerofrom-derive v0.1.6
[INFO] [stderr]    Compiling yoke-derive v0.8.1
[INFO] [stderr]    Compiling zerovec-derive v0.11.2
[INFO] [stderr]    Compiling serde_derive v1.0.228
[INFO] [stderr]    Compiling displaydoc v0.2.5
[INFO] [stderr]    Compiling openssl-macros v0.1.1
[INFO] [stderr]    Compiling clap_derive v4.5.55
[INFO] [stderr]    Compiling derive_more-impl v2.1.1
[INFO] [stderr]    Compiling match_token v0.35.0
[INFO] [stderr]    Compiling thiserror-impl v2.0.18
[INFO] [stderr]    Compiling ouroboros_macro v0.18.5
[INFO] [stderr]    Compiling strum_macros v0.26.4
[INFO] [stderr]    Compiling derive_more v2.1.1
[INFO] [stderr]    Compiling crossterm v0.29.0
[INFO] [stderr]    Compiling ouroboros v0.18.5
[INFO] [stderr]    Compiling zerofrom v0.1.6
[INFO] [stderr]    Compiling yoke v0.8.1
[INFO] [stderr]    Compiling thiserror v2.0.18
[INFO] [stderr]    Compiling zerovec v0.11.5
[INFO] [stderr]    Compiling zerotrie v0.2.3
[INFO] [stderr]    Compiling regex v1.12.3
[INFO] [stderr]    Compiling comfy-table v7.1.3
[INFO] [stderr]    Compiling inquire v0.9.3
[INFO] [stderr]    Compiling clap v4.5.57
[INFO] [stderr]    Compiling clap_complete v4.5.65
[INFO] [stderr]    Compiling clap_mangen v0.2.31
[INFO] [stderr]    Compiling tinystr v0.8.2
[INFO] [stderr]    Compiling potential_utf v0.1.4
[INFO] [stderr]    Compiling icu_locale_core v2.1.1
[INFO] [stderr]    Compiling icu_collections v2.1.1
[INFO] [stderr]    Compiling serde v1.0.228
[INFO] [stderr]    Compiling string_cache v0.8.9
[INFO] [stderr]    Compiling toml_datetime v0.6.11
[INFO] [stderr]    Compiling serde_spanned v0.6.9
[INFO] [stderr]    Compiling toml_edit v0.22.27
[INFO] [stderr]    Compiling icu_provider v2.1.1
[INFO] [stderr]    Compiling icu_normalizer v2.1.1
[INFO] [stderr]    Compiling icu_properties v2.1.2
[INFO] [stderr]    Compiling markup5ever v0.35.0
[INFO] [stderr]    Compiling html5ever v0.35.0
[INFO] [stderr]    Compiling idna_adapter v1.2.1
[INFO] [stderr]    Compiling idna v1.1.0
[INFO] [stderr]    Compiling imap v3.0.0-alpha.15
[INFO] [stderr]    Compiling html2text v0.15.5
[INFO] [stderr]    Compiling lettre v0.11.19
[INFO] [stderr]    Compiling toml v0.8.23
[INFO] [stderr]    Compiling slashmail v0.8.1 (/opt/rustwide/workdir)
[INFO] [stderr]     Finished `release` profile [optimized] target(s) in 2m 25s
[INFO] running `Command { std: "docker" "inspect" "4a55eea91ec95d46734bb25badf09a9d0993979dbdd30380f86d6d800b7f9e59", kill_on_drop: false }`
[INFO] running `Command { std: "docker" "exec" "-e" "SOURCE_DIR=/opt/rustwide/workdir" "-e" "CARGO_HOME=/opt/rustwide/cargo-home" "-e" "RUSTUP_HOME=/opt/rustwide/rustup-home" "-e" "CARGO_TARGET_DIR=/opt/rustwide/target" "-e" "CARGO_INCREMENTAL=0" "-e" "RUST_BACKTRACE=full" "-e" "RUSTFLAGS=--cap-lints=warn" "-e" "RUSTDOCFLAGS=--cap-lints=warn" "-w" "/opt/rustwide/workdir" "--user" "0:0" "4a55eea91ec95d46734bb25badf09a9d0993979dbdd30380f86d6d800b7f9e59" "/opt/rustwide/cargo-home/bin/cargo" "+1.99.0-beta.8" "test" "--frozen" "--no-run" "--message-format=json" "--release", kill_on_drop: false }`
[INFO] [stderr]    Compiling rustix v1.1.3
[INFO] [stderr]    Compiling form_urlencoded v1.2.2
[INFO] [stderr]    Compiling socket2 v0.6.2
[INFO] [stderr]    Compiling nom v8.0.0
[INFO] [stderr]    Compiling getrandom v0.3.4
[INFO] [stderr]    Compiling url v2.5.8
[INFO] [stderr]    Compiling crossterm v0.29.0
[INFO] [stderr]    Compiling tempfile v3.24.0
[INFO] [stderr]    Compiling lettre v0.11.19
[INFO] [stderr]    Compiling inquire v0.9.3
[INFO] [stderr]    Compiling slashmail v0.8.1 (/opt/rustwide/workdir)
[INFO] [stderr]     Finished `release` profile [optimized] target(s) in 1m 34s
[INFO] running `Command { std: "docker" "inspect" "4a55eea91ec95d46734bb25badf09a9d0993979dbdd30380f86d6d800b7f9e59", kill_on_drop: false }`
[INFO] running `Command { std: "docker" "exec" "-e" "SOURCE_DIR=/opt/rustwide/workdir" "-e" "CARGO_HOME=/opt/rustwide/cargo-home" "-e" "RUSTUP_HOME=/opt/rustwide/rustup-home" "-e" "CARGO_TARGET_DIR=/opt/rustwide/target" "-e" "CARGO_INCREMENTAL=0" "-e" "RUST_BACKTRACE=full" "-e" "RUSTFLAGS=--cap-lints=warn" "-e" "RUSTDOCFLAGS=--cap-lints=warn" "-w" "/opt/rustwide/workdir" "--user" "0:0" "4a55eea91ec95d46734bb25badf09a9d0993979dbdd30380f86d6d800b7f9e59" "/opt/rustwide/cargo-home/bin/cargo" "+1.99.0-beta.8" "test" "--frozen" "--release", kill_on_drop: false }`
[INFO] [stderr]     Finished `release` profile [optimized] target(s) in 0.32s
[INFO] [stderr]      Running unittests src/lib.rs (/opt/rustwide/target/release/deps/slashmail-3cfc23b74f77dee2)
[INFO] [stdout] 
[INFO] [stdout] running 194 tests
[INFO] [stdout] test attachment::tests::part_ids_are_canonical_one_based_paths ... ok
[INFO] [stdout] test config::tests::invalid_account_name_errors ... ok
[INFO] [stdout] test attachment::tests::a_destination_aliasing_a_file_saved_this_run_is_detected ... ok
[INFO] [stdout] test attachment::tests::binary_transfer_decoding_is_byte_exact_and_errors_are_contextual ... ok
[INFO] [stdout] test attachment::tests::nested_mime_attachments_have_stable_ids_names_types_and_sizes ... ok
[INFO] [stdout] test config::tests::named_accounts_reject_connection_overrides ... ok
[INFO] [stdout] test attachment::tests::force_replaces_symlinks_but_rejects_nonfiles ... ok
[INFO] [stdout] test config::tests::parse_empty_config ... ok
[INFO] [stdout] test config::tests::parse_multi_account_config ... ok
[INFO] [stdout] test config::tests::parse_partial_config ... ok
[INFO] [stdout] test config::tests::resolve_default_named_account ... ok
[INFO] [stdout] test config::tests::resolve_legacy_account_carries_optional_draft_values_for_non_email_login ... ok
[INFO] [stdout] test config::tests::resolve_legacy_account_uses_overrides ... ok
[INFO] [stdout] test config::tests::resolve_named_accounts_prefers_account_draft_values_then_top_level ... ok
[INFO] [stdout] test config::tests::resolve_accounts_without_draft_values_remains_valid ... ok
[INFO] [stdout] test config::tests::resolve_all_accounts ... ok
[INFO] [stdout] test config::tests::unknown_draft_configuration_field_is_rejected ... ok
[INFO] [stdout] test config::tests::parse_full_config ... ok
[INFO] [stdout] test connection::tests::append_mailbox_is_escaped_for_the_upstream_builder ... ok
[INFO] [stdout] test attachment::tests::renderers_sanitize_human_fields_and_preserve_json_data ... ok
[INFO] [stdout] test attachment::tests::selected_attachment_ignores_unselected_corrupt_payload_and_validates_first ... ok
[INFO] [stdout] test attachment::tests::planned_names_are_direct_bounded_nonhidden_and_case_unique ... ok
[INFO] [stdout] test config::tests::invalid_default_account_errors ... ok
[INFO] [stdout] test attachment::tests::collision_preflight_prevents_partial_writes_and_force_is_explicit ... ok
[INFO] [stdout] test attachment::tests::selector_errors_create_nothing ... ok
[INFO] [stdout] test config::tests::explicit_missing_file_errors ... ok
[INFO] [stdout] test config::tests::load_none_does_not_error ... ok
[INFO] [stdout] test config::tests::duplicate_account_names_error ... ok
[INFO] [stdout] test connection::tests::append_mailbox_rejects_controls ... ok
[INFO] [stdout] test connection::tests::is_loopback_localhost ... ok
[INFO] [stdout] test display::tests::body_sanitizer_keeps_line_structure_and_unicode ... ok
[INFO] [stdout] test display::tests::format_size_bytes ... ok
[INFO] [stdout] test connection::tests::plaintext_is_refused_for_remote_hosts_before_resolution ... ok
[INFO] [stdout] test connection::tests::special_use_attributes_keep_drafts_discovery_working ... ok
[INFO] [stdout] test connection::tests::status_counts_ignore_the_echoed_name_and_keep_missing_counts_unknown ... ok
[INFO] [stdout] test display::tests::format_size_kilobytes_rounds ... ok
[INFO] [stdout] test connection::tests::is_loopback_ipv6 ... ok
[INFO] [stdout] test display::tests::format_size_kilobytes ... ok
[INFO] [stdout] test connection::tests::is_loopback_private_ip ... ok
[INFO] [stdout] test connection::tests::is_loopback_remote_host ... ok
[INFO] [stdout] test connection::tests::listed_names_decode_quoted_escapes_but_keep_literals_verbatim ... ok
[INFO] [stdout] test connection::tests::appenduid_requires_exactly_one_uid ... ok
[INFO] [stdout] test connection::tests::is_loopback_ipv4 ... ok
[INFO] [stdout] test display::tests::format_size_zero ... ok
[INFO] [stdout] test display::tests::json_empty ... ok
[INFO] [stdout] test display::tests::json_with_account ... ok
[INFO] [stdout] test display::tests::table_keeps_json_values_complete ... ok
[INFO] [stdout] test display::tests::terminal_fields_remove_escape_controls_and_unsafe_unicode ... ok
[INFO] [stdout] test display::tests::invisible_characters_cannot_disguise_names ... ok
[INFO] [stdout] test display::tests::json_with_folder ... ok
[INFO] [stdout] test display::tests::terminal_sequences_are_removed_with_their_payloads ... ok
[INFO] [stdout] test attachment::tests::upstream_depth_limit_controls_attachment_traversal ... ok
[INFO] [stdout] test display::tests::format_size_megabytes ... ok
[INFO] [stdout] test display::tests::truncate_str_exact_length_unchanged ... ok
[INFO] [stdout] test display::tests::format_size_megabytes_large ... ok
[INFO] [stdout] test display::tests::truncate_str_empty ... ok
[INFO] [stdout] test connection::tests::append_disconnect_after_literal_is_indeterminate ... ok
[INFO] [stdout] test connection::tests::configured_tcp_stream_has_read_and_write_deadlines ... ok
[INFO] [stdout] test connection::tests::append_rejection_before_literal_is_a_definite_failure ... ok
[INFO] [stdout] test connection::tests::append_escapes_mailbox_on_the_wire_and_accepts_one_uid ... ok
[INFO] [stdout] test draft::tests::destination_resolution_rejects_zero_and_multiple_candidates ... ok
[INFO] [stdout] test draft::tests::empty_source_body_keeps_attribution_without_payload ... ok
[INFO] [stdout] test draft::tests::exact_source_requires_one_matching_uid_and_body ... ok
[INFO] [stdout] test display::tests::truncate_str_long_adds_ellipsis ... ok
[INFO] [stdout] test display::tests::json_single_message ... ok
[INFO] [stdout] test draft::tests::indeterminate_without_recovery_is_unknown ... ok
[INFO] [stdout] test display::tests::truncate_str_short_unchanged ... ok
[INFO] [stdout] test draft::tests::html_reply_escapes_all_source_markup_but_keeps_caller_html ... ok
[INFO] [stdout] test draft::tests::indeterminate_reconnects_for_recovery_without_second_append ... ok
[INFO] [stdout] test draft::tests::plain_reply_prefixes_each_quoted_line ... ok
[INFO] [stdout] test draft::tests::new_draft_attachments_are_body_first_ordered_and_byte_exact ... ok
[INFO] [stdout] test draft::tests::no_quote_omits_attribution_and_does_not_decode_source_body ... ok
[INFO] [stdout] test draft::tests::legal_header_tabs_survive_drafting_but_other_controls_fail ... ok
[INFO] [stdout] test draft::tests::new_draft_html_is_a_utf8_single_part ... ok
[INFO] [stdout] test draft::tests::destination_resolution_honors_precedence_and_special_use ... ok
[INFO] [stdout] test draft::tests::new_draft_keeps_bcc_and_generates_identity_headers ... ok
[INFO] [stdout] test draft::tests::new_draft_rejects_missing_to_and_caller_header_injection ... ok
[INFO] [stdout] test draft::tests::new_draft_supports_empty_subject_and_body ... ok
[INFO] [stdout] test draft::tests::pre_literal_and_rejection_fail_without_reconnect_or_retry ... ok
[INFO] [stdout] test draft::tests::reply_attachment_keeps_headers_quote_and_omits_source_attachments ... ok
[INFO] [stdout] test draft::tests::quote_decode_failure_is_a_pre_composition_error ... ok
[INFO] [stdout] test draft::tests::receipt_is_one_stable_control_free_line ... ok
[INFO] [stdout] test draft::tests::reply_derives_reply_all_and_safe_quote ... ok
[INFO] [stdout] test draft::tests::reply_preserves_available_references_without_parent_id ... ok
[INFO] [stdout] test draft::tests::source_derived_header_controls_are_rejected ... ok
[INFO] [stdout] test draft::tests::reply_quote_contains_every_mixed_text_segment ... ok
[INFO] [stdout] test draft::tests::reply_preserves_commented_thread_ids_and_rejects_broken_comments ... ok
[INFO] [stdout] test draft::tests::reply_rejects_malformed_origin_visible_recipient_and_empty_result ... ok
[INFO] [stdout] test draft::tests::reply_flattens_groups_and_preserves_recipient_classes ... ok
[INFO] [stdout] test draft::tests::saved_without_uid_requires_one_structurally_exact_header ... ok
[INFO] [stdout] test draft::tests::reply_normalizes_subject_and_builds_thread_headers ... ok
[INFO] [stdout] test draft::tests::save_uses_appenduid_without_recovery_and_appends_once ... ok
[INFO] [stdout] test draft::tests::reply_depth_limit_rejects_before_composition ... ok
[INFO] [stdout] test draft::tests::reply_routes_to_reply_to_but_attributes_quote_to_from ... ok
[INFO] [stdout] test draft::tests::reply_uses_in_reply_to_as_references_fallback ... ok
[INFO] [stdout] test draft::tests::reply_uses_valid_folded_ids_and_omits_malformed_ids ... ok
[INFO] [stdout] test draft::tests::saved_recovery_zero_or_multiple_exact_is_unresolved ... ok
[INFO] [stdout] test draft::tests::html_only_source_markup_never_enters_the_reply_as_markup ... ok
[INFO] [stdout] test export::tests::overlong_export_name_is_an_error_not_a_truncation ... ok
[INFO] [stdout] test export::tests::hard_linked_destinations_for_different_messages_are_rejected ... ok
[INFO] [stdout] test export::tests::encoded_folder_names_do_not_collide_even_case_insensitively ... ok
[INFO] [stdout] test export::tests::encoded_folder_names_round_trip ... ok
[INFO] [stdout] test export::tests::symlinks_are_never_followed ... ok
[INFO] [stdout] test read::tests::decoded_text_body_converts_html_without_returning_markup ... ok
[INFO] [stdout] test export::tests::new_exports_are_owner_only ... ok
[INFO] [stdout] test export::tests::directories_are_not_replaced ... ok
[INFO] [stdout] test read::tests::alternative_picks_last_plain_and_selected_decode_failure_is_strict ... ok
[INFO] [stdout] test read::tests::decoded_text_body_prefers_nested_encoded_plain_and_skips_attachments ... ok
[INFO] [stdout] test export::tests::existing_file_is_skipped_only_when_it_holds_the_same_message ... ok
[INFO] [stdout] test export::tests::encoded_folder_names_keep_letters_on_unix ... ok
[INFO] [stdout] test read::tests::attachment_summary_sanitizes_decoded_rfc2231_terminal_controls ... ok
[INFO] [stdout] test read::tests::decoded_text_body_returns_transfer_decode_errors ... ok
[INFO] [stdout] test read::tests::attachment_name_uses_content_type_name_as_compatibility_fallback ... ok
[INFO] [stdout] test read::tests::extract_body_multipart_prefers_plain ... ok
[INFO] [stdout] test read::tests::extract_body_no_text ... ok
[INFO] [stdout] test read::tests::json_fails_instead_of_returning_undecodable_body_as_text ... ok
[INFO] [stdout] test read::tests::json_reports_full_headers_resolved_folder_body_and_attachments ... ok
[INFO] [stdout] test read::tests::message_key_uses_account_fallback_folder ... ok
[INFO] [stdout] test read::tests::structural_body_selection_composes_mixed_and_limits_alternatives_and_related ... ok
[INFO] [stdout] test read::tests::unnamed_attachment_is_still_classified_and_excluded_from_text ... ok
[INFO] [stdout] test read::tests::unselected_alternative_decode_error_is_not_visited ... ok
[INFO] [stdout] test search::tests::build_query_answered ... ok
[INFO] [stdout] test search::tests::build_query_combined_fields ... ok
[INFO] [stdout] test search::tests::build_query_body_only ... ok
[INFO] [stdout] test read::tests::json_fails_instead_of_omitting_unfetched_message ... ok
[INFO] [stdout] test read::tests::extract_body_decodes_rfc2231_filename_and_prefers_it_to_type_name ... ok
[INFO] [stdout] test search::tests::build_query_body_with_subject ... ok
[INFO] [stdout] test read::tests::message_key_prefers_explicit_folder ... ok
[INFO] [stdout] test read::tests::extract_body_falls_back_to_raw_malformed_base64 ... ok
[INFO] [stdout] test search::tests::build_query_seen ... ok
[INFO] [stdout] test read::tests::decoded_text_body_returns_none_for_attachment_only_message ... ok
[INFO] [stdout] test search::tests::build_query_no_criteria_returns_all ... ok
[INFO] [stdout] test search::tests::build_query_size_filter ... ok
[INFO] [stdout] test search::tests::build_query_draft ... ok
[INFO] [stdout] test search::tests::build_query_flagged ... ok
[INFO] [stdout] test search::tests::build_query_size_range ... ok
[INFO] [stdout] test read::tests::extract_body_plain_text ... ok
[INFO] [stdout] test read::tests::extract_body_html_only ... ok
[INFO] [stdout] test search::tests::build_query_smaller_only ... ok
[INFO] [stdout] test search::tests::all_folders_skips_trash_junk_and_aggregates_with_their_children ... ok
[INFO] [stdout] test read::tests::upstream_depth_limit_controls_decoded_body ... ok
[INFO] [stdout] test search::tests::build_query_text_only ... ok
[INFO] [stdout] test search::tests::build_query_subject_only ... ok
[INFO] [stdout] test search::tests::build_query_unflagged ... ok
[INFO] [stdout] test search::tests::build_query_unseen_with_from ... ok
[INFO] [stdout] test export::tests::message_id_check_reads_headers_up_to_the_cap_exactly ... ok
[INFO] [stdout] test search::tests::build_query_to_and_cc ... ok
[INFO] [stdout] test search::tests::build_query_uid_narrows_other_filters ... ok
[INFO] [stdout] test search::tests::build_uid_set_chunks_large_sets ... ok
[INFO] [stdout] test search::tests::build_uid_set_deduplicates ... ok
[INFO] [stdout] test search::tests::build_uid_set_compresses_ranges ... ok
[INFO] [stdout] test search::tests::build_uid_set_empty ... ok
[INFO] [stdout] test search::tests::build_query_date_range ... ok
[INFO] [stdout] test search::tests::build_uid_set_unsorted_input ... ok
[INFO] [stdout] test search::tests::days_in_month_leap_year ... ok
[INFO] [stdout] test search::tests::empty_or_control_only_text_filters_are_rejected ... ok
[INFO] [stdout] test search::tests::folder_names_are_validated_not_rewritten ... ok
[INFO] [stdout] test search::tests::imap_quote_escapes_backslash ... ok
[INFO] [stdout] test search::tests::imap_quote_escapes_double_quote ... ok
[INFO] [stdout] test search::tests::build_uid_set_single ... ok
[INFO] [stdout] test search::tests::imap_quote_strips_control_chars ... ok
[INFO] [stdout] test search::tests::grouping_binds_uids_to_their_searched_mailbox_identity ... ok
[INFO] [stdout] test search::tests::imap_quote_wraps_in_quotes ... ok
[INFO] [stdout] test search::tests::literal_lengths_measure_only_literal_prefixes ... ok
[INFO] [stdout] test search::tests::mailbox_identity_is_exact_except_inbox ... ok
[INFO] [stdout] test search::tests::non_ascii_terms_become_byte_counted_literals ... ok
[INFO] [stdout] test search::tests::build_query_invalid_date_errors ... ok
[INFO] [stdout] test search::tests::build_query_invalid_size_errors ... ok
[INFO] [stdout] test search::tests::epoch_to_date_known_values ... ok
[INFO] [stdout] test search::tests::message_ids_extracts_bracketed_ids_and_skips_noise ... ok
[INFO] [stdout] test search::tests::parse_date_converts_iso_to_imap ... ok
[INFO] [stdout] test search::tests::parse_date_relative_month_clamps_day ... ok
[INFO] [stdout] test search::tests::parse_date_relative_large_values ... ok
[INFO] [stdout] test search::tests::parse_date_relative_zero_days_is_today ... ok
[INFO] [stdout] test search::tests::parse_date_relative_rejects_invalid_unit ... ok
[INFO] [stdout] test search::tests::parse_size_invalid_errors ... ok
[INFO] [stdout] test search::tests::parse_date_relative_returns_valid_imap_date ... ok
[INFO] [stdout] test search::tests::parse_size_kilobytes ... ok
[INFO] [stdout] test search::tests::parse_size_megabytes ... ok
[INFO] [stdout] test search::tests::parse_size_plain_bytes ... ok
[INFO] [stdout] test search::tests::parse_sort_response_basic ... ok
[INFO] [stdout] test search::tests::parse_size_overflow_errors ... ok
[INFO] [stdout] test search::tests::parse_sort_response_empty ... ok
[INFO] [stdout] test search::tests::parse_sort_response_ok_with_bad_substring ... ok
[INFO] [stdout] test search::tests::parse_sort_response_server_error ... ok
[INFO] [stdout] test utf7::tests::padding_lengths_and_surrogate_pairs_round_trip ... ok
[INFO] [stdout] test utf7::tests::rfc_3501_example_round_trips ... ok
[INFO] [stdout] test utf7::tests::runs_with_nothing_visible_do_not_decode ... ok
[INFO] [stdout] test search::tests::parse_date_rejects_invalid_formats ... ok
[INFO] [stdout] test search::tests::sanitize_removes_control_chars ... ok
[INFO] [stdout] test search::tests::sanitize_preserves_unicode ... ok
[INFO] [stdout] test search::tests::system_flags_match_case_insensitively ... ok
[INFO] [stdout] test utf7::tests::display_falls_back_to_the_listed_name ... ok
[INFO] [stdout] test utf7::tests::invalid_or_non_canonical_names_do_not_decode ... ok
[INFO] [stdout] 
[INFO] [stdout] test result: ok. 194 passed; 0 failed; 0 ignored; 0 measured; 0 filtered out; finished in 0.17s
[INFO] [stdout] 
[INFO] [stderr]      Running unittests src/main.rs (/opt/rustwide/target/release/deps/slashmail-92e23c44d61dcebd)
[INFO] [stdout] 
[INFO] [stdout] running 41 tests
[INFO] [stdout] test tests::config_dotenv_loads_password_without_overriding_process_environment ... ok
[INFO] [stdout] test tests::attachment_loader_infers_uppercase_extension_and_falls_back_without_one ... ok
[INFO] [stdout] test tests::attachments_clap_rejects_zero_and_noncanonical_parts ... ok
[INFO] [stdout] test tests::attachments_rejects_all_accounts ... ok
[INFO] [stdout] test tests::credential_failure_precedes_attachment_access ... ok
[INFO] [stdout] test tests::attachments_clap_enforces_conflicts_and_save_only_flags ... ok
[INFO] [stdout] test tests::draft_transport_requires_tls_before_stdin_for_remote_hosts ... ok
[INFO] [stdout] test tests::directory_is_rejected_as_a_non_regular_attachment ... ok
[INFO] [stdout] test tests::draft_and_reply_clap_preserve_attachment_order_and_spaces ... ok
[INFO] [stdout] test tests::draft_body_preserves_unicode_and_uses_configured_environment_name ... ok
[INFO] [stdout] test tests::draft_clap_accepts_repeated_single_mailbox_flags ... ok
[INFO] [stdout] test tests::attachment_names_reject_controls_bidi_and_line_separators_safely ... ok
[INFO] [stdout] test tests::draft_failures_do_not_echo_credentials_body_or_mime ... ok
[INFO] [stdout] test tests::attachment_loader_keeps_empty_duplicate_and_unicode_files_in_order ... ok
[INFO] [stdout] test tests::attachments_clap_defaults_to_listing_one_positive_uid ... ok
[INFO] [stdout] test tests::draft_and_reply_reject_all_accounts ... ok
[INFO] [stdout] test tests::attachments_clap_accepts_folder_and_ordered_canonical_parts ... ok
[INFO] [stdout] test tests::mark_store_ops_unflagged ... ok
[INFO] [stdout] test tests::mark_store_ops_flagged ... ok
[INFO] [stdout] test tests::mark_clap_separates_flag_filter_from_flag_action ... ok
[INFO] [stdout] test tests::mark_store_ops_read ... ok
[INFO] [stdout] test tests::validate_mark_flags_flagged_and_unflagged ... ok
[INFO] [stdout] test tests::non_unicode_attachment_basename_is_rejected ... ok
[INFO] [stdout] test tests::legacy_draft_credential_uses_slashmail_pass ... ok
[INFO] [stdout] test tests::read_uid_selects_one_folder_in_one_account ... ok
[INFO] [stdout] test tests::validate_mark_flags_no_flags ... ok
[INFO] [stdout] test tests::validate_mark_flags_read_and_unread ... ok
[INFO] [stdout] test tests::mark_action_desc_combo ... ok
[INFO] [stdout] test tests::mark_action_desc_single ... ok
[INFO] [stdout] test tests::mark_store_ops_combo ... ok
[INFO] [stdout] test tests::mark_store_ops_unread ... ok
[INFO] [stdout] test tests::symlink_uses_caller_basename_and_rejects_dangling_or_directory_targets ... ok
[INFO] [stdout] test tests::named_draft_account_requires_pass_env ... ok
[INFO] [stdout] test tests::invalid_attachment_fails_after_credentials_but_before_stdin ... ok
[INFO] [stdout] test tests::reply_clap_has_only_the_confirmed_override_surface ... ok
[INFO] [stdout] test tests::validate_mark_flags_single_flag ... ok
[INFO] [stdout] test tests::unreadable_attachment_is_rejected ... FAILED
[INFO] [stdout] test tests::missing_or_empty_draft_credential_fails_before_stdin_read ... ok
[INFO] [stdout] test tests::validate_mark_flags_valid_combo ... ok
[INFO] [stdout] test tests::sender_adaptation_prefers_config_and_requires_a_typed_fallback ... ok
[INFO] [stdout] test tests::fifo_is_rejected_without_waiting_for_a_writer ... ok
[INFO] [stderr] error: test failed, to rerun pass `--bin slashmail`
[INFO] [stdout] 
[INFO] [stdout] failures:
[INFO] [stdout] 
[INFO] [stdout] ---- tests::unreadable_attachment_is_rejected stdout ----
[INFO] [stdout] 
[INFO] [stdout] thread 'tests::unreadable_attachment_is_rejected' (2813) panicked at src/main.rs:2264:9:
[INFO] [stdout] assertion failed: result.is_err()
[INFO] [stdout] stack backtrace:
[INFO] [stdout]    0:     0x5e11b6cc6935 - <unknown>
[INFO] [stdout]    1:     0x5e11b6c76a6a - <unknown>
[INFO] [stdout]    2:     0x5e11b6cc5fcb - <unknown>
[INFO] [stdout]    3:     0x5e11b6cc5aaf - <unknown>
[INFO] [stdout]    4:     0x5e11b6cc56da - <unknown>
[INFO] [stdout]    5:     0x5e11b6cc5212 - <unknown>
[INFO] [stdout]    6:     0x5e11b6cec212 - <unknown>
[INFO] [stdout]    7:     0x5e11b6cec199 - <unknown>
[INFO] [stdout]    8:     0x5e11b6cec6ac - <unknown>
[INFO] [stdout]    9:     0x5e11b6c768fb - <unknown>
[INFO] [stdout]   10:     0x5e11b6c787a1 - <unknown>
[INFO] [stdout]   11:     0x5e11b6c288b4 - <unknown>
[INFO] [stdout]   12:     0x5e11b6d0964b - <unknown>
[INFO] [stdout]   13:     0x5e11b6d052ac - <unknown>
[INFO] [stdout]   14:     0x5e11b6d049dc - <unknown>
[INFO] [stdout]   15:     0x5e11b6d212ec - <unknown>
[INFO] [stdout]   16:     0x5e11b6cedb82 - <unknown>
[INFO] [stdout]   17:     0x7ac240332dfa - <unknown>
[INFO] [stdout]   18:     0x7ac2403c63d4 - clone
[INFO] [stdout]   19:                0x0 - <unknown>
[INFO] [stdout] 
[INFO] [stdout] 
[INFO] [stdout] failures:
[INFO] [stdout]     tests::unreadable_attachment_is_rejected
[INFO] [stdout] 
[INFO] [stdout] test result: FAILED. 40 passed; 1 failed; 0 ignored; 0 measured; 0 filtered out; finished in 0.03s
[INFO] [stdout] 
[INFO] running `Command { std: "docker" "inspect" "4a55eea91ec95d46734bb25badf09a9d0993979dbdd30380f86d6d800b7f9e59", kill_on_drop: false }`
[INFO] running `Command { std: "docker" "rm" "-f" "4a55eea91ec95d46734bb25badf09a9d0993979dbdd30380f86d6d800b7f9e59", kill_on_drop: false }`
[INFO] [stdout] 4a55eea91ec95d46734bb25badf09a9d0993979dbdd30380f86d6d800b7f9e59
