[INFO] fetching crate skillet 0.6.3...
[INFO] testing skillet-0.6.3 against 1.100.0-beta.1+cargoflags=--release for beta-release-1.100-2
[INFO] extracting crate skillet 0.6.3 into /workspace/builds/worker-7-tc2/source
[INFO] started tweaking crates.io crate skillet 0.6.3
[INFO] removed 0 missing tests
[INFO] finished tweaking crates.io crate skillet 0.6.3
[INFO] tweaked toml for crates.io crate skillet 0.6.3 written to /workspace/builds/worker-7-tc2/source/Cargo.toml
[INFO] validating manifest of crates.io crate skillet 0.6.3 on toolchain 1.100.0-beta.1
[INFO] running `Command { std: CARGO_HOME="/workspace/cargo-home" RUSTUP_HOME="/workspace/rustup-home" "/workspace/cargo-home/bin/cargo" "+1.100.0-beta.1" "metadata" "--manifest-path" "Cargo.toml" "--no-deps", kill_on_drop: false }`
[INFO] crate crates.io crate skillet 0.6.3 already has a lockfile, it will not be regenerated
[INFO] running `Command { std: CARGO_HOME="/workspace/cargo-home" RUSTUP_HOME="/workspace/rustup-home" "/workspace/cargo-home/bin/cargo" "+1.100.0-beta.1" "fetch" "--manifest-path" "Cargo.toml", kill_on_drop: false }`
[INFO] running `Command { std: "docker" "create" "-v" "/var/lib/crater-agent-workspace/builds/worker-7-tc2/source:/opt/rustwide/workdir:ro,Z" "-v" "/var/lib/crater-agent-workspace/builds/worker-7-tc2/target:/opt/rustwide/target:rw,Z" "-v" "/var/lib/crater-agent-workspace/cargo-home:/opt/rustwide/cargo-home:ro,Z" "-v" "/var/lib/crater-agent-workspace/rustup-home:/opt/rustwide/rustup-home:ro,Z" "-m" "1610612736" "--network" "none" "ghcr.io/rust-lang/crates-build-env/linux@sha256:77db811e55d90add9212f6832c23229e3de5f1c1f9905e8cb07319ea15df73ac" "sleep" "infinity", kill_on_drop: false }`
[INFO] [stdout] 33b7f4c548b4bdf0b16a1968b41899208b84212dfbd96e4eaf0f7fc15dcd70cd
[INFO] running `Command { std: "docker" "start" "33b7f4c548b4bdf0b16a1968b41899208b84212dfbd96e4eaf0f7fc15dcd70cd", kill_on_drop: false }`
[INFO] running `Command { std: "docker" "inspect" "33b7f4c548b4bdf0b16a1968b41899208b84212dfbd96e4eaf0f7fc15dcd70cd", kill_on_drop: false }`
[INFO] running `Command { std: "docker" "exec" "-e" "SOURCE_DIR=/opt/rustwide/workdir" "-e" "CARGO_HOME=/opt/rustwide/cargo-home" "-e" "RUSTUP_HOME=/opt/rustwide/rustup-home" "-e" "CARGO_TARGET_DIR=/opt/rustwide/target" "-w" "/opt/rustwide/workdir" "--user" "0:0" "33b7f4c548b4bdf0b16a1968b41899208b84212dfbd96e4eaf0f7fc15dcd70cd" "/opt/rustwide/cargo-home/bin/cargo" "+1.100.0-beta.1" "metadata" "--no-deps" "--format-version=1", kill_on_drop: false }`
[INFO] running `Command { std: "docker" "inspect" "33b7f4c548b4bdf0b16a1968b41899208b84212dfbd96e4eaf0f7fc15dcd70cd", kill_on_drop: false }`
[INFO] running `Command { std: "docker" "exec" "-e" "SOURCE_DIR=/opt/rustwide/workdir" "-e" "CARGO_HOME=/opt/rustwide/cargo-home" "-e" "RUSTUP_HOME=/opt/rustwide/rustup-home" "-e" "CARGO_TARGET_DIR=/opt/rustwide/target" "-e" "CARGO_INCREMENTAL=0" "-e" "RUST_BACKTRACE=full" "-e" "RUSTFLAGS=--cap-lints=warn" "-e" "RUSTDOCFLAGS=--cap-lints=warn" "-w" "/opt/rustwide/workdir" "--user" "0:0" "33b7f4c548b4bdf0b16a1968b41899208b84212dfbd96e4eaf0f7fc15dcd70cd" "/opt/rustwide/cargo-home/bin/cargo" "+1.100.0-beta.1" "build" "--frozen" "--message-format=json" "--release", kill_on_drop: false }`
[INFO] [stderr]    Compiling libc v0.2.180
[INFO] [stderr]    Compiling siphasher v1.0.2
[INFO] [stderr]    Compiling regex-syntax v0.8.9
[INFO] [stderr]    Compiling rand_core v0.6.4
[INFO] [stderr]    Compiling ucd-trie v0.1.7
[INFO] [stderr]    Compiling proc-macro2 v1.0.106
[INFO] [stderr]    Compiling memchr v2.8.0
[INFO] [stderr]    Compiling regex-automata v0.4.14
[INFO] [stderr]    Compiling zmij v1.0.19
[INFO] [stderr]    Compiling cc v1.2.55
[INFO] [stderr]    Compiling bstr v1.12.1
[INFO] [stderr]    Compiling bitflags v2.10.0
[INFO] [stderr]    Compiling phf_shared v0.11.3
[INFO] [stderr]    Compiling nix v0.30.1
[INFO] [stderr]    Compiling hashbrown v0.16.1
[INFO] [stderr]    Compiling rand v0.8.5
[INFO] [stderr]    Compiling phf v0.11.3
[INFO] [stderr]    Compiling pest v2.8.6
[INFO] [stderr]    Compiling anyhow v1.0.101
[INFO] [stderr]    Compiling serde_json v1.0.149
[INFO] [stderr]    Compiling quote v1.0.44
[INFO] [stderr]    Compiling deunicode v1.6.2
[INFO] [stderr]    Compiling humansize v2.1.3
[INFO] [stderr]    Compiling foldhash v0.1.5
[INFO] [stderr]    Compiling hashbrown v0.14.5
[INFO] [stderr]    Compiling typed-arena v2.0.2
[INFO] [stderr]    Compiling syn v2.0.114
[INFO] [stderr]    Compiling phf_generator v0.11.3
[INFO] [stderr]    Compiling slug v0.1.6
[INFO] [stderr]    Compiling phf_codegen v0.11.3
[INFO] [stderr]    Compiling hashbrown v0.15.5
[INFO] [stderr]    Compiling beef v0.5.2
[INFO] [stderr]    Compiling urlencoding v2.1.3
[INFO] [stderr]    Compiling lru v0.16.3
[INFO] [stderr]    Compiling rquickjs-sys v0.11.0
[INFO] [stderr]    Compiling regex v1.12.3
[INFO] [stderr]    Compiling pest_meta v2.8.6
[INFO] [stderr]    Compiling parse-zoneinfo v0.3.1
[INFO] [stderr]    Compiling chrono-tz-build v0.3.0
[INFO] [stderr]    Compiling chrono-tz v0.9.0
[INFO] [stderr]    Compiling pest_generator v2.8.6
[INFO] [stderr]    Compiling serde_derive v1.0.228
[INFO] [stderr]    Compiling thiserror-impl v2.0.18
[INFO] [stderr]    Compiling getrandom v0.2.17
[INFO] [stderr]    Compiling parking_lot_core v0.9.12
[INFO] [stderr]    Compiling num_cpus v1.17.0
[INFO] [stderr]    Compiling threadpool v1.8.1
[INFO] [stderr]    Compiling dashmap v6.1.0
[INFO] [stderr]    Compiling globset v0.4.18
[INFO] [stderr]    Compiling pest_derive v2.8.6
[INFO] [stderr]    Compiling rand_chacha v0.3.1
[INFO] [stderr]    Compiling ignore v0.4.25
[INFO] [stderr]    Compiling ctrlc v3.5.1
[INFO] [stderr]    Compiling thiserror v2.0.18
[INFO] [stderr]    Compiling jsonpath-rust v1.0.4
[INFO] [stderr]    Compiling globwalk v0.9.1
[INFO] [stderr]    Compiling serde v1.0.228
[INFO] [stderr]    Compiling chrono v0.4.43
[INFO] [stderr]    Compiling string-interner v0.19.0
[INFO] [stderr]    Compiling tera v1.20.1
[INFO] [stderr]    Compiling scalar-doc v0.1.2
[INFO] [stderr]    Compiling rquickjs-core v0.11.0
[INFO] [stderr]    Compiling rquickjs v0.11.0
[INFO] [stderr]    Compiling skillet v0.6.3 (/opt/rustwide/workdir)
[INFO] [stdout] warning: field `duration` is never read
[INFO] [stdout]   --> src/bin/sk_http_bench.rs:16:5
[INFO] [stdout]    |
[INFO] [stdout] 11 | struct BenchConfig {
[INFO] [stdout]    |        ----------- field in this struct
[INFO] [stdout] ...
[INFO] [stdout] 16 |     duration: Option<Duration>,
[INFO] [stdout]    |     ^^^^^^^^
[INFO] [stdout]    |
[INFO] [stdout]    = note: `BenchConfig` has a derived impl for the trait `Clone`, but this is intentionally ignored during dead code analysis
[INFO] [stdout]    = note: `#[warn(dead_code)]` (part of `#[warn(unused)]`) on by default
[INFO] [stdout] 
[INFO] [stdout] 
[INFO] [stdout] warning: field `total_time` is never read
[INFO] [stdout]   --> src/bin/sk_http_bench.rs:24:5
[INFO] [stdout]    |
[INFO] [stdout] 21 | struct BenchResult {
[INFO] [stdout]    |        ----------- field in this struct
[INFO] [stdout] ...
[INFO] [stdout] 24 |     total_time: Duration,
[INFO] [stdout]    |     ^^^^^^^^^^
[INFO] [stdout]    |
[INFO] [stdout]    = note: `BenchResult` has a derived impl for the trait `Debug`, but this is intentionally ignored during dead code analysis
[INFO] [stdout] 
[INFO] [stdout] 
[INFO] [stdout] warning: unused doc comment
[INFO] [stdout]    --> src/bin/http_server/cache.rs:263:1
[INFO] [stdout]     |
[INFO] [stdout] 263 | /// Response pooling for EvalResponse objects
[INFO] [stdout]     | ^^^^^^^^^^^^^^^^^^^^^^^^^^^^^^^^^^^^^^^^^^^^^ rustdoc does not generate documentation for macro invocations
[INFO] [stdout]     |
[INFO] [stdout]     = help: to document an item produced by a macro, the macro must produce the documentation as part of its expansion
[INFO] [stdout]     = note: `#[warn(unused_doc_comments)]` (part of `#[warn(unused)]`) on by default
[INFO] [stdout] 
[INFO] [stdout] 
[INFO] [stdout] warning: fields `execution_time_ms` and `cache_hit` are never read
[INFO] [stdout]   --> src/bin/http_server/cache.rs:14:9
[INFO] [stdout]    |
[INFO] [stdout] 11 | pub struct CachedResult {
[INFO] [stdout]    |            ------------ fields in this struct
[INFO] [stdout] ...
[INFO] [stdout] 14 |     pub execution_time_ms: f64,
[INFO] [stdout]    |         ^^^^^^^^^^^^^^^^^
[INFO] [stdout] 15 |     pub cache_hit: bool,
[INFO] [stdout]    |         ^^^^^^^^^
[INFO] [stdout]    |
[INFO] [stdout]    = note: `CachedResult` has derived impls for the traits `Debug` and `Clone`, but these are intentionally ignored during dead code analysis
[INFO] [stdout]    = note: `#[warn(dead_code)]` (part of `#[warn(unused)]`) on by default
[INFO] [stdout] 
[INFO] [stdout] 
[INFO] [stdout] warning: struct `ResponsePool` is never constructed
[INFO] [stdout]    --> src/bin/http_server/cache.rs:238:12
[INFO] [stdout]     |
[INFO] [stdout] 238 | pub struct ResponsePool<T> {
[INFO] [stdout]     |            ^^^^^^^^^^^^
[INFO] [stdout] 
[INFO] [stdout] 
[INFO] [stdout] warning: associated items `new`, `get`, and `return_item` are never used
[INFO] [stdout]    --> src/bin/http_server/cache.rs:244:8
[INFO] [stdout]     |
[INFO] [stdout] 243 | impl<T> ResponsePool<T> {
[INFO] [stdout]     | ----------------------- associated items in this implementation
[INFO] [stdout] 244 |     fn new(capacity: usize) -> Self {
[INFO] [stdout]     |        ^^^
[INFO] [stdout] ...
[INFO] [stdout] 251 |     fn get(&mut self) -> Option<T> {
[INFO] [stdout]     |        ^^^
[INFO] [stdout] ...
[INFO] [stdout] 255 |     fn return_item(&mut self, item: T) {
[INFO] [stdout]     |        ^^^^^^^^^^^
[INFO] [stdout] 
[INFO] [stdout] 
[INFO] [stdout] warning: function `get_pooled_response` is never used
[INFO] [stdout]    --> src/bin/http_server/cache.rs:270:8
[INFO] [stdout]     |
[INFO] [stdout] 270 | pub fn get_pooled_response() -> Option<super::types::EvalResponse> {
[INFO] [stdout]     |        ^^^^^^^^^^^^^^^^^^^
[INFO] [stdout] 
[INFO] [stdout] 
[INFO] [stdout] warning: function `return_pooled_response` is never used
[INFO] [stdout]    --> src/bin/http_server/cache.rs:275:8
[INFO] [stdout]     |
[INFO] [stdout] 275 | pub fn return_pooled_response(response: super::types::EvalResponse) {
[INFO] [stdout]     |        ^^^^^^^^^^^^^^^^^^^^^^
[INFO] [stdout] 
[INFO] [stdout] 
[INFO] [stdout] warning: field `content_type` is never read
[INFO] [stdout]  --> src/bin/http_server/multipart.rs:7:9
[INFO] [stdout]   |
[INFO] [stdout] 4 | pub struct MultipartField {
[INFO] [stdout]   |            -------------- field in this struct
[INFO] [stdout] ...
[INFO] [stdout] 7 |     pub content_type: Option<String>,
[INFO] [stdout]   |         ^^^^^^^^^^^^
[INFO] [stdout]   |
[INFO] [stdout]   = note: `MultipartField` has derived impls for the traits `Clone` and `Debug`, but these are intentionally ignored during dead code analysis
[INFO] [stdout] 
[INFO] [stdout] 
[INFO] [stdout] warning: method `get_field` is never used
[INFO] [stdout]   --> src/bin/http_server/multipart.rs:17:12
[INFO] [stdout]    |
[INFO] [stdout] 16 | impl MultipartData {
[INFO] [stdout]    | ------------------ method in this implementation
[INFO] [stdout] 17 |     pub fn get_field(&self, name: &str) -> Option<&MultipartField> {
[INFO] [stdout]    |            ^^^^^^^^^
[INFO] [stdout] 
[INFO] [stdout] 
[INFO] [stderr] warning: unused dependency `beef`
[INFO] [stderr]   --> Cargo.toml:21:15
[INFO] [stderr]    |
[INFO] [stderr] 21 | [dependencies.beef]
[INFO] [stderr]    |               ^^^^^
[INFO] [stderr]    |
[INFO] [stderr]    = note: `cargo::unused_dependencies` is set to `warn` by default
[INFO] [stderr] help: consider removing the dependency on `beef`
[INFO] [stderr] warning: unused dependency `string-interner`
[INFO] [stderr]   --> Cargo.toml:66:15
[INFO] [stderr]    |
[INFO] [stderr] 66 | [dependencies.string-interner]
[INFO] [stderr]    |               ^^^^^^^^^^^^^^^^
[INFO] [stderr]    |
[INFO] [stderr] help: consider removing the dependency on `string-interner`
[INFO] [stderr] warning: unused dependency `typed-arena`
[INFO] [stderr]   --> Cargo.toml:72:15
[INFO] [stderr]    |
[INFO] [stderr] 72 | [dependencies.typed-arena]
[INFO] [stderr]    |               ^^^^^^^^^^^^
[INFO] [stderr]    |
[INFO] [stderr] help: consider removing the dependency on `typed-arena`
[INFO] [stderr] warning: `skillet` (manifest) generated 3 warnings
[INFO] [stderr]     Finished `release` profile [optimized] target(s) in 1m 32s
[INFO] [stderr] warning: the following packages contain code that will be rejected by a future version of Rust: nix v0.30.1
[INFO] [stderr] note: to see what the problems were, use the option `--future-incompat-report`, or run `cargo report future-incompatibilities --id 2`
[INFO] running `Command { std: "docker" "inspect" "33b7f4c548b4bdf0b16a1968b41899208b84212dfbd96e4eaf0f7fc15dcd70cd", kill_on_drop: false }`
[INFO] running `Command { std: "docker" "exec" "-e" "SOURCE_DIR=/opt/rustwide/workdir" "-e" "CARGO_HOME=/opt/rustwide/cargo-home" "-e" "RUSTUP_HOME=/opt/rustwide/rustup-home" "-e" "CARGO_TARGET_DIR=/opt/rustwide/target" "-e" "CARGO_INCREMENTAL=0" "-e" "RUST_BACKTRACE=full" "-e" "RUSTFLAGS=--cap-lints=warn" "-e" "RUSTDOCFLAGS=--cap-lints=warn" "-w" "/opt/rustwide/workdir" "--user" "0:0" "33b7f4c548b4bdf0b16a1968b41899208b84212dfbd96e4eaf0f7fc15dcd70cd" "/opt/rustwide/cargo-home/bin/cargo" "+1.100.0-beta.1" "test" "--frozen" "--no-run" "--message-format=json" "--release", kill_on_drop: false }`
[INFO] [stderr]    Compiling bitflags v2.10.0
[INFO] [stderr]    Compiling getrandom v0.3.4
[INFO] [stderr]    Compiling rustix v1.1.3
[INFO] [stderr]    Compiling linux-raw-sys v0.11.0
[INFO] [stderr]    Compiling globwalk v0.9.1
[INFO] [stderr]    Compiling nix v0.30.1
[INFO] [stderr]    Compiling tera v1.20.1
[INFO] [stderr]    Compiling ctrlc v3.5.1
[INFO] [stderr]    Compiling tempfile v3.24.0
[INFO] [stderr]    Compiling scalar-doc v0.1.2
[INFO] [stderr]    Compiling skillet v0.6.3 (/opt/rustwide/workdir)
[INFO] [stdout] warning: unused doc comment
[INFO] [stdout]    --> src/bin/http_server/cache.rs:263:1
[INFO] [stdout]     |
[INFO] [stdout] 263 | /// Response pooling for EvalResponse objects
[INFO] [stdout]     | ^^^^^^^^^^^^^^^^^^^^^^^^^^^^^^^^^^^^^^^^^^^^^ rustdoc does not generate documentation for macro invocations
[INFO] [stdout]     |
[INFO] [stdout]     = help: to document an item produced by a macro, the macro must produce the documentation as part of its expansion
[INFO] [stdout]     = note: `#[warn(unused_doc_comments)]` (part of `#[warn(unused)]`) on by default
[INFO] [stdout] 
[INFO] [stdout] 
[INFO] [stdout] warning: field `duration` is never read
[INFO] [stdout]   --> src/bin/sk_http_bench.rs:16:5
[INFO] [stdout]    |
[INFO] [stdout] 11 | struct BenchConfig {
[INFO] [stdout]    |        ----------- field in this struct
[INFO] [stdout] ...
[INFO] [stdout] 16 |     duration: Option<Duration>,
[INFO] [stdout]    |     ^^^^^^^^
[INFO] [stdout]    |
[INFO] [stdout]    = note: `BenchConfig` has a derived impl for the trait `Clone`, but this is intentionally ignored during dead code analysis
[INFO] [stdout]    = note: `#[warn(dead_code)]` (part of `#[warn(unused)]`) on by default
[INFO] [stdout] 
[INFO] [stdout] 
[INFO] [stdout] warning: field `total_time` is never read
[INFO] [stdout]   --> src/bin/sk_http_bench.rs:24:5
[INFO] [stdout]    |
[INFO] [stdout] 21 | struct BenchResult {
[INFO] [stdout]    |        ----------- field in this struct
[INFO] [stdout] ...
[INFO] [stdout] 24 |     total_time: Duration,
[INFO] [stdout]    |     ^^^^^^^^^^
[INFO] [stdout]    |
[INFO] [stdout]    = note: `BenchResult` has a derived impl for the trait `Debug`, but this is intentionally ignored during dead code analysis
[INFO] [stdout] 
[INFO] [stdout] 
[INFO] [stdout] warning: field `duration` is never read
[INFO] [stdout]   --> src/bin/sk_http_bench.rs:16:5
[INFO] [stdout]    |
[INFO] [stdout] 11 | struct BenchConfig {
[INFO] [stdout]    |        ----------- field in this struct
[INFO] [stdout] ...
[INFO] [stdout] 16 |     duration: Option<Duration>,
[INFO] [stdout]    |     ^^^^^^^^
[INFO] [stdout]    |
[INFO] [stdout]    = note: `BenchConfig` has a derived impl for the trait `Clone`, but this is intentionally ignored during dead code analysis
[INFO] [stdout]    = note: `#[warn(dead_code)]` (part of `#[warn(unused)]`) on by default
[INFO] [stdout] 
[INFO] [stdout] 
[INFO] [stdout] warning: field `total_time` is never read
[INFO] [stdout]   --> src/bin/sk_http_bench.rs:24:5
[INFO] [stdout]    |
[INFO] [stdout] 21 | struct BenchResult {
[INFO] [stdout]    |        ----------- field in this struct
[INFO] [stdout] ...
[INFO] [stdout] 24 |     total_time: Duration,
[INFO] [stdout]    |     ^^^^^^^^^^
[INFO] [stdout]    |
[INFO] [stdout]    = note: `BenchResult` has a derived impl for the trait `Debug`, but this is intentionally ignored during dead code analysis
[INFO] [stdout] 
[INFO] [stdout] 
[INFO] [stdout] warning: unused import: `evaluate`
[INFO] [stdout]  --> tests/json_dig.rs:1:15
[INFO] [stdout]   |
[INFO] [stdout] 1 | use skillet::{evaluate, evaluate_with_assignments, Value};
[INFO] [stdout]   |               ^^^^^^^^
[INFO] [stdout]   |
[INFO] [stdout]   = note: `#[warn(unused_imports)]` (part of `#[warn(unused)]`) on by default
[INFO] [stdout] 
[INFO] [stdout] 
[INFO] [stdout] warning: field `execution_time_ms` is never read
[INFO] [stdout]   --> src/bin/http_server/cache.rs:14:9
[INFO] [stdout]    |
[INFO] [stdout] 11 | pub struct CachedResult {
[INFO] [stdout]    |            ------------ field in this struct
[INFO] [stdout] ...
[INFO] [stdout] 14 |     pub execution_time_ms: f64,
[INFO] [stdout]    |         ^^^^^^^^^^^^^^^^^
[INFO] [stdout]    |
[INFO] [stdout]    = note: `CachedResult` has derived impls for the traits `Debug` and `Clone`, but these are intentionally ignored during dead code analysis
[INFO] [stdout]    = note: `#[warn(dead_code)]` (part of `#[warn(unused)]`) on by default
[INFO] [stdout] 
[INFO] [stdout] 
[INFO] [stdout] warning: struct `ResponsePool` is never constructed
[INFO] [stdout]    --> src/bin/http_server/cache.rs:238:12
[INFO] [stdout]     |
[INFO] [stdout] 238 | pub struct ResponsePool<T> {
[INFO] [stdout]     |            ^^^^^^^^^^^^
[INFO] [stdout] 
[INFO] [stdout] 
[INFO] [stdout] warning: associated items `new`, `get`, and `return_item` are never used
[INFO] [stdout]    --> src/bin/http_server/cache.rs:244:8
[INFO] [stdout]     |
[INFO] [stdout] 243 | impl<T> ResponsePool<T> {
[INFO] [stdout]     | ----------------------- associated items in this implementation
[INFO] [stdout] 244 |     fn new(capacity: usize) -> Self {
[INFO] [stdout]     |        ^^^
[INFO] [stdout] ...
[INFO] [stdout] 251 |     fn get(&mut self) -> Option<T> {
[INFO] [stdout]     |        ^^^
[INFO] [stdout] ...
[INFO] [stdout] 255 |     fn return_item(&mut self, item: T) {
[INFO] [stdout]     |        ^^^^^^^^^^^
[INFO] [stdout] 
[INFO] [stdout] 
[INFO] [stdout] warning: function `get_pooled_response` is never used
[INFO] [stdout]    --> src/bin/http_server/cache.rs:270:8
[INFO] [stdout]     |
[INFO] [stdout] 270 | pub fn get_pooled_response() -> Option<super::types::EvalResponse> {
[INFO] [stdout]     |        ^^^^^^^^^^^^^^^^^^^
[INFO] [stdout] 
[INFO] [stdout] 
[INFO] [stdout] warning: function `return_pooled_response` is never used
[INFO] [stdout]    --> src/bin/http_server/cache.rs:275:8
[INFO] [stdout]     |
[INFO] [stdout] 275 | pub fn return_pooled_response(response: super::types::EvalResponse) {
[INFO] [stdout]     |        ^^^^^^^^^^^^^^^^^^^^^^
[INFO] [stdout] 
[INFO] [stdout] 
[INFO] [stdout] warning: field `content_type` is never read
[INFO] [stdout]  --> src/bin/http_server/multipart.rs:7:9
[INFO] [stdout]   |
[INFO] [stdout] 4 | pub struct MultipartField {
[INFO] [stdout]   |            -------------- field in this struct
[INFO] [stdout] ...
[INFO] [stdout] 7 |     pub content_type: Option<String>,
[INFO] [stdout]   |         ^^^^^^^^^^^^
[INFO] [stdout]   |
[INFO] [stdout]   = note: `MultipartField` has derived impls for the traits `Clone` and `Debug`, but these are intentionally ignored during dead code analysis
[INFO] [stdout] 
[INFO] [stdout] 
[INFO] [stdout] warning: method `get_field` is never used
[INFO] [stdout]   --> src/bin/http_server/multipart.rs:17:12
[INFO] [stdout]    |
[INFO] [stdout] 16 | impl MultipartData {
[INFO] [stdout]    | ------------------ method in this implementation
[INFO] [stdout] 17 |     pub fn get_field(&self, name: &str) -> Option<&MultipartField> {
[INFO] [stdout]    |            ^^^^^^^^^
[INFO] [stdout] 
[INFO] [stdout] 
[INFO] [stdout] warning: unused doc comment
[INFO] [stdout]    --> src/bin/http_server/cache.rs:263:1
[INFO] [stdout]     |
[INFO] [stdout] 263 | /// Response pooling for EvalResponse objects
[INFO] [stdout]     | ^^^^^^^^^^^^^^^^^^^^^^^^^^^^^^^^^^^^^^^^^^^^^ rustdoc does not generate documentation for macro invocations
[INFO] [stdout]     |
[INFO] [stdout]     = help: to document an item produced by a macro, the macro must produce the documentation as part of its expansion
[INFO] [stdout]     = note: `#[warn(unused_doc_comments)]` (part of `#[warn(unused)]`) on by default
[INFO] [stdout] 
[INFO] [stdout] 
[INFO] [stdout] warning: fields `execution_time_ms` and `cache_hit` are never read
[INFO] [stdout]   --> src/bin/http_server/cache.rs:14:9
[INFO] [stdout]    |
[INFO] [stdout] 11 | pub struct CachedResult {
[INFO] [stdout]    |            ------------ fields in this struct
[INFO] [stdout] ...
[INFO] [stdout] 14 |     pub execution_time_ms: f64,
[INFO] [stdout]    |         ^^^^^^^^^^^^^^^^^
[INFO] [stdout] 15 |     pub cache_hit: bool,
[INFO] [stdout]    |         ^^^^^^^^^
[INFO] [stdout]    |
[INFO] [stdout]    = note: `CachedResult` has derived impls for the traits `Debug` and `Clone`, but these are intentionally ignored during dead code analysis
[INFO] [stdout]    = note: `#[warn(dead_code)]` (part of `#[warn(unused)]`) on by default
[INFO] [stdout] 
[INFO] [stdout] 
[INFO] [stdout] warning: struct `ResponsePool` is never constructed
[INFO] [stdout]    --> src/bin/http_server/cache.rs:238:12
[INFO] [stdout]     |
[INFO] [stdout] 238 | pub struct ResponsePool<T> {
[INFO] [stdout]     |            ^^^^^^^^^^^^
[INFO] [stdout] 
[INFO] [stdout] 
[INFO] [stdout] warning: associated items `new`, `get`, and `return_item` are never used
[INFO] [stdout]    --> src/bin/http_server/cache.rs:244:8
[INFO] [stdout]     |
[INFO] [stdout] 243 | impl<T> ResponsePool<T> {
[INFO] [stdout]     | ----------------------- associated items in this implementation
[INFO] [stdout] 244 |     fn new(capacity: usize) -> Self {
[INFO] [stdout]     |        ^^^
[INFO] [stdout] ...
[INFO] [stdout] 251 |     fn get(&mut self) -> Option<T> {
[INFO] [stdout]     |        ^^^
[INFO] [stdout] ...
[INFO] [stdout] 255 |     fn return_item(&mut self, item: T) {
[INFO] [stdout]     |        ^^^^^^^^^^^
[INFO] [stdout] 
[INFO] [stdout] 
[INFO] [stdout] warning: function `get_pooled_response` is never used
[INFO] [stdout]    --> src/bin/http_server/cache.rs:270:8
[INFO] [stdout]     |
[INFO] [stdout] 270 | pub fn get_pooled_response() -> Option<super::types::EvalResponse> {
[INFO] [stdout]     |        ^^^^^^^^^^^^^^^^^^^
[INFO] [stdout] 
[INFO] [stdout] 
[INFO] [stdout] warning: function `return_pooled_response` is never used
[INFO] [stdout]    --> src/bin/http_server/cache.rs:275:8
[INFO] [stdout]     |
[INFO] [stdout] 275 | pub fn return_pooled_response(response: super::types::EvalResponse) {
[INFO] [stdout]     |        ^^^^^^^^^^^^^^^^^^^^^^
[INFO] [stdout] 
[INFO] [stdout] 
[INFO] [stdout] warning: field `content_type` is never read
[INFO] [stdout]  --> src/bin/http_server/multipart.rs:7:9
[INFO] [stdout]   |
[INFO] [stdout] 4 | pub struct MultipartField {
[INFO] [stdout]   |            -------------- field in this struct
[INFO] [stdout] ...
[INFO] [stdout] 7 |     pub content_type: Option<String>,
[INFO] [stdout]   |         ^^^^^^^^^^^^
[INFO] [stdout]   |
[INFO] [stdout]   = note: `MultipartField` has derived impls for the traits `Clone` and `Debug`, but these are intentionally ignored during dead code analysis
[INFO] [stdout] 
[INFO] [stdout] 
[INFO] [stdout] warning: method `get_field` is never used
[INFO] [stdout]   --> src/bin/http_server/multipart.rs:17:12
[INFO] [stdout]    |
[INFO] [stdout] 16 | impl MultipartData {
[INFO] [stdout]    | ------------------ method in this implementation
[INFO] [stdout] 17 |     pub fn get_field(&self, name: &str) -> Option<&MultipartField> {
[INFO] [stdout]    |            ^^^^^^^^^
[INFO] [stdout] 
[INFO] [stdout] 
[INFO] [stderr]     Finished `release` profile [optimized] target(s) in 37.18s
[INFO] [stderr] warning: the following packages contain code that will be rejected by a future version of Rust: nix v0.30.1
[INFO] [stderr] note: to see what the problems were, use the option `--future-incompat-report`, or run `cargo report future-incompatibilities --id 2`
[INFO] running `Command { std: "docker" "inspect" "33b7f4c548b4bdf0b16a1968b41899208b84212dfbd96e4eaf0f7fc15dcd70cd", kill_on_drop: false }`
[INFO] running `Command { std: "docker" "exec" "-e" "SOURCE_DIR=/opt/rustwide/workdir" "-e" "CARGO_HOME=/opt/rustwide/cargo-home" "-e" "RUSTUP_HOME=/opt/rustwide/rustup-home" "-e" "CARGO_TARGET_DIR=/opt/rustwide/target" "-e" "CARGO_INCREMENTAL=0" "-e" "RUST_BACKTRACE=full" "-e" "RUSTFLAGS=--cap-lints=warn" "-e" "RUSTDOCFLAGS=--cap-lints=warn" "-w" "/opt/rustwide/workdir" "--user" "0:0" "33b7f4c548b4bdf0b16a1968b41899208b84212dfbd96e4eaf0f7fc15dcd70cd" "/opt/rustwide/cargo-home/bin/cargo" "+1.100.0-beta.1" "test" "--frozen" "--release", kill_on_drop: false }`
[INFO] [stderr] warning: unused doc comment
[INFO] [stderr]    --> src/bin/http_server/cache.rs:263:1
[INFO] [stderr]     |
[INFO] [stderr] 263 | /// Response pooling for EvalResponse objects
[INFO] [stderr]     | ^^^^^^^^^^^^^^^^^^^^^^^^^^^^^^^^^^^^^^^^^^^^^ rustdoc does not generate documentation for macro invocations
[INFO] [stderr]     |
[INFO] [stderr]     = help: to document an item produced by a macro, the macro must produce the documentation as part of its expansion
[INFO] [stderr]     = note: `#[warn(unused_doc_comments)]` (part of `#[warn(unused)]`) on by default
[INFO] [stderr] 
[INFO] [stderr] warning: field `execution_time_ms` is never read
[INFO] [stderr]   --> src/bin/http_server/cache.rs:14:9
[INFO] [stderr]    |
[INFO] [stderr] 11 | pub struct CachedResult {
[INFO] [stderr]    |            ------------ field in this struct
[INFO] [stderr] ...
[INFO] [stderr] 14 |     pub execution_time_ms: f64,
[INFO] [stderr]    |         ^^^^^^^^^^^^^^^^^
[INFO] [stderr]    |
[INFO] [stderr]    = note: `CachedResult` has derived impls for the traits `Debug` and `Clone`, but these are intentionally ignored during dead code analysis
[INFO] [stderr]    = note: `#[warn(dead_code)]` (part of `#[warn(unused)]`) on by default
[INFO] [stderr] 
[INFO] [stderr] warning: struct `ResponsePool` is never constructed
[INFO] [stderr]    --> src/bin/http_server/cache.rs:238:12
[INFO] [stderr]     |
[INFO] [stderr] 238 | pub struct ResponsePool<T> {
[INFO] [stderr]     |            ^^^^^^^^^^^^
[INFO] [stderr] 
[INFO] [stderr] warning: associated items `new`, `get`, and `return_item` are never used
[INFO] [stderr]    --> src/bin/http_server/cache.rs:244:8
[INFO] [stderr]     |
[INFO] [stderr] 243 | impl<T> ResponsePool<T> {
[INFO] [stderr]     | ----------------------- associated items in this implementation
[INFO] [stderr] 244 |     fn new(capacity: usize) -> Self {
[INFO] [stderr]     |        ^^^
[INFO] [stderr] ...
[INFO] [stderr] 251 |     fn get(&mut self) -> Option<T> {
[INFO] [stderr]     |        ^^^
[INFO] [stderr] ...
[INFO] [stderr] 255 |     fn return_item(&mut self, item: T) {
[INFO] [stderr]     |        ^^^^^^^^^^^
[INFO] [stderr] 
[INFO] [stderr] warning: function `get_pooled_response` is never used
[INFO] [stderr]    --> src/bin/http_server/cache.rs:270:8
[INFO] [stderr]     |
[INFO] [stderr] 270 | pub fn get_pooled_response() -> Option<super::types::EvalResponse> {
[INFO] [stderr]     |        ^^^^^^^^^^^^^^^^^^^
[INFO] [stderr] 
[INFO] [stderr] warning: function `return_pooled_response` is never used
[INFO] [stderr]    --> src/bin/http_server/cache.rs:275:8
[INFO] [stderr]     |
[INFO] [stderr] 275 | pub fn return_pooled_response(response: super::types::EvalResponse) {
[INFO] [stderr]     |        ^^^^^^^^^^^^^^^^^^^^^^
[INFO] [stderr] 
[INFO] [stderr] warning: field `content_type` is never read
[INFO] [stderr]  --> src/bin/http_server/multipart.rs:7:9
[INFO] [stderr]   |
[INFO] [stderr] 4 | pub struct MultipartField {
[INFO] [stderr]   |            -------------- field in this struct
[INFO] [stderr] ...
[INFO] [stderr] 7 |     pub content_type: Option<String>,
[INFO] [stderr]   |         ^^^^^^^^^^^^
[INFO] [stderr]   |
[INFO] [stderr]   = note: `MultipartField` has derived impls for the traits `Clone` and `Debug`, but these are intentionally ignored during dead code analysis
[INFO] [stderr] 
[INFO] [stderr] warning: method `get_field` is never used
[INFO] [stderr]   --> src/bin/http_server/multipart.rs:17:12
[INFO] [stderr]    |
[INFO] [stderr] 16 | impl MultipartData {
[INFO] [stderr]    | ------------------ method in this implementation
[INFO] [stderr] 17 |     pub fn get_field(&self, name: &str) -> Option<&MultipartField> {
[INFO] [stderr]    |            ^^^^^^^^^
[INFO] [stderr] 
[INFO] [stderr] warning: field `duration` is never read
[INFO] [stderr]   --> src/bin/sk_http_bench.rs:16:5
[INFO] [stderr]    |
[INFO] [stderr] 11 | struct BenchConfig {
[INFO] [stderr]    |        ----------- field in this struct
[INFO] [stderr] ...
[INFO] [stderr] 16 |     duration: Option<Duration>,
[INFO] [stderr]    |     ^^^^^^^^
[INFO] [stderr]    |
[INFO] [stderr]    = note: `BenchConfig` has a derived impl for the trait `Clone`, but this is intentionally ignored during dead code analysis
[INFO] [stderr]    = note: `#[warn(dead_code)]` (part of `#[warn(unused)]`) on by default
[INFO] [stderr] 
[INFO] [stderr] warning: field `total_time` is never read
[INFO] [stderr]   --> src/bin/sk_http_bench.rs:24:5
[INFO] [stderr]    |
[INFO] [stderr] 21 | struct BenchResult {
[INFO] [stderr]    |        ----------- field in this struct
[INFO] [stderr] ...
[INFO] [stderr] 24 |     total_time: Duration,
[INFO] [stderr]    |     ^^^^^^^^^^
[INFO] [stderr]    |
[INFO] [stderr]    = note: `BenchResult` has a derived impl for the trait `Debug`, but this is intentionally ignored during dead code analysis
[INFO] [stderr] 
[INFO] [stderr] warning: `skillet` (bin "sk_http_server" test) generated 8 warnings
[INFO] [stderr] warning: `skillet` (bin "sk_http_bench" test) generated 2 warnings
[INFO] [stderr] warning: unused import: `evaluate`
[INFO] [stderr]  --> tests/json_dig.rs:1:15
[INFO] [stderr]   |
[INFO] [stderr] 1 | use skillet::{evaluate, evaluate_with_assignments, Value};
[INFO] [stderr]   |               ^^^^^^^^
[INFO] [stderr]   |
[INFO] [stderr]   = note: `#[warn(unused_imports)]` (part of `#[warn(unused)]`) on by default
[INFO] [stderr] 
[INFO] [stderr] warning: fields `execution_time_ms` and `cache_hit` are never read
[INFO] [stderr]   --> src/bin/http_server/cache.rs:14:9
[INFO] [stderr]    |
[INFO] [stderr] 11 | pub struct CachedResult {
[INFO] [stderr]    |            ------------ fields in this struct
[INFO] [stderr] ...
[INFO] [stderr] 14 |     pub execution_time_ms: f64,
[INFO] [stderr]    |         ^^^^^^^^^^^^^^^^^
[INFO] [stderr] 15 |     pub cache_hit: bool,
[INFO] [stderr]    |         ^^^^^^^^^
[INFO] [stderr]    |
[INFO] [stderr]    = note: `CachedResult` has derived impls for the traits `Debug` and `Clone`, but these are intentionally ignored during dead code analysis
[INFO] [stderr]    = note: `#[warn(dead_code)]` (part of `#[warn(unused)]`) on by default
[INFO] [stderr] 
[INFO] [stderr] warning: `skillet` (bin "sk_http_bench") generated 2 warnings (2 duplicates)
[INFO] [stderr] warning: `skillet` (test "json_dig") generated 1 warning (run `cargo fix --test "json_dig" -p skillet` to apply 1 suggestion)
[INFO] [stderr] warning: `skillet` (bin "sk_http_server") generated 8 warnings (7 duplicates)
[INFO] [stderr]     Finished `release` profile [optimized] target(s) in 0.18s
[INFO] [stderr] warning: the following packages contain code that will be rejected by a future version of Rust: nix v0.30.1
[INFO] [stderr] note: to see what the problems were, use the option `--future-incompat-report`, or run `cargo report future-incompatibilities --id 2`
[INFO] [stderr]      Running unittests src/lib.rs (/opt/rustwide/target/release/build/skillet/0f3fc91f7b184f31/out/skillet-0f3fc91f7b184f31)
[INFO] [stdout] 
[INFO] [stdout] running 16 tests
[INFO] [stdout] test custom::tests::test_function_registry ... ok
[INFO] [stdout] test concurrent_registry::tests::test_thread_local_cache ... ok
[INFO] [stdout] test js_plugin::tests::test_js_string_function ... ok
[INFO] [stdout] test memory_pool::tests::test_cow_variable_context ... ok
[INFO] [stdout] test memory_pool::tests::test_thread_local_pool ... ok
[INFO] [stdout] test runtime::function_dispatch::tests::test_function_dispatch_basic ... ok
[INFO] [stdout] test js_plugin::tests::test_js_function_execution ... ok
[INFO] [stdout] test runtime::function_dispatch::tests::test_category_lookup ... ok
[INFO] [stdout] test runtime::jsonpath::tests::test_jsonpath_basic ... ok
[INFO] [stdout] test runtime::jsonpath::tests::test_is_jsonpath ... ok
[INFO] [stdout] test tests::test_basic_arithmetic ... ok
[INFO] [stdout] test js_plugin::tests::test_js_function_parsing ... ok
[INFO] [stdout] test memory_pool::tests::test_variable_context_pool ... ok
[INFO] [stdout] test runtime::jsonpath::tests::test_extract_numeric_values ... ok
[INFO] [stdout] test runtime::function_dispatch::tests::test_global_dispatch ... ok
[INFO] [stdout] test concurrent_registry::tests::test_concurrent_registry ... ok
[INFO] [stdout] 
[INFO] [stdout] test result: ok. 16 passed; 0 failed; 0 ignored; 0 measured; 0 filtered out; finished in 0.05s
[INFO] [stdout] 
[INFO] [stderr]      Running unittests src/bin/sk.rs (/opt/rustwide/target/release/build/skillet/8890572cd0889bc6/out/sk-8890572cd0889bc6)
[INFO] [stdout] 
[INFO] [stdout] running 0 tests
[INFO] [stdout] 
[INFO] [stdout] test result: ok. 0 passed; 0 failed; 0 ignored; 0 measured; 0 filtered out; finished in 0.00s
[INFO] [stdout] 
[INFO] [stderr]      Running unittests src/bin/sk_client.rs (/opt/rustwide/target/release/build/skillet/45d19d444e8fd2ed/out/sk_client-45d19d444e8fd2ed)
[INFO] [stdout] 
[INFO] [stdout] running 0 tests
[INFO] [stdout] 
[INFO] [stdout] test result: ok. 0 passed; 0 failed; 0 ignored; 0 measured; 0 filtered out; finished in 0.00s
[INFO] [stdout] 
[INFO] [stderr]      Running unittests src/bin/sk_http_bench.rs (/opt/rustwide/target/release/build/skillet/5792000f0a0c1e83/out/sk_http_bench-5792000f0a0c1e83)
[INFO] [stdout] 
[INFO] [stdout] running 0 tests
[INFO] [stdout] 
[INFO] [stdout] test result: ok. 0 passed; 0 failed; 0 ignored; 0 measured; 0 filtered out; finished in 0.00s
[INFO] [stdout] 
[INFO] [stderr]      Running unittests src/bin/sk_http_server.rs (/opt/rustwide/target/release/build/skillet/7dbd4086dbef2a09/out/sk_http_server-7dbd4086dbef2a09)
[INFO] [stdout] 
[INFO] [stdout] running 6 tests
[INFO] [stdout] test http_server::cache::tests::test_expression_cache ... ok
[INFO] [stdout] test http_server::cache::tests::test_buffer_pool ... ok
[INFO] [stdout] test http_server::multipart::tests::test_boundary_extraction ... ok
[INFO] [stdout] test http_server::cache::tests::test_cache_key_generation ... ok
[INFO] [stdout] test http_server::multipart::tests::test_content_disposition_parsing ... ok
[INFO] [stdout] test http_server::multipart::tests::test_multipart_parsing ... ok
[INFO] [stdout] 
[INFO] [stdout] test result: ok. 6 passed; 0 failed; 0 ignored; 0 measured; 0 filtered out; finished in 0.00s
[INFO] [stdout] 
[INFO] [stderr]      Running unittests src/bin/sk_server.rs (/opt/rustwide/target/release/build/skillet/d9e34e801cd5d930/out/sk_server-d9e34e801cd5d930)
[INFO] [stdout] 
[INFO] [stdout] running 0 tests
[INFO] [stdout] 
[INFO] [stdout] test result: ok. 0 passed; 0 failed; 0 ignored; 0 measured; 0 filtered out; finished in 0.00s
[INFO] [stdout] 
[INFO] [stderr]      Running tests/arithmetic.rs (/opt/rustwide/target/release/build/skillet/e75956433bc1ed50/out/arithmetic-e75956433bc1ed50)
[INFO] [stdout] 
[INFO] [stdout] running 11 tests
[INFO] [stdout] test sumif_function ... ok
[INFO] [stdout] test chaining_methods_numeric_and_array ... ok
[INFO] [stdout] test type_casting_minimal ... ok
[INFO] [stdout] test arrays_and_sum_arrays ... ok
[INFO] [stdout] test comparisons_logical_ternary ... ok
[INFO] [stdout] test exponent_right_associative ... ok
[INFO] [stdout] test math_builtins ... ok
[INFO] [stdout] test precedence_and_parentheses ... ok
[INFO] [stdout] test array_index_and_slice ... ok
[INFO] [stdout] test unary_and_equals_prefix ... ok
[INFO] [stdout] test variables_and_sum_function ... ok
[INFO] [stdout] 
[INFO] [stdout] test result: ok. 11 passed; 0 failed; 0 ignored; 0 measured; 0 filtered out; finished in 0.05s
[INFO] [stdout] 
[INFO] [stderr]      Running tests/arrays.rs (/opt/rustwide/target/release/build/skillet/d8275d853e4230de/out/arrays-d8275d853e4230de)
[INFO] [stdout] 
[INFO] [stdout] running 4 tests
[INFO] [stdout] test merge_function_and_method ... ok
[INFO] [stderr]      Running tests/assignments.rs (/opt/rustwide/target/release/build/skillet/c818ac5a498fd399/out/assignments-c818ac5a498fd399)
[INFO] [stdout] test spread_and_filter_map_reduce ... ok
[INFO] [stdout] test sumif_avgif_countif_flatten ... ok
[INFO] [stdout] test array_builtins ... ok
[INFO] [stdout] 
[INFO] [stdout] test result: ok. 4 passed; 0 failed; 0 ignored; 0 measured; 0 filtered out; finished in 0.00s
[INFO] [stdout] 
[INFO] [stdout] 
[INFO] [stdout] running 12 tests
[INFO] [stdout] test test_trailing_semicolon ... ok
[INFO] [stdout] test test_multiple_assignments ... ok
[INFO] [stdout] test test_prd_example ... ok
[INFO] [stdout] test test_simple_assignment ... ok
[INFO] [stdout] test test_no_assignments ... ok
[INFO] [stdout] test test_new_financial_functions_in_assignment ... ok
[INFO] [stdout] test test_assignment_with_initial_vars ... ok
[INFO] [stdout] test test_variable_scoping ... ok
[INFO] [stdout] test test_new_array_functions_in_assignment ... ok
[INFO] [stdout] test test_complex_assignments_with_functions ... ok
[INFO] [stdout] test test_assignment_with_calculation ... ok
[INFO] [stderr]      Running tests/cli_integration.rs (/opt/rustwide/target/release/build/skillet/c43c639510eefbc3/out/cli_integration-c43c639510eefbc3)
[INFO] [stdout] test test_assignment_expression_returns_value ... ok
[INFO] [stdout] 
[INFO] [stdout] test result: ok. 12 passed; 0 failed; 0 ignored; 0 measured; 0 filtered out; finished in 0.01s
[INFO] [stdout] 
[INFO] [stdout] 
[INFO] [stdout] running 18 tests
[INFO] [stdout] test test_cli_jsonpath_max ... FAILED
[INFO] [stdout] test test_cli_with_multiple_variables ... ok
[INFO] [stdout] test test_cli_with_null_variable ... ok
[INFO] [stdout] test test_cli_basic_arithmetic ... ok
[INFO] [stdout] test test_cli_jsonpath_sum ... ok
[INFO] [stdout] test test_cli_jsonpath_nested ... ok
[INFO] [stdout] test test_cli_invalid_variable_format ... ok
[INFO] [stdout] test test_cli_jsonpath_avg ... ok
[INFO] [stdout] test test_cli_jsonpath_complex_expression ... ok
[INFO] [stdout] test test_cli_error_handling ... ok
[INFO] [stdout] test test_cli_with_array_variable ... ok
[INFO] [stdout] test test_cli_jsonpath_output_json ... ok
[INFO] [stdout] test test_cli_with_boolean_variable ... ok
[INFO] [stdout] test test_cli_jsonpath_with_filter ... ok
[INFO] [stdout] test test_cli_jsonpath_min ... ok
[INFO] [stdout] test test_cli_help_message ... ok
[INFO] [stdout] test test_cli_with_single_variable ... ok
[INFO] [stdout] test test_cli_with_string_variable ... ok
[INFO] [stdout] 
[INFO] [stderr] error: test failed, to rerun pass `--test cli_integration`
[INFO] [stdout] failures:
[INFO] [stdout] 
[INFO] [stdout] ---- test_cli_jsonpath_max stdout ----
[INFO] [stdout] 
[INFO] [stdout] thread 'test_cli_jsonpath_max' (2935) panicked at tests/cli_integration.rs:134:5:
[INFO] [stdout] assertion `left == right` failed
[INFO] [stdout]   left: 101
[INFO] [stdout]  right: 0
[INFO] [stdout] stack backtrace:
[INFO] [stdout]    0:     0x59ec898db841 - <<std[617be2ca0a6fd877]::sys::backtrace::BacktraceLock>::print::DisplayBacktrace as core[a373ad73a504971]::fmt::Display>::fmt
[INFO] [stdout]    1:     0x59ec898ef81a - core[a373ad73a504971]::fmt::write
[INFO] [stdout]    2:     0x59ec898dfa5c - <alloc[2e1b2a31b91974c5]::vec::Vec<u8> as core[a373ad73a504971]::io::write::Write>::write_fmt
[INFO] [stdout]    3:     0x59ec898b7ba6 - std[617be2ca0a6fd877]::panicking::default_hook::{closure#0}
[INFO] [stdout]    4:     0x59ec898d3ed9 - std[617be2ca0a6fd877]::panicking::default_hook
[INFO] [stdout]    5:     0x59ec89870480 - test[aada8e7e76ba119b]::test_main_inner::{closure#0}
[INFO] [stdout]    6:     0x59ec898d4092 - std[617be2ca0a6fd877]::panicking::panic_with_hook
[INFO] [stdout]    7:     0x59ec898b7c52 - std[617be2ca0a6fd877]::panicking::panic_handler::{closure#0}
[INFO] [stdout]    8:     0x59ec898b0969 - std[617be2ca0a6fd877]::sys::backtrace::__rust_end_short_backtrace::<std[617be2ca0a6fd877]::panicking::panic_handler::{closure#0}, !>
[INFO] [stdout]    9:     0x59ec898b885d - __rustc[ea4f61d10b84890b]::rust_begin_unwind
[INFO] [stdout]   10:     0x59ec898eff4c - core[a373ad73a504971]::panicking::panic_fmt
[INFO] [stdout]   11:     0x59ec898efe63 - core[a373ad73a504971]::panicking::assert_failed_inner
[INFO] [stdout]   12:     0x59ec898b0505 - core[a373ad73a504971]::panicking::assert_failed::<i32, i32>
[INFO] [stdout]   13:     0x59ec89861e99 - <cli_integration[e2daee12ca5c160a]::test_cli_jsonpath_max::{closure#0} as core[a373ad73a504971]::ops::function::FnOnce<()>>::call_once
[INFO] [stdout]   14:     0x59ec898638cb - test[aada8e7e76ba119b]::__rust_begin_short_backtrace::<core[a373ad73a504971]::result::Result<(), alloc[2e1b2a31b91974c5]::string::String>, fn() -> core[a373ad73a504971]::result::Result<(), alloc[2e1b2a31b91974c5]::string::String>>
[INFO] [stdout]   15:     0x59ec89870aa5 - test[aada8e7e76ba119b]::run_test::{closure#0}
[INFO] [stdout]   16:     0x59ec8986a394 - std[617be2ca0a6fd877]::sys::backtrace::__rust_begin_short_backtrace::<test[aada8e7e76ba119b]::run_test::{closure#1}, ()>
[INFO] [stdout]   17:     0x59ec89873b32 - <std[617be2ca0a6fd877]::thread::lifecycle::spawn_unchecked<test[aada8e7e76ba119b]::run_test::{closure#1}, ()>::{closure#1} as core[a373ad73a504971]::ops::function::FnOnce<()>>::call_once::{shim:vtable#0}
[INFO] [stdout]   18:     0x59ec898db09f - <std[617be2ca0a6fd877]::sys::thread::unix::Thread>::new::thread_start
[INFO] [stdout]   19:     0x727be7f19dfa - <unknown>
[INFO] [stdout]   20:     0x727be7fad3d4 - clone
[INFO] [stdout]   21:                0x0 - <unknown>
[INFO] [stdout] 
[INFO] [stdout] 
[INFO] [stdout] failures:
[INFO] [stdout]     test_cli_jsonpath_max
[INFO] [stdout] 
[INFO] [stdout] test result: FAILED. 17 passed; 1 failed; 0 ignored; 0 measured; 0 filtered out; finished in 40.07s
[INFO] [stdout] 
[INFO] running `Command { std: "docker" "inspect" "33b7f4c548b4bdf0b16a1968b41899208b84212dfbd96e4eaf0f7fc15dcd70cd", kill_on_drop: false }`
[INFO] running `Command { std: "docker" "rm" "-f" "33b7f4c548b4bdf0b16a1968b41899208b84212dfbd96e4eaf0f7fc15dcd70cd", kill_on_drop: false }`
[INFO] [stdout] 33b7f4c548b4bdf0b16a1968b41899208b84212dfbd96e4eaf0f7fc15dcd70cd
