[INFO] fetching crate simple-agents-ffi 0.3.6...
[INFO] testing simple-agents-ffi-0.3.6 against 1.99.0-beta.8+cargoflags=--release for beta-release-1.100-2
[INFO] extracting crate simple-agents-ffi 0.3.6 into /workspace/builds/worker-1-tc1/source
[INFO] started tweaking crates.io crate simple-agents-ffi 0.3.6
[INFO] removed 0 missing tests
[INFO] finished tweaking crates.io crate simple-agents-ffi 0.3.6
[INFO] tweaked toml for crates.io crate simple-agents-ffi 0.3.6 written to /workspace/builds/worker-1-tc1/source/Cargo.toml
[INFO] validating manifest of crates.io crate simple-agents-ffi 0.3.6 on toolchain 1.99.0-beta.8
[INFO] running `Command { std: CARGO_HOME="/workspace/cargo-home" RUSTUP_HOME="/workspace/rustup-home" "/workspace/cargo-home/bin/cargo" "+1.99.0-beta.8" "metadata" "--manifest-path" "Cargo.toml" "--no-deps", kill_on_drop: false }`
[INFO] crate crates.io crate simple-agents-ffi 0.3.6 already has a lockfile, it will not be regenerated
[INFO] running `Command { std: CARGO_HOME="/workspace/cargo-home" RUSTUP_HOME="/workspace/rustup-home" "/workspace/cargo-home/bin/cargo" "+1.99.0-beta.8" "fetch" "--manifest-path" "Cargo.toml", kill_on_drop: false }`
[INFO] [stderr]     Updating crates.io index
[INFO] [stderr]     Blocking waiting for file lock on package cache
[INFO] [stderr]  Downloading crates ...
[INFO] [stderr]   Downloaded tonic v0.12.3
[INFO] [stderr]   Downloaded simple-agents-workflow v0.3.6
[INFO] [stderr]   Downloaded simple-agents-core v0.3.6
[INFO] [stderr]   Downloaded simple-agent-type v0.3.6
[INFO] [stderr]   Downloaded simple-agents-healing v0.3.6
[INFO] [stderr]   Downloaded opentelemetry v0.24.0
[INFO] [stderr]   Downloaded opentelemetry-otlp v0.17.0
[INFO] [stderr]   Downloaded compression-core v0.4.31
[INFO] [stderr]   Downloaded opentelemetry_sdk v0.24.1
[INFO] [stderr]   Downloaded compression-codecs v0.4.37
[INFO] [stderr]   Downloaded async-compression v0.4.41
[INFO] [stderr]   Downloaded fastrand v2.4.0
[INFO] [stderr]   Downloaded openssl v0.10.76
[INFO] [stderr]   Downloaded openssl-sys v0.9.112
[INFO] [stderr]   Downloaded uuid v1.23.0
[INFO] [stderr]   Downloaded opentelemetry-http v0.13.0
[INFO] [stderr]   Downloaded opentelemetry-proto v0.7.0
[INFO] [stderr]   Downloaded num-cmp v0.1.0
[INFO] [stderr]   Downloaded jsonschema v0.18.3
[INFO] [stderr]   Downloaded iso8601 v0.6.3
[INFO] [stderr]   Downloaded fraction v0.15.3
[INFO] [stderr]   Downloaded simple-agents-providers v0.3.6
[INFO] running `Command { std: "docker" "create" "-v" "/var/lib/crater-agent-workspace/builds/worker-1-tc1/source:/opt/rustwide/workdir:ro,Z" "-v" "/var/lib/crater-agent-workspace/builds/worker-1-tc1/target:/opt/rustwide/target:rw,Z" "-v" "/var/lib/crater-agent-workspace/cargo-home:/opt/rustwide/cargo-home:ro,Z" "-v" "/var/lib/crater-agent-workspace/rustup-home:/opt/rustwide/rustup-home:ro,Z" "-m" "1610612736" "--network" "none" "ghcr.io/rust-lang/crates-build-env/linux@sha256:77db811e55d90add9212f6832c23229e3de5f1c1f9905e8cb07319ea15df73ac" "sleep" "infinity", kill_on_drop: false }`
[INFO] [stdout] 69c8ac2fa78aebcedb5f95c10b8fe4dd0fe051e9c1af99cba73ae131a42b53db
[INFO] running `Command { std: "docker" "start" "69c8ac2fa78aebcedb5f95c10b8fe4dd0fe051e9c1af99cba73ae131a42b53db", kill_on_drop: false }`
[INFO] running `Command { std: "docker" "inspect" "69c8ac2fa78aebcedb5f95c10b8fe4dd0fe051e9c1af99cba73ae131a42b53db", kill_on_drop: false }`
[INFO] running `Command { std: "docker" "exec" "-e" "SOURCE_DIR=/opt/rustwide/workdir" "-e" "CARGO_HOME=/opt/rustwide/cargo-home" "-e" "RUSTUP_HOME=/opt/rustwide/rustup-home" "-e" "CARGO_TARGET_DIR=/opt/rustwide/target" "-w" "/opt/rustwide/workdir" "--user" "0:0" "69c8ac2fa78aebcedb5f95c10b8fe4dd0fe051e9c1af99cba73ae131a42b53db" "/opt/rustwide/cargo-home/bin/cargo" "+1.99.0-beta.8" "metadata" "--no-deps" "--format-version=1", kill_on_drop: false }`
[INFO] running `Command { std: "docker" "inspect" "69c8ac2fa78aebcedb5f95c10b8fe4dd0fe051e9c1af99cba73ae131a42b53db", kill_on_drop: false }`
[INFO] running `Command { std: "docker" "exec" "-e" "SOURCE_DIR=/opt/rustwide/workdir" "-e" "CARGO_HOME=/opt/rustwide/cargo-home" "-e" "RUSTUP_HOME=/opt/rustwide/rustup-home" "-e" "CARGO_TARGET_DIR=/opt/rustwide/target" "-e" "CARGO_INCREMENTAL=0" "-e" "RUST_BACKTRACE=full" "-e" "RUSTFLAGS=--cap-lints=warn" "-e" "RUSTDOCFLAGS=--cap-lints=warn" "-w" "/opt/rustwide/workdir" "--user" "0:0" "69c8ac2fa78aebcedb5f95c10b8fe4dd0fe051e9c1af99cba73ae131a42b53db" "/opt/rustwide/cargo-home/bin/cargo" "+1.99.0-beta.8" "build" "--frozen" "--message-format=json" "--release", kill_on_drop: false }`
[INFO] [stderr]    Compiling libc v0.2.184
[INFO] [stderr]    Compiling pkg-config v0.3.32
[INFO] [stderr]    Compiling syn v2.0.117
[INFO] [stderr]    Compiling cc v1.2.59
[INFO] [stderr]    Compiling indexmap v2.13.1
[INFO] [stderr]    Compiling alloc-no-stdlib v2.0.4
[INFO] [stderr]    Compiling zerocopy v0.8.48
[INFO] [stderr]    Compiling num-traits v0.2.19
[INFO] [stderr]    Compiling simd-adler32 v0.3.9
[INFO] [stderr]    Compiling openssl v0.10.76
[INFO] [stderr]    Compiling bitflags v2.11.0
[INFO] [stderr]    Compiling native-tls v0.2.18
[INFO] [stderr]    Compiling compression-core v0.4.31
[INFO] [stderr]    Compiling rustversion v1.0.22
[INFO] [stderr]    Compiling anyhow v1.0.102
[INFO] [stderr]    Compiling indexmap v1.9.3
[INFO] [stderr]    Compiling alloc-stdlib v0.2.2
[INFO] [stderr]    Compiling iri-string v0.7.12
[INFO] [stderr]    Compiling either v1.15.0
[INFO] [stderr]    Compiling miniz_oxide v0.8.9
[INFO] [stderr]    Compiling brotli-decompressor v5.0.0
[INFO] [stderr]    Compiling itertools v0.14.0
[INFO] [stderr]    Compiling hashbrown v0.12.3
[INFO] [stderr]    Compiling aho-corasick v1.1.4
[INFO] [stderr]    Compiling matchit v0.7.3
[INFO] [stderr]    Compiling subtle v2.6.1
[INFO] [stderr]    Compiling ahash v0.8.12
[INFO] [stderr]    Compiling glob v0.3.3
[INFO] [stderr]    Compiling bit-vec v0.6.3
[INFO] [stderr]    Compiling flate2 v1.1.9
[INFO] [stderr]    Compiling brotli v8.0.2
[INFO] [stderr]    Compiling num-integer v0.1.46
[INFO] [stderr]    Compiling num-complex v0.4.6
[INFO] [stderr]    Compiling bit-set v0.5.3
[INFO] [stderr]    Compiling time-macros v0.2.27
[INFO] [stderr]    Compiling num-bigint v0.4.6
[INFO] [stderr]    Compiling parking_lot_core v0.9.12
[INFO] [stderr]    Compiling errno v0.3.14
[INFO] [stderr]    Compiling signal-hook-registry v1.4.8
[INFO] [stderr]    Compiling socket2 v0.6.3
[INFO] [stderr]    Compiling mio v1.2.0
[INFO] [stderr]    Compiling openssl-sys v0.9.112
[INFO] [stderr]    Compiling parking_lot v0.12.5
[INFO] [stderr]    Compiling getrandom v0.2.17
[INFO] [stderr]    Compiling rand_core v0.6.4
[INFO] [stderr]    Compiling regex-automata v0.4.14
[INFO] [stderr]    Compiling socket2 v0.5.10
[INFO] [stderr]    Compiling num-iter v0.1.45
[INFO] [stderr]    Compiling getrandom v0.3.4
[INFO] [stderr]    Compiling nom v8.0.0
[INFO] [stderr]    Compiling num-cmp v0.1.0
[INFO] [stderr]    Compiling uuid v1.23.0
[INFO] [stderr]    Compiling bytecount v0.6.9
[INFO] [stderr]    Compiling time v0.3.47
[INFO] [stderr]    Compiling num-rational v0.4.2
[INFO] [stderr]    Compiling num v0.4.3
[INFO] [stderr]    Compiling fraction v0.15.3
[INFO] [stderr]    Compiling compression-codecs v0.4.37
[INFO] [stderr]    Compiling synstructure v0.13.2
[INFO] [stderr]    Compiling tokio-macros v2.7.0
[INFO] [stderr]    Compiling futures-macro v0.3.32
[INFO] [stderr]    Compiling tracing-attributes v0.1.31
[INFO] [stderr]    Compiling zerovec-derive v0.11.3
[INFO] [stderr]    Compiling displaydoc v0.2.5
[INFO] [stderr]    Compiling serde_derive v1.0.228
[INFO] [stderr]    Compiling async-trait v0.1.89
[INFO] [stderr]    Compiling thiserror-impl v1.0.69
[INFO] [stderr]    Compiling openssl-macros v0.1.1
[INFO] [stderr]    Compiling zerofrom-derive v0.1.7
[INFO] [stderr]    Compiling yoke-derive v0.8.2
[INFO] [stderr]    Compiling pin-project-internal v1.1.11
[INFO] [stderr]    Compiling tokio v1.51.0
[INFO] [stderr]    Compiling futures-util v0.3.32
[INFO] [stderr]    Compiling ppv-lite86 v0.2.21
[INFO] [stderr]    Compiling prost-derive v0.13.5
[INFO] [stderr]    Compiling async-stream-impl v0.3.6
[INFO] [stderr]    Compiling rand_chacha v0.3.1
[INFO] [stderr]    Compiling clap_derive v4.6.0
[INFO] [stderr]    Compiling iso8601 v0.6.3
[INFO] [stderr]    Compiling tracing v0.1.44
[INFO] [stderr]    Compiling fancy-regex v0.13.0
[INFO] [stderr]    Compiling pin-project v1.1.11
[INFO] [stderr]    Compiling regex v1.12.3
[INFO] [stderr]    Compiling thiserror v1.0.69
[INFO] [stderr]    Compiling opentelemetry v0.24.0
[INFO] [stderr]    Compiling zerofrom v0.1.7
[INFO] [stderr]    Compiling yoke v0.8.2
[INFO] [stderr]    Compiling rand v0.8.5
[INFO] [stderr]    Compiling async-stream v0.3.6
[INFO] [stderr]    Compiling thiserror-impl v2.0.18
[INFO] [stderr]    Compiling zerovec v0.11.6
[INFO] [stderr]    Compiling tinystr v0.8.3
[INFO] [stderr]    Compiling icu_locale_core v2.2.0
[INFO] [stderr]    Compiling potential_utf v0.1.5
[INFO] [stderr]    Compiling zerotrie v0.2.4
[INFO] [stderr]    Compiling icu_collections v2.2.0
[INFO] [stderr]    Compiling thiserror v2.0.18
[INFO] [stderr]    Compiling prost v0.13.5
[INFO] [stderr]    Compiling clap v4.6.0
[INFO] [stderr]    Compiling icu_provider v2.2.0
[INFO] [stderr]    Compiling serde v1.0.228
[INFO] [stderr]    Compiling icu_properties v2.2.0
[INFO] [stderr]    Compiling icu_normalizer v2.2.0
[INFO] [stderr]    Compiling serde_urlencoded v0.7.1
[INFO] [stderr]    Compiling simple-agent-type v0.3.6
[INFO] [stderr]    Compiling serde_yaml v0.9.34+deprecated
[INFO] [stderr]    Compiling idna_adapter v1.2.1
[INFO] [stderr]    Compiling futures-executor v0.3.32
[INFO] [stderr]    Compiling axum-core v0.4.5
[INFO] [stderr]    Compiling idna v1.1.0
[INFO] [stderr]    Compiling futures v0.3.32
[INFO] [stderr]    Compiling url v2.5.8
[INFO] [stderr]    Compiling tokio-util v0.7.18
[INFO] [stderr]    Compiling tower v0.5.3
[INFO] [stderr]    Compiling tokio-native-tls v0.3.1
[INFO] [stderr]    Compiling async-compression v0.4.41
[INFO] [stderr]    Compiling tokio-stream v0.1.18
[INFO] [stderr]    Compiling opentelemetry_sdk v0.24.1
[INFO] [stderr]    Compiling simple-agents-healing v0.3.6
[INFO] [stderr]    Compiling h2 v0.4.13
[INFO] [stderr]    Compiling tower-http v0.6.8
[INFO] [stderr]    Compiling tower v0.4.13
[INFO] [stderr]    Compiling simple-agents-core v0.3.6
[INFO] [stderr]    Compiling axum v0.7.9
[INFO] [stderr]    Compiling hyper v1.9.0
[INFO] [stderr]    Compiling hyper-util v0.1.20
[INFO] [stderr]    Compiling hyper-tls v0.6.0
[INFO] [stderr]    Compiling hyper-timeout v0.5.2
[INFO] [stderr]    Compiling reqwest v0.12.28
[INFO] [stderr]    Compiling tonic v0.12.3
[INFO] [stderr]    Compiling opentelemetry-http v0.13.0
[INFO] [stderr]    Compiling jsonschema v0.18.3
[INFO] [stderr]    Compiling simple-agents-providers v0.3.6
[INFO] [stderr]    Compiling opentelemetry-proto v0.7.0
[INFO] [stderr]    Compiling opentelemetry-otlp v0.17.0
[INFO] [stderr]    Compiling simple-agents-workflow v0.3.6
[INFO] [stderr]    Compiling simple-agents-ffi v0.3.6 (/opt/rustwide/workdir)
[INFO] [stderr]     Finished `release` profile [optimized] target(s) in 2m 55s
[INFO] running `Command { std: "docker" "inspect" "69c8ac2fa78aebcedb5f95c10b8fe4dd0fe051e9c1af99cba73ae131a42b53db", kill_on_drop: false }`
[INFO] running `Command { std: "docker" "exec" "-e" "SOURCE_DIR=/opt/rustwide/workdir" "-e" "CARGO_HOME=/opt/rustwide/cargo-home" "-e" "RUSTUP_HOME=/opt/rustwide/rustup-home" "-e" "CARGO_TARGET_DIR=/opt/rustwide/target" "-e" "CARGO_INCREMENTAL=0" "-e" "RUST_BACKTRACE=full" "-e" "RUSTFLAGS=--cap-lints=warn" "-e" "RUSTDOCFLAGS=--cap-lints=warn" "-w" "/opt/rustwide/workdir" "--user" "0:0" "69c8ac2fa78aebcedb5f95c10b8fe4dd0fe051e9c1af99cba73ae131a42b53db" "/opt/rustwide/cargo-home/bin/cargo" "+1.99.0-beta.8" "test" "--frozen" "--no-run" "--message-format=json" "--release", kill_on_drop: false }`
[INFO] [stderr]    Compiling simple-agents-ffi v0.3.6 (/opt/rustwide/workdir)
[INFO] [stderr]     Finished `release` profile [optimized] target(s) in 7.43s
[INFO] running `Command { std: "docker" "inspect" "69c8ac2fa78aebcedb5f95c10b8fe4dd0fe051e9c1af99cba73ae131a42b53db", kill_on_drop: false }`
[INFO] running `Command { std: "docker" "exec" "-e" "SOURCE_DIR=/opt/rustwide/workdir" "-e" "CARGO_HOME=/opt/rustwide/cargo-home" "-e" "RUSTUP_HOME=/opt/rustwide/rustup-home" "-e" "CARGO_TARGET_DIR=/opt/rustwide/target" "-e" "CARGO_INCREMENTAL=0" "-e" "RUST_BACKTRACE=full" "-e" "RUSTFLAGS=--cap-lints=warn" "-e" "RUSTDOCFLAGS=--cap-lints=warn" "-w" "/opt/rustwide/workdir" "--user" "0:0" "69c8ac2fa78aebcedb5f95c10b8fe4dd0fe051e9c1af99cba73ae131a42b53db" "/opt/rustwide/cargo-home/bin/cargo" "+1.99.0-beta.8" "test" "--frozen" "--release", kill_on_drop: false }`
[INFO] [stderr]     Finished `release` profile [optimized] target(s) in 0.26s
[INFO] [stderr]      Running unittests src/lib.rs (/opt/rustwide/target/release/deps/simple_agents_ffi-f4bd5a8076a512e6)
[INFO] [stdout] 
[INFO] [stdout] running 0 tests
[INFO] [stdout] 
[INFO] [stdout] test result: ok. 0 passed; 0 failed; 0 ignored; 0 measured; 0 filtered out; finished in 0.00s
[INFO] [stdout] 
[INFO] [stderr]      Running tests/ffi_contract.rs (/opt/rustwide/target/release/deps/ffi_contract-7e45f1b1fcbb2d6e)
[INFO] [stdout] 
[INFO] [stdout] running 7 tests
[INFO] [stdout] test allows_freeing_null_client ... ok
[INFO] [stdout] test rejects_null_api_key ... ok
[INFO] [stdout] test rejects_empty_api_key ... ok
[INFO] [stdout] test rejects_null_client_for_complete ... ok
[INFO] [stdout] test ffi_header_follows_shared_contract_fixture ... FAILED
[INFO] [stdout] test rejects_null_client_for_stream ... ok
[INFO] [stderr] error: test failed, to rerun pass `--test ffi_contract`
[INFO] [stdout] test rejects_invalid_request_json ... ok
[INFO] [stdout] 
[INFO] [stdout] failures:
[INFO] [stdout] 
[INFO] [stdout] ---- ffi_header_follows_shared_contract_fixture stdout ----
[INFO] [stdout] 
[INFO] [stdout] thread 'ffi_header_follows_shared_contract_fixture' (2879) panicked at tests/ffi_contract.rs:112:57:
[INFO] [stdout] fixture should be readable: Os { code: 2, kind: NotFound, message: "No such file or directory" }
[INFO] [stdout] stack backtrace:
[INFO] [stdout]    0:     0x6300cab8e5e1 - <<std[70759c8f55707aa4]::sys::backtrace::BacktraceLock>::print::DisplayBacktrace as core[df12db4294e9bfd3]::fmt::Display>::fmt
[INFO] [stdout]    1:     0x6300caba655a - core[df12db4294e9bfd3]::fmt::write
[INFO] [stdout]    2:     0x6300cab931ec - <alloc[2182bb758b4b3781]::vec::Vec<u8> as core[df12db4294e9bfd3]::io::write::Write>::write_fmt
[INFO] [stdout]    3:     0x6300cab69336 - std[70759c8f55707aa4]::panicking::default_hook::{closure#0}
[INFO] [stdout]    4:     0x6300cab860d9 - std[70759c8f55707aa4]::panicking::default_hook
[INFO] [stdout]    5:     0x6300ca929d60 - test[9d35eded1c95d3be]::test_main_inner::<test[9d35eded1c95d3be]::test_main_static::{closure#0}>::{closure#0}
[INFO] [stdout]    6:     0x6300cab86402 - std[70759c8f55707aa4]::panicking::panic_with_hook
[INFO] [stdout]    7:     0x6300cab693e2 - std[70759c8f55707aa4]::panicking::panic_handler::{closure#0}
[INFO] [stdout]    8:     0x6300cab61ef9 - std[70759c8f55707aa4]::sys::backtrace::__rust_end_short_backtrace::<std[70759c8f55707aa4]::panicking::panic_handler::{closure#0}, !>
[INFO] [stdout]    9:     0x6300cab6a1cd - __rustc[8fa7c3cbc660c2b3]::rust_begin_unwind
[INFO] [stdout]   10:     0x6300caba6cbc - core[df12db4294e9bfd3]::panicking::panic_fmt
[INFO] [stdout]   11:     0x6300caba6a92 - core[df12db4294e9bfd3]::result::unwrap_failed
[INFO] [stdout]   12:     0x6300ca91ba21 - <ffi_contract[b11b084ee918f7c7]::ffi_header_follows_shared_contract_fixture::{closure#0} as core[df12db4294e9bfd3]::ops::function::FnOnce<()>>::call_once
[INFO] [stdout]   13:     0x6300ca91d04b - test[9d35eded1c95d3be]::__rust_begin_short_backtrace::<core[df12db4294e9bfd3]::result::Result<(), alloc[2182bb758b4b3781]::string::String>, fn() -> core[df12db4294e9bfd3]::result::Result<(), alloc[2182bb758b4b3781]::string::String>>
[INFO] [stdout]   14:     0x6300ca92a6b5 - test[9d35eded1c95d3be]::run_test::{closure#0}
[INFO] [stdout]   15:     0x6300ca923f74 - std[70759c8f55707aa4]::sys::backtrace::__rust_begin_short_backtrace::<test[9d35eded1c95d3be]::run_test::{closure#1}, ()>
[INFO] [stdout]   16:     0x6300ca92d812 - <std[70759c8f55707aa4]::thread::lifecycle::spawn_unchecked<test[9d35eded1c95d3be]::run_test::{closure#1}, ()>::{closure#1} as core[df12db4294e9bfd3]::ops::function::FnOnce<()>>::call_once::{shim:vtable#0}
[INFO] [stdout]   17:     0x6300cab8d799 - <std[70759c8f55707aa4]::sys::thread::unix::Thread>::new::thread_start
[INFO] [stdout]   18:     0x7acdc055adfa - <unknown>
[INFO] [stdout]   19:     0x7acdc05ee3d4 - clone
[INFO] [stdout]   20:                0x0 - <unknown>
[INFO] [stdout] 
[INFO] [stdout] 
[INFO] [stdout] failures:
[INFO] [stdout]     ffi_header_follows_shared_contract_fixture
[INFO] [stdout] 
[INFO] [stdout] test result: FAILED. 6 passed; 1 failed; 0 ignored; 0 measured; 0 filtered out; finished in 0.11s
[INFO] [stdout] 
[INFO] running `Command { std: "docker" "inspect" "69c8ac2fa78aebcedb5f95c10b8fe4dd0fe051e9c1af99cba73ae131a42b53db", kill_on_drop: false }`
[INFO] running `Command { std: "docker" "rm" "-f" "69c8ac2fa78aebcedb5f95c10b8fe4dd0fe051e9c1af99cba73ae131a42b53db", kill_on_drop: false }`
[INFO] [stdout] 69c8ac2fa78aebcedb5f95c10b8fe4dd0fe051e9c1af99cba73ae131a42b53db
