[INFO] fetching crate rux-runtime 0.7.1...
[INFO] testing rux-runtime-0.7.1 against 1.99.0-beta.8+cargoflags=--release for beta-release-1.100-2
[INFO] extracting crate rux-runtime 0.7.1 into /workspace/builds/worker-6-tc1/source
[INFO] started tweaking crates.io crate rux-runtime 0.7.1
[INFO] removed 0 missing tests
[INFO] finished tweaking crates.io crate rux-runtime 0.7.1
[INFO] tweaked toml for crates.io crate rux-runtime 0.7.1 written to /workspace/builds/worker-6-tc1/source/Cargo.toml
[INFO] validating manifest of crates.io crate rux-runtime 0.7.1 on toolchain 1.99.0-beta.8
[INFO] running `Command { std: CARGO_HOME="/workspace/cargo-home" RUSTUP_HOME="/workspace/rustup-home" "/workspace/cargo-home/bin/cargo" "+1.99.0-beta.8" "metadata" "--manifest-path" "Cargo.toml" "--no-deps", kill_on_drop: false }`
[INFO] crate crates.io crate rux-runtime 0.7.1 already has a lockfile, it will not be regenerated
[INFO] running `Command { std: CARGO_HOME="/workspace/cargo-home" RUSTUP_HOME="/workspace/rustup-home" "/workspace/cargo-home/bin/cargo" "+1.99.0-beta.8" "fetch" "--manifest-path" "Cargo.toml", kill_on_drop: false }`
[INFO] [stderr]     Updating crates.io index
[INFO] [stderr]  Downloading crates ...
[INFO] [stderr]   Downloaded rux-reactive v0.7.1
[INFO] [stderr]   Downloaded rux-style v0.7.1
[INFO] [stderr]   Downloaded thin-vec v0.2.18
[INFO] [stderr]   Downloaded rux-parser v0.7.1
[INFO] [stderr]   Downloaded grid v0.15.0
[INFO] [stderr]   Downloaded rux-script v0.7.1
[INFO] [stderr]   Downloaded rux-layout v0.7.1
[INFO] [stderr]   Downloaded taffy v0.7.7
[INFO] [stderr]   Downloaded rux-rhai v0.7.1
[INFO] [stderr]   Downloaded lightningcss v1.0.0-alpha.71
[INFO] running `Command { std: "docker" "create" "-v" "/var/lib/crater-agent-workspace/builds/worker-6-tc1/source:/opt/rustwide/workdir:ro,Z" "-v" "/var/lib/crater-agent-workspace/builds/worker-6-tc1/target:/opt/rustwide/target:rw,Z" "-v" "/var/lib/crater-agent-workspace/cargo-home:/opt/rustwide/cargo-home:ro,Z" "-v" "/var/lib/crater-agent-workspace/rustup-home:/opt/rustwide/rustup-home:ro,Z" "-m" "1610612736" "--network" "none" "ghcr.io/rust-lang/crates-build-env/linux@sha256:77db811e55d90add9212f6832c23229e3de5f1c1f9905e8cb07319ea15df73ac" "sleep" "infinity", kill_on_drop: false }`
[INFO] [stdout] 0682ec272fa7be40d8e4c66eeef8368b14b9c86e6dce05a9792f0f50ecad77cb
[INFO] running `Command { std: "docker" "start" "0682ec272fa7be40d8e4c66eeef8368b14b9c86e6dce05a9792f0f50ecad77cb", kill_on_drop: false }`
[INFO] running `Command { std: "docker" "inspect" "0682ec272fa7be40d8e4c66eeef8368b14b9c86e6dce05a9792f0f50ecad77cb", kill_on_drop: false }`
[INFO] running `Command { std: "docker" "exec" "-e" "SOURCE_DIR=/opt/rustwide/workdir" "-e" "CARGO_HOME=/opt/rustwide/cargo-home" "-e" "RUSTUP_HOME=/opt/rustwide/rustup-home" "-e" "CARGO_TARGET_DIR=/opt/rustwide/target" "-w" "/opt/rustwide/workdir" "--user" "0:0" "0682ec272fa7be40d8e4c66eeef8368b14b9c86e6dce05a9792f0f50ecad77cb" "/opt/rustwide/cargo-home/bin/cargo" "+1.99.0-beta.8" "metadata" "--no-deps" "--format-version=1", kill_on_drop: false }`
[INFO] running `Command { std: "docker" "inspect" "0682ec272fa7be40d8e4c66eeef8368b14b9c86e6dce05a9792f0f50ecad77cb", kill_on_drop: false }`
[INFO] running `Command { std: "docker" "exec" "-e" "SOURCE_DIR=/opt/rustwide/workdir" "-e" "CARGO_HOME=/opt/rustwide/cargo-home" "-e" "RUSTUP_HOME=/opt/rustwide/rustup-home" "-e" "CARGO_TARGET_DIR=/opt/rustwide/target" "-e" "CARGO_INCREMENTAL=0" "-e" "RUST_BACKTRACE=full" "-e" "RUSTFLAGS=--cap-lints=warn" "-e" "RUSTDOCFLAGS=--cap-lints=warn" "-w" "/opt/rustwide/workdir" "--user" "0:0" "0682ec272fa7be40d8e4c66eeef8368b14b9c86e6dce05a9792f0f50ecad77cb" "/opt/rustwide/cargo-home/bin/cargo" "+1.99.0-beta.8" "build" "--frozen" "--message-format=json" "--release", kill_on_drop: false }`
[INFO] [stderr]    Compiling syn v2.0.118
[INFO] [stderr]    Compiling portable-atomic v1.13.1
[INFO] [stderr]    Compiling siphasher v1.0.3
[INFO] [stderr]    Compiling rand_core v0.6.4
[INFO] [stderr]    Compiling ahash v0.7.8
[INFO] [stderr]    Compiling num-traits v0.2.19
[INFO] [stderr]    Compiling crossbeam-epoch v0.9.20
[INFO] [stderr]    Compiling bitflags v2.13.0
[INFO] [stderr]    Compiling syn v1.0.109
[INFO] [stderr]    Compiling getrandom v0.2.17
[INFO] [stderr]    Compiling ahash v0.8.12
[INFO] [stderr]    Compiling crossbeam-deque v0.8.7
[INFO] [stderr]    Compiling dtoa v1.0.11
[INFO] [stderr]    Compiling getrandom v0.3.4
[INFO] [stderr]    Compiling const-random-macro v0.1.16
[INFO] [stderr]    Compiling rand v0.8.7
[INFO] [stderr]    Compiling phf_shared v0.11.3
[INFO] [stderr]    Compiling dtoa-short v0.3.5
[INFO] [stderr]    Compiling slotmap v1.1.1
[INFO] [stderr]    Compiling rkyv v0.7.46
[INFO] [stderr]    Compiling simd-adler32 v0.3.9
[INFO] [stderr]    Compiling outref v0.1.0
[INFO] [stderr]    Compiling simd-abstraction v0.7.1
[INFO] [stderr]    Compiling matches v0.1.10
[INFO] [stderr]    Compiling unicode-segmentation v1.13.3
[INFO] [stderr]    Compiling seahash v4.1.0
[INFO] [stderr]    Compiling either v1.16.0
[INFO] [stderr]    Compiling miniz_oxide v0.8.9
[INFO] [stderr]    Compiling data-url v0.1.1
[INFO] [stderr]    Compiling serde_json v1.0.150
[INFO] [stderr]    Compiling once_cell v1.21.4
[INFO] [stderr]    Compiling parking_lot_core v0.9.12
[INFO] [stderr]    Compiling convert_case v0.6.0
[INFO] [stderr]    Compiling const-random v0.1.18
[INFO] [stderr]    Compiling hashbrown v0.14.5
[INFO] [stderr]    Compiling rayon-core v1.13.0
[INFO] [stderr]    Compiling thin-vec v0.2.18
[INFO] [stderr]    Compiling base64-simd v0.7.0
[INFO] [stderr]    Compiling hashbrown v0.12.3
[INFO] [stderr]    Compiling log v0.4.33
[INFO] [stderr]    Compiling phf_generator v0.11.3
[INFO] [stderr]    Compiling vlq v0.5.1
[INFO] [stderr]    Compiling grid v0.15.0
[INFO] [stderr]    Compiling precomputed-hash v0.1.1
[INFO] [stderr]    Compiling itertools v0.10.5
[INFO] [stderr]    Compiling fdeflate v0.3.7
[INFO] [stderr]    Compiling phf_codegen v0.11.3
[INFO] [stderr]    Compiling zune-core v0.5.1
[INFO] [stderr]    Compiling parcel_selectors v0.28.2
[INFO] [stderr]    Compiling weezl v0.1.12
[INFO] [stderr]    Compiling flate2 v1.1.9
[INFO] [stderr]    Compiling pathdiff v0.2.3
[INFO] [stderr]    Compiling taffy v0.7.7
[INFO] [stderr]    Compiling pastey v0.1.1
[INFO] [stderr]    Compiling color_quant v1.1.0
[INFO] [stderr]    Compiling data-encoding v2.11.0
[INFO] [stderr]    Compiling quick-error v2.0.1
[INFO] [stderr]    Compiling rux-reactive v0.7.1
[INFO] [stderr]    Compiling rayon v1.12.0
[INFO] [stderr]    Compiling pxfm v0.1.30
[INFO] [stderr]    Compiling byteorder-lite v0.1.0
[INFO] [stderr]    Compiling dashmap v5.5.3
[INFO] [stderr]    Compiling png v0.18.1
[INFO] [stderr]    Compiling image-webp v0.2.4
[INFO] [stderr]    Compiling gif v0.14.2
[INFO] [stderr]    Compiling zune-jpeg v0.5.15
[INFO] [stderr]    Compiling bytemuck v1.25.1
[INFO] [stderr]    Compiling rux-parser v0.7.1
[INFO] [stderr]    Compiling rux-layout v0.7.1
[INFO] [stderr]    Compiling phf_macros v0.11.3
[INFO] [stderr]    Compiling serde_derive v1.0.228
[INFO] [stderr]    Compiling cssparser-macros v0.6.1
[INFO] [stderr]    Compiling rhai_codegen v3.2.0
[INFO] [stderr]    Compiling ptr_meta_derive v0.1.4
[INFO] [stderr]    Compiling rkyv_derive v0.7.46
[INFO] [stderr]    Compiling const-str-proc-macro v0.3.2
[INFO] [stderr]    Compiling lightningcss-derive v1.0.0-alpha.43
[INFO] [stderr]    Compiling ptr_meta v0.1.4
[INFO] [stderr]    Compiling phf v0.11.3
[INFO] [stderr]    Compiling cssparser v0.33.0
[INFO] [stderr]    Compiling rux-rhai v0.7.1
[INFO] [stderr]    Compiling const-str v0.3.2
[INFO] [stderr]    Compiling moxcms v0.8.1
[INFO] [stderr]    Compiling cssparser-color v0.1.0
[INFO] [stderr]    Compiling serde v1.0.228
[INFO] [stderr]    Compiling serde-content v0.1.2
[INFO] [stderr]    Compiling parcel_sourcemap v2.1.1
[INFO] [stderr]    Compiling lightningcss v1.0.0-alpha.71
[INFO] [stderr]    Compiling image v0.25.10
[INFO] [stderr]    Compiling rux-script v0.7.1
[INFO] [stderr]    Compiling rux-style v0.7.1
[INFO] [stderr]    Compiling rux-runtime v0.7.1 (/opt/rustwide/workdir)
[INFO] [stderr]     Finished `release` profile [optimized] target(s) in 2m 46s
[INFO] running `Command { std: "docker" "inspect" "0682ec272fa7be40d8e4c66eeef8368b14b9c86e6dce05a9792f0f50ecad77cb", kill_on_drop: false }`
[INFO] running `Command { std: "docker" "exec" "-e" "SOURCE_DIR=/opt/rustwide/workdir" "-e" "CARGO_HOME=/opt/rustwide/cargo-home" "-e" "RUSTUP_HOME=/opt/rustwide/rustup-home" "-e" "CARGO_TARGET_DIR=/opt/rustwide/target" "-e" "CARGO_INCREMENTAL=0" "-e" "RUST_BACKTRACE=full" "-e" "RUSTFLAGS=--cap-lints=warn" "-e" "RUSTDOCFLAGS=--cap-lints=warn" "-w" "/opt/rustwide/workdir" "--user" "0:0" "0682ec272fa7be40d8e4c66eeef8368b14b9c86e6dce05a9792f0f50ecad77cb" "/opt/rustwide/cargo-home/bin/cargo" "+1.99.0-beta.8" "test" "--frozen" "--no-run" "--message-format=json" "--release", kill_on_drop: false }`
[INFO] [stderr]    Compiling rux-runtime v0.7.1 (/opt/rustwide/workdir)
[INFO] [stderr]     Finished `release` profile [optimized] target(s) in 30.70s
[INFO] running `Command { std: "docker" "inspect" "0682ec272fa7be40d8e4c66eeef8368b14b9c86e6dce05a9792f0f50ecad77cb", kill_on_drop: false }`
[INFO] running `Command { std: "docker" "exec" "-e" "SOURCE_DIR=/opt/rustwide/workdir" "-e" "CARGO_HOME=/opt/rustwide/cargo-home" "-e" "RUSTUP_HOME=/opt/rustwide/rustup-home" "-e" "CARGO_TARGET_DIR=/opt/rustwide/target" "-e" "CARGO_INCREMENTAL=0" "-e" "RUST_BACKTRACE=full" "-e" "RUSTFLAGS=--cap-lints=warn" "-e" "RUSTDOCFLAGS=--cap-lints=warn" "-w" "/opt/rustwide/workdir" "--user" "0:0" "0682ec272fa7be40d8e4c66eeef8368b14b9c86e6dce05a9792f0f50ecad77cb" "/opt/rustwide/cargo-home/bin/cargo" "+1.99.0-beta.8" "test" "--frozen" "--release", kill_on_drop: false }`
[INFO] [stderr]     Finished `release` profile [optimized] target(s) in 0.14s
[INFO] [stderr]      Running unittests src/lib.rs (/opt/rustwide/target/release/deps/rux_runtime-d25b0444368dbbe9)
[INFO] [stdout] 
[INFO] [stdout] running 182 tests
[INFO] [stdout] test swap_tests::a_bound_swap_never_finishes_on_the_clock ... ok
[INFO] [stdout] test swap_tests::a_bound_swap_that_was_never_driven_still_runs_on_the_clock ... ok
[INFO] [stdout] test swap_tests::an_unkeyed_animated_list_warns ... ok
[INFO] [stdout] test swap_tests::an_unmarked_element_still_disappears_at_once ... ok
[INFO] [stdout] test swap_tests::a_leaving_element_is_held_until_its_transition_is_over ... ok
[INFO] [stdout] test swap_tests::an_added_row_enters ... ok
[INFO] [stdout] test tests::a_binding_cannot_query ... ok
[INFO] [stdout] test swap_tests::a_swapping_element_keeps_its_identity_when_a_sibling_leaves ... ok
[INFO] [stdout] test swap_tests::a_departed_row_is_held_in_the_place_it_left ... ok
[INFO] [stdout] test swap_tests::a_swap_reverses_instead_of_stacking ... ok
[INFO] [stdout] test swap_tests::a_leaving_page_is_visible_for_its_whole_transition ... ok
[INFO] [stdout] test tests::a_component_computed_follows_a_document_signal ... ok
[INFO] [stdout] test swap_tests::the_outgoing_pages_unmounted_waits_for_the_commit ... ok
[INFO] [stdout] test tests::a_component_effect_runs_per_instance ... ok
[INFO] [stdout] test tests::a_component_reads_and_writes_an_unshadowed_document_signal ... ok
[INFO] [stdout] test tests::a_composition_marks_only_the_focused_input ... ok
[INFO] [stdout] test tests::a_collapsed_selection_is_none ... ok
[INFO] [stdout] test swap_tests::an_unmarked_router_still_swaps_instantly ... ok
[INFO] [stdout] test tests::a_component_computed_tracks_its_own_instance ... ok
[INFO] [stdout] test tests::a_composition_survives_a_rebuild ... ok
[INFO] [stdout] test tests::a_component_hook_is_not_part_of_its_state_script ... ok
[INFO] [stdout] test swap_tests::a_navigation_holds_the_outgoing_page ... ok
[INFO] [stdout] test tests::a_computed_may_read_an_earlier_computed ... ok
[INFO] [stdout] test tests::a_handle_reads_the_geometry_of_the_last_frame ... ok
[INFO] [stdout] test tests::a_handler_calling_nothing_says_so ... ok
[INFO] [stdout] test tests::a_clean_document_has_no_diagnostics ... ok
[INFO] [stdout] test tests::a_computed_tracks_what_it_reads ... ok
[INFO] [stdout] test tests::a_handle_reads_back_its_tag_and_classes ... ok
[INFO] [stdout] test tests::a_handler_can_query_the_tree_it_is_running_against ... ok
[INFO] [stdout] test tests::a_failed_reload_keeps_the_last_good_tree ... ok
[INFO] [stdout] test swap_tests::navigating_back_mid_swap_does_not_strand_a_page ... ok
[INFO] [stdout] test tests::a_child_parameter_reaches_the_params_signal ... ok
[INFO] [stdout] test tests::a_document_interval_is_not_claimed_by_a_component_mounting_beside_it ... ok
[INFO] [stdout] test tests::a_handler_in_an_unrendered_branch_is_still_checked ... ok
[INFO] [stdout] test tests::a_handler_can_replace_the_current_page ... ok
[INFO] [stdout] test tests::a_document_can_start_somewhere_other_than_root ... ok
[INFO] [stdout] test tests::a_handler_moves_only_its_own_instance ... ok
[INFO] [stdout] test tests::a_handler_is_handed_its_touch_points ... ok
[INFO] [stdout] test tests::a_handler_naming_a_runtime_only_value_is_not_reported ... ok
[INFO] [stdout] test swap_tests::enter_from_is_worn_for_one_build_and_then_dropped ... ok
[INFO] [stdout] test swap_tests::a_route_view_runs_its_unmounted_at_all ... ok
[INFO] [stdout] test tests::a_child_route_renders_inside_its_parent ... ok
[INFO] [stdout] test tests::a_handler_that_cannot_compile_is_reported_at_load ... ok
[INFO] [stdout] test swap_tests::a_bound_swap_can_change_its_mind ... ok
[INFO] [stdout] test tests::a_handler_that_writes_both_shows_both ... ok
[INFO] [stdout] test tests::a_missing_stylesheet_fails_the_load ... ok
[INFO] [stdout] test tests::a_key_identifies_a_row_across_a_reorder ... ok
[INFO] [stdout] test tests::a_named_function_can_be_a_handler ... ok
[INFO] [stdout] test tests::a_mounted_hook_can_reach_for_an_element ... ok
[INFO] [stdout] test tests::a_link_navigates_when_tapped ... ok
[INFO] [stdout] test tests::a_named_child_route_resolves_to_its_full_path ... ok
[INFO] [stdout] test tests::a_print_from_a_handler_reaches_the_overlay ... ok
[INFO] [stdout] test tests::a_path_model_is_assigned_not_shadowed ... ok
[INFO] [stdout] test tests::a_reload_keeps_the_window_viewport ... ok
[INFO] [stdout] test tests::a_new_path_after_going_back_drops_the_forward_entries ... ok
[INFO] [stdout] test tests::a_query_is_readable_and_does_not_change_the_page ... ok
[INFO] [stdout] test tests::a_successful_reload_clears_the_error ... ok
[INFO] [stdout] test tests::a_rows_field_reads_and_writes_in_its_own_scope ... ok
[INFO] [stdout] test tests::a_rebuild_does_not_re_fire_a_component_hook ... ok
[INFO] [stdout] test tests::a_script_function_calling_nothing_says_so ... ok
[INFO] [stdout] test tests::a_named_route_builds_its_own_path ... ok
[INFO] [stdout] test tests::a_value_on_a_valueless_directive_is_an_error ... ok
[INFO] [stdout] test tests::a_listener_runs_in_the_callers_scope ... ok
[INFO] [stdout] test tests::a_touch_point_carries_its_own_id ... ok
[INFO] [stdout] test tests::a_replace_lands_at_the_top ... ok
[INFO] [stdout] test tests::an_effect_ignores_signals_it_never_read ... ok
[INFO] [stdout] test tests::an_awkward_value_survives_the_round_trip ... ok
[INFO] [stdout] test tests::an_effect_is_not_woken_by_its_own_writes ... ok
[INFO] [stdout] test tests::an_effect_runs_on_load_and_on_change ... ok
[INFO] [stdout] test tests::an_event_the_runtime_never_dispatches_is_an_error ... ok
[INFO] [stdout] test tests::a_route_naming_an_unimported_view_warns ... ok
[INFO] [stdout] test tests::a_warning_inside_a_component_names_the_components_file ... ok
[INFO] [stdout] test tests::a_path_parameter_reaches_the_view ... ok
[INFO] [stdout] test tests::a_slot_renders_the_callers_children ... ok
[INFO] [stdout] test tests::a_row_that_goes_away_takes_its_instance_with_it ... ok
[INFO] [stdout] test tests::a_slot_adds_no_node_of_its_own ... ok
[INFO] [stdout] test tests::a_nested_route_with_no_outlet_says_so ... ok
[INFO] [stdout] test tests::an_outlet_outside_a_route_view_warns ... ok
[INFO] [stdout] test tests::an_interval_can_be_cleared_by_its_handle ... ok
[INFO] [stdout] test tests::an_interval_needs_a_real_period ... ok
[INFO] [stdout] test tests::an_include_from_source_warns_instead_of_failing ... ok
[INFO] [stdout] test tests::a_trailing_slash_is_the_same_path ... ok
[INFO] [stdout] test tests::an_empty_slot_falls_back_to_its_own_children ... ok
[INFO] [stdout] test tests::an_event_with_no_listener_is_ignored ... ok
[INFO] [stdout] test tests::an_unmatched_path_falls_back ... ok
[INFO] [stdout] test tests::an_unresolvable_call_is_an_error_in_a_page_and_a_warning_in_a_fragment ... ok
[INFO] [stdout] test tests::an_instance_that_never_settled_runs_no_hooks ... ok
[INFO] [stdout] test tests::an_interval_dies_with_its_instance ... ok
[INFO] [stdout] test tests::a_route_view_is_fresh_on_a_second_visit ... ok
[INFO] [stdout] test tests::an_event_carries_its_payload ... ok
[INFO] [stdout] test tests::calling_a_fn_with_the_wrong_count_is_reported ... ok
[INFO] [stdout] test tests::an_undefined_name_is_an_error_in_a_page_and_a_warning_in_a_fragment ... ok
[INFO] [stdout] test tests::back_returns_to_where_the_page_was_left ... ok
[INFO] [stdout] test tests::checked_toggles_get_a_checked_class ... ok
[INFO] [stdout] test tests::combinators_work_from_a_handler ... ok
[INFO] [stdout] test tests::clearing_pointer_state_unstyles_the_hovered_element ... ok
[INFO] [stdout] test tests::an_emitted_event_runs_the_callers_handler ... ok
[INFO] [stdout] test tests::component_state_is_not_a_document_signal ... ok
[INFO] [stdout] test tests::component_prop_reconciles_in_place ... ok
[INFO] [stdout] test tests::coming_back_mounts_a_new_instance ... ok
[INFO] [stdout] test tests::focusing_something_that_is_not_an_input_is_reported ... ok
[INFO] [stdout] test tests::focus_moves_the_caret_into_an_input ... ok
[INFO] [stdout] test tests::component_mounted_runs_per_instance ... ok
[INFO] [stdout] test tests::effects_that_feed_each_other_are_stopped_and_reported ... ok
[INFO] [stdout] test tests::dynamic_inline_style_interpolates_and_reconciles ... ok
[INFO] [stdout] test tests::focus_moves_the_selection_out_of_the_old_input ... ok
[INFO] [stdout] test tests::conditional_class_object_form ... ok
[INFO] [stdout] test tests::each_rows_select_is_its_own ... ok
[INFO] [stdout] test tests::hover_restyles_only_the_hovered_element ... ok
[INFO] [stdout] test tests::emit_outside_a_component_warns ... ok
[INFO] [stdout] test tests::geometry_is_absent_rather_than_zero_before_any_layout ... ok
[INFO] [stdout] test tests::dynamic_class_reconciles ... ok
[INFO] [stdout] test tests::hoverable_elements_are_marked_for_the_shell ... ok
[INFO] [stdout] test tests::hover_applies_to_the_ancestor_chain ... ok
[INFO] [stdout] test tests::css_showcase_example_builds ... FAILED
[INFO] [stdout] test tests::hover_change_preserves_a_caret_elsewhere ... ok
[INFO] [stdout] test tests::loads_document_and_expands_imported_component ... ok
[INFO] [stdout] test tests::label_for_focuses_a_text_input ... ok
[INFO] [stdout] test tests::included_stylesheets_cascade_under_the_document ... ok
[INFO] [stdout] test tests::handlers_that_work_are_not_warned_about ... ok
[INFO] [stdout] test tests::focus_moves_the_caret_out_of_the_old_input ... ok
[INFO] [stdout] test tests::instance_reactives_die_with_the_instance ... ok
[INFO] [stdout] test tests::keys_that_cannot_work_are_warned_about ... ok
[INFO] [stdout] test tests::mounted_does_not_re_run_when_its_signals_change ... ok
[INFO] [stdout] test tests::history_walks_both_ways ... ok
[INFO] [stdout] test tests::label_for_inherits_the_targets_tap ... ok
[INFO] [stdout] test tests::lines_are_the_files_lines_not_the_templates ... ok
[INFO] [stdout] test tests::hiding_a_component_drops_its_state ... ok
[INFO] [stdout] test tests::mounted_runs_once_and_reaches_the_screen ... ok
[INFO] [stdout] test tests::navigating_to_the_current_path_is_not_a_visit ... ok
[INFO] [stdout] test tests::no_pointer_rules_means_no_state_regions ... ok
[INFO] [stdout] test tests::only_the_focused_row_gets_a_caret ... ok
[INFO] [stdout] test tests::options_patch_in_place ... ok
[INFO] [stdout] test tests::patch_updates_input_value_in_place ... ok
[INFO] [stdout] test tests::params_are_readable_outside_the_matched_view ... ok
[INFO] [stdout] test tests::path_for_escapes_what_it_is_given ... ok
[INFO] [stdout] test tests::numbers_render_the_same_in_text_and_in_script ... ok
[INFO] [stdout] test tests::r_for_reconciles_row_count ... ok
[INFO] [stdout] test tests::r_show_toggles_hidden_in_place ... ok
[INFO] [stdout] test tests::prints_reach_the_overlay_without_becoming_problems ... ok
[INFO] [stdout] test tests::r_for_chip_styles ... ok
[INFO] [stdout] test tests::patch_updates_text_and_preserves_caret ... ok
[INFO] [stdout] test tests::resize_across_a_breakpoint_restyles ... ok
[INFO] [stdout] test tests::resize_within_a_breakpoint_is_not_a_change ... ok
[INFO] [stdout] test tests::restore_scroll_false_always_starts_at_the_top ... ok
[INFO] [stdout] test tests::resolves_image_src_and_intrinsic_size ... ok
[INFO] [stdout] test tests::r_if_reconciles_and_preserves_an_outside_caret ... ok
[INFO] [stdout] test tests::several_mounted_blocks_run_in_order ... ok
[INFO] [stdout] test tests::same_hover_target_is_not_a_change ... ok
[INFO] [stdout] test tests::scroll_into_view_is_queued_for_the_shell ... ok
[INFO] [stdout] test tests::selection_paints_only_in_the_focused_input ... ok
[INFO] [stdout] test tests::slot_content_reads_the_callers_scope ... ok
[INFO] [stdout] test tests::starting_at_nothing_starts_at_the_root ... ok
[INFO] [stdout] test tests::scrolling_alone_asks_for_nothing ... ok
[INFO] [stdout] test tests::style_object_form ... ok
[INFO] [stdout] test tests::selection_survives_a_rebuild ... ok
[INFO] [stdout] test tests::replace_leaves_no_entry_to_go_back_to ... ok
[INFO] [stdout] test tests::tap_is_queued_for_the_shell ... ok
[INFO] [stdout] test tests::path_for_puts_what_is_left_over_in_the_query ... ok
[INFO] [stdout] test tests::template_warnings_land_on_the_line_that_is_wrong ... ok
[INFO] [stdout] test tests::the_r_for_tuple_form_says_it_is_unsupported ... ok
[INFO] [stdout] test tests::the_caret_follows_its_row_across_a_reorder ... ok
[INFO] [stdout] test tests::the_current_link_matches_the_current_pseudo ... ok
[INFO] [stdout] test tests::the_index_follows_the_tree_not_the_template ... ok
[INFO] [stdout] test tests::the_history_says_whether_it_can_be_walked ... ok
[INFO] [stdout] test tests::the_ordinary_r_for_form_warns_about_nothing ... ok
[INFO] [stdout] test tests::the_parent_path_renders_the_index_child ... ok
[INFO] [stdout] test tests::the_parent_view_survives_a_child_change ... ok
[INFO] [stdout] test tests::the_history_can_be_walked_by_index ... ok
[INFO] [stdout] test tests::the_pre_v0_3_signal_api_says_what_replaced_it ... ok
[INFO] [stdout] test tests::starting_at_a_path_leaves_nothing_behind_it ... ok
[INFO] [stdout] test tests::an_interval_ticks_on_its_period ... ok
[INFO] [stdout] test tests::component_unmounted_fires_when_the_instance_leaves ... ok
[INFO] [stdout] test tests::resize_does_nothing_without_media_queries ... ok
[INFO] [stdout] test tests::an_out_of_range_history_index_is_refused ... ok
[INFO] [stdout] test tests::an_unmatched_tail_falls_through_to_the_fallback ... ok
[INFO] [stdout] test tests::unmounted_runs_on_teardown_and_only_once ... ok
[INFO] [stdout] test tests::two_instances_keep_their_own_state ... ok
[INFO] [stdout] test tests::the_router_renders_the_matching_route ... ok
[INFO] [stdout] test tests::toggle_reconciles_and_preserves_an_outside_caret ... ok
[INFO] [stdout] test tests::warnings_are_collected_for_the_overlay ... ok
[INFO] [stdout] test tests::typing_patches_the_input_value_in_place ... ok
[INFO] [stdout] 
[INFO] [stdout] failures:
[INFO] [stdout] 
[INFO] [stdout] ---- tests::css_showcase_example_builds stdout ----
[INFO] [stdout] 
[INFO] [stdout] thread 'tests::css_showcase_example_builds' (2460) panicked at src/lib.rs:7222:40:
[INFO] [stdout] css-showcase.rux builds: "reading /opt/rustwide/workdir/../../examples/css-showcase.rux: No such file or directory (os error 2)"
[INFO] [stdout] stack backtrace:
[INFO] [stdout]    0:     0x5d9da7c82691 - <<std[70759c8f55707aa4]::sys::backtrace::BacktraceLock>::print::DisplayBacktrace as core[df12db4294e9bfd3]::fmt::Display>::fmt
[INFO] [stdout]    1:     0x5d9da7c9bc1a - core[df12db4294e9bfd3]::fmt::write
[INFO] [stdout]    2:     0x5d9da7c86f6c - <alloc[2182bb758b4b3781]::vec::Vec<u8> as core[df12db4294e9bfd3]::io::write::Write>::write_fmt
[INFO] [stdout]    3:     0x5d9da7c5c826 - std[70759c8f55707aa4]::panicking::default_hook::{closure#0}
[INFO] [stdout]    4:     0x5d9da7c79ef9 - std[70759c8f55707aa4]::panicking::default_hook
[INFO] [stdout]    5:     0x5d9da75faf90 - test[9d35eded1c95d3be]::test_main_inner::<test[9d35eded1c95d3be]::test_main_static::{closure#0}>::{closure#0}
[INFO] [stdout]    6:     0x5d9da7c7a0b2 - std[70759c8f55707aa4]::panicking::panic_with_hook
[INFO] [stdout]    7:     0x5d9da7c5c8d2 - std[70759c8f55707aa4]::panicking::panic_handler::{closure#0}
[INFO] [stdout]    8:     0x5d9da7c55379 - std[70759c8f55707aa4]::sys::backtrace::__rust_end_short_backtrace::<std[70759c8f55707aa4]::panicking::panic_handler::{closure#0}, !>
[INFO] [stdout]    9:     0x5d9da7c5d4cd - __rustc[8fa7c3cbc660c2b3]::rust_begin_unwind
[INFO] [stdout]   10:     0x5d9da7c9c37c - core[df12db4294e9bfd3]::panicking::panic_fmt
[INFO] [stdout]   11:     0x5d9da7c9c152 - core[df12db4294e9bfd3]::result::unwrap_failed
[INFO] [stdout]   12:     0x5d9da74e4a56 - rux_runtime[cacceee41a6aeef3]::tests::css_showcase_example_builds
[INFO] [stdout]   13:     0x5d9da74dbb09 - <rux_runtime[cacceee41a6aeef3]::tests::css_showcase_example_builds::{closure#0} as core[df12db4294e9bfd3]::ops::function::FnOnce<()>>::call_once
[INFO] [stdout]   14:     0x5d9da75ee27b - test[9d35eded1c95d3be]::__rust_begin_short_backtrace::<core[df12db4294e9bfd3]::result::Result<(), alloc[2182bb758b4b3781]::string::String>, fn() -> core[df12db4294e9bfd3]::result::Result<(), alloc[2182bb758b4b3781]::string::String>>
[INFO] [stdout]   15:     0x5d9da75fb8e5 - test[9d35eded1c95d3be]::run_test::{closure#0}
[INFO] [stdout]   16:     0x5d9da75f51a4 - std[70759c8f55707aa4]::sys::backtrace::__rust_begin_short_backtrace::<test[9d35eded1c95d3be]::run_test::{closure#1}, ()>
[INFO] [stdout]   17:     0x5d9da75fea42 - <std[70759c8f55707aa4]::thread::lifecycle::spawn_unchecked<test[9d35eded1c95d3be]::run_test::{closure#1}, ()>::{closure#1} as core[df12db4294e9bfd3]::ops::function::FnOnce<()>>::call_once::{shim:vtable#0}
[INFO] [stdout]   18:     0x5d9da7c819d9 - <std[70759c8f55707aa4]::sys::thread::unix::Thread>::new::thread_start
[INFO] [stdout]   19:     0x7236db311dfa - <unknown>
[INFO] [stdout]   20:     0x7236db3a53d4 - clone
[INFO] [stdout]   21:                0x0 - <unknown>
[INFO] [stdout] 
[INFO] [stdout] 
[INFO] [stdout] failures:
[INFO] [stdout]     tests::css_showcase_example_builds
[INFO] [stdout] 
[INFO] [stdout] test result: FAILED. 181 passed; 1 failed; 0 ignored; 0 measured; 0 filtered out; finished in 0.33s
[INFO] [stdout] 
[INFO] [stderr] error: test failed, to rerun pass `--lib`
[INFO] running `Command { std: "docker" "inspect" "0682ec272fa7be40d8e4c66eeef8368b14b9c86e6dce05a9792f0f50ecad77cb", kill_on_drop: false }`
[INFO] running `Command { std: "docker" "rm" "-f" "0682ec272fa7be40d8e4c66eeef8368b14b9c86e6dce05a9792f0f50ecad77cb", kill_on_drop: false }`
[INFO] [stdout] 0682ec272fa7be40d8e4c66eeef8368b14b9c86e6dce05a9792f0f50ecad77cb
