[INFO] fetching crate rustybook-messenger 0.2.1...
[INFO] testing rustybook-messenger-0.2.1 against 1.99.0-beta.8+cargoflags=--release for beta-release-1.100-2
[INFO] extracting crate rustybook-messenger 0.2.1 into /workspace/builds/worker-6-tc1/source
[INFO] started tweaking crates.io crate rustybook-messenger 0.2.1
[INFO] finished tweaking crates.io crate rustybook-messenger 0.2.1
[INFO] tweaked toml for crates.io crate rustybook-messenger 0.2.1 written to /workspace/builds/worker-6-tc1/source/Cargo.toml
[INFO] validating manifest of crates.io crate rustybook-messenger 0.2.1 on toolchain 1.99.0-beta.8
[INFO] running `Command { std: CARGO_HOME="/workspace/cargo-home" RUSTUP_HOME="/workspace/rustup-home" "/workspace/cargo-home/bin/cargo" "+1.99.0-beta.8" "metadata" "--manifest-path" "Cargo.toml" "--no-deps", kill_on_drop: false }`
[INFO] crate crates.io crate rustybook-messenger 0.2.1 already has a lockfile, it will not be regenerated
[INFO] running `Command { std: CARGO_HOME="/workspace/cargo-home" RUSTUP_HOME="/workspace/rustup-home" "/workspace/cargo-home/bin/cargo" "+1.99.0-beta.8" "fetch" "--manifest-path" "Cargo.toml", kill_on_drop: false }`
[INFO] [stderr]     Updating crates.io index
[INFO] [stderr]  Downloading crates ...
[INFO] [stderr]   Downloaded rustybook-http v0.2.1
[INFO] [stderr]   Downloaded rustybook-extractor v0.2.1
[INFO] [stderr]   Downloaded scraper v0.25.0
[INFO] [stderr]   Downloaded rustybook-logging v0.2.1
[INFO] [stderr]   Downloaded reqwest_cookie_store v0.10.0
[INFO] [stderr]   Downloaded wasm-bindgen-futures v0.4.63
[INFO] [stderr]   Downloaded compression-codecs v0.4.36
[INFO] [stderr]   Downloaded rustybook-rumqttc v0.25.2
[INFO] [stderr]   Downloaded jsonpath-rust v1.0.4
[INFO] [stderr]   Downloaded async-compression v0.4.39
[INFO] running `Command { std: "docker" "create" "-v" "/var/lib/crater-agent-workspace/builds/worker-6-tc1/source:/opt/rustwide/workdir:ro,Z" "-v" "/var/lib/crater-agent-workspace/builds/worker-6-tc1/target:/opt/rustwide/target:rw,Z" "-v" "/var/lib/crater-agent-workspace/cargo-home:/opt/rustwide/cargo-home:ro,Z" "-v" "/var/lib/crater-agent-workspace/rustup-home:/opt/rustwide/rustup-home:ro,Z" "-m" "1610612736" "--network" "none" "ghcr.io/rust-lang/crates-build-env/linux@sha256:77db811e55d90add9212f6832c23229e3de5f1c1f9905e8cb07319ea15df73ac" "sleep" "infinity", kill_on_drop: false }`
[INFO] [stdout] 13ed35286c8e0887783e96cd3aa8b3c6fe7891500c24cb51a534196a2ce3ab7f
[INFO] running `Command { std: "docker" "start" "13ed35286c8e0887783e96cd3aa8b3c6fe7891500c24cb51a534196a2ce3ab7f", kill_on_drop: false }`
[INFO] running `Command { std: "docker" "inspect" "13ed35286c8e0887783e96cd3aa8b3c6fe7891500c24cb51a534196a2ce3ab7f", kill_on_drop: false }`
[INFO] running `Command { std: "docker" "exec" "-e" "SOURCE_DIR=/opt/rustwide/workdir" "-e" "CARGO_HOME=/opt/rustwide/cargo-home" "-e" "RUSTUP_HOME=/opt/rustwide/rustup-home" "-e" "CARGO_TARGET_DIR=/opt/rustwide/target" "-w" "/opt/rustwide/workdir" "--user" "0:0" "13ed35286c8e0887783e96cd3aa8b3c6fe7891500c24cb51a534196a2ce3ab7f" "/opt/rustwide/cargo-home/bin/cargo" "+1.99.0-beta.8" "metadata" "--no-deps" "--format-version=1", kill_on_drop: false }`
[INFO] running `Command { std: "docker" "inspect" "13ed35286c8e0887783e96cd3aa8b3c6fe7891500c24cb51a534196a2ce3ab7f", kill_on_drop: false }`
[INFO] running `Command { std: "docker" "exec" "-e" "SOURCE_DIR=/opt/rustwide/workdir" "-e" "CARGO_HOME=/opt/rustwide/cargo-home" "-e" "RUSTUP_HOME=/opt/rustwide/rustup-home" "-e" "CARGO_TARGET_DIR=/opt/rustwide/target" "-e" "CARGO_INCREMENTAL=0" "-e" "RUST_BACKTRACE=full" "-e" "RUSTFLAGS=--cap-lints=warn" "-e" "RUSTDOCFLAGS=--cap-lints=warn" "-w" "/opt/rustwide/workdir" "--user" "0:0" "13ed35286c8e0887783e96cd3aa8b3c6fe7891500c24cb51a534196a2ce3ab7f" "/opt/rustwide/cargo-home/bin/cargo" "+1.99.0-beta.8" "build" "--frozen" "--message-format=json" "--release", kill_on_drop: false }`
[INFO] [stderr]    Compiling siphasher v1.0.2
[INFO] [stderr]    Compiling fastrand v2.3.0
[INFO] [stderr]    Compiling aws-lc-rs v1.15.4
[INFO] [stderr]    Compiling rustls v0.23.36
[INFO] [stderr]    Compiling syn v2.0.116
[INFO] [stderr]    Compiling cmake v0.1.57
[INFO] [stderr]    Compiling phf_shared v0.13.1
[INFO] [stderr]    Compiling regex-automata v0.4.14
[INFO] [stderr]    Compiling deranged v0.5.6
[INFO] [stderr]    Compiling pest v2.8.6
[INFO] [stderr]    Compiling brotli v8.0.2
[INFO] [stderr]    Compiling cookie v0.18.1
[INFO] [stderr]    Compiling compression-core v0.4.31
[INFO] [stderr]    Compiling pharos v0.5.3
[INFO] [stderr]    Compiling psl-types v2.0.11
[INFO] [stderr]    Compiling sha1 v0.10.6
[INFO] [stderr]    Compiling async_io_stream v0.3.3
[INFO] [stderr]    Compiling ring v0.17.14
[INFO] [stderr]    Compiling portable-atomic v1.13.1
[INFO] [stderr]    Compiling ws_stream_tungstenite v0.15.0
[INFO] [stderr]    Compiling getrandom v0.2.17
[INFO] [stderr]    Compiling ego-tree v0.10.0
[INFO] [stderr]    Compiling console v0.16.2
[INFO] [stderr]    Compiling tracing-log v0.2.0
[INFO] [stderr]    Compiling unit-prefix v0.5.2
[INFO] [stderr]    Compiling phf_generator v0.13.1
[INFO] [stderr]    Compiling aws-lc-sys v0.37.1
[INFO] [stderr]    Compiling phf_codegen v0.13.1
[INFO] [stderr]    Compiling string_cache_codegen v0.6.1
[INFO] [stderr]    Compiling string_cache v0.9.0
[INFO] [stderr]    Compiling flume v0.11.1
[INFO] [stderr]    Compiling getrandom v0.4.2
[INFO] [stderr]    Compiling selectors v0.33.0
[INFO] [stderr]    Compiling fixedbitset v0.5.7
[INFO] [stderr]    Compiling uuid v1.21.0
[INFO] [stderr]    Compiling web_atoms v0.2.3
[INFO] [stderr]    Compiling time v0.3.47
[INFO] [stderr]    Compiling indicatif v0.18.4
[INFO] [stderr]    Compiling pest_meta v2.8.6
[INFO] [stderr]    Compiling compression-codecs v0.4.36
[INFO] [stderr]    Compiling synstructure v0.13.2
[INFO] [stderr]    Compiling pest_generator v2.8.6
[INFO] [stderr]    Compiling regex v1.12.3
[INFO] [stderr]    Compiling zerofrom-derive v0.1.6
[INFO] [stderr]    Compiling yoke-derive v0.8.1
[INFO] [stderr]    Compiling tokio-macros v2.6.0
[INFO] [stderr]    Compiling zerovec-derive v0.11.2
[INFO] [stderr]    Compiling displaydoc v0.2.5
[INFO] [stderr]    Compiling futures-macro v0.3.32
[INFO] [stderr]    Compiling tokio v1.49.0
[INFO] [stderr]    Compiling tracing-attributes v0.1.31
[INFO] [stderr]    Compiling phf_macros v0.13.1
[INFO] [stderr]    Compiling zerofrom v0.1.6
[INFO] [stderr]    Compiling yoke v0.8.1
[INFO] [stderr]    Compiling thiserror-impl v2.0.18
[INFO] [stderr]    Compiling serde_derive v1.0.228
[INFO] [stderr]    Compiling cssparser-macros v0.6.1
[INFO] [stderr]    Compiling derive_more-impl v2.1.1
[INFO] [stderr]    Compiling pest_derive v2.8.6
[INFO] [stderr]    Compiling zerotrie v0.2.3
[INFO] [stderr]    Compiling matchers v0.2.0
[INFO] [stderr]    Compiling futures-util v0.3.32
[INFO] [stderr]    Compiling async-trait v0.1.89
[INFO] [stderr]    Compiling zerovec v0.11.5
[INFO] [stderr]    Compiling phf v0.13.1
[INFO] [stderr]    Compiling cssparser v0.36.0
[INFO] [stderr]    Compiling derive_more v2.1.1
[INFO] [stderr]    Compiling tracing v0.1.44
[INFO] [stderr]    Compiling tinystr v0.8.2
[INFO] [stderr]    Compiling potential_utf v0.1.4
[INFO] [stderr]    Compiling icu_collections v2.1.1
[INFO] [stderr]    Compiling icu_locale_core v2.1.1
[INFO] [stderr]    Compiling thiserror v2.0.18
[INFO] [stderr]    Compiling markup5ever v0.36.1
[INFO] [stderr]    Compiling html5ever v0.36.1
[INFO] [stderr]    Compiling jsonpath-rust v1.0.4
[INFO] [stderr]    Compiling tracing-subscriber v0.3.22
[INFO] [stderr]    Compiling icu_provider v2.1.1
[INFO] [stderr]    Compiling scraper v0.25.0
[INFO] [stderr]    Compiling rustls-webpki v0.102.8
[INFO] [stderr]    Compiling icu_properties v2.1.2
[INFO] [stderr]    Compiling icu_normalizer v2.1.1
[INFO] [stderr]    Compiling rustybook-logging v0.2.1
[INFO] [stderr]    Compiling serde v1.0.228
[INFO] [stderr]    Compiling futures-executor v0.3.32
[INFO] [stderr]    Compiling rustybook-extractor v0.2.1
[INFO] [stderr]    Compiling futures v0.3.32
[INFO] [stderr]    Compiling idna_adapter v1.2.1
[INFO] [stderr]    Compiling idna v1.1.0
[INFO] [stderr]    Compiling url v2.5.8
[INFO] [stderr]    Compiling publicsuffix v2.3.0
[INFO] [stderr]    Compiling tokio-util v0.7.18
[INFO] [stderr]    Compiling tower v0.5.3
[INFO] [stderr]    Compiling async-compression v0.4.39
[INFO] [stderr]    Compiling tokio-stream v0.1.18
[INFO] [stderr]    Compiling cookie_store v0.22.1
[INFO] [stderr]    Compiling h2 v0.4.13
[INFO] [stderr]    Compiling tower-http v0.6.8
[INFO] [stderr]    Compiling hyper v1.8.1
[INFO] [stderr]    Compiling hyper-util v0.1.20
[INFO] [stderr]    Compiling rustls-webpki v0.103.9
[INFO] [stderr]    Compiling tokio-rustls v0.26.4
[INFO] [stderr]    Compiling tungstenite v0.26.2
[INFO] [stderr]    Compiling rustls-platform-verifier v0.6.2
[INFO] [stderr]    Compiling hyper-rustls v0.27.7
[INFO] [stderr]    Compiling reqwest v0.13.2
[INFO] [stderr]    Compiling async-tungstenite v0.29.1
[INFO] [stderr]    Compiling rustybook-rumqttc v0.25.2
[INFO] [stderr]    Compiling reqwest_cookie_store v0.10.0
[INFO] [stderr]    Compiling rustybook-http v0.2.1
[INFO] [stderr]    Compiling rustybook-messenger v0.2.1 (/opt/rustwide/workdir)
[INFO] [stderr]     Finished `release` profile [optimized] target(s) in 3m 18s
[INFO] running `Command { std: "docker" "inspect" "13ed35286c8e0887783e96cd3aa8b3c6fe7891500c24cb51a534196a2ce3ab7f", kill_on_drop: false }`
[INFO] running `Command { std: "docker" "exec" "-e" "SOURCE_DIR=/opt/rustwide/workdir" "-e" "CARGO_HOME=/opt/rustwide/cargo-home" "-e" "RUSTUP_HOME=/opt/rustwide/rustup-home" "-e" "CARGO_TARGET_DIR=/opt/rustwide/target" "-e" "CARGO_INCREMENTAL=0" "-e" "RUST_BACKTRACE=full" "-e" "RUSTFLAGS=--cap-lints=warn" "-e" "RUSTDOCFLAGS=--cap-lints=warn" "-w" "/opt/rustwide/workdir" "--user" "0:0" "13ed35286c8e0887783e96cd3aa8b3c6fe7891500c24cb51a534196a2ce3ab7f" "/opt/rustwide/cargo-home/bin/cargo" "+1.99.0-beta.8" "test" "--frozen" "--no-run" "--message-format=json" "--release", kill_on_drop: false }`
[INFO] [stderr]    Compiling rustybook-messenger v0.2.1 (/opt/rustwide/workdir)
[INFO] [stderr]     Finished `release` profile [optimized] target(s) in 3.07s
[INFO] running `Command { std: "docker" "inspect" "13ed35286c8e0887783e96cd3aa8b3c6fe7891500c24cb51a534196a2ce3ab7f", kill_on_drop: false }`
[INFO] running `Command { std: "docker" "exec" "-e" "SOURCE_DIR=/opt/rustwide/workdir" "-e" "CARGO_HOME=/opt/rustwide/cargo-home" "-e" "RUSTUP_HOME=/opt/rustwide/rustup-home" "-e" "CARGO_TARGET_DIR=/opt/rustwide/target" "-e" "CARGO_INCREMENTAL=0" "-e" "RUST_BACKTRACE=full" "-e" "RUSTFLAGS=--cap-lints=warn" "-e" "RUSTDOCFLAGS=--cap-lints=warn" "-w" "/opt/rustwide/workdir" "--user" "0:0" "13ed35286c8e0887783e96cd3aa8b3c6fe7891500c24cb51a534196a2ce3ab7f" "/opt/rustwide/cargo-home/bin/cargo" "+1.99.0-beta.8" "test" "--frozen" "--release", kill_on_drop: false }`
[INFO] [stderr]     Finished `release` profile [optimized] target(s) in 0.29s
[INFO] [stderr]      Running unittests src/messenger.rs (/opt/rustwide/target/release/deps/rustybook_messenger-4dea88b7da10cb32)
[INFO] [stdout] 
[INFO] [stdout] running 3 tests
[INFO] [stdout] test state::sequence::tests::extracts_sequence_id_from_array_response ... ok
[INFO] [stdout] test state::sequence::tests::encodes_form_fields ... ok
[INFO] [stdout] test state::sequence::tests::extracts_sequence_id_from_json_lines_response ... ok
[INFO] [stdout] 
[INFO] [stdout] test result: ok. 3 passed; 0 failed; 0 ignored; 0 measured; 0 filtered out; finished in 0.01s
[INFO] [stdout] 
[INFO] [stderr]    Doc-tests rustybook_messenger
[INFO] [stdout] 
[INFO] [stdout] running 1 test
[INFO] [stdout] test src/../README.md - (line 14) - compile ... FAILED
[INFO] [stdout] 
[INFO] [stdout] failures:
[INFO] [stdout] 
[INFO] [stdout] ---- src/../README.md - (line 14) stdout ----
[INFO] [stdout] error[E0432]: unresolved imports `rustybook_messenger::Event`, `rustybook_messenger::MessengerClient`
[INFO] [stdout]   --> src/../README.md:16:27
[INFO] [stdout]    |
[INFO] [stdout] 16 | use rustybook_messenger::{Event, MessengerClient};
[INFO] [stdout]    |                           ^^^^^  ^^^^^^^^^^^^^^^ no `MessengerClient` in the root
[INFO] [stdout]    |                           |
[INFO] [stdout]    |                           no `Event` in the root
[INFO] [stdout] 
[INFO] [stdout] error: aborting due to 1 previous error
[INFO] [stdout] 
[INFO] [stdout] For more information about this error, try `rustc --explain E0432`.
[INFO] [stdout] Couldn't compile the test.
[INFO] [stdout] 
[INFO] [stdout] failures:
[INFO] [stdout]     src/../README.md - (line 14)
[INFO] [stdout] 
[INFO] [stdout] test result: FAILED. 0 passed; 1 failed; 0 ignored; 0 measured; 0 filtered out; finished in 0.17s
[INFO] [stdout] 
[INFO] [stdout] all doctests ran in 0.34s; merged doctests compilation took 0.16s
[INFO] [stderr] error: doctest failed, to rerun pass `--doc`
[INFO] running `Command { std: "docker" "inspect" "13ed35286c8e0887783e96cd3aa8b3c6fe7891500c24cb51a534196a2ce3ab7f", kill_on_drop: false }`
[INFO] running `Command { std: "docker" "rm" "-f" "13ed35286c8e0887783e96cd3aa8b3c6fe7891500c24cb51a534196a2ce3ab7f", kill_on_drop: false }`
[INFO] [stdout] 13ed35286c8e0887783e96cd3aa8b3c6fe7891500c24cb51a534196a2ce3ab7f
