[INFO] fetching crate rust-ft8 0.2.1...
[INFO] testing rust-ft8-0.2.1 against 1.99.0-beta.8+cargoflags=--release for beta-release-1.100-2
[INFO] extracting crate rust-ft8 0.2.1 into /workspace/builds/worker-0-tc1/source
[INFO] started tweaking crates.io crate rust-ft8 0.2.1
[INFO] removed 0 missing tests
[INFO] finished tweaking crates.io crate rust-ft8 0.2.1
[INFO] tweaked toml for crates.io crate rust-ft8 0.2.1 written to /workspace/builds/worker-0-tc1/source/Cargo.toml
[INFO] validating manifest of crates.io crate rust-ft8 0.2.1 on toolchain 1.99.0-beta.8
[INFO] running `Command { std: CARGO_HOME="/workspace/cargo-home" RUSTUP_HOME="/workspace/rustup-home" "/workspace/cargo-home/bin/cargo" "+1.99.0-beta.8" "metadata" "--manifest-path" "Cargo.toml" "--no-deps", kill_on_drop: false }`
[INFO] crate crates.io crate rust-ft8 0.2.1 already has a lockfile, it will not be regenerated
[INFO] running `Command { std: CARGO_HOME="/workspace/cargo-home" RUSTUP_HOME="/workspace/rustup-home" "/workspace/cargo-home/bin/cargo" "+1.99.0-beta.8" "fetch" "--manifest-path" "Cargo.toml", kill_on_drop: false }`
[INFO] running `Command { std: "docker" "create" "-v" "/var/lib/crater-agent-workspace/builds/worker-0-tc1/source:/opt/rustwide/workdir:ro,Z" "-v" "/var/lib/crater-agent-workspace/builds/worker-0-tc1/target:/opt/rustwide/target:rw,Z" "-v" "/var/lib/crater-agent-workspace/cargo-home:/opt/rustwide/cargo-home:ro,Z" "-v" "/var/lib/crater-agent-workspace/rustup-home:/opt/rustwide/rustup-home:ro,Z" "-m" "1610612736" "--network" "none" "ghcr.io/rust-lang/crates-build-env/linux@sha256:77db811e55d90add9212f6832c23229e3de5f1c1f9905e8cb07319ea15df73ac" "sleep" "infinity", kill_on_drop: false }`
[INFO] [stdout] 5612ff3fab14df1c200d188bf2b8093dc86c81e269b3dc232493faa1eec5d5e6
[INFO] running `Command { std: "docker" "start" "5612ff3fab14df1c200d188bf2b8093dc86c81e269b3dc232493faa1eec5d5e6", kill_on_drop: false }`
[INFO] running `Command { std: "docker" "inspect" "5612ff3fab14df1c200d188bf2b8093dc86c81e269b3dc232493faa1eec5d5e6", kill_on_drop: false }`
[INFO] running `Command { std: "docker" "exec" "-e" "SOURCE_DIR=/opt/rustwide/workdir" "-e" "CARGO_HOME=/opt/rustwide/cargo-home" "-e" "RUSTUP_HOME=/opt/rustwide/rustup-home" "-e" "CARGO_TARGET_DIR=/opt/rustwide/target" "-w" "/opt/rustwide/workdir" "--user" "0:0" "5612ff3fab14df1c200d188bf2b8093dc86c81e269b3dc232493faa1eec5d5e6" "/opt/rustwide/cargo-home/bin/cargo" "+1.99.0-beta.8" "metadata" "--no-deps" "--format-version=1", kill_on_drop: false }`
[INFO] running `Command { std: "docker" "inspect" "5612ff3fab14df1c200d188bf2b8093dc86c81e269b3dc232493faa1eec5d5e6", kill_on_drop: false }`
[INFO] running `Command { std: "docker" "exec" "-e" "SOURCE_DIR=/opt/rustwide/workdir" "-e" "CARGO_HOME=/opt/rustwide/cargo-home" "-e" "RUSTUP_HOME=/opt/rustwide/rustup-home" "-e" "CARGO_TARGET_DIR=/opt/rustwide/target" "-e" "CARGO_INCREMENTAL=0" "-e" "RUST_BACKTRACE=full" "-e" "RUSTFLAGS=--cap-lints=warn" "-e" "RUSTDOCFLAGS=--cap-lints=warn" "-w" "/opt/rustwide/workdir" "--user" "0:0" "5612ff3fab14df1c200d188bf2b8093dc86c81e269b3dc232493faa1eec5d5e6" "/opt/rustwide/cargo-home/bin/cargo" "+1.99.0-beta.8" "build" "--frozen" "--message-format=json" "--release", kill_on_drop: false }`
[INFO] [stderr]    Compiling autocfg v1.5.1
[INFO] [stderr]    Compiling crossbeam-utils v0.8.23
[INFO] [stderr]    Compiling crossbeam-epoch v0.9.21
[INFO] [stderr]    Compiling crossbeam-deque v0.8.8
[INFO] [stderr]    Compiling rayon-core v1.13.0
[INFO] [stderr]    Compiling memchr v2.8.3
[INFO] [stderr]    Compiling regex-syntax v0.8.11
[INFO] [stderr]    Compiling strength_reduce v0.2.4
[INFO] [stderr]    Compiling either v1.18.0
[INFO] [stderr]    Compiling num-traits v0.2.19
[INFO] [stderr]    Compiling aho-corasick v1.1.5
[INFO] [stderr]    Compiling num-integer v0.1.47
[INFO] [stderr]    Compiling num-complex v0.4.6
[INFO] [stderr]    Compiling transpose v0.2.3
[INFO] [stderr]    Compiling primal-check v0.3.4
[INFO] [stderr]    Compiling rayon v1.12.0
[INFO] [stderr]    Compiling rustfft v6.4.1
[INFO] [stderr]    Compiling regex-automata v0.4.18
[INFO] [stderr]    Compiling regex v1.13.1
[INFO] [stderr]    Compiling rust-ft8 v0.2.1 (/opt/rustwide/workdir)
[INFO] [stderr]     Finished `release` profile [optimized] target(s) in 34.43s
[INFO] running `Command { std: "docker" "inspect" "5612ff3fab14df1c200d188bf2b8093dc86c81e269b3dc232493faa1eec5d5e6", kill_on_drop: false }`
[INFO] running `Command { std: "docker" "exec" "-e" "SOURCE_DIR=/opt/rustwide/workdir" "-e" "CARGO_HOME=/opt/rustwide/cargo-home" "-e" "RUSTUP_HOME=/opt/rustwide/rustup-home" "-e" "CARGO_TARGET_DIR=/opt/rustwide/target" "-e" "CARGO_INCREMENTAL=0" "-e" "RUST_BACKTRACE=full" "-e" "RUSTFLAGS=--cap-lints=warn" "-e" "RUSTDOCFLAGS=--cap-lints=warn" "-w" "/opt/rustwide/workdir" "--user" "0:0" "5612ff3fab14df1c200d188bf2b8093dc86c81e269b3dc232493faa1eec5d5e6" "/opt/rustwide/cargo-home/bin/cargo" "+1.99.0-beta.8" "test" "--frozen" "--no-run" "--message-format=json" "--release", kill_on_drop: false }`
[INFO] [stderr]    Compiling num-traits v0.2.19
[INFO] [stderr]    Compiling crossbeam-utils v0.8.23
[INFO] [stderr]    Compiling memchr v2.8.3
[INFO] [stderr]    Compiling regex-syntax v0.8.11
[INFO] [stderr]    Compiling strength_reduce v0.2.4
[INFO] [stderr]    Compiling either v1.18.0
[INFO] [stderr]    Compiling aho-corasick v1.1.5
[INFO] [stderr]    Compiling crossbeam-epoch v0.9.21
[INFO] [stderr]    Compiling crossbeam-deque v0.8.8
[INFO] [stderr]    Compiling num-integer v0.1.47
[INFO] [stderr]    Compiling num-complex v0.4.6
[INFO] [stderr]    Compiling rayon-core v1.13.0
[INFO] [stderr]    Compiling primal-check v0.3.4
[INFO] [stderr]    Compiling transpose v0.2.3
[INFO] [stderr]    Compiling rustfft v6.4.1
[INFO] [stderr]    Compiling rayon v1.12.0
[INFO] [stderr]    Compiling regex-automata v0.4.18
[INFO] [stderr]    Compiling regex v1.13.1
[INFO] [stderr]    Compiling rust-ft8 v0.2.1 (/opt/rustwide/workdir)
[INFO] [stderr]     Finished `release` profile [optimized] target(s) in 2m 06s
[INFO] running `Command { std: "docker" "inspect" "5612ff3fab14df1c200d188bf2b8093dc86c81e269b3dc232493faa1eec5d5e6", kill_on_drop: false }`
[INFO] running `Command { std: "docker" "exec" "-e" "SOURCE_DIR=/opt/rustwide/workdir" "-e" "CARGO_HOME=/opt/rustwide/cargo-home" "-e" "RUSTUP_HOME=/opt/rustwide/rustup-home" "-e" "CARGO_TARGET_DIR=/opt/rustwide/target" "-e" "CARGO_INCREMENTAL=0" "-e" "RUST_BACKTRACE=full" "-e" "RUSTFLAGS=--cap-lints=warn" "-e" "RUSTDOCFLAGS=--cap-lints=warn" "-w" "/opt/rustwide/workdir" "--user" "0:0" "5612ff3fab14df1c200d188bf2b8093dc86c81e269b3dc232493faa1eec5d5e6" "/opt/rustwide/cargo-home/bin/cargo" "+1.99.0-beta.8" "test" "--frozen" "--release", kill_on_drop: false }`
[INFO] [stderr]     Finished `release` profile [optimized] target(s) in 0.05s
[INFO] [stderr]      Running unittests src/lib.rs (/opt/rustwide/target/release/deps/rust_ft8-55392734e6c1394a)
[INFO] [stdout] 
[INFO] [stdout] running 28 tests
[INFO] [stdout] test crc::tests::test_crc14_basic ... ok
[INFO] [stdout] test ldpc::bp::tests::test_bp_decode_noiseless ... ok
[INFO] [stdout] test dxcc::tests::test_callsign_lookup ... ok
[INFO] [stdout] test demodulate::message::tests::test_parse_hash_call_and_stages ... ok
[INFO] [stdout] test hash::tests::test_hash_callsign ... ok
[INFO] [stdout] test dxcc::tests::test_lookup_cache_and_buckets ... ok
[INFO] [stdout] test demodulate::message::tests::test_parse_cq_broadcast ... ok
[INFO] [stdout] test ldpc::bp::tests::test_bp_decode_with_errors ... ok
[INFO] [stdout] test ldpc::encoder::tests::test_encode174_and_check ... ok
[INFO] [stdout] test ldpc::tests::test_hybrid_decoder_bp_and_osd ... ok
[INFO] [stdout] test ldpc::encoder::tests::test_ldpc_check_detects_errors ... ok
[INFO] [stdout] test ldpc::osd::tests::test_osd_decode_order0 ... ok
[INFO] [stdout] test ldpc::osd::tests::test_osd_decode_order1 ... ok
[INFO] [stdout] test modulate::synth::tests::test_erf_accuracy ... ok
[INFO] [stdout] test pack::callsign::tests::test_pack58_roundtrip ... ok
[INFO] [stdout] test pack::grid::tests::test_grid_roundtrip ... ok
[INFO] [stdout] test pack::callsign::tests::test_pack28_tokens ... ok
[INFO] [stdout] test pack::grid::tests::test_reports_and_tokens ... ok
[INFO] [stdout] test pack::callsign::tests::test_pack28_with_suffix ... ok
[INFO] [stdout] test pack::tests::test_free_text_roundtrip ... ok
[INFO] [stdout] test pack::tests::test_nonstandard_roundtrip ... ok
[INFO] [stdout] test pack::tests::test_standard_messages_roundtrip ... ok
[INFO] [stdout] test pack::text::tests::test_free_text_roundtrip ... ok
[INFO] [stdout] test modulate::tones::tests::test_tones_structure ... ok
[INFO] [stdout] test pack::callsign::tests::test_pack28_standard_calls ... ok
[INFO] [stdout] test dxcc::tests::test_grid_and_distance ... ok
[INFO] [stdout] test demodulate::downsample::tests::test_downsampler_init ... ok
[INFO] [stdout] test modulate::synth::tests::test_synth_ft8_length ... ok
[INFO] [stderr]      Running unittests src/bin/ft8_decode.rs (/opt/rustwide/target/release/deps/ft8_decode-5dc18a4ca0eb5302)
[INFO] [stdout] 
[INFO] [stdout] test result: ok. 28 passed; 0 failed; 0 ignored; 0 measured; 0 filtered out; finished in 0.02s
[INFO] [stdout] 
[INFO] [stdout] 
[INFO] [stderr]      Running unittests src/bin/ft8_encode.rs (/opt/rustwide/target/release/deps/ft8_encode-7dba18a7b27f3ac0)
[INFO] [stdout] running 0 tests
[INFO] [stderr]      Running unittests src/bin/ft8_stream.rs (/opt/rustwide/target/release/deps/ft8_stream-5ba0f8753e8d007a)
[INFO] [stdout] 
[INFO] [stdout] test result: ok. 0 passed; 0 failed; 0 ignored; 0 measured; 0 filtered out; finished in 0.00s
[INFO] [stdout] 
[INFO] [stdout] 
[INFO] [stdout] running 0 tests
[INFO] [stdout] 
[INFO] [stdout] test result: ok. 0 passed; 0 failed; 0 ignored; 0 measured; 0 filtered out; finished in 0.00s
[INFO] [stdout] 
[INFO] [stderr]      Running tests/benchmark_tests.rs (/opt/rustwide/target/release/deps/benchmark_tests-e4a2bdd79eb23376)
[INFO] [stdout] 
[INFO] [stdout] running 0 tests
[INFO] [stdout] 
[INFO] [stdout] test result: ok. 0 passed; 0 failed; 0 ignored; 0 measured; 0 filtered out; finished in 0.00s
[INFO] [stdout] 
[INFO] [stdout] 
[INFO] [stdout] running 4 tests
[INFO] [stdout] test test_decode_single_wav_websdr_test1_deep_search ... FAILED
[INFO] [stdout] test test_decode_single_wav_websdr_test1 ... FAILED
[INFO] [stdout] test test_benchmark_all_websdr_wavs ... FAILED
[INFO] [stdout] test test_benchmark_14_baseline_wavs ... ok
[INFO] [stdout] 
[INFO] [stdout] failures:
[INFO] [stdout] 
[INFO] [stdout] ---- test_decode_single_wav_websdr_test1_deep_search stdout ----
[INFO] [stdout] 
[INFO] [stdout] thread 'test_decode_single_wav_websdr_test1_deep_search' (3733) panicked at tests/benchmark_tests.rs:103:57:
[INFO] [stdout] 读取 WAV 失败: Os { code: 2, kind: NotFound, message: "No such file or directory" }
[INFO] [stdout] stack backtrace:
[INFO] [stdout]    0:     0x5ccad0e617b6 - <<std[70759c8f55707aa4]::sys::backtrace::BacktraceLock>::print::DisplayBacktrace as core[df12db4294e9bfd3]::fmt::Display>::fmt
[INFO] [stdout]    1:     0x5ccad0d18dea - core[df12db4294e9bfd3]::fmt::write
[INFO] [stdout]    2:     0x5ccad0e66d1c - <alloc[2182bb758b4b3781]::vec::Vec<u8> as core[df12db4294e9bfd3]::io::write::Write>::write_fmt
[INFO] [stdout]    3:     0x5ccad0e3e4e2 - std[70759c8f55707aa4]::panicking::default_hook::{closure#0}
[INFO] [stdout]    4:     0x5ccad0e59bc1 - std[70759c8f55707aa4]::panicking::default_hook
[INFO] [stdout]    5:     0x5ccad0e5a002 - std[70759c8f55707aa4]::panicking::panic_with_hook
[INFO] [stdout]    6:     0x5ccad0e3e592 - std[70759c8f55707aa4]::panicking::panic_handler::{closure#0}
[INFO] [stdout]    7:     0x5ccad0e37309 - std[70759c8f55707aa4]::sys::backtrace::__rust_end_short_backtrace::<std[70759c8f55707aa4]::panicking::panic_handler::{closure#0}, !>
[INFO] [stdout]    8:     0x5ccad0e3f23d - __rustc[8fa7c3cbc660c2b3]::rust_begin_unwind
[INFO] [stdout]    9:     0x5ccad0d194dc - core[df12db4294e9bfd3]::panicking::panic_fmt
[INFO] [stdout]   10:     0x5ccad0d192b2 - core[df12db4294e9bfd3]::result::unwrap_failed
[INFO] [stdout]   11:     0x5ccad0d13bc0 - <benchmark_tests[8874af16cdfa82ed]::test_decode_single_wav_websdr_test1_deep_search::{closure#0} as core[df12db4294e9bfd3]::ops::function::FnOnce<()>>::call_once
[INFO] [stdout]   12:     0x5ccad0e6990b - test[9d35eded1c95d3be]::__rust_begin_short_backtrace::<core[df12db4294e9bfd3]::result::Result<(), alloc[2182bb758b4b3781]::string::String>, fn() -> core[df12db4294e9bfd3]::result::Result<(), alloc[2182bb758b4b3781]::string::String>>
[INFO] [stdout]   13:     0x5ccad0e77a61 - test[9d35eded1c95d3be]::run_test::{closure#0}
[INFO] [stdout]   14:     0x5ccad0e71174 - std[70759c8f55707aa4]::sys::backtrace::__rust_begin_short_backtrace::<test[9d35eded1c95d3be]::run_test::{closure#1}, ()>
[INFO] [stdout]   15:     0x5ccad0e7b882 - <std[70759c8f55707aa4]::thread::lifecycle::spawn_unchecked<test[9d35eded1c95d3be]::run_test::{closure#1}, ()>::{closure#1} as core[df12db4294e9bfd3]::ops::function::FnOnce<()>>::call_once::{shim:vtable#0}
[INFO] [stdout]   16:     0x5ccad0e6097e - <std[70759c8f55707aa4]::sys::thread::unix::Thread>::new::thread_start
[INFO] [stdout]   17:     0x75dcaf948dfa - <unknown>
[INFO] [stdout]   18:     0x75dcaf9dc3d4 - clone
[INFO] [stdout]   19:                0x0 - <unknown>
[INFO] [stdout] 
[INFO] [stdout] ---- test_decode_single_wav_websdr_test1 stdout ----
[INFO] [stdout] 
[INFO] [stdout] thread 'test_decode_single_wav_websdr_test1' (3732) panicked at tests/benchmark_tests.rs:65:57:
[INFO] [stdout] 读取 WAV 失败: Os { code: 2, kind: NotFound, message: "No such file or directory" }
[INFO] [stdout] stack backtrace:
[INFO] [stdout]    0:     0x5ccad0e617b6 - <<std[70759c8f55707aa4]::sys::backtrace::BacktraceLock>::print::DisplayBacktrace as core[df12db4294e9bfd3]::fmt::Display>::fmt
[INFO] [stdout]    1:     0x5ccad0d18dea - core[df12db4294e9bfd3]::fmt::write
[INFO] [stdout]    2:     0x5ccad0e66d1c - <alloc[2182bb758b4b3781]::vec::Vec<u8> as core[df12db4294e9bfd3]::io::write::Write>::write_fmt
[INFO] [stdout]    3:     0x5ccad0e3e4e2 - std[70759c8f55707aa4]::panicking::default_hook::{closure#0}
[INFO] [stdout]    4:     0x5ccad0e59bc1 - std[70759c8f55707aa4]::panicking::default_hook
[INFO] [stdout]    5:     0x5ccad0e5a002 - std[70759c8f55707aa4]::panicking::panic_with_hook
[INFO] [stdout]    6:     0x5ccad0e3e592 - std[70759c8f55707aa4]::panicking::panic_handler::{closure#0}
[INFO] [stdout]    7:     0x5ccad0e37309 - std[70759c8f55707aa4]::sys::backtrace::__rust_end_short_backtrace::<std[70759c8f55707aa4]::panicking::panic_handler::{closure#0}, !>
[INFO] [stdout]    8:     0x5ccad0e3f23d - __rustc[8fa7c3cbc660c2b3]::rust_begin_unwind
[INFO] [stdout]    9:     0x5ccad0d194dc - core[df12db4294e9bfd3]::panicking::panic_fmt
[INFO] [stdout]   10:     0x5ccad0d192b2 - core[df12db4294e9bfd3]::result::unwrap_failed
[INFO] [stdout]   11:     0x5ccad0d13780 - <benchmark_tests[8874af16cdfa82ed]::test_decode_single_wav_websdr_test1::{closure#0} as core[df12db4294e9bfd3]::ops::function::FnOnce<()>>::call_once
[INFO] [stdout]   12:     0x5ccad0e6990b - test[9d35eded1c95d3be]::__rust_begin_short_backtrace::<core[df12db4294e9bfd3]::result::Result<(), alloc[2182bb758b4b3781]::string::String>, fn() -> core[df12db4294e9bfd3]::result::Result<(), alloc[2182bb758b4b3781]::string::String>>
[INFO] [stdout]   13:     0x5ccad0e77a61 - test[9d35eded1c95d3be]::run_test::{closure#0}
[INFO] [stdout]   14:     0x5ccad0e71174 - std[70759c8f55707aa4]::sys::backtrace::__rust_begin_short_backtrace::<test[9d35eded1c95d3be]::run_test::{closure#1}, ()>
[INFO] [stdout]   15:     0x5ccad0e7b882 - <std[70759c8f55707aa4]::thread::lifecycle::spawn_unchecked<test[9d35eded1c95d3be]::run_test::{closure#1}, ()>::{closure#1} as core[df12db4294e9bfd3]::ops::function::FnOnce<()>>::call_once::{shim:vtable#0}
[INFO] [stdout]   16:     0x5ccad0e6097e - <std[70759c8f55707aa4]::sys::thread::unix::Thread>::new::thread_start
[INFO] [stdout]   17:     0x75dcaf948dfa - <unknown>
[INFO] [stdout]   18:     0x75dcaf9dc3d4 - clone
[INFO] [stdout]   19:                0x0 - <unknown>
[INFO] [stdout] 
[INFO] [stdout] ---- test_benchmark_all_websdr_wavs stdout ----
[INFO] [stdout] 
[INFO] [stdout] ==========================================================================
[INFO] [stdout]              Pure-Rust FT8 解码器 13-WAV 基准测试报告
[INFO] [stdout] ==========================================================================
[INFO] [stdout] | WAV 文件          | 解出数      | 参考基准数        | 匹配数      | 耗时(s)    |
[INFO] [stdout] |-----------------|----------|--------------|----------|----------|
[INFO] [stdout] | websdr_test1    | 读取失败: No such file or directory (os error 2) |
[INFO] [stdout] | websdr_test2    | 读取失败: No such file or directory (os error 2) |
[INFO] [stdout] | websdr_test3    | 读取失败: No such file or directory (os error 2) |
[INFO] [stdout] | websdr_test4    | 读取失败: No such file or directory (os error 2) |
[INFO] [stdout] | websdr_test5    | 读取失败: No such file or directory (os error 2) |
[INFO] [stdout] | websdr_test6    | 读取失败: No such file or directory (os error 2) |
[INFO] [stdout] | websdr_test7    | 读取失败: No such file or directory (os error 2) |
[INFO] [stdout] | websdr_test8    | 读取失败: No such file or directory (os error 2) |
[INFO] [stdout] | websdr_test9    | 读取失败: No such file or directory (os error 2) |
[INFO] [stdout] | websdr_test10   | 读取失败: No such file or directory (os error 2) |
[INFO] [stdout] | websdr_test11   | 读取失败: No such file or directory (os error 2) |
[INFO] [stdout] | websdr_test12   | 读取失败: No such file or directory (os error 2) |
[INFO] [stdout] | websdr_test13   | 读取失败: No such file or directory (os error 2) |
[INFO] [stdout] |-----------------|----------|--------------|----------|----------|
[INFO] [stdout] | 总计 (TOTAL)      | 0        | 0            | 0        | 0.00     |
[INFO] [stdout] ==========================================================================
[INFO] [stdout] 
[INFO] [stdout] 基准汇总: 总解出数 = 0, 参考基准期望数 = 0, 匹配数 = 0, 匹配率 = 0.0%, 平均每文件耗时 = 0.00s
[INFO] [stdout] 
[INFO] [stdout] thread 'test_benchmark_all_websdr_wavs' (3731) panicked at tests/benchmark_tests.rs:240:5:
[INFO] [stderr] error: test failed, to rerun pass `--test benchmark_tests`
[INFO] [stdout] 总解出数必须达到基准要求 (>=160)，实际解出: 0
[INFO] [stdout] stack backtrace:
[INFO] [stdout]    0:     0x5ccad0e617b6 - <<std[70759c8f55707aa4]::sys::backtrace::BacktraceLock>::print::DisplayBacktrace as core[df12db4294e9bfd3]::fmt::Display>::fmt
[INFO] [stdout]    1:     0x5ccad0d18dea - core[df12db4294e9bfd3]::fmt::write
[INFO] [stdout]    2:     0x5ccad0e66d1c - <alloc[2182bb758b4b3781]::vec::Vec<u8> as core[df12db4294e9bfd3]::io::write::Write>::write_fmt
[INFO] [stdout]    3:     0x5ccad0e3e4e2 - std[70759c8f55707aa4]::panicking::default_hook::{closure#0}
[INFO] [stdout]    4:     0x5ccad0e59bc1 - std[70759c8f55707aa4]::panicking::default_hook
[INFO] [stdout]    5:     0x5ccad0e5a002 - std[70759c8f55707aa4]::panicking::panic_with_hook
[INFO] [stdout]    6:     0x5ccad0e3e592 - std[70759c8f55707aa4]::panicking::panic_handler::{closure#0}
[INFO] [stdout]    7:     0x5ccad0e37309 - std[70759c8f55707aa4]::sys::backtrace::__rust_end_short_backtrace::<std[70759c8f55707aa4]::panicking::panic_handler::{closure#0}, !>
[INFO] [stdout]    8:     0x5ccad0e3f23d - __rustc[8fa7c3cbc660c2b3]::rust_begin_unwind
[INFO] [stdout]    9:     0x5ccad0d194dc - core[df12db4294e9bfd3]::panicking::panic_fmt
[INFO] [stdout]   10:     0x5ccad0d12678 - <benchmark_tests[8874af16cdfa82ed]::test_benchmark_all_websdr_wavs::{closure#0} as core[df12db4294e9bfd3]::ops::function::FnOnce<()>>::call_once
[INFO] [stdout]   11:     0x5ccad0e6990b - test[9d35eded1c95d3be]::__rust_begin_short_backtrace::<core[df12db4294e9bfd3]::result::Result<(), alloc[2182bb758b4b3781]::string::String>, fn() -> core[df12db4294e9bfd3]::result::Result<(), alloc[2182bb758b4b3781]::string::String>>
[INFO] [stdout]   12:     0x5ccad0e77a61 - test[9d35eded1c95d3be]::run_test::{closure#0}
[INFO] [stdout]   13:     0x5ccad0e71174 - std[70759c8f55707aa4]::sys::backtrace::__rust_begin_short_backtrace::<test[9d35eded1c95d3be]::run_test::{closure#1}, ()>
[INFO] [stdout]   14:     0x5ccad0e7b882 - <std[70759c8f55707aa4]::thread::lifecycle::spawn_unchecked<test[9d35eded1c95d3be]::run_test::{closure#1}, ()>::{closure#1} as core[df12db4294e9bfd3]::ops::function::FnOnce<()>>::call_once::{shim:vtable#0}
[INFO] [stdout]   15:     0x5ccad0e6097e - <std[70759c8f55707aa4]::sys::thread::unix::Thread>::new::thread_start
[INFO] [stdout]   16:     0x75dcaf948dfa - <unknown>
[INFO] [stdout]   17:     0x75dcaf9dc3d4 - clone
[INFO] [stdout]   18:                0x0 - <unknown>
[INFO] [stdout] 
[INFO] [stdout] 
[INFO] [stdout] failures:
[INFO] [stdout]     test_benchmark_all_websdr_wavs
[INFO] [stdout]     test_decode_single_wav_websdr_test1
[INFO] [stdout]     test_decode_single_wav_websdr_test1_deep_search
[INFO] [stdout] 
[INFO] [stdout] test result: FAILED. 1 passed; 3 failed; 0 ignored; 0 measured; 0 filtered out; finished in 0.03s
[INFO] [stdout] 
[INFO] running `Command { std: "docker" "inspect" "5612ff3fab14df1c200d188bf2b8093dc86c81e269b3dc232493faa1eec5d5e6", kill_on_drop: false }`
[INFO] running `Command { std: "docker" "rm" "-f" "5612ff3fab14df1c200d188bf2b8093dc86c81e269b3dc232493faa1eec5d5e6", kill_on_drop: false }`
[INFO] [stdout] 5612ff3fab14df1c200d188bf2b8093dc86c81e269b3dc232493faa1eec5d5e6
