[INFO] fetching crate rookie 0.5.6...
[INFO] testing rookie-0.5.6 against 1.99.0-beta.8+cargoflags=--release for beta-release-1.100-2
[INFO] extracting crate rookie 0.5.6 into /workspace/builds/worker-5-tc1/source
[INFO] started tweaking crates.io crate rookie 0.5.6
[INFO] finished tweaking crates.io crate rookie 0.5.6
[INFO] tweaked toml for crates.io crate rookie 0.5.6 written to /workspace/builds/worker-5-tc1/source/Cargo.toml
[INFO] validating manifest of crates.io crate rookie 0.5.6 on toolchain 1.99.0-beta.8
[INFO] running `Command { std: CARGO_HOME="/workspace/cargo-home" RUSTUP_HOME="/workspace/rustup-home" "/workspace/cargo-home/bin/cargo" "+1.99.0-beta.8" "metadata" "--manifest-path" "Cargo.toml" "--no-deps", kill_on_drop: false }`
[INFO] crate crates.io crate rookie 0.5.6 already has a lockfile, it will not be regenerated
[INFO] running `Command { std: CARGO_HOME="/workspace/cargo-home" RUSTUP_HOME="/workspace/rustup-home" "/workspace/cargo-home/bin/cargo" "+1.99.0-beta.8" "fetch" "--manifest-path" "Cargo.toml", kill_on_drop: false }`
[INFO] [stderr]     Updating crates.io index
[INFO] [stderr]  Downloading crates ...
[INFO] [stderr]   Downloaded futures-lite v2.4.0
[INFO] [stderr]   Downloaded async-io v2.3.4
[INFO] [stderr]   Downloaded polling v3.7.3
[INFO] [stderr]   Downloaded syn v2.0.86
[INFO] [stderr]   Downloaded trim-in-place v0.1.7
[INFO] [stderr]   Downloaded rust-ini v0.21.1
[INFO] [stderr]   Downloaded rawcopy-rs-next v0.1.3
[INFO] [stderr]   Downloaded nt-string v0.1.1
[INFO] [stderr]   Downloaded cc v1.1.31
[INFO] [stderr]   Downloaded ntfs v0.4.0
[INFO] [stderr]   Downloaded binrw v0.11.2
[INFO] [stderr]   Downloaded bytemuck v1.19.0
[INFO] [stderr]   Downloaded binrw_derive v0.11.2
[INFO] [stderr]   Downloaded privilege v0.3.0
[INFO] [stderr]   Downloaded libesedb v0.2.5
[INFO] [stderr]   Downloaded lz4_flex v0.11.3
[INFO] [stderr]   Downloaded pyo3-ffi v0.20.3
[INFO] [stderr]   Downloaded pyo3-build-config v0.20.3
[INFO] [stderr]   Downloaded pyo3 v0.20.3
[INFO] [stderr]   Downloaded libesedb-sys v0.2.0
[INFO] running `Command { std: "docker" "create" "-v" "/var/lib/crater-agent-workspace/builds/worker-5-tc1/source:/opt/rustwide/workdir:ro,Z" "-v" "/var/lib/crater-agent-workspace/builds/worker-5-tc1/target:/opt/rustwide/target:rw,Z" "-v" "/var/lib/crater-agent-workspace/cargo-home:/opt/rustwide/cargo-home:ro,Z" "-v" "/var/lib/crater-agent-workspace/rustup-home:/opt/rustwide/rustup-home:ro,Z" "-m" "1610612736" "--network" "none" "ghcr.io/rust-lang/crates-build-env/linux@sha256:77db811e55d90add9212f6832c23229e3de5f1c1f9905e8cb07319ea15df73ac" "sleep" "infinity", kill_on_drop: false }`
[INFO] [stdout] 1d4a1976f8032e4eba5683fc2f017d6aa9949881dcea47deb23242e95c3df401
[INFO] running `Command { std: "docker" "start" "1d4a1976f8032e4eba5683fc2f017d6aa9949881dcea47deb23242e95c3df401", kill_on_drop: false }`
[INFO] running `Command { std: "docker" "inspect" "1d4a1976f8032e4eba5683fc2f017d6aa9949881dcea47deb23242e95c3df401", kill_on_drop: false }`
[INFO] running `Command { std: "docker" "exec" "-e" "SOURCE_DIR=/opt/rustwide/workdir" "-e" "CARGO_HOME=/opt/rustwide/cargo-home" "-e" "RUSTUP_HOME=/opt/rustwide/rustup-home" "-e" "CARGO_TARGET_DIR=/opt/rustwide/target" "-w" "/opt/rustwide/workdir" "--user" "0:0" "1d4a1976f8032e4eba5683fc2f017d6aa9949881dcea47deb23242e95c3df401" "/opt/rustwide/cargo-home/bin/cargo" "+1.99.0-beta.8" "metadata" "--no-deps" "--format-version=1", kill_on_drop: false }`
[INFO] running `Command { std: "docker" "inspect" "1d4a1976f8032e4eba5683fc2f017d6aa9949881dcea47deb23242e95c3df401", kill_on_drop: false }`
[INFO] running `Command { std: "docker" "exec" "-e" "SOURCE_DIR=/opt/rustwide/workdir" "-e" "CARGO_HOME=/opt/rustwide/cargo-home" "-e" "RUSTUP_HOME=/opt/rustwide/rustup-home" "-e" "CARGO_TARGET_DIR=/opt/rustwide/target" "-e" "CARGO_INCREMENTAL=0" "-e" "RUST_BACKTRACE=full" "-e" "RUSTFLAGS=--cap-lints=warn" "-e" "RUSTDOCFLAGS=--cap-lints=warn" "-w" "/opt/rustwide/workdir" "--user" "0:0" "1d4a1976f8032e4eba5683fc2f017d6aa9949881dcea47deb23242e95c3df401" "/opt/rustwide/cargo-home/bin/cargo" "+1.99.0-beta.8" "build" "--frozen" "--message-format=json" "--release", kill_on_drop: false }`
[INFO] [stderr]    Compiling proc-macro2 v1.0.89
[INFO] [stderr]    Compiling libc v0.2.161
[INFO] [stderr]    Compiling pin-project-lite v0.2.15
[INFO] [stderr]    Compiling once_cell v1.20.2
[INFO] [stderr]    Compiling crossbeam-utils v0.8.20
[INFO] [stderr]    Compiling hashbrown v0.15.0
[INFO] [stderr]    Compiling ahash v0.8.11
[INFO] [stderr]    Compiling serde v1.0.214
[INFO] [stderr]    Compiling toml_datetime v0.6.8
[INFO] [stderr]    Compiling winnow v0.5.40
[INFO] [stderr]    Compiling slab v0.4.9
[INFO] [stderr]    Compiling generic-array v0.14.7
[INFO] [stderr]    Compiling cpufeatures v0.2.14
[INFO] [stderr]    Compiling tiny-keccak v2.0.2
[INFO] [stderr]    Compiling fastrand v2.1.1
[INFO] [stderr]    Compiling io-lifetimes v1.0.11
[INFO] [stderr]    Compiling cc v1.1.31
[INFO] [stderr]    Compiling futures-lite v2.4.0
[INFO] [stderr]    Compiling aho-corasick v1.1.3
[INFO] [stderr]    Compiling polling v2.8.0
[INFO] [stderr]    Compiling memoffset v0.7.1
[INFO] [stderr]    Compiling rustix v0.37.27
[INFO] [stderr]    Compiling pkg-config v0.3.31
[INFO] [stderr]    Compiling futures-lite v1.13.0
[INFO] [stderr]    Compiling tinyvec v1.8.0
[INFO] [stderr]    Compiling piper v0.2.4
[INFO] [stderr]    Compiling concurrent-queue v2.5.0
[INFO] [stderr]    Compiling async-lock v2.8.0
[INFO] [stderr]    Compiling async-fs v1.6.0
[INFO] [stderr]    Compiling async-io v1.13.0
[INFO] [stderr]    Compiling event-listener v5.3.1
[INFO] [stderr]    Compiling log v0.4.22
[INFO] [stderr]    Compiling linux-raw-sys v0.3.8
[INFO] [stderr]    Compiling quote v1.0.37
[INFO] [stderr]    Compiling indexmap v2.6.0
[INFO] [stderr]    Compiling event-listener-strategy v0.5.2
[INFO] [stderr]    Compiling tracing-core v0.1.32
[INFO] [stderr]    Compiling getrandom v0.2.15
[INFO] [stderr]    Compiling async-channel v2.3.1
[INFO] [stderr]    Compiling unicode-bidi v0.3.17
[INFO] [stderr]    Compiling syn v2.0.86
[INFO] [stderr]    Compiling syn v1.0.109
[INFO] [stderr]    Compiling block-padding v0.3.3
[INFO] [stderr]    Compiling block-buffer v0.10.4
[INFO] [stderr]    Compiling inout v0.1.3
[INFO] [stderr]    Compiling const-random-macro v0.1.16
[INFO] [stderr]    Compiling blocking v1.6.1
[INFO] [stderr]    Compiling eyre v0.6.12
[INFO] [stderr]    Compiling serde_json v1.0.132
[INFO] [stderr]    Compiling const-random v0.1.18
[INFO] [stderr]    Compiling regex-automata v0.4.8
[INFO] [stderr]    Compiling dlv-list v0.5.2
[INFO] [stderr]    Compiling unicode-normalization v0.1.24
[INFO] [stderr]    Compiling futures-util v0.3.31
[INFO] [stderr]    Compiling libsqlite3-sys v0.28.0
[INFO] [stderr]    Compiling async-executor v1.13.1
[INFO] [stderr]    Compiling twox-hash v1.6.3
[INFO] [stderr]    Compiling ordered-stream v0.2.0
[INFO] [stderr]    Compiling idna v0.5.0
[INFO] [stderr]    Compiling async-broadcast v0.5.1
[INFO] [stderr]    Compiling bitflags v2.6.0
[INFO] [stderr]    Compiling rookie v0.5.6 (/opt/rustwide/workdir)
[INFO] [stderr]    Compiling toml_edit v0.19.15
[INFO] [stderr]    Compiling socket2 v0.4.10
[INFO] [stderr]    Compiling rand_core v0.6.4
[INFO] [stderr]    Compiling crypto-common v0.1.6
[INFO] [stderr]    Compiling xdg-home v1.3.0
[INFO] [stderr]    Compiling cipher v0.4.4
[INFO] [stderr]    Compiling digest v0.10.7
[INFO] [stderr]    Compiling universal-hash v0.5.1
[INFO] [stderr]    Compiling polyval v0.6.2
[INFO] [stderr]    Compiling aes v0.8.4
[INFO] [stderr]    Compiling sha1 v0.10.6
[INFO] [stderr]    Compiling hmac v0.12.1
[INFO] [stderr]    Compiling ghash v0.5.1
[INFO] [stderr]    Compiling ctr v0.9.2
[INFO] [stderr]    Compiling aead v0.5.2
[INFO] [stderr]    Compiling nix v0.26.4
[INFO] [stderr]    Compiling indenter v0.3.3
[INFO] [stderr]    Compiling smallvec v1.13.2
[INFO] [stderr]    Compiling trim-in-place v0.1.7
[INFO] [stderr]    Compiling pbkdf2 v0.12.2
[INFO] [stderr]    Compiling cbc v0.1.2
[INFO] [stderr]    Compiling url v2.5.2
[INFO] [stderr]    Compiling lz4_flex v0.11.3
[INFO] [stderr]    Compiling indoc v2.0.5
[INFO] [stderr]    Compiling glob v0.3.1
[INFO] [stderr]    Compiling aes-gcm v0.10.3
[INFO] [stderr]    Compiling regex v1.11.1
[INFO] [stderr]    Compiling proc-macro-crate v1.3.1
[INFO] [stderr]    Compiling zerocopy-derive v0.7.35
[INFO] [stderr]    Compiling serde_derive v1.0.214
[INFO] [stderr]    Compiling enumflags2_derive v0.7.10
[INFO] [stderr]    Compiling tracing-attributes v0.1.27
[INFO] [stderr]    Compiling serde_repr v0.1.19
[INFO] [stderr]    Compiling async-trait v0.1.83
[INFO] [stderr]    Compiling async-recursion v1.1.1
[INFO] [stderr]    Compiling zvariant_utils v1.0.1
[INFO] [stderr]    Compiling zerocopy v0.7.35
[INFO] [stderr]    Compiling tracing v0.1.40
[INFO] [stderr]    Compiling zvariant_derive v3.15.2
[INFO] [stderr]    Compiling derivative v2.2.0
[INFO] [stderr]    Compiling ppv-lite86 v0.2.20
[INFO] [stderr]    Compiling hashbrown v0.14.5
[INFO] [stderr]    Compiling zbus_macros v3.15.2
[INFO] [stderr]    Compiling rand_chacha v0.3.1
[INFO] [stderr]    Compiling rand v0.8.5
[INFO] [stderr]    Compiling ordered-multimap v0.7.3
[INFO] [stderr]    Compiling hashlink v0.9.1
[INFO] [stderr]    Compiling rust-ini v0.21.1
[INFO] [stderr]    Compiling enumflags2 v0.7.10
[INFO] [stderr]    Compiling zvariant v3.15.2
[INFO] [stderr]    Compiling zbus_names v2.6.1
[INFO] [stderr]    Compiling zbus v3.15.2
[INFO] [stderr]    Compiling rusqlite v0.31.0
[INFO] [stdout] warning: trailing semicolon in macro used in expression position
[INFO] [stdout]   --> src/common/paths.rs:74:3
[INFO] [stdout]    |
[INFO] [stdout] 74 |   bail!("Can't find cookies file")
[INFO] [stdout]    |   ^^^^^^^^^^^^^^^^^^^^^^^^^^^^^^^^
[INFO] [stdout]    |
[INFO] [stdout]    = note: macro invocations at the end of a block are treated as expressions
[INFO] [stdout]    = note: to ignore the value produced by the macro, add a semicolon after the invocation of `bail`
[INFO] [stdout]    = warning: this was previously accepted by the compiler but is being phased out; it will become a hard error in a future release!
[INFO] [stdout]    = note: for more information, see issue #79813 <https://github.com/rust-lang/rust/issues/79813>
[INFO] [stdout]    = note: `#[warn(semicolon_in_expressions_from_non_local_macros)]` (part of `#[warn(future_incompatible)]`) on by default
[INFO] [stdout]    = note: this warning originates in the macro `bail` (in Nightly builds, run with -Z macro-backtrace for more info)
[INFO] [stdout] 
[INFO] [stdout] 
[INFO] [stdout] warning: trailing semicolon in macro used in expression position
[INFO] [stdout]    --> src/browser/chromium.rs:259:3
[INFO] [stdout]     |
[INFO] [stdout] 259 |   bail!("decrypt_encrypted_value failed")
[INFO] [stdout]     |   ^^^^^^^^^^^^^^^^^^^^^^^^^^^^^^^^^^^^^^^
[INFO] [stdout]     |
[INFO] [stdout]     = note: macro invocations at the end of a block are treated as expressions
[INFO] [stdout]     = note: to ignore the value produced by the macro, add a semicolon after the invocation of `bail`
[INFO] [stdout]     = warning: this was previously accepted by the compiler but is being phased out; it will become a hard error in a future release!
[INFO] [stdout]     = note: for more information, see issue #79813 <https://github.com/rust-lang/rust/issues/79813>
[INFO] [stdout]     = note: this warning originates in the macro `bail` (in Nightly builds, run with -Z macro-backtrace for more info)
[INFO] [stdout] 
[INFO] [stdout] 
[INFO] [stdout] warning: trailing semicolon in macro used in expression position
[INFO] [stdout]    --> src/browser/mozilla.rs:226:3
[INFO] [stdout]     |
[INFO] [stdout] 226 |   bail!("Can't find any profile")
[INFO] [stdout]     |   ^^^^^^^^^^^^^^^^^^^^^^^^^^^^^^^
[INFO] [stdout]     |
[INFO] [stdout]     = note: macro invocations at the end of a block are treated as expressions
[INFO] [stdout]     = note: to ignore the value produced by the macro, add a semicolon after the invocation of `bail`
[INFO] [stdout]     = warning: this was previously accepted by the compiler but is being phased out; it will become a hard error in a future release!
[INFO] [stdout]     = note: for more information, see issue #79813 <https://github.com/rust-lang/rust/issues/79813>
[INFO] [stdout]     = note: this warning originates in the macro `bail` (in Nightly builds, run with -Z macro-backtrace for more info)
[INFO] [stdout] 
[INFO] [stdout] 
[INFO] [stderr]     Finished `release` profile [optimized] target(s) in 2m 52s
[INFO] running `Command { std: "docker" "inspect" "1d4a1976f8032e4eba5683fc2f017d6aa9949881dcea47deb23242e95c3df401", kill_on_drop: false }`
[INFO] running `Command { std: "docker" "exec" "-e" "SOURCE_DIR=/opt/rustwide/workdir" "-e" "CARGO_HOME=/opt/rustwide/cargo-home" "-e" "RUSTUP_HOME=/opt/rustwide/rustup-home" "-e" "CARGO_TARGET_DIR=/opt/rustwide/target" "-e" "CARGO_INCREMENTAL=0" "-e" "RUST_BACKTRACE=full" "-e" "RUSTFLAGS=--cap-lints=warn" "-e" "RUSTDOCFLAGS=--cap-lints=warn" "-w" "/opt/rustwide/workdir" "--user" "0:0" "1d4a1976f8032e4eba5683fc2f017d6aa9949881dcea47deb23242e95c3df401" "/opt/rustwide/cargo-home/bin/cargo" "+1.99.0-beta.8" "test" "--frozen" "--no-run" "--message-format=json" "--release", kill_on_drop: false }`
[INFO] [stderr]    Compiling log v0.4.22
[INFO] [stderr]    Compiling tracing-core v0.1.32
[INFO] [stderr]    Compiling thread_local v1.1.8
[INFO] [stderr]    Compiling polling v2.8.0
[INFO] [stderr]    Compiling async-io v1.13.0
[INFO] [stderr]    Compiling tracing v0.1.40
[INFO] [stderr]    Compiling tracing-log v0.2.0
[INFO] [stderr]    Compiling tracing-subscriber v0.3.18
[INFO] [stderr]    Compiling zbus v3.15.2
[INFO] [stderr]    Compiling rookie v0.5.6 (/opt/rustwide/workdir)
[INFO] [stdout] warning: trailing semicolon in macro used in expression position
[INFO] [stdout]   --> src/common/paths.rs:74:3
[INFO] [stdout]    |
[INFO] [stdout] 74 |   bail!("Can't find cookies file")
[INFO] [stdout]    |   ^^^^^^^^^^^^^^^^^^^^^^^^^^^^^^^^
[INFO] [stdout]    |
[INFO] [stdout]    = note: macro invocations at the end of a block are treated as expressions
[INFO] [stdout]    = note: to ignore the value produced by the macro, add a semicolon after the invocation of `bail`
[INFO] [stdout]    = warning: this was previously accepted by the compiler but is being phased out; it will become a hard error in a future release!
[INFO] [stdout]    = note: for more information, see issue #79813 <https://github.com/rust-lang/rust/issues/79813>
[INFO] [stdout]    = note: `#[warn(semicolon_in_expressions_from_non_local_macros)]` (part of `#[warn(future_incompatible)]`) on by default
[INFO] [stdout]    = note: this warning originates in the macro `bail` (in Nightly builds, run with -Z macro-backtrace for more info)
[INFO] [stdout] 
[INFO] [stdout] 
[INFO] [stdout] warning: trailing semicolon in macro used in expression position
[INFO] [stdout]    --> src/browser/chromium.rs:259:3
[INFO] [stdout]     |
[INFO] [stdout] 259 |   bail!("decrypt_encrypted_value failed")
[INFO] [stdout]     |   ^^^^^^^^^^^^^^^^^^^^^^^^^^^^^^^^^^^^^^^
[INFO] [stdout]     |
[INFO] [stdout]     = note: macro invocations at the end of a block are treated as expressions
[INFO] [stdout]     = note: to ignore the value produced by the macro, add a semicolon after the invocation of `bail`
[INFO] [stdout]     = warning: this was previously accepted by the compiler but is being phased out; it will become a hard error in a future release!
[INFO] [stdout]     = note: for more information, see issue #79813 <https://github.com/rust-lang/rust/issues/79813>
[INFO] [stdout]     = note: this warning originates in the macro `bail` (in Nightly builds, run with -Z macro-backtrace for more info)
[INFO] [stdout] 
[INFO] [stdout] 
[INFO] [stdout] warning: trailing semicolon in macro used in expression position
[INFO] [stdout]    --> src/browser/mozilla.rs:226:3
[INFO] [stdout]     |
[INFO] [stdout] 226 |   bail!("Can't find any profile")
[INFO] [stdout]     |   ^^^^^^^^^^^^^^^^^^^^^^^^^^^^^^^
[INFO] [stdout]     |
[INFO] [stdout]     = note: macro invocations at the end of a block are treated as expressions
[INFO] [stdout]     = note: to ignore the value produced by the macro, add a semicolon after the invocation of `bail`
[INFO] [stdout]     = warning: this was previously accepted by the compiler but is being phased out; it will become a hard error in a future release!
[INFO] [stdout]     = note: for more information, see issue #79813 <https://github.com/rust-lang/rust/issues/79813>
[INFO] [stdout]     = note: this warning originates in the macro `bail` (in Nightly builds, run with -Z macro-backtrace for more info)
[INFO] [stdout] 
[INFO] [stdout] 
[INFO] [stdout] warning: trailing semicolon in macro used in expression position
[INFO] [stdout]   --> src/common/paths.rs:74:3
[INFO] [stdout]    |
[INFO] [stdout] 74 |   bail!("Can't find cookies file")
[INFO] [stdout]    |   ^^^^^^^^^^^^^^^^^^^^^^^^^^^^^^^^
[INFO] [stdout]    |
[INFO] [stdout]    = note: macro invocations at the end of a block are treated as expressions
[INFO] [stdout]    = note: to ignore the value produced by the macro, add a semicolon after the invocation of `bail`
[INFO] [stdout]    = warning: this was previously accepted by the compiler but is being phased out; it will become a hard error in a future release!
[INFO] [stdout]    = note: for more information, see issue #79813 <https://github.com/rust-lang/rust/issues/79813>
[INFO] [stdout]    = note: `#[warn(semicolon_in_expressions_from_non_local_macros)]` (part of `#[warn(future_incompatible)]`) on by default
[INFO] [stdout]    = note: this warning originates in the macro `bail` (in Nightly builds, run with -Z macro-backtrace for more info)
[INFO] [stdout] 
[INFO] [stdout] 
[INFO] [stdout] warning: trailing semicolon in macro used in expression position
[INFO] [stdout]    --> src/browser/chromium.rs:259:3
[INFO] [stdout]     |
[INFO] [stdout] 259 |   bail!("decrypt_encrypted_value failed")
[INFO] [stdout]     |   ^^^^^^^^^^^^^^^^^^^^^^^^^^^^^^^^^^^^^^^
[INFO] [stdout]     |
[INFO] [stdout]     = note: macro invocations at the end of a block are treated as expressions
[INFO] [stdout]     = note: to ignore the value produced by the macro, add a semicolon after the invocation of `bail`
[INFO] [stdout]     = warning: this was previously accepted by the compiler but is being phased out; it will become a hard error in a future release!
[INFO] [stdout]     = note: for more information, see issue #79813 <https://github.com/rust-lang/rust/issues/79813>
[INFO] [stdout]     = note: this warning originates in the macro `bail` (in Nightly builds, run with -Z macro-backtrace for more info)
[INFO] [stdout] 
[INFO] [stdout] 
[INFO] [stdout] warning: trailing semicolon in macro used in expression position
[INFO] [stdout]    --> src/browser/mozilla.rs:226:3
[INFO] [stdout]     |
[INFO] [stdout] 226 |   bail!("Can't find any profile")
[INFO] [stdout]     |   ^^^^^^^^^^^^^^^^^^^^^^^^^^^^^^^
[INFO] [stdout]     |
[INFO] [stdout]     = note: macro invocations at the end of a block are treated as expressions
[INFO] [stdout]     = note: to ignore the value produced by the macro, add a semicolon after the invocation of `bail`
[INFO] [stdout]     = warning: this was previously accepted by the compiler but is being phased out; it will become a hard error in a future release!
[INFO] [stdout]     = note: for more information, see issue #79813 <https://github.com/rust-lang/rust/issues/79813>
[INFO] [stdout]     = note: this warning originates in the macro `bail` (in Nightly builds, run with -Z macro-backtrace for more info)
[INFO] [stdout] 
[INFO] [stdout] 
[INFO] [stderr]     Finished `release` profile [optimized] target(s) in 46.82s
[INFO] running `Command { std: "docker" "inspect" "1d4a1976f8032e4eba5683fc2f017d6aa9949881dcea47deb23242e95c3df401", kill_on_drop: false }`
[INFO] running `Command { std: "docker" "exec" "-e" "SOURCE_DIR=/opt/rustwide/workdir" "-e" "CARGO_HOME=/opt/rustwide/cargo-home" "-e" "RUSTUP_HOME=/opt/rustwide/rustup-home" "-e" "CARGO_TARGET_DIR=/opt/rustwide/target" "-e" "CARGO_INCREMENTAL=0" "-e" "RUST_BACKTRACE=full" "-e" "RUSTFLAGS=--cap-lints=warn" "-e" "RUSTDOCFLAGS=--cap-lints=warn" "-w" "/opt/rustwide/workdir" "--user" "0:0" "1d4a1976f8032e4eba5683fc2f017d6aa9949881dcea47deb23242e95c3df401" "/opt/rustwide/cargo-home/bin/cargo" "+1.99.0-beta.8" "test" "--frozen" "--release", kill_on_drop: false }`
[INFO] [stderr] warning: trailing semicolon in macro used in expression position
[INFO] [stderr]   --> src/common/paths.rs:74:3
[INFO] [stderr]    |
[INFO] [stderr] 74 |   bail!("Can't find cookies file")
[INFO] [stderr]    |   ^^^^^^^^^^^^^^^^^^^^^^^^^^^^^^^^
[INFO] [stderr]    |
[INFO] [stderr]    = note: macro invocations at the end of a block are treated as expressions
[INFO] [stderr]    = note: to ignore the value produced by the macro, add a semicolon after the invocation of `bail`
[INFO] [stderr]    = warning: this was previously accepted by the compiler but is being phased out; it will become a hard error in a future release!
[INFO] [stderr]    = note: for more information, see issue #79813 <https://github.com/rust-lang/rust/issues/79813>
[INFO] [stderr]    = note: `#[warn(semicolon_in_expressions_from_non_local_macros)]` (part of `#[warn(future_incompatible)]`) on by default
[INFO] [stderr]    = note: this warning originates in the macro `bail` (in Nightly builds, run with -Z macro-backtrace for more info)
[INFO] [stderr] 
[INFO] [stderr] warning: trailing semicolon in macro used in expression position
[INFO] [stderr]    --> src/browser/chromium.rs:259:3
[INFO] [stderr]     |
[INFO] [stderr] 259 |   bail!("decrypt_encrypted_value failed")
[INFO] [stderr]     |   ^^^^^^^^^^^^^^^^^^^^^^^^^^^^^^^^^^^^^^^
[INFO] [stderr]     |
[INFO] [stderr]     = note: macro invocations at the end of a block are treated as expressions
[INFO] [stderr]     = note: to ignore the value produced by the macro, add a semicolon after the invocation of `bail`
[INFO] [stderr]     = warning: this was previously accepted by the compiler but is being phased out; it will become a hard error in a future release!
[INFO] [stderr]     = note: for more information, see issue #79813 <https://github.com/rust-lang/rust/issues/79813>
[INFO] [stderr]     = note: this warning originates in the macro `bail` (in Nightly builds, run with -Z macro-backtrace for more info)
[INFO] [stderr] 
[INFO] [stderr] warning: trailing semicolon in macro used in expression position
[INFO] [stderr]    --> src/browser/mozilla.rs:226:3
[INFO] [stderr]     |
[INFO] [stderr] 226 |   bail!("Can't find any profile")
[INFO] [stderr]     |   ^^^^^^^^^^^^^^^^^^^^^^^^^^^^^^^
[INFO] [stderr]     |
[INFO] [stderr]     = note: macro invocations at the end of a block are treated as expressions
[INFO] [stderr]     = note: to ignore the value produced by the macro, add a semicolon after the invocation of `bail`
[INFO] [stderr]     = warning: this was previously accepted by the compiler but is being phased out; it will become a hard error in a future release!
[INFO] [stderr]     = note: for more information, see issue #79813 <https://github.com/rust-lang/rust/issues/79813>
[INFO] [stderr]     = note: this warning originates in the macro `bail` (in Nightly builds, run with -Z macro-backtrace for more info)
[INFO] [stderr] 
[INFO] [stderr] warning: `rookie` (lib) generated 3 warnings
[INFO] [stderr] warning: `rookie` (lib test) generated 3 warnings (3 duplicates)
[INFO] [stderr]     Finished `release` profile [optimized] target(s) in 0.16s
[INFO] [stderr]      Running unittests src/lib.rs (/opt/rustwide/target/release/deps/rookie-bafca8e704a8f859)
[INFO] [stdout] 
[INFO] [stderr]    Doc-tests rookie
[INFO] [stdout] running 0 tests
[INFO] [stdout] 
[INFO] [stdout] test result: ok. 0 passed; 0 failed; 0 ignored; 0 measured; 0 filtered out; finished in 0.00s
[INFO] [stdout] 
[INFO] [stdout] 
[INFO] [stdout] running 15 tests
[INFO] [stdout] test src/lib.rs - cachy (line 89) ... FAILED
[INFO] [stdout] test src/lib.rs - edge (line 230) ... FAILED
[INFO] [stdout] test src/lib.rs - vivaldi (line 256) ... FAILED
[INFO] [stdout] test src/lib.rs - opera (line 282) ... FAILED
[INFO] [stdout] test src/lib.rs - firefox (line 53) ... FAILED
[INFO] [stdout] test src/lib.rs - librewolf (line 71) ... FAILED
[INFO] [stdout] test src/lib.rs - brave (line 160) ... FAILED
[INFO] [stdout] test src/lib.rs - chromium (line 134) ... FAILED
[INFO] [stdout] test src/lib.rs - load (line 391) ... FAILED
[INFO] [stdout] test src/lib.rs - opera_gx (line 308) ... FAILED
[INFO] [stdout] test src/lib.rs - any_browser (line 439) ... FAILED
[INFO] [stdout] test src/lib.rs - chrome (line 108) ... FAILED
[INFO] [stdout] test src/lib.rs - zen (line 212) ... FAILED
[INFO] [stdout] test src/lib.rs - arc (line 186) ... FAILED
[INFO] [stdout] test src/lib.rs - version (line 37) ... ok
[INFO] [stdout] 
[INFO] [stdout] failures:
[INFO] [stdout] 
[INFO] [stdout] ---- src/lib.rs - cachy (line 89) stdout ----
[INFO] [stdout] error[E0308]: mismatched types
[INFO] [stdout]   --> src/lib.rs:92:34
[INFO] [stdout]    |
[INFO] [stdout] 92 | let cookies = rookie::cachy(Some(domains));
[INFO] [stdout]    |                             ---- ^^^^^^^ expected `Vec<String>`, found `Vec<&str>`
[INFO] [stdout]    |                             |
[INFO] [stdout]    |                             arguments to this enum variant are incorrect
[INFO] [stdout]    |
[INFO] [stdout]    = note: expected struct `Vec<String>`
[INFO] [stdout]               found struct `Vec<&str>`
[INFO] [stdout] help: the type constructed contains `Vec<&str>` due to the type of the argument passed
[INFO] [stdout]   --> src/lib.rs:92:29
[INFO] [stdout]    |
[INFO] [stdout] 92 | let cookies = rookie::cachy(Some(domains));
[INFO] [stdout]    |                             ^^^^^-------^
[INFO] [stdout]    |                                  |
[INFO] [stdout]    |                                  this argument influences the type of `Some`
[INFO] [stdout] note: tuple variant defined here
[INFO] [stdout]   --> /rustc/dfb0accb7f508ae8be965d8629557221c889dd98/library/core/src/option.rs:606:4
[INFO] [stdout] 
[INFO] [stdout] error: aborting due to 1 previous error
[INFO] [stdout] 
[INFO] [stdout] For more information about this error, try `rustc --explain E0308`.
[INFO] [stdout] Couldn't compile the test.
[INFO] [stdout] ---- src/lib.rs - edge (line 230) stdout ----
[INFO] [stdout] error[E0308]: mismatched types
[INFO] [stdout]    --> src/lib.rs:233:33
[INFO] [stdout]     |
[INFO] [stdout] 233 | let cookies = rookie::edge(Some(domains));
[INFO] [stdout]     |                            ---- ^^^^^^^ expected `Vec<String>`, found `Vec<&str>`
[INFO] [stdout]     |                            |
[INFO] [stdout]     |                            arguments to this enum variant are incorrect
[INFO] [stdout]     |
[INFO] [stdout]     = note: expected struct `Vec<String>`
[INFO] [stdout]                found struct `Vec<&str>`
[INFO] [stdout] help: the type constructed contains `Vec<&str>` due to the type of the argument passed
[INFO] [stdout]    --> src/lib.rs:233:28
[INFO] [stdout]     |
[INFO] [stdout] 233 | let cookies = rookie::edge(Some(domains));
[INFO] [stdout]     |                            ^^^^^-------^
[INFO] [stdout]     |                                 |
[INFO] [stdout]     |                                 this argument influences the type of `Some`
[INFO] [stdout] note: tuple variant defined here
[INFO] [stdout]    --> /rustc/dfb0accb7f508ae8be965d8629557221c889dd98/library/core/src/option.rs:606:4
[INFO] [stdout] 
[INFO] [stdout] error: aborting due to 1 previous error
[INFO] [stdout] 
[INFO] [stdout] For more information about this error, try `rustc --explain E0308`.
[INFO] [stdout] Couldn't compile the test.
[INFO] [stdout] ---- src/lib.rs - vivaldi (line 256) stdout ----
[INFO] [stdout] error[E0308]: mismatched types
[INFO] [stdout]    --> src/lib.rs:259:36
[INFO] [stdout]     |
[INFO] [stdout] 259 | let cookies = rookie::vivaldi(Some(domains));
[INFO] [stdout]     |                               ---- ^^^^^^^ expected `Vec<String>`, found `Vec<&str>`
[INFO] [stdout]     |                               |
[INFO] [stdout]     |                               arguments to this enum variant are incorrect
[INFO] [stdout]     |
[INFO] [stdout]     = note: expected struct `Vec<String>`
[INFO] [stdout]                found struct `Vec<&str>`
[INFO] [stdout] help: the type constructed contains `Vec<&str>` due to the type of the argument passed
[INFO] [stdout]    --> src/lib.rs:259:31
[INFO] [stdout]     |
[INFO] [stdout] 259 | let cookies = rookie::vivaldi(Some(domains));
[INFO] [stdout]     |                               ^^^^^-------^
[INFO] [stdout]     |                                    |
[INFO] [stdout]     |                                    this argument influences the type of `Some`
[INFO] [stdout] note: tuple variant defined here
[INFO] [stdout]    --> /rustc/dfb0accb7f508ae8be965d8629557221c889dd98/library/core/src/option.rs:606:4
[INFO] [stdout] 
[INFO] [stdout] error: aborting due to 1 previous error
[INFO] [stdout] 
[INFO] [stdout] For more information about this error, try `rustc --explain E0308`.
[INFO] [stdout] Couldn't compile the test.
[INFO] [stdout] ---- src/lib.rs - opera (line 282) stdout ----
[INFO] [stdout] error[E0308]: mismatched types
[INFO] [stdout]    --> src/lib.rs:285:34
[INFO] [stdout]     |
[INFO] [stdout] 285 | let cookies = rookie::opera(Some(domains));
[INFO] [stdout]     |                             ---- ^^^^^^^ expected `Vec<String>`, found `Vec<&str>`
[INFO] [stdout]     |                             |
[INFO] [stdout]     |                             arguments to this enum variant are incorrect
[INFO] [stdout]     |
[INFO] [stdout]     = note: expected struct `Vec<String>`
[INFO] [stdout]                found struct `Vec<&str>`
[INFO] [stdout] help: the type constructed contains `Vec<&str>` due to the type of the argument passed
[INFO] [stdout]    --> src/lib.rs:285:29
[INFO] [stdout]     |
[INFO] [stdout] 285 | let cookies = rookie::opera(Some(domains));
[INFO] [stdout]     |                             ^^^^^-------^
[INFO] [stdout]     |                                  |
[INFO] [stdout]     |                                  this argument influences the type of `Some`
[INFO] [stdout] note: tuple variant defined here
[INFO] [stdout]    --> /rustc/dfb0accb7f508ae8be965d8629557221c889dd98/library/core/src/option.rs:606:4
[INFO] [stdout] 
[INFO] [stdout] error: aborting due to 1 previous error
[INFO] [stdout] 
[INFO] [stdout] For more information about this error, try `rustc --explain E0308`.
[INFO] [stdout] Couldn't compile the test.
[INFO] [stdout] ---- src/lib.rs - firefox (line 53) stdout ----
[INFO] [stdout] error[E0308]: mismatched types
[INFO] [stdout]   --> src/lib.rs:56:36
[INFO] [stdout]    |
[INFO] [stdout] 56 | let cookies = rookie::firefox(Some(domains));
[INFO] [stdout]    |                               ---- ^^^^^^^ expected `Vec<String>`, found `Vec<&str>`
[INFO] [stdout]    |                               |
[INFO] [stdout]    |                               arguments to this enum variant are incorrect
[INFO] [stdout]    |
[INFO] [stdout]    = note: expected struct `Vec<String>`
[INFO] [stdout]               found struct `Vec<&str>`
[INFO] [stdout] help: the type constructed contains `Vec<&str>` due to the type of the argument passed
[INFO] [stdout]   --> src/lib.rs:56:31
[INFO] [stdout]    |
[INFO] [stdout] 56 | let cookies = rookie::firefox(Some(domains));
[INFO] [stdout]    |                               ^^^^^-------^
[INFO] [stdout]    |                                    |
[INFO] [stdout]    |                                    this argument influences the type of `Some`
[INFO] [stdout] note: tuple variant defined here
[INFO] [stdout]   --> /rustc/dfb0accb7f508ae8be965d8629557221c889dd98/library/core/src/option.rs:606:4
[INFO] [stdout] 
[INFO] [stdout] error: aborting due to 1 previous error
[INFO] [stdout] 
[INFO] [stderr] error: doctest failed, to rerun pass `--doc`
[INFO] [stdout] For more information about this error, try `rustc --explain E0308`.
[INFO] [stdout] Couldn't compile the test.
[INFO] [stdout] ---- src/lib.rs - librewolf (line 71) stdout ----
[INFO] [stdout] error[E0308]: mismatched types
[INFO] [stdout]   --> src/lib.rs:74:38
[INFO] [stdout]    |
[INFO] [stdout] 74 | let cookies = rookie::librewolf(Some(domains));
[INFO] [stdout]    |                                 ---- ^^^^^^^ expected `Vec<String>`, found `Vec<&str>`
[INFO] [stdout]    |                                 |
[INFO] [stdout]    |                                 arguments to this enum variant are incorrect
[INFO] [stdout]    |
[INFO] [stdout]    = note: expected struct `Vec<String>`
[INFO] [stdout]               found struct `Vec<&str>`
[INFO] [stdout] help: the type constructed contains `Vec<&str>` due to the type of the argument passed
[INFO] [stdout]   --> src/lib.rs:74:33
[INFO] [stdout]    |
[INFO] [stdout] 74 | let cookies = rookie::librewolf(Some(domains));
[INFO] [stdout]    |                                 ^^^^^-------^
[INFO] [stdout]    |                                      |
[INFO] [stdout]    |                                      this argument influences the type of `Some`
[INFO] [stdout] note: tuple variant defined here
[INFO] [stdout]   --> /rustc/dfb0accb7f508ae8be965d8629557221c889dd98/library/core/src/option.rs:606:4
[INFO] [stdout] 
[INFO] [stdout] error: aborting due to 1 previous error
[INFO] [stdout] 
[INFO] [stdout] For more information about this error, try `rustc --explain E0308`.
[INFO] [stdout] Couldn't compile the test.
[INFO] [stdout] ---- src/lib.rs - brave (line 160) stdout ----
[INFO] [stdout] error[E0308]: mismatched types
[INFO] [stdout]    --> src/lib.rs:163:34
[INFO] [stdout]     |
[INFO] [stdout] 163 | let cookies = rookie::brave(Some(domains));
[INFO] [stdout]     |                             ---- ^^^^^^^ expected `Vec<String>`, found `Vec<&str>`
[INFO] [stdout]     |                             |
[INFO] [stdout]     |                             arguments to this enum variant are incorrect
[INFO] [stdout]     |
[INFO] [stdout]     = note: expected struct `Vec<String>`
[INFO] [stdout]                found struct `Vec<&str>`
[INFO] [stdout] help: the type constructed contains `Vec<&str>` due to the type of the argument passed
[INFO] [stdout]    --> src/lib.rs:163:29
[INFO] [stdout]     |
[INFO] [stdout] 163 | let cookies = rookie::brave(Some(domains));
[INFO] [stdout]     |                             ^^^^^-------^
[INFO] [stdout]     |                                  |
[INFO] [stdout]     |                                  this argument influences the type of `Some`
[INFO] [stdout] note: tuple variant defined here
[INFO] [stdout]    --> /rustc/dfb0accb7f508ae8be965d8629557221c889dd98/library/core/src/option.rs:606:4
[INFO] [stdout] 
[INFO] [stdout] error: aborting due to 1 previous error
[INFO] [stdout] 
[INFO] [stdout] For more information about this error, try `rustc --explain E0308`.
[INFO] [stdout] Couldn't compile the test.
[INFO] [stdout] ---- src/lib.rs - chromium (line 134) stdout ----
[INFO] [stdout] error[E0308]: mismatched types
[INFO] [stdout]    --> src/lib.rs:137:37
[INFO] [stdout]     |
[INFO] [stdout] 137 | let cookies = rookie::chromium(Some(domains));
[INFO] [stdout]     |                                ---- ^^^^^^^ expected `Vec<String>`, found `Vec<&str>`
[INFO] [stdout]     |                                |
[INFO] [stdout]     |                                arguments to this enum variant are incorrect
[INFO] [stdout]     |
[INFO] [stdout]     = note: expected struct `Vec<String>`
[INFO] [stdout]                found struct `Vec<&str>`
[INFO] [stdout] help: the type constructed contains `Vec<&str>` due to the type of the argument passed
[INFO] [stdout]    --> src/lib.rs:137:32
[INFO] [stdout]     |
[INFO] [stdout] 137 | let cookies = rookie::chromium(Some(domains));
[INFO] [stdout]     |                                ^^^^^-------^
[INFO] [stdout]     |                                     |
[INFO] [stdout]     |                                     this argument influences the type of `Some`
[INFO] [stdout] note: tuple variant defined here
[INFO] [stdout]    --> /rustc/dfb0accb7f508ae8be965d8629557221c889dd98/library/core/src/option.rs:606:4
[INFO] [stdout] 
[INFO] [stdout] error: aborting due to 1 previous error
[INFO] [stdout] 
[INFO] [stdout] For more information about this error, try `rustc --explain E0308`.
[INFO] [stdout] Couldn't compile the test.
[INFO] [stdout] ---- src/lib.rs - load (line 391) stdout ----
[INFO] [stdout] error[E0308]: mismatched types
[INFO] [stdout]    --> src/lib.rs:394:33
[INFO] [stdout]     |
[INFO] [stdout] 394 | let cookies = rookie::load(Some(domains));
[INFO] [stdout]     |                            ---- ^^^^^^^ expected `Vec<String>`, found `Vec<&str>`
[INFO] [stdout]     |                            |
[INFO] [stdout]     |                            arguments to this enum variant are incorrect
[INFO] [stdout]     |
[INFO] [stdout]     = note: expected struct `Vec<String>`
[INFO] [stdout]                found struct `Vec<&str>`
[INFO] [stdout] help: the type constructed contains `Vec<&str>` due to the type of the argument passed
[INFO] [stdout]    --> src/lib.rs:394:28
[INFO] [stdout]     |
[INFO] [stdout] 394 | let cookies = rookie::load(Some(domains));
[INFO] [stdout]     |                            ^^^^^-------^
[INFO] [stdout]     |                                 |
[INFO] [stdout]     |                                 this argument influences the type of `Some`
[INFO] [stdout] note: tuple variant defined here
[INFO] [stdout]    --> /rustc/dfb0accb7f508ae8be965d8629557221c889dd98/library/core/src/option.rs:606:4
[INFO] [stdout] 
[INFO] [stdout] error: aborting due to 1 previous error
[INFO] [stdout] 
[INFO] [stdout] For more information about this error, try `rustc --explain E0308`.
[INFO] [stdout] Couldn't compile the test.
[INFO] [stdout] ---- src/lib.rs - opera_gx (line 308) stdout ----
[INFO] [stdout] error[E0308]: mismatched types
[INFO] [stdout]    --> src/lib.rs:311:37
[INFO] [stdout]     |
[INFO] [stdout] 311 | let cookies = rookie::opera_gx(Some(domains));
[INFO] [stdout]     |                                ---- ^^^^^^^ expected `Vec<String>`, found `Vec<&str>`
[INFO] [stdout]     |                                |
[INFO] [stdout]     |                                arguments to this enum variant are incorrect
[INFO] [stdout]     |
[INFO] [stdout]     = note: expected struct `Vec<String>`
[INFO] [stdout]                found struct `Vec<&str>`
[INFO] [stdout] help: the type constructed contains `Vec<&str>` due to the type of the argument passed
[INFO] [stdout]    --> src/lib.rs:311:32
[INFO] [stdout]     |
[INFO] [stdout] 311 | let cookies = rookie::opera_gx(Some(domains));
[INFO] [stdout]     |                                ^^^^^-------^
[INFO] [stdout]     |                                     |
[INFO] [stdout]     |                                     this argument influences the type of `Some`
[INFO] [stdout] note: tuple variant defined here
[INFO] [stdout]    --> /rustc/dfb0accb7f508ae8be965d8629557221c889dd98/library/core/src/option.rs:606:4
[INFO] [stdout] 
[INFO] [stdout] error: aborting due to 1 previous error
[INFO] [stdout] 
[INFO] [stdout] For more information about this error, try `rustc --explain E0308`.
[INFO] [stdout] Couldn't compile the test.
[INFO] [stdout] ---- src/lib.rs - any_browser (line 439) stdout ----
[INFO] [stdout] Test executable failed (exit status: 101).
[INFO] [stdout] 
[INFO] [stdout] stderr:
[INFO] [stdout] 
[INFO] [stdout] thread 'main' (2631) panicked at src/lib.rs:8:71:
[INFO] [stdout] called `Result::unwrap()` on an `Err` value: 
[INFO] [stdout] No cookies found.
[INFO] [stdout] If you're using a Chromium-based browser, please specify the key file and run this program with administrator privileges.
[INFO] [stdout] 
[INFO] [stdout] Location:
[INFO] [stdout]     src/lib.rs:501:3
[INFO] [stdout] stack backtrace:
[INFO] [stdout]    0:     0x5735deb26221 - std[70759c8f55707aa4]::backtrace_rs::backtrace::libunwind::trace
[INFO] [stdout]                                at /rustc/dfb0accb7f508ae8be965d8629557221c889dd98/library/std/src/../../backtrace/src/backtrace/libunwind.rs:117:9
[INFO] [stdout]    1:     0x5735deb26221 - std[70759c8f55707aa4]::backtrace_rs::backtrace::trace_unsynchronized::<std[70759c8f55707aa4]::sys::backtrace::_print_fmt::{closure#1}>
[INFO] [stdout]                                at /rustc/dfb0accb7f508ae8be965d8629557221c889dd98/library/std/src/../../backtrace/src/backtrace/mod.rs:66:14
[INFO] [stdout]    2:     0x5735deb26221 - std[70759c8f55707aa4]::sys::backtrace::_print_fmt
[INFO] [stdout]                                at /rustc/dfb0accb7f508ae8be965d8629557221c889dd98/library/std/src/sys/backtrace.rs:74:9
[INFO] [stdout]    3:     0x5735deb26221 - <<std[70759c8f55707aa4]::sys::backtrace::BacktraceLock>::print::DisplayBacktrace as core[df12db4294e9bfd3]::fmt::Display>::fmt
[INFO] [stdout]                                at /rustc/dfb0accb7f508ae8be965d8629557221c889dd98/library/std/src/sys/backtrace.rs:44:26
[INFO] [stdout]    4:     0x5735deb3aa6a - <core[df12db4294e9bfd3]::fmt::rt::Argument>::fmt
[INFO] [stdout]                                at /rustc/dfb0accb7f508ae8be965d8629557221c889dd98/library/core/src/fmt/rt.rs:152:76
[INFO] [stdout]    5:     0x5735deb3aa6a - core[df12db4294e9bfd3]::fmt::write
[INFO] [stdout]    6:     0x5735deb2a58c - core[df12db4294e9bfd3]::io::write::default_write_fmt::<std[70759c8f55707aa4]::sys::stdio::unix::Stderr>
[INFO] [stdout]                                at /rustc/dfb0accb7f508ae8be965d8629557221c889dd98/library/core/src/io/write.rs:402:11
[INFO] [stdout]    7:     0x5735deb2a58c - <std[70759c8f55707aa4]::sys::stdio::unix::Stderr as core[df12db4294e9bfd3]::io::write::Write>::write_fmt
[INFO] [stdout]                                at /rustc/dfb0accb7f508ae8be965d8629557221c889dd98/library/core/src/io/write.rs:335:13
[INFO] [stdout]    8:     0x5735deb0bca6 - <std[70759c8f55707aa4]::sys::backtrace::BacktraceLock>::print
[INFO] [stdout]                                at /rustc/dfb0accb7f508ae8be965d8629557221c889dd98/library/std/src/sys/backtrace.rs:47:9
[INFO] [stdout]    9:     0x5735deb0bca6 - std[70759c8f55707aa4]::panicking::default_hook::{closure#0}
[INFO] [stdout]                                at /rustc/dfb0accb7f508ae8be965d8629557221c889dd98/library/std/src/panicking.rs:292:27
[INFO] [stdout]   10:     0x5735deb204c1 - std[70759c8f55707aa4]::panicking::default_hook
[INFO] [stdout]                                at /rustc/dfb0accb7f508ae8be965d8629557221c889dd98/library/std/src/panicking.rs:319:9
[INFO] [stdout]   11:     0x5735deb207eb - std[70759c8f55707aa4]::panicking::panic_with_hook
[INFO] [stdout]                                at /rustc/dfb0accb7f508ae8be965d8629557221c889dd98/library/std/src/panicking.rs:815:13
[INFO] [stdout]   12:     0x5735deb0bd52 - std[70759c8f55707aa4]::panicking::panic_handler::{closure#0}
[INFO] [stdout]                                at /rustc/dfb0accb7f508ae8be965d8629557221c889dd98/library/std/src/panicking.rs:688:13
[INFO] [stdout]   13:     0x5735deb04ad9 - std[70759c8f55707aa4]::sys::backtrace::__rust_end_short_backtrace::<std[70759c8f55707aa4]::panicking::panic_handler::{closure#0}, !>
[INFO] [stdout]                                at /rustc/dfb0accb7f508ae8be965d8629557221c889dd98/library/std/src/sys/backtrace.rs:182:18
[INFO] [stdout]   14:     0x5735deb0c6dd - __rustc[8fa7c3cbc660c2b3]::rust_begin_unwind
[INFO] [stdout]                                at /rustc/dfb0accb7f508ae8be965d8629557221c889dd98/library/std/src/panicking.rs:679:5
[INFO] [stdout]   15:     0x5735deb3b22c - core[df12db4294e9bfd3]::panicking::panic_fmt
[INFO] [stdout]                                at /rustc/dfb0accb7f508ae8be965d8629557221c889dd98/library/core/src/panicking.rs:80:14
[INFO] [stdout]   16:     0x5735deb3afa2 - core[df12db4294e9bfd3]::result::unwrap_failed
[INFO] [stdout]                                at /rustc/dfb0accb7f508ae8be965d8629557221c889dd98/library/core/src/result.rs:1871:5
[INFO] [stdout]   17:     0x5735de6a415a - rust_out[fc2a76a7d39855e1]::main::_doctest_main_src_lib_rs_439_0
[INFO] [stdout]   18:     0x5735de6a3e26 - rust_out[fc2a76a7d39855e1]::main
[INFO] [stdout]   19:     0x5735de6a42ab - <fn() as core[df12db4294e9bfd3]::ops::function::FnOnce<()>>::call_once
[INFO] [stdout]   20:     0x5735de6a3de6 - std[70759c8f55707aa4]::sys::backtrace::__rust_begin_short_backtrace::<fn(), ()>
[INFO] [stdout]   21:     0x5735de6a3df9 - std[70759c8f55707aa4]::rt::lang_start::<()>::{closure#0}
[INFO] [stdout]   22:     0x5735deb1fc19 - <&dyn core[df12db4294e9bfd3]::ops::function::Fn<(), Output = i32> + core[df12db4294e9bfd3]::panic::unwind_safe::RefUnwindSafe + core[df12db4294e9bfd3]::marker::Sync as core[df12db4294e9bfd3]::ops::function::FnOnce<()>>::call_once
[INFO] [stdout]                                at /rustc/dfb0accb7f508ae8be965d8629557221c889dd98/library/core/src/ops/function.rs:287:21
[INFO] [stdout]   23:     0x5735deb1fc19 - std[70759c8f55707aa4]::panicking::catch_unwind::do_call::<&dyn core[df12db4294e9bfd3]::ops::function::Fn<(), Output = i32> + core[df12db4294e9bfd3]::panic::unwind_safe::RefUnwindSafe + core[df12db4294e9bfd3]::marker::Sync, i32>
[INFO] [stdout]                                at /rustc/dfb0accb7f508ae8be965d8629557221c889dd98/library/std/src/panicking.rs:576:43
[INFO] [stdout]   24:     0x5735deb1fc19 - std[70759c8f55707aa4]::panicking::catch_unwind::<i32, &dyn core[df12db4294e9bfd3]::ops::function::Fn<(), Output = i32> + core[df12db4294e9bfd3]::panic::unwind_safe::RefUnwindSafe + core[df12db4294e9bfd3]::marker::Sync>
[INFO] [stdout]                                at /rustc/dfb0accb7f508ae8be965d8629557221c889dd98/library/std/src/panicking.rs:544:19
[INFO] [stdout]   25:     0x5735deb1fc19 - std[70759c8f55707aa4]::panic::catch_unwind::<&dyn core[df12db4294e9bfd3]::ops::function::Fn<(), Output = i32> + core[df12db4294e9bfd3]::panic::unwind_safe::RefUnwindSafe + core[df12db4294e9bfd3]::marker::Sync, i32>
[INFO] [stdout]                                at /rustc/dfb0accb7f508ae8be965d8629557221c889dd98/library/std/src/panic.rs:359:14
[INFO] [stdout]   26:     0x5735deb1fc19 - std[70759c8f55707aa4]::rt::lang_start_internal::{closure#0}
[INFO] [stdout]                                at /rustc/dfb0accb7f508ae8be965d8629557221c889dd98/library/std/src/rt.rs:175:24
[INFO] [stdout]   27:     0x5735deb1fc19 - std[70759c8f55707aa4]::panicking::catch_unwind::do_call::<std[70759c8f55707aa4]::rt::lang_start_internal::{closure#0}, isize>
[INFO] [stdout]                                at /rustc/dfb0accb7f508ae8be965d8629557221c889dd98/library/std/src/panicking.rs:576:43
[INFO] [stdout]   28:     0x5735deb1fc19 - std[70759c8f55707aa4]::panicking::catch_unwind::<isize, std[70759c8f55707aa4]::rt::lang_start_internal::{closure#0}>
[INFO] [stdout]                                at /rustc/dfb0accb7f508ae8be965d8629557221c889dd98/library/std/src/panicking.rs:544:19
[INFO] [stdout]   29:     0x5735deb1fc19 - std[70759c8f55707aa4]::panic::catch_unwind::<std[70759c8f55707aa4]::rt::lang_start_internal::{closure#0}, isize>
[INFO] [stdout]                                at /rustc/dfb0accb7f508ae8be965d8629557221c889dd98/library/std/src/panic.rs:359:14
[INFO] [stdout]   30:     0x5735deb1fc19 - std[70759c8f55707aa4]::rt::lang_start_internal
[INFO] [stdout]                                at /rustc/dfb0accb7f508ae8be965d8629557221c889dd98/library/std/src/rt.rs:171:5
[INFO] [stdout]   31:     0x5735de6a3b51 - std[70759c8f55707aa4]::rt::lang_start::<()>
[INFO] [stdout]   32:     0x5735de6a42e5 - main
[INFO] [stdout]   33:     0x7578920df601 - <unknown>
[INFO] [stdout]   34:     0x7578920df718 - __libc_start_main
[INFO] [stdout]   35:     0x5735de6a3a65 - _start
[INFO] [stdout]   36:                0x0 - <unknown>
[INFO] [stdout] 
[INFO] [stdout] 
[INFO] [stdout] ---- src/lib.rs - chrome (line 108) stdout ----
[INFO] [stdout] error[E0308]: mismatched types
[INFO] [stdout]    --> src/lib.rs:111:35
[INFO] [stdout]     |
[INFO] [stdout] 111 | let cookies = rookie::chrome(Some(domains));
[INFO] [stdout]     |                              ---- ^^^^^^^ expected `Vec<String>`, found `Vec<&str>`
[INFO] [stdout]     |                              |
[INFO] [stdout]     |                              arguments to this enum variant are incorrect
[INFO] [stdout]     |
[INFO] [stdout]     = note: expected struct `Vec<String>`
[INFO] [stdout]                found struct `Vec<&str>`
[INFO] [stdout] help: the type constructed contains `Vec<&str>` due to the type of the argument passed
[INFO] [stdout]    --> src/lib.rs:111:30
[INFO] [stdout]     |
[INFO] [stdout] 111 | let cookies = rookie::chrome(Some(domains));
[INFO] [stdout]     |                              ^^^^^-------^
[INFO] [stdout]     |                                   |
[INFO] [stdout]     |                                   this argument influences the type of `Some`
[INFO] [stdout] note: tuple variant defined here
[INFO] [stdout]    --> /rustc/dfb0accb7f508ae8be965d8629557221c889dd98/library/core/src/option.rs:606:4
[INFO] [stdout] 
[INFO] [stdout] error: aborting due to 1 previous error
[INFO] [stdout] 
[INFO] [stdout] For more information about this error, try `rustc --explain E0308`.
[INFO] [stdout] Couldn't compile the test.
[INFO] [stdout] ---- src/lib.rs - zen (line 212) stdout ----
[INFO] [stdout] error[E0308]: mismatched types
[INFO] [stdout]    --> src/lib.rs:215:32
[INFO] [stdout]     |
[INFO] [stdout] 215 | let cookies = rookie::zen(Some(domains));
[INFO] [stdout]     |                           ---- ^^^^^^^ expected `Vec<String>`, found `Vec<&str>`
[INFO] [stdout]     |                           |
[INFO] [stdout]     |                           arguments to this enum variant are incorrect
[INFO] [stdout]     |
[INFO] [stdout]     = note: expected struct `Vec<String>`
[INFO] [stdout]                found struct `Vec<&str>`
[INFO] [stdout] help: the type constructed contains `Vec<&str>` due to the type of the argument passed
[INFO] [stdout]    --> src/lib.rs:215:27
[INFO] [stdout]     |
[INFO] [stdout] 215 | let cookies = rookie::zen(Some(domains));
[INFO] [stdout]     |                           ^^^^^-------^
[INFO] [stdout]     |                                |
[INFO] [stdout]     |                                this argument influences the type of `Some`
[INFO] [stdout] note: tuple variant defined here
[INFO] [stdout]    --> /rustc/dfb0accb7f508ae8be965d8629557221c889dd98/library/core/src/option.rs:606:4
[INFO] [stdout] 
[INFO] [stdout] error: aborting due to 1 previous error
[INFO] [stdout] 
[INFO] [stdout] For more information about this error, try `rustc --explain E0308`.
[INFO] [stdout] Couldn't compile the test.
[INFO] [stdout] ---- src/lib.rs - arc (line 186) stdout ----
[INFO] [stdout] error[E0308]: mismatched types
[INFO] [stdout]    --> src/lib.rs:189:34
[INFO] [stdout]     |
[INFO] [stdout] 189 | let cookies = rookie::brave(Some(domains));
[INFO] [stdout]     |                             ---- ^^^^^^^ expected `Vec<String>`, found `Vec<&str>`
[INFO] [stdout]     |                             |
[INFO] [stdout]     |                             arguments to this enum variant are incorrect
[INFO] [stdout]     |
[INFO] [stdout]     = note: expected struct `Vec<String>`
[INFO] [stdout]                found struct `Vec<&str>`
[INFO] [stdout] help: the type constructed contains `Vec<&str>` due to the type of the argument passed
[INFO] [stdout]    --> src/lib.rs:189:29
[INFO] [stdout]     |
[INFO] [stdout] 189 | let cookies = rookie::brave(Some(domains));
[INFO] [stdout]     |                             ^^^^^-------^
[INFO] [stdout]     |                                  |
[INFO] [stdout]     |                                  this argument influences the type of `Some`
[INFO] [stdout] note: tuple variant defined here
[INFO] [stdout]    --> /rustc/dfb0accb7f508ae8be965d8629557221c889dd98/library/core/src/option.rs:606:4
[INFO] [stdout] 
[INFO] [stdout] error: aborting due to 1 previous error
[INFO] [stdout] 
[INFO] [stdout] For more information about this error, try `rustc --explain E0308`.
[INFO] [stdout] Couldn't compile the test.
[INFO] [stdout] 
[INFO] [stdout] failures:
[INFO] [stdout]     src/lib.rs - any_browser (line 439)
[INFO] [stdout]     src/lib.rs - arc (line 186)
[INFO] [stdout]     src/lib.rs - brave (line 160)
[INFO] [stdout]     src/lib.rs - cachy (line 89)
[INFO] [stdout]     src/lib.rs - chrome (line 108)
[INFO] [stdout]     src/lib.rs - chromium (line 134)
[INFO] [stdout]     src/lib.rs - edge (line 230)
[INFO] [stdout]     src/lib.rs - firefox (line 53)
[INFO] [stdout]     src/lib.rs - librewolf (line 71)
[INFO] [stdout]     src/lib.rs - load (line 391)
[INFO] [stdout]     src/lib.rs - opera (line 282)
[INFO] [stdout]     src/lib.rs - opera_gx (line 308)
[INFO] [stdout]     src/lib.rs - vivaldi (line 256)
[INFO] [stdout]     src/lib.rs - zen (line 212)
[INFO] [stdout] 
[INFO] [stdout] test result: FAILED. 1 passed; 14 failed; 0 ignored; 0 measured; 0 filtered out; finished in 0.87s
[INFO] [stdout] 
[INFO] running `Command { std: "docker" "inspect" "1d4a1976f8032e4eba5683fc2f017d6aa9949881dcea47deb23242e95c3df401", kill_on_drop: false }`
[INFO] running `Command { std: "docker" "rm" "-f" "1d4a1976f8032e4eba5683fc2f017d6aa9949881dcea47deb23242e95c3df401", kill_on_drop: false }`
[INFO] [stdout] 1d4a1976f8032e4eba5683fc2f017d6aa9949881dcea47deb23242e95c3df401
