[INFO] fetching crate re_hdf5 0.38.1...
[INFO] testing re_hdf5-0.38.1 against 1.99.0-beta.8+cargoflags=--release for beta-release-1.100-2
[INFO] extracting crate re_hdf5 0.38.1 into /workspace/builds/worker-2-tc1/source
[INFO] started tweaking crates.io crate re_hdf5 0.38.1
[INFO] removed 0 missing examples
[INFO] removed 0 missing tests
[INFO] finished tweaking crates.io crate re_hdf5 0.38.1
[INFO] tweaked toml for crates.io crate re_hdf5 0.38.1 written to /workspace/builds/worker-2-tc1/source/Cargo.toml
[INFO] validating manifest of crates.io crate re_hdf5 0.38.1 on toolchain 1.99.0-beta.8
[INFO] running `Command { std: CARGO_HOME="/workspace/cargo-home" RUSTUP_HOME="/workspace/rustup-home" "/workspace/cargo-home/bin/cargo" "+1.99.0-beta.8" "metadata" "--manifest-path" "Cargo.toml" "--no-deps", kill_on_drop: false }`
[INFO] crate crates.io crate re_hdf5 0.38.1 already has a lockfile, it will not be regenerated
[INFO] running `Command { std: CARGO_HOME="/workspace/cargo-home" RUSTUP_HOME="/workspace/rustup-home" "/workspace/cargo-home/bin/cargo" "+1.99.0-beta.8" "fetch" "--manifest-path" "Cargo.toml", kill_on_drop: false }`
[INFO] [stderr]     Blocking waiting for file lock on package cache
[INFO] [stderr]     Updating crates.io index
[INFO] [stderr]  Downloading crates ...
[INFO] [stderr]   Downloaded hdf5-pure v0.33.0
[INFO] running `Command { std: "docker" "create" "-v" "/var/lib/crater-agent-workspace/builds/worker-2-tc1/source:/opt/rustwide/workdir:ro,Z" "-v" "/var/lib/crater-agent-workspace/builds/worker-2-tc1/target:/opt/rustwide/target:rw,Z" "-v" "/var/lib/crater-agent-workspace/cargo-home:/opt/rustwide/cargo-home:ro,Z" "-v" "/var/lib/crater-agent-workspace/rustup-home:/opt/rustwide/rustup-home:ro,Z" "-m" "1610612736" "--network" "none" "ghcr.io/rust-lang/crates-build-env/linux@sha256:77db811e55d90add9212f6832c23229e3de5f1c1f9905e8cb07319ea15df73ac" "sleep" "infinity", kill_on_drop: false }`
[INFO] [stdout] 36e85c71748da42d32148eecea36ac68b7a5752e4f062499e5d91f80b6363df2
[INFO] running `Command { std: "docker" "start" "36e85c71748da42d32148eecea36ac68b7a5752e4f062499e5d91f80b6363df2", kill_on_drop: false }`
[INFO] running `Command { std: "docker" "inspect" "36e85c71748da42d32148eecea36ac68b7a5752e4f062499e5d91f80b6363df2", kill_on_drop: false }`
[INFO] running `Command { std: "docker" "exec" "-e" "SOURCE_DIR=/opt/rustwide/workdir" "-e" "CARGO_HOME=/opt/rustwide/cargo-home" "-e" "RUSTUP_HOME=/opt/rustwide/rustup-home" "-e" "CARGO_TARGET_DIR=/opt/rustwide/target" "-w" "/opt/rustwide/workdir" "--user" "0:0" "36e85c71748da42d32148eecea36ac68b7a5752e4f062499e5d91f80b6363df2" "/opt/rustwide/cargo-home/bin/cargo" "+1.99.0-beta.8" "metadata" "--no-deps" "--format-version=1", kill_on_drop: false }`
[INFO] running `Command { std: "docker" "inspect" "36e85c71748da42d32148eecea36ac68b7a5752e4f062499e5d91f80b6363df2", kill_on_drop: false }`
[INFO] running `Command { std: "docker" "exec" "-e" "SOURCE_DIR=/opt/rustwide/workdir" "-e" "CARGO_HOME=/opt/rustwide/cargo-home" "-e" "RUSTUP_HOME=/opt/rustwide/rustup-home" "-e" "CARGO_TARGET_DIR=/opt/rustwide/target" "-e" "CARGO_INCREMENTAL=0" "-e" "RUST_BACKTRACE=full" "-e" "RUSTFLAGS=--cap-lints=warn" "-e" "RUSTDOCFLAGS=--cap-lints=warn" "-w" "/opt/rustwide/workdir" "--user" "0:0" "36e85c71748da42d32148eecea36ac68b7a5752e4f062499e5d91f80b6363df2" "/opt/rustwide/cargo-home/bin/cargo" "+1.99.0-beta.8" "build" "--frozen" "--message-format=json" "--release", kill_on_drop: false }`
[INFO] [stderr]    Compiling syn v2.0.119
[INFO] [stderr]    Compiling zerocopy v0.8.55
[INFO] [stderr]    Compiling syn v3.0.3
[INFO] [stderr]    Compiling lexical-util v1.0.7
[INFO] [stderr]    Compiling ahash v0.8.12
[INFO] [stderr]    Compiling semver v1.0.28
[INFO] [stderr]    Compiling aho-corasick v1.1.4
[INFO] [stderr]    Compiling regex-syntax v0.8.11
[INFO] [stderr]    Compiling serde_json v1.0.151
[INFO] [stderr]    Compiling indexmap v2.14.0
[INFO] [stderr]    Compiling crossbeam-utils v0.8.22
[INFO] [stderr]    Compiling num-complex v0.4.6
[INFO] [stderr]    Compiling chrono v0.4.45
[INFO] [stderr]    Compiling atoi v2.0.0
[INFO] [stderr]    Compiling num-bigint v0.4.6
[INFO] [stderr]    Compiling simdutf8 v0.1.5
[INFO] [stderr]    Compiling crossbeam-deque v0.8.7
[INFO] [stderr]    Compiling thiserror v2.0.19
[INFO] [stderr]    Compiling rustix v1.1.4
[INFO] [stderr]    Compiling web-time v1.1.0
[INFO] [stderr]    Compiling rustc_version v0.4.1
[INFO] [stderr]    Compiling getrandom v0.4.3
[INFO] [stderr]    Compiling unicode-segmentation v1.13.3
[INFO] [stderr]    Compiling linux-raw-sys v0.12.1
[INFO] [stderr]    Compiling litrs v1.0.0
[INFO] [stderr]    Compiling lexical-write-integer v1.0.6
[INFO] [stderr]    Compiling lexical-parse-integer v1.0.6
[INFO] [stderr]    Compiling flatbuffers v25.12.19
[INFO] [stderr]    Compiling itertools v0.14.0
[INFO] [stderr]    Compiling crossbeam-epoch v0.9.20
[INFO] [stderr]    Compiling lexical-parse-float v1.0.6
[INFO] [stderr]    Compiling crossbeam-queue v0.3.12
[INFO] [stderr]    Compiling crossbeam-channel v0.5.15
[INFO] [stderr]    Compiling itertools v0.15.0
[INFO] [stderr]    Compiling convert_case v0.11.0
[INFO] [stderr]    Compiling lexical-write-float v1.0.6
[INFO] [stderr]    Compiling uuid v1.24.0
[INFO] [stderr]    Compiling document-features v0.2.12
[INFO] [stderr]    Compiling re_span v0.38.1
[INFO] [stderr]    Compiling siphasher v1.0.1
[INFO] [stderr]    Compiling re_int v0.38.1
[INFO] [stderr]    Compiling unicase v2.9.0
[INFO] [stderr]    Compiling crossbeam v0.8.4
[INFO] [stderr]    Compiling fixed v1.31.0
[INFO] [stderr]    Compiling lexical-core v1.0.6
[INFO] [stderr]    Compiling phf_shared v0.11.3
[INFO] [stderr]    Compiling re_case v0.38.1
[INFO] [stderr]    Compiling re_error v0.38.1
[INFO] [stderr]    Compiling jiff-core v0.1.0
[INFO] [stderr]    Compiling az v1.3.0
[INFO] [stderr]    Compiling typenum v1.20.1
[INFO] [stderr]    Compiling phf v0.11.3
[INFO] [stderr]    Compiling matrixmultiply v0.3.10
[INFO] [stderr]    Compiling peg-runtime v0.8.5
[INFO] [stderr]    Compiling natord v1.0.9
[INFO] [stderr]    Compiling clean-path v0.2.1
[INFO] [stderr]    Compiling xxhash-rust v0.8.18
[INFO] [stderr]    Compiling peg-macros v0.8.5
[INFO] [stderr]    Compiling mime_guess2 v2.3.1
[INFO] [stderr]    Compiling rand_core v0.9.5
[INFO] [stderr]    Compiling simd-adler32 v0.3.10
[INFO] [stderr]    Compiling rawpointer v0.2.1
[INFO] [stderr]    Compiling jiff v0.2.35
[INFO] [stderr]    Compiling serde_derive v1.0.229
[INFO] [stderr]    Compiling regex-automata v0.4.16
[INFO] [stderr]    Compiling thiserror-impl v2.0.19
[INFO] [stderr]    Compiling re_byte_size_derive v0.38.1
[INFO] [stderr]    Compiling miniz_oxide v0.8.9
[INFO] [stderr]    Compiling cfb v0.14.0
[INFO] [stderr]    Compiling mime v0.3.17
[INFO] [stderr]    Compiling peg v0.8.5
[INFO] [stderr]    Compiling hdf5-pure v0.33.0
[INFO] [stderr]    Compiling ndarray v0.16.1
[INFO] [stderr]    Compiling flate2 v1.1.9
[INFO] [stderr]    Compiling re_rvl v0.38.1
[INFO] [stderr]    Compiling infer v0.22.0
[INFO] [stderr]    Compiling ply-rs-bw v3.0.0
[INFO] [stderr]    Compiling array-init v2.1.0
[INFO] [stderr]    Compiling emath v0.36.2
[INFO] [stderr]    Compiling bytemuck_derive v1.11.0
[INFO] [stderr]    Compiling zerocopy-derive v0.8.55
[INFO] [stderr]    Compiling tracing-attributes v0.1.31
[INFO] [stderr]    Compiling strum_macros v0.26.4
[INFO] [stderr]    Compiling num-derive v0.4.2
[INFO] [stderr]    Compiling serde v1.0.229
[INFO] [stderr]    Compiling bytemuck v1.25.2
[INFO] [stderr]    Compiling tracing v0.1.44
[INFO] [stderr]    Compiling bitflags v2.13.1
[INFO] [stderr]    Compiling arrow-schema v58.3.0
[INFO] [stderr]    Compiling lock_api v0.4.14
[INFO] [stderr]    Compiling vec1 v1.12.1
[INFO] [stderr]    Compiling parking_lot v0.12.5
[INFO] [stderr]    Compiling regex v1.13.1
[INFO] [stderr]    Compiling strum v0.26.3
[INFO] [stderr]    Compiling re_log v0.38.1
[INFO] [stderr]    Compiling puffin v0.20.0
[INFO] [stderr]    Compiling crossterm v0.29.0
[INFO] [stderr]    Compiling re_tracing v0.38.1
[INFO] [stderr]    Compiling comfy-table v7.2.2
[INFO] [stderr]    Compiling half v2.7.1
[INFO] [stderr]    Compiling ppv-lite86 v0.2.21
[INFO] [stderr]    Compiling rand_chacha v0.9.0
[INFO] [stderr]    Compiling arrow-buffer v58.3.0
[INFO] [stderr]    Compiling re_format v0.38.1
[INFO] [stderr]    Compiling rand v0.9.5
[INFO] [stderr]    Compiling arrow-data v58.3.0
[INFO] [stderr]    Compiling arrow-array v58.3.0
[INFO] [stderr]    Compiling arrow-select v58.3.0
[INFO] [stderr]    Compiling arrow-arith v58.3.0
[INFO] [stderr]    Compiling arrow-row v58.3.0
[INFO] [stderr]    Compiling arrow-ord v58.3.0
[INFO] [stderr]    Compiling arrow-string v58.3.0
[INFO] [stderr]    Compiling arrow-ipc v58.3.0
[INFO] [stderr]    Compiling arrow-cast v58.3.0
[INFO] [stderr]    Compiling arrow-json v58.3.0
[INFO] [stderr]    Compiling arrow v58.3.0
[INFO] [stderr]    Compiling re_byte_size v0.38.1
[INFO] [stderr]    Compiling quiver_types v0.6.1
[INFO] [stderr]    Compiling re_string_interner v0.38.1
[INFO] [stderr]    Compiling re_build_info v0.38.1
[INFO] [stderr]    Compiling re_quota_channel v0.38.1
[INFO] [stderr]    Compiling quiver v0.6.1
[INFO] [stderr]    Compiling re_tuid v0.38.1
[INFO] [stderr]    Compiling re_arrow_util v0.38.1
[INFO] [stderr]    Compiling re_types_core v0.38.1
[INFO] [stderr]    Compiling re_log_types v0.38.1
[INFO] [stderr]    Compiling re_sorbet v0.38.1
[INFO] [stderr]    Compiling re_chunk v0.38.1
[INFO] [stderr]    Compiling re_sdk_types v0.38.1
[INFO] [stderr]    Compiling re_hdf5 v0.38.1 (/opt/rustwide/workdir)
[INFO] [stderr]     Finished `release` profile [optimized] target(s) in 5m 43s
[INFO] running `Command { std: "docker" "inspect" "36e85c71748da42d32148eecea36ac68b7a5752e4f062499e5d91f80b6363df2", kill_on_drop: false }`
[INFO] running `Command { std: "docker" "exec" "-e" "SOURCE_DIR=/opt/rustwide/workdir" "-e" "CARGO_HOME=/opt/rustwide/cargo-home" "-e" "RUSTUP_HOME=/opt/rustwide/rustup-home" "-e" "CARGO_TARGET_DIR=/opt/rustwide/target" "-e" "CARGO_INCREMENTAL=0" "-e" "RUST_BACKTRACE=full" "-e" "RUSTFLAGS=--cap-lints=warn" "-e" "RUSTDOCFLAGS=--cap-lints=warn" "-w" "/opt/rustwide/workdir" "--user" "0:0" "36e85c71748da42d32148eecea36ac68b7a5752e4f062499e5d91f80b6363df2" "/opt/rustwide/cargo-home/bin/cargo" "+1.99.0-beta.8" "test" "--frozen" "--no-run" "--message-format=json" "--release", kill_on_drop: false }`
[INFO] [stderr]    Compiling serde_core v1.0.229
[INFO] [stderr]    Compiling syn v2.0.119
[INFO] [stderr]    Compiling syn v3.0.3
[INFO] [stderr]    Compiling futures-sink v0.3.33
[INFO] [stderr]    Compiling mio v1.2.2
[INFO] [stderr]    Compiling socket2 v0.6.5
[INFO] [stderr]    Compiling http v1.5.0
[INFO] [stderr]    Compiling rustix v1.1.4
[INFO] [stderr]    Compiling futures-io v0.3.33
[INFO] [stderr]    Compiling futures-task v0.3.33
[INFO] [stderr]    Compiling tower-service v0.3.3
[INFO] [stderr]    Compiling want v0.3.1
[INFO] [stderr]    Compiling anyhow v1.0.104
[INFO] [stderr]    Compiling httpdate v1.0.3
[INFO] [stderr]    Compiling sync_wrapper v1.0.2
[INFO] [stderr]    Compiling writeable v0.6.3
[INFO] [stderr]    Compiling litemap v0.8.2
[INFO] [stderr]    Compiling futures-channel v0.3.33
[INFO] [stderr]    Compiling tower-layer v0.3.3
[INFO] [stderr]    Compiling itertools v0.14.0
[INFO] [stderr]    Compiling icu_properties_data v2.2.0
[INFO] [stderr]    Compiling icu_normalizer_data v2.2.0
[INFO] [stderr]    Compiling matchit v0.8.4
[INFO] [stderr]    Compiling generic-array v0.14.7
[INFO] [stderr]    Compiling ordered-float v2.10.1
[INFO] [stderr]    Compiling form_urlencoded v1.2.2
[INFO] [stderr]    Compiling twox-hash v2.1.2
[INFO] [stderr]    Compiling cpufeatures v0.2.17
[INFO] [stderr]    Compiling fastrand v2.3.0
[INFO] [stderr]    Compiling lz4_flex v0.13.1
[INFO] [stderr]    Compiling indent v0.1.1
[INFO] [stderr]    Compiling block-buffer v0.10.4
[INFO] [stderr]    Compiling crypto-common v0.1.6
[INFO] [stderr]    Compiling digest v0.10.7
[INFO] [stderr]    Compiling http-body v1.1.0
[INFO] [stderr]    Compiling http-body-util v0.1.4
[INFO] [stderr]    Compiling sha2 v0.10.9
[INFO] [stderr]    Compiling axum-core v0.5.5
[INFO] [stderr]    Compiling serde_json v1.0.151
[INFO] [stderr]    Compiling uuid v1.24.0
[INFO] [stderr]    Compiling serde_derive v1.0.229
[INFO] [stderr]    Compiling thiserror-impl v2.0.19
[INFO] [stderr]    Compiling tokio-macros v2.7.2
[INFO] [stderr]    Compiling re_byte_size_derive v0.38.1
[INFO] [stderr]    Compiling displaydoc v0.2.7
[INFO] [stderr]    Compiling async-trait v0.1.91
[INFO] [stderr]    Compiling cfb v0.14.0
[INFO] [stderr]    Compiling tokio v1.53.1
[INFO] [stderr]    Compiling infer v0.22.0
[INFO] [stderr]    Compiling thiserror v2.0.19
[INFO] [stderr]    Compiling re_rvl v0.38.1
[INFO] [stderr]    Compiling synstructure v0.13.2
[INFO] [stderr]    Compiling bytemuck_derive v1.11.0
[INFO] [stderr]    Compiling zerocopy-derive v0.8.55
[INFO] [stderr]    Compiling tracing-attributes v0.1.31
[INFO] [stderr]    Compiling zerofrom-derive v0.1.7
[INFO] [stderr]    Compiling yoke-derive v0.8.2
[INFO] [stderr]    Compiling zerovec-derive v0.11.3
[INFO] [stderr]    Compiling futures-macro v0.3.33
[INFO] [stderr]    Compiling quiver_derive v0.6.1
[INFO] [stderr]    Compiling num-derive v0.4.2
[INFO] [stderr]    Compiling pin-project-internal v1.1.10
[INFO] [stderr]    Compiling strum_macros v0.26.4
[INFO] [stderr]    Compiling prost-derive v0.14.4
[INFO] [stderr]    Compiling futures-util v0.3.33
[INFO] [stderr]    Compiling tracing v0.1.44
[INFO] [stderr]    Compiling opentelemetry v0.32.0
[INFO] [stderr]    Compiling bytemuck v1.25.2
[INFO] [stderr]    Compiling zerofrom v0.1.8
[INFO] [stderr]    Compiling yoke v0.8.3
[INFO] [stderr]    Compiling pin-project v1.1.10
[INFO] [stderr]    Compiling serde v1.0.229
[INFO] [stderr]    Compiling zerovec v0.11.6
[INFO] [stderr]    Compiling zerotrie v0.2.4
[INFO] [stderr]    Compiling bitflags v2.13.1
[INFO] [stderr]    Compiling zerocopy v0.8.55
[INFO] [stderr]    Compiling strum v0.26.3
[INFO] [stderr]    Compiling prost v0.14.4
[INFO] [stderr]    Compiling arrow-schema v58.3.0
[INFO] [stderr]    Compiling flatbuffers v25.12.19
[INFO] [stderr]    Compiling lock_api v0.4.14
[INFO] [stderr]    Compiling vec1 v1.12.1
[INFO] [stderr]    Compiling serde-value v0.7.0
[INFO] [stderr]    Compiling prost-types v0.14.4
[INFO] [stderr]    Compiling tinystr v0.8.3
[INFO] [stderr]    Compiling potential_utf v0.1.5
[INFO] [stderr]    Compiling icu_collections v2.2.0
[INFO] [stderr]    Compiling icu_locale_core v2.2.0
[INFO] [stderr]    Compiling parking_lot v0.12.5
[INFO] [stderr]    Compiling re_log v0.38.1
[INFO] [stderr]    Compiling puffin v0.20.0
[INFO] [stderr]    Compiling tokio-util v0.7.19
[INFO] [stderr]    Compiling re_tracing v0.38.1
[INFO] [stderr]    Compiling icu_provider v2.2.0
[INFO] [stderr]    Compiling tokio-stream v0.1.19
[INFO] [stderr]    Compiling prost-reflect v0.16.5
[INFO] [stderr]    Compiling re_async v0.38.1
[INFO] [stderr]    Compiling icu_properties v2.2.0
[INFO] [stderr]    Compiling icu_normalizer v2.2.0
[INFO] [stderr]    Compiling h2 v0.4.16
[INFO] [stderr]    Compiling tower v0.5.3
[INFO] [stderr]    Compiling futures-executor v0.3.33
[INFO] [stderr]    Compiling futures v0.3.33
[INFO] [stderr]    Compiling crossterm v0.29.0
[INFO] [stderr]    Compiling tempfile v3.27.0
[INFO] [stderr]    Compiling comfy-table v7.2.2
[INFO] [stderr]    Compiling idna_adapter v1.2.2
[INFO] [stderr]    Compiling idna v1.1.0
[INFO] [stderr]    Compiling url v2.5.8
[INFO] [stderr]    Compiling axum v0.8.9
[INFO] [stderr]    Compiling half v2.7.1
[INFO] [stderr]    Compiling ahash v0.8.12
[INFO] [stderr]    Compiling ppv-lite86 v0.2.21
[INFO] [stderr]    Compiling rand_chacha v0.9.0
[INFO] [stderr]    Compiling arrow-buffer v58.3.0
[INFO] [stderr]    Compiling re_format v0.38.1
[INFO] [stderr]    Compiling fixed v1.31.0
[INFO] [stderr]    Compiling rand v0.9.5
[INFO] [stderr]    Compiling arrow-data v58.3.0
[INFO] [stderr]    Compiling arrow-array v58.3.0
[INFO] [stderr]    Compiling hyper v1.11.0
[INFO] [stderr]    Compiling hyper-util v0.1.20
[INFO] [stderr]    Compiling hyper-timeout v0.5.2
[INFO] [stderr]    Compiling tonic v0.14.6
[INFO] [stderr]    Compiling arrow-select v58.3.0
[INFO] [stderr]    Compiling arrow-arith v58.3.0
[INFO] [stderr]    Compiling arrow-row v58.3.0
[INFO] [stderr]    Compiling tonic-prost v0.14.6
[INFO] [stderr]    Compiling tonic-reflection v0.14.6
[INFO] [stderr]    Compiling re_grpc_headers v0.38.1
[INFO] [stderr]    Compiling arrow-ord v58.3.0
[INFO] [stderr]    Compiling arrow-ipc v58.3.0
[INFO] [stderr]    Compiling arrow-string v58.3.0
[INFO] [stderr]    Compiling arrow-cast v58.3.0
[INFO] [stderr]    Compiling arrow-json v58.3.0
[INFO] [stderr]    Compiling arrow v58.3.0
[INFO] [stderr]    Compiling re_byte_size v0.38.1
[INFO] [stderr]    Compiling quiver_types v0.6.1
[INFO] [stderr]    Compiling quiver v0.6.1
[INFO] [stderr]    Compiling re_tuid v0.38.1
[INFO] [stderr]    Compiling re_arrow_util v0.38.1
[INFO] [stderr]    Compiling re_string_interner v0.38.1
[INFO] [stderr]    Compiling re_build_info v0.38.1
[INFO] [stderr]    Compiling re_quota_channel v0.38.1
[INFO] [stderr]    Compiling re_types_core v0.38.1
[INFO] [stderr]    Compiling re_log_types v0.38.1
[INFO] [stderr]    Compiling re_sorbet v0.38.1
[INFO] [stderr]    Compiling re_chunk v0.38.1
[INFO] [stderr]    Compiling re_sdk_types v0.38.1
[INFO] [stderr]    Compiling re_protos v0.38.1
[INFO] [stderr]    Compiling re_log_encoding v0.38.1
[INFO] [stderr]    Compiling re_chunk_store v0.38.1
[INFO] [stderr]    Compiling re_hdf5 v0.38.1 (/opt/rustwide/workdir)
[INFO] [stderr]     Finished `release` profile [optimized] target(s) in 5m 37s
[INFO] running `Command { std: "docker" "inspect" "36e85c71748da42d32148eecea36ac68b7a5752e4f062499e5d91f80b6363df2", kill_on_drop: false }`
[INFO] running `Command { std: "docker" "exec" "-e" "SOURCE_DIR=/opt/rustwide/workdir" "-e" "CARGO_HOME=/opt/rustwide/cargo-home" "-e" "RUSTUP_HOME=/opt/rustwide/rustup-home" "-e" "CARGO_TARGET_DIR=/opt/rustwide/target" "-e" "CARGO_INCREMENTAL=0" "-e" "RUST_BACKTRACE=full" "-e" "RUSTFLAGS=--cap-lints=warn" "-e" "RUSTDOCFLAGS=--cap-lints=warn" "-w" "/opt/rustwide/workdir" "--user" "0:0" "36e85c71748da42d32148eecea36ac68b7a5752e4f062499e5d91f80b6363df2" "/opt/rustwide/cargo-home/bin/cargo" "+1.99.0-beta.8" "test" "--frozen" "--release", kill_on_drop: false }`
[INFO] [stderr]     Finished `release` profile [optimized] target(s) in 0.53s
[INFO] [stderr]      Running unittests src/lib.rs (/opt/rustwide/target/release/deps/re_hdf5-9435bf0347a5f73f)
[INFO] [stdout] 
[INFO] [stdout] running 0 tests
[INFO] [stdout] 
[INFO] [stdout] test result: ok. 0 passed; 0 failed; 0 ignored; 0 measured; 0 filtered out; finished in 0.00s
[INFO] [stdout] 
[INFO] [stderr]      Running tests/integration.rs (/opt/rustwide/target/release/deps/integration-83a733b4a83440ec)
[INFO] [stdout] 
[INFO] [stdout] running 31 tests
[INFO] [stdout] test ignore_group_subtree ... ok
[INFO] [stdout] test dimensionality_mapping ... ok
[INFO] [stdout] test misaligned_datasets_error_and_ignore_resolves ... ok
[INFO] [stdout] test no_index_synthesizes_row_index ... ok
[INFO] [stdout] test attributes_become_static_components ... ok
[INFO] [stdout] test entity_path_prefix_is_applied ... ok
[INFO] [stdout] test dtype_names_are_numpy_style ... ok
[INFO] [stdout] test index_column_types_and_units ... ok
[INFO] [stdout] test float_seconds_index_preserves_subsecond_precision ... ok
[INFO] [stdout] test index_in_nested_group_is_consumed ... ok
[INFO] [stdout] test default_chunk_shape_tracks_object_store_profile ... ok
[INFO] [stdout] test read_attributes_accessor ... ok
[INFO] [stdout] test root_group_relative_ignore_and_prefix ... ok
[INFO] [stdout] test root_group_scopes_to_subtree ... ok
[INFO] [stdout] test root_group_validation_errors ... ok
[INFO] [stdout] test small_dataset_is_a_single_chunk ... ok
[INFO] [stdout] test reads_h5py_written_file ... FAILED
[INFO] [stdout] test string_datasets ... ok
[INFO] [stdout] test use_structs_packs_group_datasets ... ok
[INFO] [stdout] test unsupported_dtype_is_skipped_and_exempt_from_alignment ... ok
[INFO] [stdout] test use_structs_single_dataset_carve_out ... ok
[INFO] [stdout] test unsorted_index_rows_are_stably_reordered ... ok
[INFO] [stdout] test validate_layout_index_errors ... ok
[INFO] [stdout] test unsigned_array_attribute_keeps_its_width ... ok
[INFO] [stdout] test list_groups_and_datasets ... ok
[INFO] [stdout] test all_scalar_file_has_no_timeline ... ok
[INFO] [stdout] test large_dataset_is_row_windowed ... ok
[INFO] [stdout] test wide_rows_are_windowed_by_bytes ... ok
[INFO] [stdout] test chunked_storage_windows_correctly ... ok
[INFO] [stdout] test vlen_strings_are_row_windowed ... ok
[INFO] [stdout] test inner_chunked_dataset_windows_correctly ... ok
[INFO] [stdout] 
[INFO] [stdout] failures:
[INFO] [stdout] 
[INFO] [stdout] ---- reads_h5py_written_file stdout ----
[INFO] [stdout] 
[INFO] [stdout] thread 'reads_h5py_written_file' (6017) panicked at tests/integration.rs:1100:5:
[INFO] [stdout] missing git-lfs asset "/opt/rustwide/workdir/tests/assets/h5py_compat.h5" — run `git lfs pull`
[INFO] [stdout] stack backtrace:
[INFO] [stdout]    0:     0x5fff14961161 - <<std[70759c8f55707aa4]::sys::backtrace::BacktraceLock>::print::DisplayBacktrace as core[df12db4294e9bfd3]::fmt::Display>::fmt
[INFO] [stdout]    1:     0x5fff14977f5a - core[df12db4294e9bfd3]::fmt::write
[INFO] [stdout]    2:     0x5fff14965bfc - <alloc[2182bb758b4b3781]::vec::Vec<u8> as core[df12db4294e9bfd3]::io::write::Write>::write_fmt
[INFO] [stdout]    3:     0x5fff1493bf06 - std[70759c8f55707aa4]::panicking::default_hook::{closure#0}
[INFO] [stdout]    4:     0x5fff14958de9 - std[70759c8f55707aa4]::panicking::default_hook
[INFO] [stdout]    5:     0x5fff14697540 - test[9d35eded1c95d3be]::test_main_inner::<test[9d35eded1c95d3be]::test_main_static::{closure#0}>::{closure#0}
[INFO] [stdout]    6:     0x5fff14958fa2 - std[70759c8f55707aa4]::panicking::panic_with_hook
[INFO] [stdout]    7:     0x5fff1493bfb2 - std[70759c8f55707aa4]::panicking::panic_handler::{closure#0}
[INFO] [stdout]    8:     0x5fff149347d9 - std[70759c8f55707aa4]::sys::backtrace::__rust_end_short_backtrace::<std[70759c8f55707aa4]::panicking::panic_handler::{closure#0}, !>
[INFO] [stdout]    9:     0x5fff1493cbed - __rustc[8fa7c3cbc660c2b3]::rust_begin_unwind
[INFO] [stdout]   10:     0x5fff149786bc - core[df12db4294e9bfd3]::panicking::panic_fmt
[INFO] [stdout]   11:     0x5fff14658699 - <integration[63ec3307220a0eb8]::reads_h5py_written_file::{closure#0} as core[df12db4294e9bfd3]::ops::function::FnOnce<()>>::call_once
[INFO] [stdout]   12:     0x5fff1468a82b - test[9d35eded1c95d3be]::__rust_begin_short_backtrace::<core[df12db4294e9bfd3]::result::Result<(), alloc[2182bb758b4b3781]::string::String>, fn() -> core[df12db4294e9bfd3]::result::Result<(), alloc[2182bb758b4b3781]::string::String>>
[INFO] [stdout]   13:     0x5fff14697e95 - test[9d35eded1c95d3be]::run_test::{closure#0}
[INFO] [stdout]   14:     0x5fff14691754 - std[70759c8f55707aa4]::sys::backtrace::__rust_begin_short_backtrace::<test[9d35eded1c95d3be]::run_test::{closure#1}, ()>
[INFO] [stdout]   15:     0x5fff1469aff2 - <std[70759c8f55707aa4]::thread::lifecycle::spawn_unchecked<test[9d35eded1c95d3be]::run_test::{closure#1}, ()>::{closure#1} as core[df12db4294e9bfd3]::ops::function::FnOnce<()>>::call_once::{shim:vtable#0}
[INFO] [stdout]   16:     0x5fff14960859 - <std[70759c8f55707aa4]::sys::thread::unix::Thread>::new::thread_start
[INFO] [stdout]   17:     0x7ad1dcf0bdfa - <unknown>
[INFO] [stdout]   18:     0x7ad1dcf9f3d4 - clone
[INFO] [stdout]   19:                0x0 - <unknown>
[INFO] [stdout] 
[INFO] [stdout] 
[INFO] [stdout] failures:
[INFO] [stdout]     reads_h5py_written_file
[INFO] [stdout] 
[INFO] [stdout] test result: FAILED. 30 passed; 1 failed; 0 ignored; 0 measured; 0 filtered out; finished in 1.05s
[INFO] [stdout] 
[INFO] [stderr] error: test failed, to rerun pass `--test integration`
[INFO] running `Command { std: "docker" "inspect" "36e85c71748da42d32148eecea36ac68b7a5752e4f062499e5d91f80b6363df2", kill_on_drop: false }`
[INFO] running `Command { std: "docker" "rm" "-f" "36e85c71748da42d32148eecea36ac68b7a5752e4f062499e5d91f80b6363df2", kill_on_drop: false }`
[INFO] [stdout] 36e85c71748da42d32148eecea36ac68b7a5752e4f062499e5d91f80b6363df2
