[INFO] fetching crate rattler_menuinst 0.4.4...
[INFO] testing rattler_menuinst-0.4.4 against 1.99.0-beta.8+cargoflags=--release for beta-release-1.100-2
[INFO] extracting crate rattler_menuinst 0.4.4 into /workspace/builds/worker-1-tc1/source
[INFO] started tweaking crates.io crate rattler_menuinst 0.4.4
[INFO] finished tweaking crates.io crate rattler_menuinst 0.4.4
[INFO] tweaked toml for crates.io crate rattler_menuinst 0.4.4 written to /workspace/builds/worker-1-tc1/source/Cargo.toml
[INFO] validating manifest of crates.io crate rattler_menuinst 0.4.4 on toolchain 1.99.0-beta.8
[INFO] running `Command { std: CARGO_HOME="/workspace/cargo-home" RUSTUP_HOME="/workspace/rustup-home" "/workspace/cargo-home/bin/cargo" "+1.99.0-beta.8" "metadata" "--manifest-path" "Cargo.toml" "--no-deps", kill_on_drop: false }`
[INFO] crate crates.io crate rattler_menuinst 0.4.4 already has a lockfile, it will not be regenerated
[INFO] running `Command { std: CARGO_HOME="/workspace/cargo-home" RUSTUP_HOME="/workspace/rustup-home" "/workspace/cargo-home/bin/cargo" "+1.99.0-beta.8" "fetch" "--manifest-path" "Cargo.toml", kill_on_drop: false }`
[INFO] [stderr]  Downloading crates ...
[INFO] [stderr]   Downloaded configparser v3.2.0
[INFO] running `Command { std: "docker" "create" "-v" "/var/lib/crater-agent-workspace/builds/worker-1-tc1/source:/opt/rustwide/workdir:ro,Z" "-v" "/var/lib/crater-agent-workspace/builds/worker-1-tc1/target:/opt/rustwide/target:rw,Z" "-v" "/var/lib/crater-agent-workspace/cargo-home:/opt/rustwide/cargo-home:ro,Z" "-v" "/var/lib/crater-agent-workspace/rustup-home:/opt/rustwide/rustup-home:ro,Z" "-m" "1610612736" "--network" "none" "ghcr.io/rust-lang/crates-build-env/linux@sha256:77db811e55d90add9212f6832c23229e3de5f1c1f9905e8cb07319ea15df73ac" "sleep" "infinity", kill_on_drop: false }`
[INFO] [stdout] 8f8bad8b67e1958a05950e49a73f251eba8f92d919ada82d02c10edecc537b93
[INFO] running `Command { std: "docker" "start" "8f8bad8b67e1958a05950e49a73f251eba8f92d919ada82d02c10edecc537b93", kill_on_drop: false }`
[INFO] running `Command { std: "docker" "inspect" "8f8bad8b67e1958a05950e49a73f251eba8f92d919ada82d02c10edecc537b93", kill_on_drop: false }`
[INFO] running `Command { std: "docker" "exec" "-e" "SOURCE_DIR=/opt/rustwide/workdir" "-e" "CARGO_HOME=/opt/rustwide/cargo-home" "-e" "RUSTUP_HOME=/opt/rustwide/rustup-home" "-e" "CARGO_TARGET_DIR=/opt/rustwide/target" "-w" "/opt/rustwide/workdir" "--user" "0:0" "8f8bad8b67e1958a05950e49a73f251eba8f92d919ada82d02c10edecc537b93" "/opt/rustwide/cargo-home/bin/cargo" "+1.99.0-beta.8" "metadata" "--no-deps" "--format-version=1", kill_on_drop: false }`
[INFO] running `Command { std: "docker" "inspect" "8f8bad8b67e1958a05950e49a73f251eba8f92d919ada82d02c10edecc537b93", kill_on_drop: false }`
[INFO] running `Command { std: "docker" "exec" "-e" "SOURCE_DIR=/opt/rustwide/workdir" "-e" "CARGO_HOME=/opt/rustwide/cargo-home" "-e" "RUSTUP_HOME=/opt/rustwide/rustup-home" "-e" "CARGO_TARGET_DIR=/opt/rustwide/target" "-e" "CARGO_INCREMENTAL=0" "-e" "RUST_BACKTRACE=full" "-e" "RUSTFLAGS=--cap-lints=warn" "-e" "RUSTDOCFLAGS=--cap-lints=warn" "-w" "/opt/rustwide/workdir" "--user" "0:0" "8f8bad8b67e1958a05950e49a73f251eba8f92d919ada82d02c10edecc537b93" "/opt/rustwide/cargo-home/bin/cargo" "+1.99.0-beta.8" "build" "--frozen" "--message-format=json" "--release", kill_on_drop: false }`
[INFO] [stderr]    Compiling libc v0.2.190
[INFO] [stderr]    Compiling typeid v1.0.3
[INFO] [stderr]    Compiling darling_core v0.24.1
[INFO] [stderr]    Compiling indexmap v2.14.2
[INFO] [stderr]    Compiling digest v0.11.3
[INFO] [stderr]    Compiling serde v1.0.229
[INFO] [stderr]    Compiling erased-serde v0.4.10
[INFO] [stderr]    Compiling regex-automata v0.4.18
[INFO] [stderr]    Compiling either v1.19.0
[INFO] [stderr]    Compiling serde_json v1.0.154
[INFO] [stderr]    Compiling zerocopy v0.8.62
[INFO] [stderr]    Compiling nix v0.31.3
[INFO] [stderr]    Compiling regex v1.13.1
[INFO] [stderr]    Compiling float-cmp v0.10.0
[INFO] [stderr]    Compiling ref-cast-impl v1.0.27
[INFO] [stderr]    Compiling nom v8.0.0
[INFO] [stderr]    Compiling fs-err v3.3.2
[INFO] [stderr]    Compiling bit-vec v0.8.0
[INFO] [stderr]    Compiling signal-hook v0.4.5
[INFO] [stderr]    Compiling md-5 v0.11.0
[INFO] [stderr]    Compiling sha2 v0.11.1
[INFO] [stderr]    Compiling blake2 v0.11.0
[INFO] [stderr]    Compiling strum_macros v0.28.0
[INFO] [stderr]    Compiling itertools v0.15.0
[INFO] [stderr]    Compiling bit-set v0.8.0
[INFO] [stderr]    Compiling ref-cast v1.0.27
[INFO] [stderr]    Compiling serde_bytes v0.11.19
[INFO] [stderr]    Compiling tracing-attributes v0.1.31
[INFO] [stderr]    Compiling jiff-core v0.1.1
[INFO] [stderr]    Compiling simdutf8 v0.1.5
[INFO] [stderr]    Compiling lazy-regex-proc_macros v3.6.2
[INFO] [stderr]    Compiling smallvec v1.16.3
[INFO] [stderr]    Compiling icu_normalizer v2.3.0
[INFO] [stderr]    Compiling halfbrown v0.4.0
[INFO] [stderr]    Compiling serde-untagged v0.1.9
[INFO] [stderr]    Compiling serde_yaml v0.9.34+deprecated
[INFO] [stderr]    Compiling value-trait v0.12.2
[INFO] [stderr]    Compiling purl v0.1.6
[INFO] [stderr]    Compiling tracing v0.1.44
[INFO] [stderr]    Compiling idna_adapter v1.2.2
[INFO] [stderr]    Compiling rattler_macros v1.3.0
[INFO] [stderr]    Compiling idna v1.1.0
[INFO] [stderr]    Compiling serde_repr v0.1.21
[INFO] [stderr]    Compiling glob v0.3.4
[INFO] [stderr]    Compiling jiff v0.2.38
[INFO] [stderr]    Compiling enum_dispatch v0.3.13
[INFO] [stderr]    Compiling errno v0.3.14
[INFO] [stderr]    Compiling signal-hook-registry v1.4.8
[INFO] [stderr]    Compiling getrandom v0.4.3
[INFO] [stderr]    Compiling url v2.5.8
[INFO] [stderr]    Compiling dirs-sys v0.5.0
[INFO] [stderr]    Compiling getrandom v0.3.4
[INFO] [stderr]    Compiling mio v1.2.4
[INFO] [stderr]    Compiling dirs v6.0.0
[INFO] [stderr]    Compiling simd-json v0.17.3
[INFO] [stderr]    Compiling tempfile v3.27.0
[INFO] [stderr]    Compiling strum v0.28.0
[INFO] [stderr]    Compiling tokio v1.53.2
[INFO] [stderr]    Compiling darling_macro v0.24.1
[INFO] [stderr]    Compiling rattler_redaction v0.2.7
[INFO] [stderr]    Compiling memmap2 v0.9.11
[INFO] [stderr]    Compiling darling v0.24.1
[INFO] [stderr]    Compiling serde_with_macros v3.24.0
[INFO] [stderr]    Compiling file_url v0.3.2
[INFO] [stderr]    Compiling shlex v2.0.1
[INFO] [stderr]    Compiling which v8.0.6
[INFO] [stderr]    Compiling quick-xml v0.41.0
[INFO] [stderr]    Compiling configparser v3.2.0
[INFO] [stderr]    Compiling rattler_conda_version v0.2.0
[INFO] [stderr]    Compiling nom-language v0.1.0
[INFO] [stderr]    Compiling serde_with v3.24.0
[INFO] [stderr]    Compiling fancy-regex v0.18.0
[INFO] [stderr]    Compiling lazy-regex v3.6.2
[INFO] [stderr]    Compiling ahash v0.8.12
[INFO] [stderr]    Compiling rattler_digest v2.1.0
[INFO] [stderr]    Compiling rattler_conda_types v0.57.0
[INFO] [stderr]    Compiling rattler_pty v0.2.18
[INFO] [stderr]    Compiling rattler_shell v0.29.4
[INFO] [stderr]    Compiling rattler_menuinst v0.4.4 (/opt/rustwide/workdir)
[INFO] [stderr]     Finished `release` profile [optimized] target(s) in 1m 01s
[INFO] running `Command { std: "docker" "inspect" "8f8bad8b67e1958a05950e49a73f251eba8f92d919ada82d02c10edecc537b93", kill_on_drop: false }`
[INFO] running `Command { std: "docker" "exec" "-e" "SOURCE_DIR=/opt/rustwide/workdir" "-e" "CARGO_HOME=/opt/rustwide/cargo-home" "-e" "RUSTUP_HOME=/opt/rustwide/rustup-home" "-e" "CARGO_TARGET_DIR=/opt/rustwide/target" "-e" "CARGO_INCREMENTAL=0" "-e" "RUST_BACKTRACE=full" "-e" "RUSTFLAGS=--cap-lints=warn" "-e" "RUSTDOCFLAGS=--cap-lints=warn" "-w" "/opt/rustwide/workdir" "--user" "0:0" "8f8bad8b67e1958a05950e49a73f251eba8f92d919ada82d02c10edecc537b93" "/opt/rustwide/cargo-home/bin/cargo" "+1.99.0-beta.8" "test" "--frozen" "--no-run" "--message-format=json" "--release", kill_on_drop: false }`
[INFO] [stderr]    Compiling configparser v3.2.0
[INFO] [stderr]    Compiling console v0.16.6
[INFO] [stderr]    Compiling rattler_menuinst v0.4.4 (/opt/rustwide/workdir)
[INFO] [stderr]    Compiling insta v1.49.0
[INFO] [stderr]     Finished `release` profile [optimized] target(s) in 18.00s
[INFO] running `Command { std: "docker" "inspect" "8f8bad8b67e1958a05950e49a73f251eba8f92d919ada82d02c10edecc537b93", kill_on_drop: false }`
[INFO] running `Command { std: "docker" "exec" "-e" "SOURCE_DIR=/opt/rustwide/workdir" "-e" "CARGO_HOME=/opt/rustwide/cargo-home" "-e" "RUSTUP_HOME=/opt/rustwide/rustup-home" "-e" "CARGO_TARGET_DIR=/opt/rustwide/target" "-e" "CARGO_INCREMENTAL=0" "-e" "RUST_BACKTRACE=full" "-e" "RUSTFLAGS=--cap-lints=warn" "-e" "RUSTDOCFLAGS=--cap-lints=warn" "-w" "/opt/rustwide/workdir" "--user" "0:0" "8f8bad8b67e1958a05950e49a73f251eba8f92d919ada82d02c10edecc537b93" "/opt/rustwide/cargo-home/bin/cargo" "+1.99.0-beta.8" "test" "--frozen" "--release", kill_on_drop: false }`
[INFO] [stderr]     Finished `release` profile [optimized] target(s) in 0.18s
[INFO] [stderr]      Running unittests src/lib.rs (/opt/rustwide/target/release/deps/rattler_menuinst-d1b8993bfca0a358)
[INFO] [stdout] 
[INFO] [stdout] running 22 tests
[INFO] [stdout] test linux::mime_config::tests::test_deregister_mime_type ... ok
[INFO] [stdout] test linux::mime_config::tests::test_register_new_mime_type ... ok
[INFO] [stdout] test utils::slugify::tests::test_basic_slugify ... ok
[INFO] [stdout] test linux::tests::test_installation ... FAILED
[INFO] [stdout] test utils::slugify::tests::test_multiple_spaces ... ok
[INFO] [stdout] test utils::slugify::tests::test_non_ascii_characters ... ok
[INFO] [stdout] test linux::tests::test_command_without_activation ... FAILED
[INFO] [stdout] test schema::test::test_deserialize_defaults ... FAILED
[INFO] [stdout] test schema::test::test_deserialize_grx ... FAILED
[INFO] [stdout] test schema::test::test_deserialize_gnuradio ... FAILED
[INFO] [stdout] test linux::tests::test_command_with_complex_arguments ... FAILED
[INFO] [stdout] test schema::test::test_deserialize_spyder ... FAILED
[INFO] [stdout] test linux::tests::test_command_with_activation ... FAILED
[INFO] [stdout] test schema::test::test_deserialize_mne ... FAILED
[INFO] [stdout] test linux::tests::test_command_with_precommand ... FAILED
[INFO] [stdout] test utils::slugify::tests::test_special_characters ... ok
[INFO] [stdout] test linux::mime_config::tests::test_register_multiple_applications ... ok
[INFO] [stdout] test linux::mime_config::tests::test_mime_config_snapshots ... ok
[INFO] [stdout] test linux::mime_config::tests::test_complex_mime_associations_snapshot ... ok
[INFO] [stdout] test utils::slugify::tests::test_leading_trailing_spaces ... ok
[INFO] [stdout] test linux::mime_config::tests::test_load_and_save ... ok
[INFO] [stdout] test linux::mime_config::tests::test_existing_mimeapps ... FAILED
[INFO] [stdout] 
[INFO] [stdout] failures:
[INFO] [stdout] 
[INFO] [stdout] ---- linux::tests::test_installation stdout ----
[INFO] [stdout] 
[INFO] [stdout] thread 'linux::tests::test_installation' (1783) panicked at src/linux.rs:777:14:
[INFO] [stdout] called `Result::unwrap()` on an `Err` value: Custom { kind: NotFound, error: SourceDestError { kind: Copy, source: Os { code: 2, kind: NotFound, message: "No such file or directory" }, from_path: "/opt/rustwide/workdir/test-data/spyder/menu.json", to_path: "/tmp/.tmp9VeBY2/test-env/Menu/menu.json" } }
[INFO] [stdout] stack backtrace:
[INFO] [stdout]    0:     0x595b9fbb7331 - <<std[70759c8f55707aa4]::sys::backtrace::BacktraceLock>::print::DisplayBacktrace as core[df12db4294e9bfd3]::fmt::Display>::fmt
[INFO] [stdout]    1:     0x595b9fbd015a - core[df12db4294e9bfd3]::fmt::write
[INFO] [stdout]    2:     0x595b9fbbbe6c - <alloc[2182bb758b4b3781]::vec::Vec<u8> as core[df12db4294e9bfd3]::io::write::Write>::write_fmt
[INFO] [stdout]    3:     0x595b9fb8ee96 - std[70759c8f55707aa4]::panicking::default_hook::{closure#0}
[INFO] [stdout]    4:     0x595b9fbad509 - std[70759c8f55707aa4]::panicking::default_hook
[INFO] [stdout]    5:     0x595b9fa3d3a0 - test[9d35eded1c95d3be]::test_main_inner::<test[9d35eded1c95d3be]::test_main_static::{closure#0}>::{closure#0}
[INFO] [stdout]    6:     0x595b9fbad6c2 - std[70759c8f55707aa4]::panicking::panic_with_hook
[INFO] [stdout]    7:     0x595b9fb8ef42 - std[70759c8f55707aa4]::panicking::panic_handler::{closure#0}
[INFO] [stdout]    8:     0x595b9fb877e9 - std[70759c8f55707aa4]::sys::backtrace::__rust_end_short_backtrace::<std[70759c8f55707aa4]::panicking::panic_handler::{closure#0}, !>
[INFO] [stdout]    9:     0x595b9fb8fe1d - __rustc[8fa7c3cbc660c2b3]::rust_begin_unwind
[INFO] [stdout]   10:     0x595b9fbd093c - core[df12db4294e9bfd3]::panicking::panic_fmt
[INFO] [stdout]   11:     0x595b9fbd0712 - core[df12db4294e9bfd3]::result::unwrap_failed
[INFO] [stdout]   12:     0x595b9f98ff75 - <rattler_menuinst[fab2fb986734710a]::linux::tests::FakePrefix>::new
[INFO] [stdout]   13:     0x595b9f9904fa - rattler_menuinst[fab2fb986734710a]::linux::tests::test_installation
[INFO] [stdout]   14:     0x595b9f9b8789 - <rattler_menuinst[fab2fb986734710a]::linux::tests::test_installation::{closure#0} as core[df12db4294e9bfd3]::ops::function::FnOnce<()>>::call_once
[INFO] [stdout]   15:     0x595b9fa3068b - test[9d35eded1c95d3be]::__rust_begin_short_backtrace::<core[df12db4294e9bfd3]::result::Result<(), alloc[2182bb758b4b3781]::string::String>, fn() -> core[df12db4294e9bfd3]::result::Result<(), alloc[2182bb758b4b3781]::string::String>>
[INFO] [stdout]   16:     0x595b9fa3dcf5 - test[9d35eded1c95d3be]::run_test::{closure#0}
[INFO] [stdout]   17:     0x595b9fa375b4 - std[70759c8f55707aa4]::sys::backtrace::__rust_begin_short_backtrace::<test[9d35eded1c95d3be]::run_test::{closure#1}, ()>
[INFO] [stdout]   18:     0x595b9fa40e52 - <std[70759c8f55707aa4]::thread::lifecycle::spawn_unchecked<test[9d35eded1c95d3be]::run_test::{closure#1}, ()>::{closure#1} as core[df12db4294e9bfd3]::ops::function::FnOnce<()>>::call_once::{shim:vtable#0}
[INFO] [stdout]   19:     0x595b9fbb6299 - <std[70759c8f55707aa4]::sys::thread::unix::Thread>::new::thread_start
[INFO] [stdout]   20:     0x72d55b5bfdfa - <unknown>
[INFO] [stdout]   21:     0x72d55b6533d4 - clone
[INFO] [stdout]   22:                0x0 - <unknown>
[INFO] [stdout] 
[INFO] [stdout] ---- linux::tests::test_command_without_activation stdout ----
[INFO] [stdout] 
[INFO] [stdout] thread 'linux::tests::test_command_without_activation' (1782) panicked at src/linux.rs:777:14:
[INFO] [stdout] called `Result::unwrap()` on an `Err` value: Custom { kind: NotFound, error: SourceDestError { kind: Copy, source: Os { code: 2, kind: NotFound, message: "No such file or directory" }, from_path: "/opt/rustwide/workdir/test-data/spyder/menu.json", to_path: "/tmp/.tmp82QuGL/test-env/Menu/menu.json" } }
[INFO] [stdout] stack backtrace:
[INFO] [stdout]    0:     0x595b9fbb7331 - <<std[70759c8f55707aa4]::sys::backtrace::BacktraceLock>::print::DisplayBacktrace as core[df12db4294e9bfd3]::fmt::Display>::fmt
[INFO] [stdout]    1:     0x595b9fbd015a - core[df12db4294e9bfd3]::fmt::write
[INFO] [stdout]    2:     0x595b9fbbbe6c - <alloc[2182bb758b4b3781]::vec::Vec<u8> as core[df12db4294e9bfd3]::io::write::Write>::write_fmt
[INFO] [stdout]    3:     0x595b9fb8ee96 - std[70759c8f55707aa4]::panicking::default_hook::{closure#0}
[INFO] [stdout]    4:     0x595b9fbad509 - std[70759c8f55707aa4]::panicking::default_hook
[INFO] [stdout]    5:     0x595b9fa3d3a0 - test[9d35eded1c95d3be]::test_main_inner::<test[9d35eded1c95d3be]::test_main_static::{closure#0}>::{closure#0}
[INFO] [stdout]    6:     0x595b9fbad6c2 - std[70759c8f55707aa4]::panicking::panic_with_hook
[INFO] [stdout]    7:     0x595b9fb8ef42 - std[70759c8f55707aa4]::panicking::panic_handler::{closure#0}
[INFO] [stdout]    8:     0x595b9fb877e9 - std[70759c8f55707aa4]::sys::backtrace::__rust_end_short_backtrace::<std[70759c8f55707aa4]::panicking::panic_handler::{closure#0}, !>
[INFO] [stdout]    9:     0x595b9fb8fe1d - __rustc[8fa7c3cbc660c2b3]::rust_begin_unwind
[INFO] [stdout]   10:     0x595b9fbd093c - core[df12db4294e9bfd3]::panicking::panic_fmt
[INFO] [stdout]   11:     0x595b9fbd0712 - core[df12db4294e9bfd3]::result::unwrap_failed
[INFO] [stdout]   12:     0x595b9f98ff75 - <rattler_menuinst[fab2fb986734710a]::linux::tests::FakePrefix>::new
[INFO] [stdout]   13:     0x595b9f991f34 - rattler_menuinst[fab2fb986734710a]::linux::tests::test_command_without_activation
[INFO] [stdout]   14:     0x595b9f9b87e9 - <rattler_menuinst[fab2fb986734710a]::linux::tests::test_command_without_activation::{closure#0} as core[df12db4294e9bfd3]::ops::function::FnOnce<()>>::call_once
[INFO] [stdout]   15:     0x595b9fa3068b - test[9d35eded1c95d3be]::__rust_begin_short_backtrace::<core[df12db4294e9bfd3]::result::Result<(), alloc[2182bb758b4b3781]::string::String>, fn() -> core[df12db4294e9bfd3]::result::Result<(), alloc[2182bb758b4b3781]::string::String>>
[INFO] [stdout]   16:     0x595b9fa3dcf5 - test[9d35eded1c95d3be]::run_test::{closure#0}
[INFO] [stdout]   17:     0x595b9fa375b4 - std[70759c8f55707aa4]::sys::backtrace::__rust_begin_short_backtrace::<test[9d35eded1c95d3be]::run_test::{closure#1}, ()>
[INFO] [stdout]   18:     0x595b9fa40e52 - <std[70759c8f55707aa4]::thread::lifecycle::spawn_unchecked<test[9d35eded1c95d3be]::run_test::{closure#1}, ()>::{closure#1} as core[df12db4294e9bfd3]::ops::function::FnOnce<()>>::call_once::{shim:vtable#0}
[INFO] [stdout]   19:     0x595b9fbb6299 - <std[70759c8f55707aa4]::sys::thread::unix::Thread>::new::thread_start
[INFO] [stdout]   20:     0x72d55b5bfdfa - <unknown>
[INFO] [stdout]   21:     0x72d55b6533d4 - clone
[INFO] [stdout]   22:                0x0 - <unknown>
[INFO] [stdout] 
[INFO] [stdout] ---- schema::test::test_deserialize_defaults stdout ----
[INFO] [stdout] 
[INFO] [stdout] thread 'schema::test::test_deserialize_defaults' (1784) panicked at src/schema.rs:679:63:
[INFO] [stdout] called `Result::unwrap()` on an `Err` value: Os { code: 2, kind: NotFound, message: "No such file or directory" }
[INFO] [stdout] stack backtrace:
[INFO] [stdout]    0:     0x595b9fbb7331 - <<std[70759c8f55707aa4]::sys::backtrace::BacktraceLock>::print::DisplayBacktrace as core[df12db4294e9bfd3]::fmt::Display>::fmt
[INFO] [stdout]    1:     0x595b9fbd015a - core[df12db4294e9bfd3]::fmt::write
[INFO] [stdout]    2:     0x595b9fbbbe6c - <alloc[2182bb758b4b3781]::vec::Vec<u8> as core[df12db4294e9bfd3]::io::write::Write>::write_fmt
[INFO] [stdout]    3:     0x595b9fb8ee96 - std[70759c8f55707aa4]::panicking::default_hook::{closure#0}
[INFO] [stdout]    4:     0x595b9fbad509 - std[70759c8f55707aa4]::panicking::default_hook
[INFO] [stdout]    5:     0x595b9fa3d3a0 - test[9d35eded1c95d3be]::test_main_inner::<test[9d35eded1c95d3be]::test_main_static::{closure#0}>::{closure#0}
[INFO] [stdout]    6:     0x595b9fbad6c2 - std[70759c8f55707aa4]::panicking::panic_with_hook
[INFO] [stdout]    7:     0x595b9fb8ef42 - std[70759c8f55707aa4]::panicking::panic_handler::{closure#0}
[INFO] [stdout]    8:     0x595b9fb877e9 - std[70759c8f55707aa4]::sys::backtrace::__rust_end_short_backtrace::<std[70759c8f55707aa4]::panicking::panic_handler::{closure#0}, !>
[INFO] [stdout]    9:     0x595b9fb8fe1d - __rustc[8fa7c3cbc660c2b3]::rust_begin_unwind
[INFO] [stdout]   10:     0x595b9fbd093c - core[df12db4294e9bfd3]::panicking::panic_fmt
[INFO] [stdout]   11:     0x595b9fbd0712 - core[df12db4294e9bfd3]::result::unwrap_failed
[INFO] [stdout]   12:     0x595b9f9ad9c1 - rattler_menuinst[fab2fb986734710a]::schema::test::test_deserialize_defaults
[INFO] [stdout]   13:     0x595b9f9b8889 - <rattler_menuinst[fab2fb986734710a]::schema::test::test_deserialize_defaults::{closure#0} as core[df12db4294e9bfd3]::ops::function::FnOnce<()>>::call_once
[INFO] [stdout]   14:     0x595b9fa3068b - test[9d35eded1c95d3be]::__rust_begin_short_backtrace::<core[df12db4294e9bfd3]::result::Result<(), alloc[2182bb758b4b3781]::string::String>, fn() -> core[df12db4294e9bfd3]::result::Result<(), alloc[2182bb758b4b3781]::string::String>>
[INFO] [stdout]   15:     0x595b9fa3dcf5 - test[9d35eded1c95d3be]::run_test::{closure#0}
[INFO] [stdout]   16:     0x595b9fa375b4 - std[70759c8f55707aa4]::sys::backtrace::__rust_begin_short_backtrace::<test[9d35eded1c95d3be]::run_test::{closure#1}, ()>
[INFO] [stdout]   17:     0x595b9fa40e52 - <std[70759c8f55707aa4]::thread::lifecycle::spawn_unchecked<test[9d35eded1c95d3be]::run_test::{closure#1}, ()>::{closure#1} as core[df12db4294e9bfd3]::ops::function::FnOnce<()>>::call_once::{shim:vtable#0}
[INFO] [stdout]   18:     0x595b9fbb6299 - <std[70759c8f55707aa4]::sys::thread::unix::Thread>::new::thread_start
[INFO] [stdout]   19:     0x72d55b5bfdfa - <unknown>
[INFO] [stdout]   20:     0x72d55b6533d4 - clone
[INFO] [stdout]   21:                0x0 - <unknown>
[INFO] [stdout] 
[INFO] [stdout] ---- schema::test::test_deserialize_grx stdout ----
[INFO] [stdout] 
[INFO] [stdout] thread 'schema::test::test_deserialize_grx' (1786) panicked at src/schema.rs:643:63:
[INFO] [stdout] called `Result::unwrap()` on an `Err` value: Os { code: 2, kind: NotFound, message: "No such file or directory" }
[INFO] [stdout] stack backtrace:
[INFO] [stdout]    0:     0x595b9fbb7331 - <<std[70759c8f55707aa4]::sys::backtrace::BacktraceLock>::print::DisplayBacktrace as core[df12db4294e9bfd3]::fmt::Display>::fmt
[INFO] [stdout]    1:     0x595b9fbd015a - core[df12db4294e9bfd3]::fmt::write
[INFO] [stdout]    2:     0x595b9fbbbe6c - <alloc[2182bb758b4b3781]::vec::Vec<u8> as core[df12db4294e9bfd3]::io::write::Write>::write_fmt
[INFO] [stdout]    3:     0x595b9fb8ee96 - std[70759c8f55707aa4]::panicking::default_hook::{closure#0}
[INFO] [stdout]    4:     0x595b9fbad509 - std[70759c8f55707aa4]::panicking::default_hook
[INFO] [stdout]    5:     0x595b9fa3d3a0 - test[9d35eded1c95d3be]::test_main_inner::<test[9d35eded1c95d3be]::test_main_static::{closure#0}>::{closure#0}
[INFO] [stdout]    6:     0x595b9fbad6c2 - std[70759c8f55707aa4]::panicking::panic_with_hook
[INFO] [stdout]    7:     0x595b9fb8ef42 - std[70759c8f55707aa4]::panicking::panic_handler::{closure#0}
[INFO] [stdout]    8:     0x595b9fb877e9 - std[70759c8f55707aa4]::sys::backtrace::__rust_end_short_backtrace::<std[70759c8f55707aa4]::panicking::panic_handler::{closure#0}, !>
[INFO] [stdout]    9:     0x595b9fb8fe1d - __rustc[8fa7c3cbc660c2b3]::rust_begin_unwind
[INFO] [stdout]   10:     0x595b9fbd093c - core[df12db4294e9bfd3]::panicking::panic_fmt
[INFO] [stdout]   11:     0x595b9fbd0712 - core[df12db4294e9bfd3]::result::unwrap_failed
[INFO] [stdout]   12:     0x595b9f9abaf1 - rattler_menuinst[fab2fb986734710a]::schema::test::test_deserialize_grx
[INFO] [stdout]   13:     0x595b9f9b8829 - <rattler_menuinst[fab2fb986734710a]::schema::test::test_deserialize_grx::{closure#0} as core[df12db4294e9bfd3]::ops::function::FnOnce<()>>::call_once
[INFO] [stdout]   14:     0x595b9fa3068b - test[9d35eded1c95d3be]::__rust_begin_short_backtrace::<core[df12db4294e9bfd3]::result::Result<(), alloc[2182bb758b4b3781]::string::String>, fn() -> core[df12db4294e9bfd3]::result::Result<(), alloc[2182bb758b4b3781]::string::String>>
[INFO] [stdout]   15:     0x595b9fa3dcf5 - test[9d35eded1c95d3be]::run_test::{closure#0}
[INFO] [stdout]   16:     0x595b9fa375b4 - std[70759c8f55707aa4]::sys::backtrace::__rust_begin_short_backtrace::<test[9d35eded1c95d3be]::run_test::{closure#1}, ()>
[INFO] [stdout]   17:     0x595b9fa40e52 - <std[70759c8f55707aa4]::thread::lifecycle::spawn_unchecked<test[9d35eded1c95d3be]::run_test::{closure#1}, ()>::{closure#1} as core[df12db4294e9bfd3]::ops::function::FnOnce<()>>::call_once::{shim:vtable#0}
[INFO] [stdout]   18:     0x595b9fbb6299 - <std[70759c8f55707aa4]::sys::thread::unix::Thread>::new::thread_start
[INFO] [stdout]   19:     0x72d55b5bfdfa - <unknown>
[INFO] [stdout]   20:     0x72d55b6533d4 - clone
[INFO] [stdout]   21:                0x0 - <unknown>
[INFO] [stdout] 
[INFO] [stdout] ---- schema::test::test_deserialize_gnuradio stdout ----
[INFO] [stdout] 
[INFO] [stdout] thread 'schema::test::test_deserialize_gnuradio' (1785) panicked at src/schema.rs:625:63:
[INFO] [stdout] called `Result::unwrap()` on an `Err` value: Os { code: 2, kind: NotFound, message: "No such file or directory" }
[INFO] [stdout] stack backtrace:
[INFO] [stdout]    0:     0x595b9fbb7331 - <<std[70759c8f55707aa4]::sys::backtrace::BacktraceLock>::print::DisplayBacktrace as core[df12db4294e9bfd3]::fmt::Display>::fmt
[INFO] [stdout]    1:     0x595b9fbd015a - core[df12db4294e9bfd3]::fmt::write
[INFO] [stdout]    2:     0x595b9fbbbe6c - <alloc[2182bb758b4b3781]::vec::Vec<u8> as core[df12db4294e9bfd3]::io::write::Write>::write_fmt
[INFO] [stdout]    3:     0x595b9fb8ee96 - std[70759c8f55707aa4]::panicking::default_hook::{closure#0}
[INFO] [stdout]    4:     0x595b9fbad509 - std[70759c8f55707aa4]::panicking::default_hook
[INFO] [stdout]    5:     0x595b9fa3d3a0 - test[9d35eded1c95d3be]::test_main_inner::<test[9d35eded1c95d3be]::test_main_static::{closure#0}>::{closure#0}
[INFO] [stdout]    6:     0x595b9fbad6c2 - std[70759c8f55707aa4]::panicking::panic_with_hook
[INFO] [stdout]    7:     0x595b9fb8ef42 - std[70759c8f55707aa4]::panicking::panic_handler::{closure#0}
[INFO] [stdout]    8:     0x595b9fb877e9 - std[70759c8f55707aa4]::sys::backtrace::__rust_end_short_backtrace::<std[70759c8f55707aa4]::panicking::panic_handler::{closure#0}, !>
[INFO] [stdout]    9:     0x595b9fb8fe1d - __rustc[8fa7c3cbc660c2b3]::rust_begin_unwind
[INFO] [stdout]   10:     0x595b9fbd093c - core[df12db4294e9bfd3]::panicking::panic_fmt
[INFO] [stdout]   11:     0x595b9fbd0712 - core[df12db4294e9bfd3]::result::unwrap_failed
[INFO] [stdout]   12:     0x595b9f9addc1 - rattler_menuinst[fab2fb986734710a]::schema::test::test_deserialize_gnuradio
[INFO] [stdout]   13:     0x595b9f9b88a9 - <rattler_menuinst[fab2fb986734710a]::schema::test::test_deserialize_gnuradio::{closure#0} as core[df12db4294e9bfd3]::ops::function::FnOnce<()>>::call_once
[INFO] [stdout]   14:     0x595b9fa3068b - test[9d35eded1c95d3be]::__rust_begin_short_backtrace::<core[df12db4294e9bfd3]::result::Result<(), alloc[2182bb758b4b3781]::string::String>, fn() -> core[df12db4294e9bfd3]::result::Result<(), alloc[2182bb758b4b3781]::string::String>>
[INFO] [stdout]   15:     0x595b9fa3dcf5 - test[9d35eded1c95d3be]::run_test::{closure#0}
[INFO] [stdout]   16:     0x595b9fa375b4 - std[70759c8f55707aa4]::sys::backtrace::__rust_begin_short_backtrace::<test[9d35eded1c95d3be]::run_test::{closure#1}, ()>
[INFO] [stdout]   17:     0x595b9fa40e52 - <std[70759c8f55707aa4]::thread::lifecycle::spawn_unchecked<test[9d35eded1c95d3be]::run_test::{closure#1}, ()>::{closure#1} as core[df12db4294e9bfd3]::ops::function::FnOnce<()>>::call_once::{shim:vtable#0}
[INFO] [stdout]   18:     0x595b9fbb6299 - <std[70759c8f55707aa4]::sys::thread::unix::Thread>::new::thread_start
[INFO] [stdout]   19:     0x72d55b5bfdfa - <unknown>
[INFO] [stdout]   20:     0x72d55b6533d4 - clone
[INFO] [stdout]   21:                0x0 - <unknown>
[INFO] [stdout] 
[INFO] [stdout] ---- linux::tests::test_command_with_complex_arguments stdout ----
[INFO] [stdout] 
[INFO] [stdout] thread 'linux::tests::test_command_with_complex_arguments' (1780) panicked at src/linux.rs:777:14:
[INFO] [stdout] called `Result::unwrap()` on an `Err` value: Custom { kind: NotFound, error: SourceDestError { kind: Copy, source: Os { code: 2, kind: NotFound, message: "No such file or directory" }, from_path: "/opt/rustwide/workdir/test-data/spyder/menu.json", to_path: "/tmp/.tmpRrOe18/test-env/Menu/menu.json" } }
[INFO] [stdout] stack backtrace:
[INFO] [stdout]    0:     0x595b9fbb7331 - <<std[70759c8f55707aa4]::sys::backtrace::BacktraceLock>::print::DisplayBacktrace as core[df12db4294e9bfd3]::fmt::Display>::fmt
[INFO] [stdout]    1:     0x595b9fbd015a - core[df12db4294e9bfd3]::fmt::write
[INFO] [stdout]    2:     0x595b9fbbbe6c - <alloc[2182bb758b4b3781]::vec::Vec<u8> as core[df12db4294e9bfd3]::io::write::Write>::write_fmt
[INFO] [stdout]    3:     0x595b9fb8ee96 - std[70759c8f55707aa4]::panicking::default_hook::{closure#0}
[INFO] [stdout]    4:     0x595b9fbad509 - std[70759c8f55707aa4]::panicking::default_hook
[INFO] [stdout]    5:     0x595b9fa3d3a0 - test[9d35eded1c95d3be]::test_main_inner::<test[9d35eded1c95d3be]::test_main_static::{closure#0}>::{closure#0}
[INFO] [stdout]    6:     0x595b9fbad6c2 - std[70759c8f55707aa4]::panicking::panic_with_hook
[INFO] [stdout]    7:     0x595b9fb8ef42 - std[70759c8f55707aa4]::panicking::panic_handler::{closure#0}
[INFO] [stdout]    8:     0x595b9fb877e9 - std[70759c8f55707aa4]::sys::backtrace::__rust_end_short_backtrace::<std[70759c8f55707aa4]::panicking::panic_handler::{closure#0}, !>
[INFO] [stdout]    9:     0x595b9fb8fe1d - __rustc[8fa7c3cbc660c2b3]::rust_begin_unwind
[INFO] [stdout]   10:     0x595b9fbd093c - core[df12db4294e9bfd3]::panicking::panic_fmt
[INFO] [stdout]   11:     0x595b9fbd0712 - core[df12db4294e9bfd3]::result::unwrap_failed
[INFO] [stdout]   12:     0x595b9f98ff75 - <rattler_menuinst[fab2fb986734710a]::linux::tests::FakePrefix>::new
[INFO] [stdout]   13:     0x595b9f9925c7 - rattler_menuinst[fab2fb986734710a]::linux::tests::test_command_with_complex_arguments
[INFO] [stdout]   14:     0x595b9f9b8809 - <rattler_menuinst[fab2fb986734710a]::linux::tests::test_command_with_complex_arguments::{closure#0} as core[df12db4294e9bfd3]::ops::function::FnOnce<()>>::call_once
[INFO] [stdout]   15:     0x595b9fa3068b - test[9d35eded1c95d3be]::__rust_begin_short_backtrace::<core[df12db4294e9bfd3]::result::Result<(), alloc[2182bb758b4b3781]::string::String>, fn() -> core[df12db4294e9bfd3]::result::Result<(), alloc[2182bb758b4b3781]::string::String>>
[INFO] [stdout]   16:     0x595b9fa3dcf5 - test[9d35eded1c95d3be]::run_test::{closure#0}
[INFO] [stdout]   17:     0x595b9fa375b4 - std[70759c8f55707aa4]::sys::backtrace::__rust_begin_short_backtrace::<test[9d35eded1c95d3be]::run_test::{closure#1}, ()>
[INFO] [stdout]   18:     0x595b9fa40e52 - <std[70759c8f55707aa4]::thread::lifecycle::spawn_unchecked<test[9d35eded1c95d3be]::run_test::{closure#1}, ()>::{closure#1} as core[df12db4294e9bfd3]::ops::function::FnOnce<()>>::call_once::{shim:vtable#0}
[INFO] [stdout]   19:     0x595b9fbb6299 - <std[70759c8f55707aa4]::sys::thread::unix::Thread>::new::thread_start
[INFO] [stdout]   20:     0x72d55b5bfdfa - <unknown>
[INFO] [stdout]   21:     0x72d55b6533d4 - clone
[INFO] [stdout]   22:                0x0 - <unknown>
[INFO] [stdout] 
[INFO] [stdout] ---- schema::test::test_deserialize_spyder stdout ----
[INFO] [stdout] 
[INFO] [stdout] thread 'schema::test::test_deserialize_spyder' (1788) panicked at src/schema.rs:652:63:
[INFO] [stdout] called `Result::unwrap()` on an `Err` value: Os { code: 2, kind: NotFound, message: "No such file or directory" }
[INFO] [stdout] stack backtrace:
[INFO] [stdout]    0:     0x595b9fbb7331 - <<std[70759c8f55707aa4]::sys::backtrace::BacktraceLock>::print::DisplayBacktrace as core[df12db4294e9bfd3]::fmt::Display>::fmt
[INFO] [stdout]    1:     0x595b9fbd015a - core[df12db4294e9bfd3]::fmt::write
[INFO] [stdout]    2:     0x595b9fbbbe6c - <alloc[2182bb758b4b3781]::vec::Vec<u8> as core[df12db4294e9bfd3]::io::write::Write>::write_fmt
[INFO] [stdout]    3:     0x595b9fb8ee96 - std[70759c8f55707aa4]::panicking::default_hook::{closure#0}
[INFO] [stdout]    4:     0x595b9fbad509 - std[70759c8f55707aa4]::panicking::default_hook
[INFO] [stdout]    5:     0x595b9fa3d3a0 - test[9d35eded1c95d3be]::test_main_inner::<test[9d35eded1c95d3be]::test_main_static::{closure#0}>::{closure#0}
[INFO] [stdout]    6:     0x595b9fbad6c2 - std[70759c8f55707aa4]::panicking::panic_with_hook
[INFO] [stdout]    7:     0x595b9fb8ef42 - std[70759c8f55707aa4]::panicking::panic_handler::{closure#0}
[INFO] [stdout]    8:     0x595b9fb877e9 - std[70759c8f55707aa4]::sys::backtrace::__rust_end_short_backtrace::<std[70759c8f55707aa4]::panicking::panic_handler::{closure#0}, !>
[INFO] [stdout]    9:     0x595b9fb8fe1d - __rustc[8fa7c3cbc660c2b3]::rust_begin_unwind
[INFO] [stdout]   10:     0x595b9fbd093c - core[df12db4294e9bfd3]::panicking::panic_fmt
[INFO] [stdout]   11:     0x595b9fbd0712 - core[df12db4294e9bfd3]::result::unwrap_failed
[INFO] [stdout]   12:     0x595b9f9ad24d - rattler_menuinst[fab2fb986734710a]::schema::test::test_deserialize_spyder
[INFO] [stdout]   13:     0x595b9f9b8869 - <rattler_menuinst[fab2fb986734710a]::schema::test::test_deserialize_spyder::{closure#0} as core[df12db4294e9bfd3]::ops::function::FnOnce<()>>::call_once
[INFO] [stdout]   14:     0x595b9fa3068b - test[9d35eded1c95d3be]::__rust_begin_short_backtrace::<core[df12db4294e9bfd3]::result::Result<(), alloc[2182bb758b4b3781]::string::String>, fn() -> core[df12db4294e9bfd3]::result::Result<(), alloc[2182bb758b4b3781]::string::String>>
[INFO] [stdout]   15:     0x595b9fa3dcf5 - test[9d35eded1c95d3be]::run_test::{closure#0}
[INFO] [stdout]   16:     0x595b9fa375b4 - std[70759c8f55707aa4]::sys::backtrace::__rust_begin_short_backtrace::<test[9d35eded1c95d3be]::run_test::{closure#1}, ()>
[INFO] [stdout]   17:     0x595b9fa40e52 - <std[70759c8f55707aa4]::thread::lifecycle::spawn_unchecked<test[9d35eded1c95d3be]::run_test::{closure#1}, ()>::{closure#1} as core[df12db4294e9bfd3]::ops::function::FnOnce<()>>::call_once::{shim:vtable#0}
[INFO] [stdout]   18:     0x595b9fbb6299 - <std[70759c8f55707aa4]::sys::thread::unix::Thread>::new::thread_start
[INFO] [stdout]   19:     0x72d55b5bfdfa - <unknown>
[INFO] [stdout]   20:     0x72d55b6533d4 - clone
[INFO] [stdout]   21:                0x0 - <unknown>
[INFO] [stdout] 
[INFO] [stdout] ---- linux::tests::test_command_with_activation stdout ----
[INFO] [stdout] 
[INFO] [stdout] thread 'linux::tests::test_command_with_activation' (1779) panicked at src/linux.rs:777:14:
[INFO] [stdout] called `Result::unwrap()` on an `Err` value: Custom { kind: NotFound, error: SourceDestError { kind: Copy, source: Os { code: 2, kind: NotFound, message: "No such file or directory" }, from_path: "/opt/rustwide/workdir/test-data/spyder/menu.json", to_path: "/tmp/.tmpEGtLXj/test-env/Menu/menu.json" } }
[INFO] [stdout] stack backtrace:
[INFO] [stdout]    0:     0x595b9fbb7331 - <<std[70759c8f55707aa4]::sys::backtrace::BacktraceLock>::print::DisplayBacktrace as core[df12db4294e9bfd3]::fmt::Display>::fmt
[INFO] [stdout]    1:     0x595b9fbd015a - core[df12db4294e9bfd3]::fmt::write
[INFO] [stdout]    2:     0x595b9fbbbe6c - <alloc[2182bb758b4b3781]::vec::Vec<u8> as core[df12db4294e9bfd3]::io::write::Write>::write_fmt
[INFO] [stdout]    3:     0x595b9fb8ee96 - std[70759c8f55707aa4]::panicking::default_hook::{closure#0}
[INFO] [stdout]    4:     0x595b9fbad509 - std[70759c8f55707aa4]::panicking::default_hook
[INFO] [stdout]    5:     0x595b9fa3d3a0 - test[9d35eded1c95d3be]::test_main_inner::<test[9d35eded1c95d3be]::test_main_static::{closure#0}>::{closure#0}
[INFO] [stdout]    6:     0x595b9fbad6c2 - std[70759c8f55707aa4]::panicking::panic_with_hook
[INFO] [stdout]    7:     0x595b9fb8ef42 - std[70759c8f55707aa4]::panicking::panic_handler::{closure#0}
[INFO] [stdout]    8:     0x595b9fb877e9 - std[70759c8f55707aa4]::sys::backtrace::__rust_end_short_backtrace::<std[70759c8f55707aa4]::panicking::panic_handler::{closure#0}, !>
[INFO] [stdout]    9:     0x595b9fb8fe1d - __rustc[8fa7c3cbc660c2b3]::rust_begin_unwind
[INFO] [stdout]   10:     0x595b9fbd093c - core[df12db4294e9bfd3]::panicking::panic_fmt
[INFO] [stdout]   11:     0x595b9fbd0712 - core[df12db4294e9bfd3]::result::unwrap_failed
[INFO] [stdout]   12:     0x595b9f98ff75 - <rattler_menuinst[fab2fb986734710a]::linux::tests::FakePrefix>::new
[INFO] [stdout]   13:     0x595b9f991252 - rattler_menuinst[fab2fb986734710a]::linux::tests::test_command_with_activation
[INFO] [stdout]   14:     0x595b9f9b87a9 - <rattler_menuinst[fab2fb986734710a]::linux::tests::test_command_with_activation::{closure#0} as core[df12db4294e9bfd3]::ops::function::FnOnce<()>>::call_once
[INFO] [stdout]   15:     0x595b9fa3068b - test[9d35eded1c95d3be]::__rust_begin_short_backtrace::<core[df12db4294e9bfd3]::result::Result<(), alloc[2182bb758b4b3781]::string::String>, fn() -> core[df12db4294e9bfd3]::result::Result<(), alloc[2182bb758b4b3781]::string::String>>
[INFO] [stdout]   16:     0x595b9fa3dcf5 - test[9d35eded1c95d3be]::run_test::{closure#0}
[INFO] [stdout]   17:     0x595b9fa375b4 - std[70759c8f55707aa4]::sys::backtrace::__rust_begin_short_backtrace::<test[9d35eded1c95d3be]::run_test::{closure#1}, ()>
[INFO] [stdout]   18:     0x595b9fa40e52 - <std[70759c8f55707aa4]::thread::lifecycle::spawn_unchecked<test[9d35eded1c95d3be]::run_test::{closure#1}, ()>::{closure#1} as core[df12db4294e9bfd3]::ops::function::FnOnce<()>>::call_once::{shim:vtable#0}
[INFO] [stdout]   19:     0x595b9fbb6299 - <std[70759c8f55707aa4]::sys::thread::unix::Thread>::new::thread_start
[INFO] [stdout]   20:     0x72d55b5bfdfa - <unknown>
[INFO] [stdout]   21:     0x72d55b6533d4 - clone
[INFO] [stdout]   22:                0x0 - <unknown>
[INFO] [stdout] 
[INFO] [stdout] ---- schema::test::test_deserialize_mne stdout ----
[INFO] [stdout] 
[INFO] [stdout] thread 'schema::test::test_deserialize_mne' (1787) panicked at src/schema.rs:634:63:
[INFO] [stdout] called `Result::unwrap()` on an `Err` value: Os { code: 2, kind: NotFound, message: "No such file or directory" }
[INFO] [stdout] stack backtrace:
[INFO] [stdout]    0:     0x595b9fbb7331 - <<std[70759c8f55707aa4]::sys::backtrace::BacktraceLock>::print::DisplayBacktrace as core[df12db4294e9bfd3]::fmt::Display>::fmt
[INFO] [stdout]    1:     0x595b9fbd015a - core[df12db4294e9bfd3]::fmt::write
[INFO] [stdout]    2:     0x595b9fbbbe6c - <alloc[2182bb758b4b3781]::vec::Vec<u8> as core[df12db4294e9bfd3]::io::write::Write>::write_fmt
[INFO] [stdout]    3:     0x595b9fb8ee96 - std[70759c8f55707aa4]::panicking::default_hook::{closure#0}
[INFO] [stdout]    4:     0x595b9fbad509 - std[70759c8f55707aa4]::panicking::default_hook
[INFO] [stdout]    5:     0x595b9fa3d3a0 - test[9d35eded1c95d3be]::test_main_inner::<test[9d35eded1c95d3be]::test_main_static::{closure#0}>::{closure#0}
[INFO] [stdout]    6:     0x595b9fbad6c2 - std[70759c8f55707aa4]::panicking::panic_with_hook
[INFO] [stdout]    7:     0x595b9fb8ef42 - std[70759c8f55707aa4]::panicking::panic_handler::{closure#0}
[INFO] [stdout]    8:     0x595b9fb877e9 - std[70759c8f55707aa4]::sys::backtrace::__rust_end_short_backtrace::<std[70759c8f55707aa4]::panicking::panic_handler::{closure#0}, !>
[INFO] [stdout]    9:     0x595b9fb8fe1d - __rustc[8fa7c3cbc660c2b3]::rust_begin_unwind
[INFO] [stdout]   10:     0x595b9fbd093c - core[df12db4294e9bfd3]::panicking::panic_fmt
[INFO] [stdout]   11:     0x595b9fbd0712 - core[df12db4294e9bfd3]::result::unwrap_failed
[INFO] [stdout]   12:     0x595b9f9abef1 - rattler_menuinst[fab2fb986734710a]::schema::test::test_deserialize_mne
[INFO] [stdout]   13:     0x595b9f9b8849 - <rattler_menuinst[fab2fb986734710a]::schema::test::test_deserialize_mne::{closure#0} as core[df12db4294e9bfd3]::ops::function::FnOnce<()>>::call_once
[INFO] [stdout]   14:     0x595b9fa3068b - test[9d35eded1c95d3be]::__rust_begin_short_backtrace::<core[df12db4294e9bfd3]::result::Result<(), alloc[2182bb758b4b3781]::string::String>, fn() -> core[df12db4294e9bfd3]::result::Result<(), alloc[2182bb758b4b3781]::string::String>>
[INFO] [stdout]   15:     0x595b9fa3dcf5 - test[9d35eded1c95d3be]::run_test::{closure#0}
[INFO] [stdout]   16:     0x595b9fa375b4 - std[70759c8f55707aa4]::sys::backtrace::__rust_begin_short_backtrace::<test[9d35eded1c95d3be]::run_test::{closure#1}, ()>
[INFO] [stdout]   17:     0x595b9fa40e52 - <std[70759c8f55707aa4]::thread::lifecycle::spawn_unchecked<test[9d35eded1c95d3be]::run_test::{closure#1}, ()>::{closure#1} as core[df12db4294e9bfd3]::ops::function::FnOnce<()>>::call_once::{shim:vtable#0}
[INFO] [stdout]   18:     0x595b9fbb6299 - <std[70759c8f55707aa4]::sys::thread::unix::Thread>::new::thread_start
[INFO] [stdout]   19:     0x72d55b5bfdfa - <unknown>
[INFO] [stdout]   20:     0x72d55b6533d4 - clone
[INFO] [stdout]   21:                0x0 - <unknown>
[INFO] [stdout] 
[INFO] [stdout] ---- linux::tests::test_command_with_precommand stdout ----
[INFO] [stdout] 
[INFO] [stdout] thread 'linux::tests::test_command_with_precommand' (1781) panicked at src/linux.rs:777:14:
[INFO] [stdout] called `Result::unwrap()` on an `Err` value: Custom { kind: NotFound, error: SourceDestError { kind: Copy, source: Os { code: 2, kind: NotFound, message: "No such file or directory" }, from_path: "/opt/rustwide/workdir/test-data/spyder/menu.json", to_path: "/tmp/.tmpqdYPLC/test-env/Menu/menu.json" } }
[INFO] [stdout] stack backtrace:
[INFO] [stdout]    0:     0x595b9fbb7331 - <<std[70759c8f55707aa4]::sys::backtrace::BacktraceLock>::print::DisplayBacktrace as core[df12db4294e9bfd3]::fmt::Display>::fmt
[INFO] [stdout]    1:     0x595b9fbd015a - core[df12db4294e9bfd3]::fmt::write
[INFO] [stdout]    2:     0x595b9fbbbe6c - <alloc[2182bb758b4b3781]::vec::Vec<u8> as core[df12db4294e9bfd3]::io::write::Write>::write_fmt
[INFO] [stdout]    3:     0x595b9fb8ee96 - std[70759c8f55707aa4]::panicking::default_hook::{closure#0}
[INFO] [stdout]    4:     0x595b9fbad509 - std[70759c8f55707aa4]::panicking::default_hook
[INFO] [stdout]    5:     0x595b9fa3d3a0 - test[9d35eded1c95d3be]::test_main_inner::<test[9d35eded1c95d3be]::test_main_static::{closure#0}>::{closure#0}
[INFO] [stdout]    6:     0x595b9fbad6c2 - std[70759c8f55707aa4]::panicking::panic_with_hook
[INFO] [stdout]    7:     0x595b9fb8ef42 - std[70759c8f55707aa4]::panicking::panic_handler::{closure#0}
[INFO] [stdout]    8:     0x595b9fb877e9 - std[70759c8f55707aa4]::sys::backtrace::__rust_end_short_backtrace::<std[70759c8f55707aa4]::panicking::panic_handler::{closure#0}, !>
[INFO] [stdout]    9:     0x595b9fb8fe1d - __rustc[8fa7c3cbc660c2b3]::rust_begin_unwind
[INFO] [stdout]   10:     0x595b9fbd093c - core[df12db4294e9bfd3]::panicking::panic_fmt
[INFO] [stdout]   11:     0x595b9fbd0712 - core[df12db4294e9bfd3]::result::unwrap_failed
[INFO] [stdout]   12:     0x595b9f98ff75 - <rattler_menuinst[fab2fb986734710a]::linux::tests::FakePrefix>::new
[INFO] [stdout]   13:     0x595b9f991734 - rattler_menuinst[fab2fb986734710a]::linux::tests::test_command_with_precommand
[INFO] [stdout]   14:     0x595b9f9b87c9 - <rattler_menuinst[fab2fb986734710a]::linux::tests::test_command_with_precommand::{closure#0} as core[df12db4294e9bfd3]::ops::function::FnOnce<()>>::call_once
[INFO] [stdout]   15:     0x595b9fa3068b - test[9d35eded1c95d3be]::__rust_begin_short_backtrace::<core[df12db4294e9bfd3]::result::Result<(), alloc[2182bb758b4b3781]::string::String>, fn() -> core[df12db4294e9bfd3]::result::Result<(), alloc[2182bb758b4b3781]::string::String>>
[INFO] [stdout]   16:     0x595b9fa3dcf5 - test[9d35eded1c95d3be]::run_test::{closure#0}
[INFO] [stdout]   17:     0x595b9fa375b4 - std[70759c8f55707aa4]::sys::backtrace::__rust_begin_short_backtrace::<test[9d35eded1c95d3be]::run_test::{closure#1}, ()>
[INFO] [stdout]   18:     0x595b9fa40e52 - <std[70759c8f55707aa4]::thread::lifecycle::spawn_unchecked<test[9d35eded1c95d3be]::run_test::{closure#1}, ()>::{closure#1} as core[df12db4294e9bfd3]::ops::function::FnOnce<()>>::call_once::{shim:vtable#0}
[INFO] [stdout]   19:     0x595b9fbb6299 - <std[70759c8f55707aa4]::sys::thread::unix::Thread>::new::thread_start
[INFO] [stdout]   20:     0x72d55b5bfdfa - <unknown>
[INFO] [stdout]   21:     0x72d55b6533d4 - clone
[INFO] [stdout]   22:                0x0 - <unknown>
[INFO] [stdout] 
[INFO] [stdout] ---- linux::mime_config::tests::test_existing_mimeapps stdout ----
[INFO] [stdout] ━━━━━━━━━━━━━━━━━━━━━━━━━━━━━━━ Snapshot Summary ━━━━━━━━━━━━━━━━━━━━━━━━━━━━━━━
[INFO] [stdout] Snapshot file: src/linux/snapshots/rattler_menuinst__linux__mime_config__tests__existing_mimeapps.snap
[INFO] [stdout] Snapshot: existing_mimeapps
[INFO] [stdout] Source: src/linux/mime_config.rs:277
[INFO] [stdout] ────────────────────────────────────────────────────────────────────────────────
[INFO] [stdout] Expression: mimeapps.config.get_map()
[INFO] [stdout] ────────────────────────────────────────────────────────────────────────────────
[INFO] [stdout] +new results
[INFO] [stdout] ────────────┬───────────────────────────────────────────────────────────────────
[INFO] [stdout]           1 │+None
[INFO] [stdout] ────────────┴───────────────────────────────────────────────────────────────────
[INFO] [stdout] 
[INFO] [stdout] thread 'linux::mime_config::tests::test_existing_mimeapps' (1773) panicked at src/linux/mime_config.rs:277:9:
[INFO] [stdout] called `Result::unwrap()` on an `Err` value: Os { code: 30, kind: ReadOnlyFilesystem, message: "Read-only file system" }
[INFO] [stdout] stack backtrace:
[INFO] [stdout]    0:     0x595b9fbb7331 - <<std[70759c8f55707aa4]::sys::backtrace::BacktraceLock>::print::DisplayBacktrace as core[df12db4294e9bfd3]::fmt::Display>::fmt
[INFO] [stdout]    1:     0x595b9fbd015a - core[df12db4294e9bfd3]::fmt::write
[INFO] [stdout]    2:     0x595b9fbbbe6c - <alloc[2182bb758b4b3781]::vec::Vec<u8> as core[df12db4294e9bfd3]::io::write::Write>::write_fmt
[INFO] [stdout]    3:     0x595b9fb8ee96 - std[70759c8f55707aa4]::panicking::default_hook::{closure#0}
[INFO] [stdout]    4:     0x595b9fbad509 - std[70759c8f55707aa4]::panicking::default_hook
[INFO] [stdout]    5:     0x595b9fa3d3a0 - test[9d35eded1c95d3be]::test_main_inner::<test[9d35eded1c95d3be]::test_main_static::{closure#0}>::{closure#0}
[INFO] [stdout]    6:     0x595b9fbad6c2 - std[70759c8f55707aa4]::panicking::panic_with_hook
[INFO] [stdout]    7:     0x595b9fb8ef42 - std[70759c8f55707aa4]::panicking::panic_handler::{closure#0}
[INFO] [stdout]    8:     0x595b9fb877e9 - std[70759c8f55707aa4]::sys::backtrace::__rust_end_short_backtrace::<std[70759c8f55707aa4]::panicking::panic_handler::{closure#0}, !>
[INFO] [stdout]    9:     0x595b9fb8fe1d - __rustc[8fa7c3cbc660c2b3]::rust_begin_unwind
[INFO] [stdout]   10:     0x595b9fbd093c - core[df12db4294e9bfd3]::panicking::panic_fmt
[INFO] [stdout]   11:     0x595b9fbd0712 - core[df12db4294e9bfd3]::result::unwrap_failed
[INFO] [stdout]   12:     0x595b9f9986eb - rattler_menuinst[fab2fb986734710a]::linux::mime_config::tests::test_existing_mimeapps
[INFO] [stdout]   13:     0x595b9f9b88e9 - <rattler_menuinst[fab2fb986734710a]::linux::mime_config::tests::test_existing_mimeapps::{closure#0} as core[df12db4294e9bfd3]::ops::function::FnOnce<()>>::call_once
[INFO] [stdout]   14:     0x595b9fa3068b - test[9d35eded1c95d3be]::__rust_begin_short_backtrace::<core[df12db4294e9bfd3]::result::Result<(), alloc[2182bb758b4b3781]::string::String>, fn() -> core[df12db4294e9bfd3]::result::Result<(), alloc[2182bb758b4b3781]::string::String>>
[INFO] [stdout]   15:     0x595b9fa3dcf5 - test[9d35eded1c95d3be]::run_test::{closure#0}
[INFO] [stdout]   16:     0x595b9fa375b4 - std[70759c8f55707aa4]::sys::backtrace::__rust_begin_short_backtrace::<test[9d35eded1c95d3be]::run_test::{closure#1}, ()>
[INFO] [stdout]   17:     0x595b9fa40e52 - <std[70759c8f55707aa4]::thread::lifecycle::spawn_unchecked<test[9d35eded1c95d3be]::run_test::{closure#1}, ()>::{closure#1} as core[df12db4294e9bfd3]::ops::function::FnOnce<()>>::call_once::{shim:vtable#0}
[INFO] [stdout]   18:     0x595b9fbb6299 - <std[70759c8f55707aa4]::sys::thread::unix::Thread>::new::thread_start
[INFO] [stdout]   19:     0x72d55b5bfdfa - <unknown>
[INFO] [stdout]   20:     0x72d55b6533d4 - clone
[INFO] [stdout]   21:                0x0 - <unknown>
[INFO] [stdout] 
[INFO] [stdout] 
[INFO] [stdout] failures:
[INFO] [stdout]     linux::mime_config::tests::test_existing_mimeapps
[INFO] [stdout]     linux::tests::test_command_with_activation
[INFO] [stdout]     linux::tests::test_command_with_complex_arguments
[INFO] [stdout]     linux::tests::test_command_with_precommand
[INFO] [stdout]     linux::tests::test_command_without_activation
[INFO] [stdout]     linux::tests::test_installation
[INFO] [stdout]     schema::test::test_deserialize_defaults
[INFO] [stdout]     schema::test::test_deserialize_gnuradio
[INFO] [stdout]     schema::test::test_deserialize_grx
[INFO] [stdout]     schema::test::test_deserialize_mne
[INFO] [stdout]     schema::test::test_deserialize_spyder
[INFO] [stdout] 
[INFO] [stdout] test result: FAILED. 11 passed; 11 failed; 0 ignored; 0 measured; 0 filtered out; finished in 0.59s
[INFO] [stdout] 
[INFO] [stderr] error: test failed, to rerun pass `--lib`
[INFO] running `Command { std: "docker" "inspect" "8f8bad8b67e1958a05950e49a73f251eba8f92d919ada82d02c10edecc537b93", kill_on_drop: false }`
[INFO] running `Command { std: "docker" "rm" "-f" "8f8bad8b67e1958a05950e49a73f251eba8f92d919ada82d02c10edecc537b93", kill_on_drop: false }`
[INFO] [stdout] 8f8bad8b67e1958a05950e49a73f251eba8f92d919ada82d02c10edecc537b93
