[INFO] fetching crate qlean 0.3.2...
[INFO] testing qlean-0.3.2 against 1.99.0-beta.8+cargoflags=--release for beta-release-1.100-2
[INFO] extracting crate qlean 0.3.2 into /workspace/builds/worker-4-tc1/source
[INFO] started tweaking crates.io crate qlean 0.3.2
[INFO] removed 0 missing tests
[INFO] finished tweaking crates.io crate qlean 0.3.2
[INFO] tweaked toml for crates.io crate qlean 0.3.2 written to /workspace/builds/worker-4-tc1/source/Cargo.toml
[INFO] validating manifest of crates.io crate qlean 0.3.2 on toolchain 1.99.0-beta.8
[INFO] running `Command { std: CARGO_HOME="/workspace/cargo-home" RUSTUP_HOME="/workspace/rustup-home" "/workspace/cargo-home/bin/cargo" "+1.99.0-beta.8" "metadata" "--manifest-path" "Cargo.toml" "--no-deps", kill_on_drop: false }`
[INFO] crate crates.io crate qlean 0.3.2 already has a lockfile, it will not be regenerated
[INFO] running `Command { std: CARGO_HOME="/workspace/cargo-home" RUSTUP_HOME="/workspace/rustup-home" "/workspace/cargo-home/bin/cargo" "+1.99.0-beta.8" "fetch" "--manifest-path" "Cargo.toml", kill_on_drop: false }`
[INFO] [stderr]     Updating crates.io index
[INFO] [stderr]  Downloading crates ...
[INFO] [stderr]   Downloaded vsock v0.5.4
[INFO] [stderr]   Downloaded vt100 v0.16.2
[INFO] [stderr]   Downloaded tracing-indicatif v0.3.14
[INFO] [stderr]   Downloaded vte v0.15.0
[INFO] [stderr]   Downloaded serial_test_derive v4.0.1
[INFO] [stderr]   Downloaded tokio-vsock v0.7.2
[INFO] [stderr]   Downloaded ssh-cipher v0.3.0
[INFO] [stderr]   Downloaded ssh-encoding v0.3.0
[INFO] [stderr]   Downloaded serial_test v4.0.1
[INFO] [stderr]   Downloaded russh-cryptovec v0.62.0
[INFO] [stderr]   Downloaded serde_yml v0.0.13
[INFO] [stderr]   Downloaded pageant v0.2.3
[INFO] [stderr]   Downloaded argon2 v0.6.0
[INFO] [stderr]   Downloaded blake2 v0.11.0
[INFO] [stderr]   Downloaded sponge-cursor v0.1.0
[INFO] [stderr]   Downloaded russh-sftp v3.0.0
[INFO] [stderr]   Downloaded ssh-key v0.7.0-rc.11
[INFO] [stderr]   Downloaded cc v1.4.5
[INFO] [stderr]   Downloaded p521 v0.14.0
[INFO] [stderr]   Downloaded sha3 v0.12.0
[INFO] [stderr]   Downloaded russh v0.63.3
[INFO] [stderr]   Downloaded noyalib v0.0.5
[INFO] [stderr]   Downloaded rustls v0.23.44
[INFO] [stderr]   Downloaded tinyvec v1.13.2
[INFO] [stderr]   Downloaded qapi-qmp v0.15.0
[INFO] [stderr]   Downloaded kvm-ioctls v0.25.0
[INFO] [stderr]   Downloaded libredox v0.1.23
[INFO] [stderr]   Downloaded qapi-spec v0.3.2
[INFO] [stderr]   Downloaded qapi-parser v0.11.0
[INFO] [stderr]   Downloaded nanoid v0.5.0
[INFO] [stderr]   Downloaded kvm-bindings v0.14.1
[INFO] [stderr]   Downloaded dir-lock v0.5.0
[INFO] [stderr]   Downloaded qapi-codegen v0.11.3
[INFO] [stderr]   Downloaded directories v6.0.0
[INFO] [stderr]   Downloaded sysinfo v0.35.2
[INFO] [stderr]   Downloaded vmm-sys-util v0.15.0
[INFO] [stderr]   Downloaded qapi v0.15.0
[INFO] running `Command { std: "docker" "create" "-v" "/var/lib/crater-agent-workspace/builds/worker-4-tc1/source:/opt/rustwide/workdir:ro,Z" "-v" "/var/lib/crater-agent-workspace/builds/worker-4-tc1/target:/opt/rustwide/target:rw,Z" "-v" "/var/lib/crater-agent-workspace/cargo-home:/opt/rustwide/cargo-home:ro,Z" "-v" "/var/lib/crater-agent-workspace/rustup-home:/opt/rustwide/rustup-home:ro,Z" "-m" "1610612736" "--network" "none" "ghcr.io/rust-lang/crates-build-env/linux@sha256:77db811e55d90add9212f6832c23229e3de5f1c1f9905e8cb07319ea15df73ac" "sleep" "infinity", kill_on_drop: false }`
[INFO] [stdout] 74c5fc1f7977931e165f06b9a45bca005a7d0d9b45a8f7dbba07e611a9398a95
[INFO] running `Command { std: "docker" "start" "74c5fc1f7977931e165f06b9a45bca005a7d0d9b45a8f7dbba07e611a9398a95", kill_on_drop: false }`
[INFO] running `Command { std: "docker" "inspect" "74c5fc1f7977931e165f06b9a45bca005a7d0d9b45a8f7dbba07e611a9398a95", kill_on_drop: false }`
[INFO] running `Command { std: "docker" "exec" "-e" "SOURCE_DIR=/opt/rustwide/workdir" "-e" "CARGO_HOME=/opt/rustwide/cargo-home" "-e" "RUSTUP_HOME=/opt/rustwide/rustup-home" "-e" "CARGO_TARGET_DIR=/opt/rustwide/target" "-w" "/opt/rustwide/workdir" "--user" "0:0" "74c5fc1f7977931e165f06b9a45bca005a7d0d9b45a8f7dbba07e611a9398a95" "/opt/rustwide/cargo-home/bin/cargo" "+1.99.0-beta.8" "metadata" "--no-deps" "--format-version=1", kill_on_drop: false }`
[INFO] running `Command { std: "docker" "inspect" "74c5fc1f7977931e165f06b9a45bca005a7d0d9b45a8f7dbba07e611a9398a95", kill_on_drop: false }`
[INFO] running `Command { std: "docker" "exec" "-e" "SOURCE_DIR=/opt/rustwide/workdir" "-e" "CARGO_HOME=/opt/rustwide/cargo-home" "-e" "RUSTUP_HOME=/opt/rustwide/rustup-home" "-e" "CARGO_TARGET_DIR=/opt/rustwide/target" "-e" "CARGO_INCREMENTAL=0" "-e" "RUST_BACKTRACE=full" "-e" "RUSTFLAGS=--cap-lints=warn" "-e" "RUSTDOCFLAGS=--cap-lints=warn" "-w" "/opt/rustwide/workdir" "--user" "0:0" "74c5fc1f7977931e165f06b9a45bca005a7d0d9b45a8f7dbba07e611a9398a95" "/opt/rustwide/cargo-home/bin/cargo" "+1.99.0-beta.8" "build" "--frozen" "--message-format=json" "--release", kill_on_drop: false }`
[INFO] [stderr]    Compiling subtle v2.6.1
[INFO] [stderr]    Compiling getrandom v0.4.3
[INFO] [stderr]    Compiling smallvec v1.16.0
[INFO] [stderr]    Compiling cpubits v0.1.1
[INFO] [stderr]    Compiling base64ct v1.8.3
[INFO] [stderr]    Compiling errno v0.3.14
[INFO] [stderr]    Compiling socket2 v0.6.5
[INFO] [stderr]    Compiling mio v1.2.3
[INFO] [stderr]    Compiling find-msvc-tools v0.1.12
[INFO] [stderr]    Compiling syn v3.0.5
[INFO] [stderr]    Compiling aws-lc-rs v1.18.1
[INFO] [stderr]    Compiling bitflags v2.13.2
[INFO] [stderr]    Compiling base16ct v1.0.0
[INFO] [stderr]    Compiling zmij v1.0.23
[INFO] [stderr]    Compiling indexmap v2.14.2
[INFO] [stderr]    Compiling serde_json v1.0.151
[INFO] [stderr]    Compiling memchr v2.8.3
[INFO] [stderr]    Compiling nix v0.31.3
[INFO] [stderr]    Compiling signal-hook-registry v1.4.8
[INFO] [stderr]    Compiling ctutils v0.4.2
[INFO] [stderr]    Compiling cc v1.4.5
[INFO] [stderr]    Compiling ff v0.14.0
[INFO] [stderr]    Compiling pem-rfc7468 v1.0.0
[INFO] [stderr]    Compiling parking_lot_core v0.9.12
[INFO] [stderr]    Compiling rustls v0.23.44
[INFO] [stderr]    Compiling group v0.14.0
[INFO] [stderr]    Compiling zerocopy v0.8.57
[INFO] [stderr]    Compiling curve25519-dalek v5.0.0
[INFO] [stderr]    Compiling generic-array v0.14.9
[INFO] [stderr]    Compiling hybrid-array v0.4.15
[INFO] [stderr]    Compiling der v0.8.2
[INFO] [stderr]    Compiling getrandom v0.3.4
[INFO] [stderr]    Compiling curve25519-dalek-derive v0.1.1
[INFO] [stderr]    Compiling crc32fast v1.5.1
[INFO] [stderr]    Compiling portable-atomic v1.15.0
[INFO] [stderr]    Compiling parking_lot v0.12.5
[INFO] [stderr]    Compiling vte v0.15.0
[INFO] [stderr]    Compiling rand_core v0.9.5
[INFO] [stderr]    Compiling encoding_rs v0.8.41
[INFO] [stderr]    Compiling noyalib v0.0.5
[INFO] [stderr]    Compiling rustls-native-certs v0.8.4
[INFO] [stderr]    Compiling vmm-sys-util v0.15.0
[INFO] [stderr]    Compiling vt100 v0.16.2
[INFO] [stderr]    Compiling console v0.16.6
[INFO] [stderr]    Compiling kvm-ioctls v0.25.0
[INFO] [stderr]    Compiling cmake v0.1.58
[INFO] [stderr]    Compiling sponge-cursor v0.1.0
[INFO] [stderr]    Compiling unit-prefix v0.5.2
[INFO] [stderr]    Compiling crypto-common v0.2.2
[INFO] [stderr]    Compiling block-buffer v0.12.1
[INFO] [stderr]    Compiling block-padding v0.4.2
[INFO] [stderr]    Compiling crypto-bigint v0.7.5
[INFO] [stderr]    Compiling inout v0.2.2
[INFO] [stderr]    Compiling module-lattice v0.2.3
[INFO] [stderr]    Compiling tracing-subscriber v0.3.23
[INFO] [stderr]    Compiling enum_dispatch v0.3.13
[INFO] [stderr]    Compiling dashmap v6.2.1
[INFO] [stderr]    Compiling indicatif v0.18.6
[INFO] [stderr]    Compiling vsock v0.5.4
[INFO] [stderr]    Compiling aws-lc-sys v0.45.0
[INFO] [stderr]    Compiling kvm-bindings v0.14.1
[INFO] [stderr]    Compiling generic-array v1.4.5
[INFO] [stderr]    Compiling dirs-sys v0.5.0
[INFO] [stderr]    Compiling chrono v0.4.45
[INFO] [stderr]    Compiling digest v0.11.3
[INFO] [stderr]    Compiling cipher v0.5.2
[INFO] [stderr]    Compiling hmac v0.13.0
[INFO] [stderr]    Compiling universal-hash v0.6.1
[INFO] [stderr]    Compiling pbkdf2 v0.13.0
[INFO] [stderr]    Compiling ctr v0.10.1
[INFO] [stderr]    Compiling aes v0.9.3
[INFO] [stderr]    Compiling polyval v0.7.3
[INFO] [stderr]    Compiling sha2 v0.11.0
[INFO] [stderr]    Compiling ghash v0.6.0
[INFO] [stderr]    Compiling aead v0.6.1
[INFO] [stderr]    Compiling spki v0.8.0
[INFO] [stderr]    Compiling salsa20 v0.11.0
[INFO] [stderr]    Compiling cbc v0.2.1
[INFO] [stderr]    Compiling signature v3.0.0
[INFO] [stderr]    Compiling sec1 v0.8.1
[INFO] [stderr]    Compiling hkdf v0.13.0
[INFO] [stderr]    Compiling chacha20 v0.10.2
[INFO] [stderr]    Compiling poly1305 v0.9.1
[INFO] [stderr]    Compiling blowfish v0.10.0
[INFO] [stderr]    Compiling pkcs1 v0.8.0-rc.4
[INFO] [stderr]    Compiling aes-gcm v0.11.1
[INFO] [stderr]    Compiling blake2 v0.11.0
[INFO] [stderr]    Compiling rand v0.10.3
[INFO] [stderr]    Compiling sha1 v0.11.0
[INFO] [stderr]    Compiling sha3 v0.11.0
[INFO] [stderr]    Compiling kem v0.3.0
[INFO] [stderr]    Compiling argon2 v0.6.0
[INFO] [stderr]    Compiling ml-kem v0.3.2
[INFO] [stderr]    Compiling sha3 v0.12.0
[INFO] [stderr]    Compiling scrypt v0.12.0
[INFO] [stderr]    Compiling bcrypt-pbkdf v0.11.0
[INFO] [stderr]    Compiling num-bigint v0.5.1
[INFO] [stderr]    Compiling pkcs5 v0.8.1
[INFO] [stderr]    Compiling flate2 v1.1.10
[INFO] [stderr]    Compiling delegate v0.13.5
[INFO] [stderr]    Compiling serde_bytes v0.11.19
[INFO] [stderr]    Compiling sysinfo v0.35.2
[INFO] [stderr]    Compiling md5 v0.8.1
[INFO] [stderr]    Compiling hex-literal v1.1.0
[INFO] [stderr]    Compiling tracing-indicatif v0.3.14
[INFO] [stderr]    Compiling tokio-macros v2.7.2
[INFO] [stderr]    Compiling futures-macro v0.3.34
[INFO] [stderr]    Compiling zerovec-derive v0.11.6
[INFO] [stderr]    Compiling serde_derive v1.0.229
[INFO] [stderr]    Compiling displaydoc v0.2.7
[INFO] [stderr]    Compiling tokio v1.53.1
[INFO] [stderr]    Compiling pkcs8 v0.11.0
[INFO] [stderr]    Compiling zerotrie v0.2.5
[INFO] [stderr]    Compiling primefield v0.14.0
[INFO] [stderr]    Compiling wnaf v0.14.1
[INFO] [stderr]    Compiling futures-util v0.3.34
[INFO] [stderr]    Compiling rfc6979 v0.6.0
[INFO] [stderr]    Compiling ssh-encoding v0.3.0
[INFO] [stderr]    Compiling thiserror-impl v2.0.20
[INFO] [stderr]    Compiling zerovec v0.11.8
[INFO] [stderr]    Compiling ppv-lite86 v0.2.21
[INFO] [stderr]    Compiling crypto-primes v0.7.2
[INFO] [stderr]    Compiling multiversion-macros v0.9.0
[INFO] [stderr]    Compiling elliptic-curve v0.14.1
[INFO] [stderr]    Compiling ed25519 v3.0.0
[INFO] [stderr]    Compiling rand_chacha v0.9.0
[INFO] [stderr]    Compiling tinystr v0.8.4
[INFO] [stderr]    Compiling potential_utf v0.1.6
[INFO] [stderr]    Compiling ecdsa v0.17.0
[INFO] [stderr]    Compiling icu_locale_core v2.3.0
[INFO] [stderr]    Compiling primeorder v0.14.0
[INFO] [stderr]    Compiling icu_collections v2.3.0
[INFO] [stderr]    Compiling thiserror v2.0.20
[INFO] [stderr]    Compiling multiversion v0.9.0
[INFO] [stderr]    Compiling ed25519-dalek v3.0.0
[INFO] [stderr]    Compiling ssh-cipher v0.3.0
[INFO] [stderr]    Compiling rsa v0.10.0-rc.18
[INFO] [stderr]    Compiling rand v0.9.5
[INFO] [stderr]    Compiling p256 v0.14.0
[INFO] [stderr]    Compiling p384 v0.14.0
[INFO] [stderr]    Compiling p521 v0.14.0
[INFO] [stderr]    Compiling russh-cryptovec v0.62.0
[INFO] [stderr]    Compiling nanoid v0.5.0
[INFO] [stderr]    Compiling icu_provider v2.3.1
[INFO] [stderr]    Compiling serde v1.0.229
[INFO] [stderr]    Compiling qapi-parser v0.11.0
[INFO] [stderr]    Compiling icu_normalizer v2.3.0
[INFO] [stderr]    Compiling icu_properties v2.3.0
[INFO] [stderr]    Compiling qapi-spec v0.3.2
[INFO] [stderr]    Compiling directories v6.0.0
[INFO] [stderr]    Compiling qapi-codegen v0.11.3
[INFO] [stderr]    Compiling futures-executor v0.3.34
[INFO] [stderr]    Compiling shell-escape v0.1.5
[INFO] [stderr]    Compiling qapi-qmp v0.15.0
[INFO] [stderr]    Compiling idna_adapter v1.2.2
[INFO] [stderr]    Compiling futures v0.3.34
[INFO] [stderr]    Compiling idna v1.1.0
[INFO] [stderr]    Compiling url v2.5.8
[INFO] [stderr]    Compiling tokio-util v0.7.19
[INFO] [stderr]    Compiling tower v0.5.3
[INFO] [stderr]    Compiling russh-util v0.52.0
[INFO] [stderr]    Compiling tokio-vsock v0.7.2
[INFO] [stderr]    Compiling dir-lock v0.5.0
[INFO] [stderr]    Compiling serde_yml v0.0.13
[INFO] [stderr]    Compiling tower-http v0.6.11
[INFO] [stderr]    Compiling ssh-key v0.7.0-rc.11
[INFO] [stderr]    Compiling h2 v0.4.19
[INFO] [stderr]    Compiling russh-sftp v3.0.0
[INFO] [stderr]    Compiling hyper v1.11.1
[INFO] [stderr]    Compiling hyper-util v0.1.20
[INFO] [stderr]    Compiling rustls-webpki v0.103.15
[INFO] [stderr]    Compiling russh v0.63.3
[INFO] [stderr]    Compiling qapi v0.15.0
[INFO] [stderr]    Compiling tokio-rustls v0.26.5
[INFO] [stderr]    Compiling rustls-platform-verifier v0.7.0
[INFO] [stderr]    Compiling hyper-rustls v0.27.9
[INFO] [stderr]    Compiling reqwest v0.13.5
[INFO] [stderr]    Compiling qlean v0.3.2 (/opt/rustwide/workdir)
[INFO] [stderr]     Finished `release` profile [optimized] target(s) in 2m 59s
[INFO] running `Command { std: "docker" "inspect" "74c5fc1f7977931e165f06b9a45bca005a7d0d9b45a8f7dbba07e611a9398a95", kill_on_drop: false }`
[INFO] running `Command { std: "docker" "exec" "-e" "SOURCE_DIR=/opt/rustwide/workdir" "-e" "CARGO_HOME=/opt/rustwide/cargo-home" "-e" "RUSTUP_HOME=/opt/rustwide/rustup-home" "-e" "CARGO_TARGET_DIR=/opt/rustwide/target" "-e" "CARGO_INCREMENTAL=0" "-e" "RUST_BACKTRACE=full" "-e" "RUSTFLAGS=--cap-lints=warn" "-e" "RUSTDOCFLAGS=--cap-lints=warn" "-w" "/opt/rustwide/workdir" "--user" "0:0" "74c5fc1f7977931e165f06b9a45bca005a7d0d9b45a8f7dbba07e611a9398a95" "/opt/rustwide/cargo-home/bin/cargo" "+1.99.0-beta.8" "test" "--frozen" "--no-run" "--message-format=json" "--release", kill_on_drop: false }`
[INFO] [stderr]    Compiling crypto-bigint v0.7.5
[INFO] [stderr]    Compiling bitflags v2.13.2
[INFO] [stderr]    Compiling zerocopy v0.8.57
[INFO] [stderr]    Compiling zerocopy-derive v0.8.57
[INFO] [stderr]    Compiling num_threads v0.1.7
[INFO] [stderr]    Compiling matchers v0.2.0
[INFO] [stderr]    Compiling alloca v0.4.0
[INFO] [stderr]    Compiling module-lattice v0.2.3
[INFO] [stderr]    Compiling chrono v0.4.45
[INFO] [stderr]    Compiling num-bigint v0.5.1
[INFO] [stderr]    Compiling itertools v0.13.0
[INFO] [stderr]    Compiling rayon v1.12.0
[INFO] [stderr]    Compiling plotters v0.3.7
[INFO] [stderr]    Compiling regex v1.13.1
[INFO] [stderr]    Compiling tinytemplate v1.2.1
[INFO] [stderr]    Compiling serial_test_derive v4.0.1
[INFO] [stderr]    Compiling time v0.3.55
[INFO] [stderr]    Compiling page_size v0.6.0
[INFO] [stderr]    Compiling nix v0.31.3
[INFO] [stderr]    Compiling tower-http v0.6.11
[INFO] [stderr]    Compiling rustix v1.1.4
[INFO] [stderr]    Compiling kvm-ioctls v0.25.0
[INFO] [stderr]    Compiling ml-kem v0.3.2
[INFO] [stderr]    Compiling serial_test v4.0.1
[INFO] [stderr]    Compiling reqwest v0.13.5
[INFO] [stderr]    Compiling russh-sftp v3.0.0
[INFO] [stderr]    Compiling vsock v0.5.4
[INFO] [stderr]    Compiling tokio-vsock v0.7.2
[INFO] [stderr]    Compiling tracing-subscriber v0.3.23
[INFO] [stderr]    Compiling criterion-plot v0.8.2
[INFO] [stderr]    Compiling tempfile v3.27.0
[INFO] [stderr]    Compiling tracing-indicatif v0.3.14
[INFO] [stderr]    Compiling elliptic-curve v0.14.1
[INFO] [stderr]    Compiling primefield v0.14.0
[INFO] [stderr]    Compiling rfc6979 v0.6.0
[INFO] [stderr]    Compiling ssh-encoding v0.3.0
[INFO] [stderr]    Compiling ppv-lite86 v0.2.21
[INFO] [stderr]    Compiling crypto-primes v0.7.2
[INFO] [stderr]    Compiling wnaf v0.14.1
[INFO] [stderr]    Compiling half v2.7.1
[INFO] [stderr]    Compiling ssh-cipher v0.3.0
[INFO] [stderr]    Compiling russh-cryptovec v0.62.0
[INFO] [stderr]    Compiling ciborium-ll v0.2.2
[INFO] [stderr]    Compiling ecdsa v0.17.0
[INFO] [stderr]    Compiling primeorder v0.14.0
[INFO] [stderr]    Compiling rand_chacha v0.9.0
[INFO] [stderr]    Compiling ciborium v0.2.2
[INFO] [stderr]    Compiling rand v0.9.5
[INFO] [stderr]    Compiling p256 v0.14.0
[INFO] [stderr]    Compiling p384 v0.14.0
[INFO] [stderr]    Compiling rsa v0.10.0-rc.18
[INFO] [stderr]    Compiling p521 v0.14.0
[INFO] [stderr]    Compiling nanoid v0.5.0
[INFO] [stderr]    Compiling criterion v0.8.2
[INFO] [stderr]    Compiling ssh-key v0.7.0-rc.11
[INFO] [stderr]    Compiling russh v0.63.3
[INFO] [stderr]    Compiling qlean v0.3.2 (/opt/rustwide/workdir)
[INFO] [stderr]     Finished `release` profile [optimized] target(s) in 3m 16s
[INFO] running `Command { std: "docker" "inspect" "74c5fc1f7977931e165f06b9a45bca005a7d0d9b45a8f7dbba07e611a9398a95", kill_on_drop: false }`
[INFO] running `Command { std: "docker" "exec" "-e" "SOURCE_DIR=/opt/rustwide/workdir" "-e" "CARGO_HOME=/opt/rustwide/cargo-home" "-e" "RUSTUP_HOME=/opt/rustwide/rustup-home" "-e" "CARGO_TARGET_DIR=/opt/rustwide/target" "-e" "CARGO_INCREMENTAL=0" "-e" "RUST_BACKTRACE=full" "-e" "RUSTFLAGS=--cap-lints=warn" "-e" "RUSTDOCFLAGS=--cap-lints=warn" "-w" "/opt/rustwide/workdir" "--user" "0:0" "74c5fc1f7977931e165f06b9a45bca005a7d0d9b45a8f7dbba07e611a9398a95" "/opt/rustwide/cargo-home/bin/cargo" "+1.99.0-beta.8" "test" "--frozen" "--release", kill_on_drop: false }`
[INFO] [stderr]     Finished `release` profile [optimized] target(s) in 0.54s
[INFO] [stderr]      Running unittests src/lib.rs (/opt/rustwide/target/release/deps/qlean-bec5f23fd03700cf)
[INFO] [stdout] 
[INFO] [stdout] running 11 tests
[INFO] [stdout] test image::tests::test_image_cache_name_prefers_digest ... ok
[INFO] [stdout] test image::tests::test_find_hash_for_exact_filename ... ok
[INFO] [stdout] test image::tests::test_find_hash_for_file_fedora_pgp_signed_checksum ... ok
[INFO] [stdout] test image::tests::test_parse_prefixed_digest_case_insensitive ... ok
[INFO] [stdout] test image::tests::test_builtin_remote_image_specs ... ok
[INFO] [stdout] test image::tests::test_image_config_serde ... ok
[INFO] [stdout] test image::tests::test_find_hash_for_file_formats ... ok
[INFO] [stdout] test image::tests::test_cache_name_from_url_strips_query ... ok
[INFO] [stdout] test image::tests::test_streaming_sha256_empty_file ... ok
[INFO] [stdout] test image::tests::test_streaming_vs_shell_sha512 ... ok
[INFO] [stdout] test image::tests::test_streaming_vs_shell_sha256 ... ok
[INFO] [stderr]      Running tests/machine_pool.rs (/opt/rustwide/target/release/deps/machine_pool-e70661280aeca8a6)
[INFO] [stdout] 
[INFO] [stdout] test result: ok. 11 passed; 0 failed; 0 ignored; 0 measured; 0 filtered out; finished in 0.08s
[INFO] [stdout] 
[INFO] [stdout] 
[INFO] [stdout] running 2 tests
[INFO] [stdout] test test_concurrency ... FAILED
[INFO] [stdout] test test_ping ... FAILED
[INFO] [stderr] error: test failed, to rerun pass `--test machine_pool`
[INFO] [stdout] 
[INFO] [stdout] failures:
[INFO] [stdout] 
[INFO] [stdout] ---- test_concurrency stdout ----
[INFO] [stdout] Error: could not find qemu-system-x86_64
[INFO] [stdout] 
[INFO] [stdout] Caused by:
[INFO] [stdout]     No such file or directory (os error 2)
[INFO] [stdout] 
[INFO] [stdout] Stack backtrace:
[INFO] [stdout]    0: <core::io::error::Error as anyhow::context::ext::StdError>::ext_context::<alloc::string::String>
[INFO] [stdout]    1: qlean::utils::check_command_available::{closure#0}
[INFO] [stdout]    2: qlean::utils::ensure_prerequisites::{closure#0}
[INFO] [stdout]    3: machine_pool::test_concurrency::{closure#0}::{closure#0}
[INFO] [stdout]    4: <tokio::runtime::runtime::Runtime>::block_on::<core::pin::Pin<&mut dyn core::future::future::Future<Output = core::result::Result<(), anyhow::Error>>>>
[INFO] [stdout]    5: <machine_pool::test_concurrency::{closure#0} as core::ops::function::FnOnce<()>>::call_once
[INFO] [stdout]    6: serial_test::serial_code_lock::local_serial_core_with_return::<(), anyhow::Error>
[INFO] [stdout]    7: <machine_pool::test_concurrency::{closure#0} as core::ops::function::FnOnce<()>>::call_once
[INFO] [stdout]    8: test::__rust_begin_short_backtrace::<core::result::Result<(), alloc::string::String>, fn() -> core::result::Result<(), alloc::string::String>>
[INFO] [stdout]    9: test::run_test::{closure#0}
[INFO] [stdout]   10: std::sys::backtrace::__rust_begin_short_backtrace::<test::run_test::{closure#1}, ()>
[INFO] [stdout]   11: <std::thread::lifecycle::spawn_unchecked<test::run_test::{closure#1}, ()>::{closure#1} as core::ops::function::FnOnce<()>>::call_once::{shim:vtable#0}
[INFO] [stdout]   12: <std::sys::thread::unix::Thread>::new::thread_start
[INFO] [stdout]   13: <unknown>
[INFO] [stdout]   14: clone
[INFO] [stdout] 
[INFO] [stdout] ---- test_ping stdout ----
[INFO] [stdout] Error: could not find qemu-system-x86_64
[INFO] [stdout] 
[INFO] [stdout] Caused by:
[INFO] [stdout]     No such file or directory (os error 2)
[INFO] [stdout] 
[INFO] [stdout] Stack backtrace:
[INFO] [stdout]    0: <core::io::error::Error as anyhow::context::ext::StdError>::ext_context::<alloc::string::String>
[INFO] [stdout]    1: qlean::utils::check_command_available::{closure#0}
[INFO] [stdout]    2: qlean::utils::ensure_prerequisites::{closure#0}
[INFO] [stdout]    3: machine_pool::test_ping::{closure#0}::{closure#0}
[INFO] [stdout]    4: <tokio::runtime::runtime::Runtime>::block_on::<core::pin::Pin<&mut dyn core::future::future::Future<Output = core::result::Result<(), anyhow::Error>>>>
[INFO] [stdout]    5: <machine_pool::test_ping::{closure#0} as core::ops::function::FnOnce<()>>::call_once
[INFO] [stdout]    6: serial_test::serial_code_lock::local_serial_core_with_return::<(), anyhow::Error>
[INFO] [stdout]    7: <machine_pool::test_ping::{closure#0} as core::ops::function::FnOnce<()>>::call_once
[INFO] [stdout]    8: test::__rust_begin_short_backtrace::<core::result::Result<(), alloc::string::String>, fn() -> core::result::Result<(), alloc::string::String>>
[INFO] [stdout]    9: test::run_test::{closure#0}
[INFO] [stdout]   10: std::sys::backtrace::__rust_begin_short_backtrace::<test::run_test::{closure#1}, ()>
[INFO] [stdout]   11: <std::thread::lifecycle::spawn_unchecked<test::run_test::{closure#1}, ()>::{closure#1} as core::ops::function::FnOnce<()>>::call_once::{shim:vtable#0}
[INFO] [stdout]   12: <std::sys::thread::unix::Thread>::new::thread_start
[INFO] [stdout]   13: <unknown>
[INFO] [stdout]   14: clone
[INFO] [stdout] 
[INFO] [stdout] 
[INFO] [stdout] failures:
[INFO] [stdout]     test_concurrency
[INFO] [stdout]     test_ping
[INFO] [stdout] 
[INFO] [stdout] test result: FAILED. 0 passed; 2 failed; 0 ignored; 0 measured; 0 filtered out; finished in 0.01s
[INFO] [stdout] 
[INFO] running `Command { std: "docker" "inspect" "74c5fc1f7977931e165f06b9a45bca005a7d0d9b45a8f7dbba07e611a9398a95", kill_on_drop: false }`
[INFO] running `Command { std: "docker" "rm" "-f" "74c5fc1f7977931e165f06b9a45bca005a7d0d9b45a8f7dbba07e611a9398a95", kill_on_drop: false }`
[INFO] [stdout] 74c5fc1f7977931e165f06b9a45bca005a7d0d9b45a8f7dbba07e611a9398a95
