[INFO] fetching crate proxychains-masq 0.1.7...
[INFO] testing proxychains-masq-0.1.7 against 1.99.0-beta.8+cargoflags=--release for beta-release-1.100-2
[INFO] extracting crate proxychains-masq 0.1.7 into /workspace/builds/worker-2-tc1/source
[INFO] started tweaking crates.io crate proxychains-masq 0.1.7
[INFO] removed 0 missing tests
[INFO] finished tweaking crates.io crate proxychains-masq 0.1.7
[INFO] tweaked toml for crates.io crate proxychains-masq 0.1.7 written to /workspace/builds/worker-2-tc1/source/Cargo.toml
[INFO] validating manifest of crates.io crate proxychains-masq 0.1.7 on toolchain 1.99.0-beta.8
[INFO] running `Command { std: CARGO_HOME="/workspace/cargo-home" RUSTUP_HOME="/workspace/rustup-home" "/workspace/cargo-home/bin/cargo" "+1.99.0-beta.8" "metadata" "--manifest-path" "Cargo.toml" "--no-deps", kill_on_drop: false }`
[INFO] crate crates.io crate proxychains-masq 0.1.7 already has a lockfile, it will not be regenerated
[INFO] running `Command { std: CARGO_HOME="/workspace/cargo-home" RUSTUP_HOME="/workspace/rustup-home" "/workspace/cargo-home/bin/cargo" "+1.99.0-beta.8" "fetch" "--manifest-path" "Cargo.toml", kill_on_drop: false }`
[INFO] [stderr]     Updating crates.io index
[INFO] [stderr]  Downloading crates ...
[INFO] [stderr]   Downloaded managed v0.8.0
[INFO] [stderr]   Downloaded defmt v0.3.100
[INFO] [stderr]   Downloaded defmt-macros v1.0.1
[INFO] [stderr]   Downloaded defmt v1.0.1
[INFO] [stderr]   Downloaded sendfd v0.4.4
[INFO] [stderr]   Downloaded fastbloom v0.14.1
[INFO] [stderr]   Downloaded ip_network_table v0.2.0
[INFO] [stderr]   Downloaded cfb-mode v0.8.2
[INFO] [stderr]   Downloaded ip_network_table-deps-treebitmap v0.5.0
[INFO] [stderr]   Downloaded boringtun v0.7.0
[INFO] [stderr]   Downloaded smoltcp v0.11.0
[INFO] running `Command { std: "docker" "create" "-v" "/var/lib/crater-agent-workspace/builds/worker-2-tc1/source:/opt/rustwide/workdir:ro,Z" "-v" "/var/lib/crater-agent-workspace/builds/worker-2-tc1/target:/opt/rustwide/target:rw,Z" "-v" "/var/lib/crater-agent-workspace/cargo-home:/opt/rustwide/cargo-home:ro,Z" "-v" "/var/lib/crater-agent-workspace/rustup-home:/opt/rustwide/rustup-home:ro,Z" "-m" "1610612736" "--network" "none" "ghcr.io/rust-lang/crates-build-env/linux@sha256:77db811e55d90add9212f6832c23229e3de5f1c1f9905e8cb07319ea15df73ac" "sleep" "infinity", kill_on_drop: false }`
[INFO] [stdout] 7521c1aaaf884dd157a929632931faf25a5fe7d9f8c2dd976c87bd5a50cfe4dc
[INFO] running `Command { std: "docker" "start" "7521c1aaaf884dd157a929632931faf25a5fe7d9f8c2dd976c87bd5a50cfe4dc", kill_on_drop: false }`
[INFO] running `Command { std: "docker" "inspect" "7521c1aaaf884dd157a929632931faf25a5fe7d9f8c2dd976c87bd5a50cfe4dc", kill_on_drop: false }`
[INFO] running `Command { std: "docker" "exec" "-e" "SOURCE_DIR=/opt/rustwide/workdir" "-e" "CARGO_HOME=/opt/rustwide/cargo-home" "-e" "RUSTUP_HOME=/opt/rustwide/rustup-home" "-e" "CARGO_TARGET_DIR=/opt/rustwide/target" "-w" "/opt/rustwide/workdir" "--user" "0:0" "7521c1aaaf884dd157a929632931faf25a5fe7d9f8c2dd976c87bd5a50cfe4dc" "/opt/rustwide/cargo-home/bin/cargo" "+1.99.0-beta.8" "metadata" "--no-deps" "--format-version=1", kill_on_drop: false }`
[INFO] running `Command { std: "docker" "inspect" "7521c1aaaf884dd157a929632931faf25a5fe7d9f8c2dd976c87bd5a50cfe4dc", kill_on_drop: false }`
[INFO] running `Command { std: "docker" "exec" "-e" "SOURCE_DIR=/opt/rustwide/workdir" "-e" "CARGO_HOME=/opt/rustwide/cargo-home" "-e" "RUSTUP_HOME=/opt/rustwide/rustup-home" "-e" "CARGO_TARGET_DIR=/opt/rustwide/target" "-e" "CARGO_INCREMENTAL=0" "-e" "RUST_BACKTRACE=full" "-e" "RUSTFLAGS=--cap-lints=warn" "-e" "RUSTDOCFLAGS=--cap-lints=warn" "-w" "/opt/rustwide/workdir" "--user" "0:0" "7521c1aaaf884dd157a929632931faf25a5fe7d9f8c2dd976c87bd5a50cfe4dc" "/opt/rustwide/cargo-home/bin/cargo" "+1.99.0-beta.8" "build" "--frozen" "--message-format=json" "--release", kill_on_drop: false }`
[INFO] [stderr]    Compiling libc v0.2.182
[INFO] [stderr]    Compiling semver v1.0.27
[INFO] [stderr]    Compiling regex-syntax v0.8.10
[INFO] [stderr]    Compiling anyhow v1.0.102
[INFO] [stderr]    Compiling memchr v2.8.0
[INFO] [stderr]    Compiling either v1.15.0
[INFO] [stderr]    Compiling zerocopy v0.8.40
[INFO] [stderr]    Compiling ring v0.17.14
[INFO] [stderr]    Compiling bytes v1.11.1
[INFO] [stderr]    Compiling syn v2.0.117
[INFO] [stderr]    Compiling beef v0.5.2
[INFO] [stderr]    Compiling inout v0.1.4
[INFO] [stderr]    Compiling rustls v0.23.37
[INFO] [stderr]    Compiling unicode-width v0.1.14
[INFO] [stderr]    Compiling rustix v1.1.4
[INFO] [stderr]    Compiling thiserror v2.0.18
[INFO] [stderr]    Compiling hashbrown v0.16.1
[INFO] [stderr]    Compiling linux-raw-sys v0.12.1
[INFO] [stderr]    Compiling bitflags v2.11.0
[INFO] [stderr]    Compiling hashbrown v0.15.5
[INFO] [stderr]    Compiling fastrand v2.3.0
[INFO] [stderr]    Compiling rustc_version v0.4.1
[INFO] [stderr]    Compiling itertools v0.10.5
[INFO] [stderr]    Compiling once_cell v1.21.3
[INFO] [stderr]    Compiling fixedbitset v0.5.7
[INFO] [stderr]    Compiling aho-corasick v1.1.4
[INFO] [stderr]    Compiling quinn-udp v0.5.14
[INFO] [stderr]    Compiling multimap v0.10.1
[INFO] [stderr]    Compiling logos-codegen v0.15.1
[INFO] [stderr]    Compiling curve25519-dalek v4.1.3
[INFO] [stderr]    Compiling byteorder v1.5.0
[INFO] [stderr]    Compiling serde_core v1.0.228
[INFO] [stderr]    Compiling siphasher v1.0.2
[INFO] [stderr]    Compiling heapless v0.8.0
[INFO] [stderr]    Compiling log v0.4.29
[INFO] [stderr]    Compiling hash32 v0.3.1
[INFO] [stderr]    Compiling tinyvec v1.10.0
[INFO] [stderr]    Compiling futures-channel v0.3.32
[INFO] [stderr]    Compiling quinn v0.11.9
[INFO] [stderr]    Compiling lru-slab v0.1.2
[INFO] [stderr]    Compiling smoltcp v0.11.0
[INFO] [stderr]    Compiling ip_network_table-deps-treebitmap v0.5.0
[INFO] [stderr]    Compiling ip_network v0.4.1
[INFO] [stderr]    Compiling indexmap v2.13.0
[INFO] [stderr]    Compiling futures-io v0.3.32
[INFO] [stderr]    Compiling http v1.4.0
[INFO] [stderr]    Compiling futures-util v0.3.32
[INFO] [stderr]    Compiling ip_network_table v0.2.0
[INFO] [stderr]    Compiling managed v0.8.0
[INFO] [stderr]    Compiling regex-automata v0.4.14
[INFO] [stderr]    Compiling petgraph v0.8.3
[INFO] [stderr]    Compiling getrandom v0.2.17
[INFO] [stderr]    Compiling parking_lot_core v0.9.12
[INFO] [stderr]    Compiling socket2 v0.6.3
[INFO] [stderr]    Compiling errno v0.3.14
[INFO] [stderr]    Compiling getrandom v0.3.4
[INFO] [stderr]    Compiling mio v1.1.1
[INFO] [stderr]    Compiling signal-hook-registry v1.4.8
[INFO] [stderr]    Compiling rand_core v0.6.4
[INFO] [stderr]    Compiling parking_lot v0.12.5
[INFO] [stderr]    Compiling rand_core v0.9.5
[INFO] [stderr]    Compiling getrandom v0.4.2
[INFO] [stderr]    Compiling crypto-common v0.1.7
[INFO] [stderr]    Compiling nix v0.25.1
[INFO] [stderr]    Compiling digest v0.10.7
[INFO] [stderr]    Compiling universal-hash v0.5.1
[INFO] [stderr]    Compiling tempfile v3.26.0
[INFO] [stderr]    Compiling aead v0.5.2
[INFO] [stderr]    Compiling poly1305 v0.8.0
[INFO] [stderr]    Compiling polyval v0.6.2
[INFO] [stderr]    Compiling hmac v0.12.1
[INFO] [stderr]    Compiling blake2 v0.10.6
[INFO] [stderr]    Compiling hkdf v0.12.4
[INFO] [stderr]    Compiling ghash v0.5.1
[INFO] [stderr]    Compiling sha1 v0.10.6
[INFO] [stderr]    Compiling sha2 v0.10.9
[INFO] [stderr]    Compiling sha3 v0.10.8
[INFO] [stderr]    Compiling md-5 v0.10.6
[INFO] [stderr]    Compiling uuid v1.22.0
[INFO] [stderr]    Compiling prettyplease v0.2.37
[INFO] [stderr]    Compiling zeroize_derive v1.4.3
[INFO] [stderr]    Compiling prost-derive v0.14.4
[INFO] [stderr]    Compiling thiserror-impl v2.0.18
[INFO] [stderr]    Compiling miette-derive v7.6.0
[INFO] [stderr]    Compiling tracing-attributes v0.1.31
[INFO] [stderr]    Compiling tokio-macros v2.6.1
[INFO] [stderr]    Compiling curve25519-dalek-derive v0.1.1
[INFO] [stderr]    Compiling zeroize v1.8.2
[INFO] [stderr]    Compiling logos-derive v0.15.1
[INFO] [stderr]    Compiling tokio v1.50.0
[INFO] [stderr]    Compiling cipher v0.4.4
[INFO] [stderr]    Compiling rustls-pki-types v1.14.0
[INFO] [stderr]    Compiling logos v0.15.1
[INFO] [stderr]    Compiling chacha20 v0.9.1
[INFO] [stderr]    Compiling ctr v0.9.2
[INFO] [stderr]    Compiling aes v0.8.4
[INFO] [stderr]    Compiling miette v7.6.0
[INFO] [stderr]    Compiling cfb-mode v0.8.2
[INFO] [stderr]    Compiling futures v0.3.32
[INFO] [stderr]    Compiling rustls-native-certs v0.8.3
[INFO] [stderr]    Compiling chacha20poly1305 v0.10.1
[INFO] [stderr]    Compiling aes-gcm v0.10.3
[INFO] [stderr]    Compiling tracing v0.1.44
[INFO] [stderr]    Compiling logos-codegen v0.16.1
[INFO] [stderr]    Compiling regex v1.12.3
[INFO] [stderr]    Compiling prost v0.14.4
[INFO] [stderr]    Compiling ppv-lite86 v0.2.21
[INFO] [stderr]    Compiling x25519-dalek v2.0.1
[INFO] [stderr]    Compiling prost-types v0.14.4
[INFO] [stderr]    Compiling rand_chacha v0.9.0
[INFO] [stderr]    Compiling rand_chacha v0.3.1
[INFO] [stderr]    Compiling rand v0.9.2
[INFO] [stderr]    Compiling rand v0.8.5
[INFO] [stderr]    Compiling logos-derive v0.16.1
[INFO] [stderr]    Compiling fastbloom v0.14.1
[INFO] [stderr]    Compiling protox-parse v0.9.0
[INFO] [stderr]    Compiling prost-build v0.14.4
[INFO] [stderr]    Compiling logos v0.16.1
[INFO] [stderr]    Compiling prost-reflect v0.16.5
[INFO] [stderr]    Compiling protox v0.9.1
[INFO] [stderr]    Compiling proxychains-masq v0.1.7 (/opt/rustwide/workdir)
[INFO] [stderr]    Compiling tokio-util v0.7.18
[INFO] [stderr]    Compiling rustls-webpki v0.103.9
[INFO] [stderr]    Compiling h2 v0.4.13
[INFO] [stderr]    Compiling boringtun v0.7.0
[INFO] [stderr]    Compiling rustls-platform-verifier v0.6.2
[INFO] [stderr]    Compiling tokio-rustls v0.26.4
[INFO] [stderr]    Compiling quinn-proto v0.11.14
[INFO] [stderr]     Finished `release` profile [optimized] target(s) in 1m 39s
[INFO] running `Command { std: "docker" "inspect" "7521c1aaaf884dd157a929632931faf25a5fe7d9f8c2dd976c87bd5a50cfe4dc", kill_on_drop: false }`
[INFO] running `Command { std: "docker" "exec" "-e" "SOURCE_DIR=/opt/rustwide/workdir" "-e" "CARGO_HOME=/opt/rustwide/cargo-home" "-e" "RUSTUP_HOME=/opt/rustwide/rustup-home" "-e" "CARGO_TARGET_DIR=/opt/rustwide/target" "-e" "CARGO_INCREMENTAL=0" "-e" "RUST_BACKTRACE=full" "-e" "RUSTFLAGS=--cap-lints=warn" "-e" "RUSTDOCFLAGS=--cap-lints=warn" "-w" "/opt/rustwide/workdir" "--user" "0:0" "7521c1aaaf884dd157a929632931faf25a5fe7d9f8c2dd976c87bd5a50cfe4dc" "/opt/rustwide/cargo-home/bin/cargo" "+1.99.0-beta.8" "test" "--frozen" "--no-run" "--message-format=json" "--release", kill_on_drop: false }`
[INFO] [stderr]    Compiling zerocopy-derive v0.8.40
[INFO] [stderr]    Compiling serde_derive v1.0.228
[INFO] [stderr]    Compiling num-conv v0.2.0
[INFO] [stderr]    Compiling clap_lex v1.0.0
[INFO] [stderr]    Compiling regex-syntax v0.8.10
[INFO] [stderr]    Compiling serde_json v1.0.149
[INFO] [stderr]    Compiling nix v0.29.0
[INFO] [stderr]    Compiling uuid v1.22.0
[INFO] [stderr]    Compiling pem v3.0.6
[INFO] [stderr]    Compiling is-terminal v0.4.17
[INFO] [stderr]    Compiling sendfd v0.4.4
[INFO] [stderr]    Compiling time v0.3.47
[INFO] [stderr]    Compiling clap_builder v4.5.60
[INFO] [stderr]    Compiling yasna v0.5.2
[INFO] [stderr]    Compiling zerocopy v0.8.40
[INFO] [stderr]    Compiling rcgen v0.13.2
[INFO] [stderr]    Compiling regex-automata v0.4.14
[INFO] [stderr]    Compiling clap v4.5.60
[INFO] [stderr]    Compiling serde v1.0.228
[INFO] [stderr]    Compiling tinytemplate v1.2.1
[INFO] [stderr]    Compiling regex v1.12.3
[INFO] [stderr]    Compiling ppv-lite86 v0.2.21
[INFO] [stderr]    Compiling half v2.7.1
[INFO] [stderr]    Compiling ciborium-ll v0.2.2
[INFO] [stderr]    Compiling ciborium v0.2.2
[INFO] [stderr]    Compiling rand_chacha v0.9.0
[INFO] [stderr]    Compiling rand_chacha v0.3.1
[INFO] [stderr]    Compiling rand v0.9.2
[INFO] [stderr]    Compiling rand v0.8.5
[INFO] [stderr]    Compiling criterion v0.5.1
[INFO] [stderr]    Compiling fastbloom v0.14.1
[INFO] [stderr]    Compiling quinn-proto v0.11.14
[INFO] [stderr]    Compiling quinn v0.11.9
[INFO] [stderr]    Compiling proxychains-masq v0.1.7 (/opt/rustwide/workdir)
[INFO] [stderr]     Finished `release` profile [optimized] target(s) in 2m 38s
[INFO] running `Command { std: "docker" "inspect" "7521c1aaaf884dd157a929632931faf25a5fe7d9f8c2dd976c87bd5a50cfe4dc", kill_on_drop: false }`
[INFO] running `Command { std: "docker" "exec" "-e" "SOURCE_DIR=/opt/rustwide/workdir" "-e" "CARGO_HOME=/opt/rustwide/cargo-home" "-e" "RUSTUP_HOME=/opt/rustwide/rustup-home" "-e" "CARGO_TARGET_DIR=/opt/rustwide/target" "-e" "CARGO_INCREMENTAL=0" "-e" "RUST_BACKTRACE=full" "-e" "RUSTFLAGS=--cap-lints=warn" "-e" "RUSTDOCFLAGS=--cap-lints=warn" "-w" "/opt/rustwide/workdir" "--user" "0:0" "7521c1aaaf884dd157a929632931faf25a5fe7d9f8c2dd976c87bd5a50cfe4dc" "/opt/rustwide/cargo-home/bin/cargo" "+1.99.0-beta.8" "test" "--frozen" "--release", kill_on_drop: false }`
[INFO] [stderr]     Finished `release` profile [optimized] target(s) in 0.39s
[INFO] [stderr]      Running unittests src/lib.rs (/opt/rustwide/target/release/deps/proxychains_masq-c31bf314d4c31f32)
[INFO] [stdout] 
[INFO] [stdout] running 86 tests
[INFO] [stdout] test dns::tests::test_dns_map_different_hostnames_different_ips ... ok
[INFO] [stdout] test dns::tests::test_dns_map_reverse_lookup ... ok
[INFO] [stdout] test dns::tests::test_dns_map_v6_alloc_and_reverse ... ok
[INFO] [stdout] test dns::tests::test_dns_map_v6_exhaustion ... ok
[INFO] [stdout] test dns::tests::test_dns_a_query_returns_fake_ip ... ok
[INFO] [stdout] test dns::tests::test_aaaa_query_returns_fake_v6 ... ok
[INFO] [stdout] test dns::tests::test_aaaa_query_same_hostname_stable_v6 ... ok
[INFO] [stdout] test dns::tests::test_dns_map_v6_is_fake_ip ... ok
[INFO] [stdout] test chain::tests::select_random_chain_bails_when_tail_too_small ... ok
[INFO] [stdout] test dns::tests::test_dns_same_hostname_same_ip ... ok
[INFO] [stdout] test dns::tests::test_a_query_returns_fake_v4 ... ok
[INFO] [stdout] test dns::tests::test_dns_map_is_fake_ip ... ok
[INFO] [stdout] test dns::tests::test_dns_map_exhaustion ... ok
[INFO] [stdout] test proxy::hysteria2::tests::huffman_rfc7541_example ... ok
[INFO] [stdout] test proxy::hysteria2::tests::auth_frame_has_post_and_ccrx ... ok
[INFO] [stdout] test chain::tests::select_random_chain_first_may_be_quic ... ok
[INFO] [stdout] test proxy::hysteria2::tests::qpack_status_family ... ok
[INFO] [stdout] test proxy::hysteria::tests::xplus_invalid_datagram ... ok
[INFO] [stdout] test proxy::shadowsocks::tests::test_cipher_from_name_unknown_returns_none ... ok
[INFO] [stdout] test proxy::shadowsocks::tests::test_cached_encrypt_to_appends_concatenated_frame ... ok
[INFO] [stdout] test proxy::shadowsocks::tests::test_chacha20_poly1305_roundtrip ... ok
[INFO] [stdout] test proxy::shadowsocks::tests::test_aes_128_gcm_roundtrip ... ok
[INFO] [stdout] test proxy::hysteria::tests::xplus_keystream_matches_sha256 ... ok
[INFO] [stdout] test proxy::shadowsocks::tests::test_aes_256_gcm_roundtrip ... ok
[INFO] [stdout] test proxy::hysteria::tests::xplus_wire_format ... ok
[INFO] [stdout] test proxy::shadowsocks::tests::test_cached_cipher_wrong_nonce_fails ... ok
[INFO] [stdout] test proxy::hysteria::tests::xplus_roundtrip_fixed_salt ... ok
[INFO] [stdout] test proxy::hysteria2::tests::huffman_roundtrip_all_symbols ... ok
[INFO] [stdout] test proxy::hysteria2::tests::qpack_varint_continuations ... ok
[INFO] [stdout] test proxy::hysteria2::tests::tcp_request_frame_wire_format ... ok
[INFO] [stdout] test proxy::shadowsocks::tests::test_nonce_len_is_always_12 ... ok
[INFO] [stdout] test proxy::shadowsocks::tests::test_create_decrypt_chunk_nonce_mismatch_fails ... ok
[INFO] [stdout] test proxy::shadowsocks::tests::test_cached_chunk_roundtrip_matches_fresh ... ok
[INFO] [stdout] test chain::tests::select_random_chain_never_puts_self_routed_after_first ... ok
[INFO] [stdout] test proxy::shadowsocks::tests::test_encode_target_address_ipv6 ... ok
[INFO] [stdout] test proxy::shadowsocks::tests::test_evp_bytes_to_key_known_vector ... ok
[INFO] [stdout] test proxy::shadowsocks::tests::test_key_len_matches_cipher ... ok
[INFO] [stdout] test proxy::shadowsocks::tests::test_encode_target_address_hostname ... ok
[INFO] [stdout] test proxy::shadowsocks::tests::test_create_decrypt_chunk_roundtrip ... ok
[INFO] [stdout] test proxy::shadowsocks::tests::test_decrypt_chunk_too_short_errors ... ok
[INFO] [stdout] test proxy::shadowsocks::tests::test_encode_target_address_ipv4 ... ok
[INFO] [stdout] test proxy::vless_grpc::tests::test_path_named_service ... ok
[INFO] [stdout] test proxy::vless::tests::test_build_request_header_domain ... ok
[INFO] [stdout] test proxy::vless::tests::test_build_request_header_ipv4 ... ok
[INFO] [stdout] test proxy::vless::tests::test_parse_uuid_dashed ... ok
[INFO] [stdout] test proxy::vless::tests::test_parse_uuid_raw_fallback_zero_pads ... ok
[INFO] [stdout] test proxy::vless_grpc::tests::test_path_empty_service_name ... ok
[INFO] [stdout] test proxy::vless::tests::test_parse_uuid_hex32 ... ok
[INFO] [stdout] test proxy::vless_xhttp::tests::test_session_url_path_empty ... ok
[INFO] [stdout] test proxy::vless_ws::tests::test_ws_encode_frame_roundtrip ... ok
[INFO] [stdout] test proxy::vless_xhttp::tests::test_session_url_path_plain ... ok
[INFO] [stdout] test proxy::vless_xhttp::tests::test_session_url_path_root ... ok
[INFO] [stdout] test proxy::vless_xhttp::tests::test_session_url_path_with_query ... ok
[INFO] [stdout] test proxy::vmess::tests::test_aes_ecb_different_keys_differ ... ok
[INFO] [stdout] test proxy::vmess::tests::test_aes_ecb_encrypt_block ... ok
[INFO] [stdout] test proxy::vmess::tests::test_auth_id_matches_xray_reference ... ok
[INFO] [stdout] test proxy::vless::tests::test_parse_uuid_invalid_hex_errors ... ok
[INFO] [stdout] test proxy::vless_grpc::tests::test_encode_grpc_frame_structure ... ok
[INFO] [stdout] test proxy::vmess::tests::test_build_auth_id_crc_covers_first_12_bytes ... ok
[INFO] [stdout] test proxy::vless_grpc::tests::test_grpc_hand_encoded_matches_prost ... ok
[INFO] [stdout] test proxy::vmess::tests::test_build_auth_id_first_8_bytes_are_timestamp ... ok
[INFO] [stdout] test proxy::vmess::tests::test_compute_cmd_key ... ok
[INFO] [stdout] test proxy::vless_ws::tests::test_ws_decode_16bit_length ... ok
[INFO] [stdout] test proxy::vless_ws::tests::test_ws_decode_single_frame ... ok
[INFO] [stdout] test proxy::vless_xhttp::tests::test_chunked_empty_body ... ok
[INFO] [stdout] test proxy::vmess::tests::test_fnv1a_empty_is_offset_basis ... ok
[INFO] [stdout] test proxy::vmess::tests::test_fnv1a_hash ... ok
[INFO] [stdout] test proxy::vmess::tests::test_kdf_different_keys_differ ... ok
[INFO] [stdout] test proxy::vmess::tests::test_kdf_produces_32_bytes ... ok
[INFO] [stdout] test proxy::vmess::tests::test_kdf_two_paths_differ_from_one ... ok
[INFO] [stdout] test proxy::vless_xhttp::tests::test_chunked_multiple_chunks ... ok
[INFO] [stdout] test proxy::vless_xhttp::tests::test_chunked_chunk_with_extension ... ok
[INFO] [stdout] test proxy::vless_xhttp::tests::test_chunked_single_chunk ... ok
[INFO] [stdout] test proxy::vless_ws::tests::test_ws_decode_multiple_frames ... ok
[INFO] [stdout] test proxy::vless_xhttp::tests::test_session_url_path_nested ... ok
[INFO] [stdout] test proxy::vless_xhttp::tests::test_chunked_large_chunk ... ok
[INFO] [stdout] test proxy::vless_ws::tests::test_ws_encode_large_frame ... ok
[INFO] [stdout] test proxy::vmess::tests::test_build_auth_id_plain ... ok
[INFO] [stdout] test proxy::vmess::tests::test_parse_uuid_wrong_length_errors ... ok
[INFO] [stdout] test proxy::vmess::tests::test_parse_uuid ... ok
[INFO] [stdout] test proxy::shadowsocks::tests::test_hkdf_subkey_derivation ... ok
[INFO] [stdout] test proxy::vmess::tests::test_downlink_decrypts_server_uplink_chunks ... ok
[INFO] [stdout] test proxy::vmess::tests::test_length_masker_different_seeds ... ok
[INFO] [stdout] test proxy::vmess::tests::test_parse_uuid_invalid_hex_errors ... ok
[INFO] [stdout] test proxy::wireguard::unit_tests::boringtun_peer_data_round_trip ... ok
[INFO] [stdout] test proxy::vmess::tests::test_vmess_data_stream_roundtrip ... ok
[INFO] [stderr]      Running tests/chain_engine.rs (/opt/rustwide/target/release/deps/chain_engine-3cd00074b59c7d27)
[INFO] [stdout] 
[INFO] [stdout] test result: ok. 86 passed; 0 failed; 0 ignored; 0 measured; 0 filtered out; finished in 0.03s
[INFO] [stdout] 
[INFO] [stdout] 
[INFO] [stdout] running 22 tests
[INFO] [stdout] test test_chain_hostname_target ... ok
[INFO] [stdout] test test_dnat_rewrites_destination ... ok
[INFO] [stdout] test test_dnat_wildcard_port ... ok
[INFO] [stdout] test test_inner_wireguard_hop_rejected ... ok
[INFO] [stdout] test test_strict_chain_dead_proxy_fails ... ok
[INFO] [stdout] test test_dynamic_chain_all_dead_fails ... ok
[INFO] [stdout] test test_dynamic_chain_slides_past_dead_anchor ... ok
[INFO] [stdout] test test_inner_hysteria1_obfs_hop_over_framing ... ok
[INFO] [stdout] test test_localnet_bypass_goes_direct ... ok
[INFO] [stdout] test test_strict_chain_quic_not_first_fails_loudly ... ok
[INFO] [stdout] test test_inner_tuic_hop_over_framing ... ok
[INFO] [stdout] test test_strict_chain_two_hops ... ok
[INFO] [stdout] test test_strict_chain_three_hops ... ok
[INFO] [stdout] test test_round_robin_advances ... ok
[INFO] [stdout] test test_quic_first_hop_keeps_direct_udp_path ... ok
[INFO] [stdout] test test_dynamic_chain_skips_dead ... ok
[INFO] [stdout] test test_random_chain_len ... ok
[INFO] [stdout] test test_round_robin_wraps_around ... ok
[INFO] [stdout] test test_inner_hysteria2_hop_connects_through_previous_hop ... ok
[INFO] [stdout] test test_inner_hysteria1_hop_over_framing ... ok
[INFO] [stdout] test test_quic_middle_hop_three_hop_chain ... ok
[INFO] [stdout] test test_inner_hysteria2_hop_fails_against_udp_only_server ... ok
[INFO] [stdout] 
[INFO] [stdout] test result: ok. 22 passed; 0 failed; 0 ignored; 0 measured; 0 filtered out; finished in 5.02s
[INFO] [stdout] 
[INFO] [stderr]      Running tests/proxy_protocols.rs (/opt/rustwide/target/release/deps/proxy_protocols-e58ea42da38dc035)
[INFO] [stdout] 
[INFO] [stdout] running 45 tests
[INFO] [stdout] test test_http_connect_407_errors ... ok
[INFO] [stdout] test test_http_connect_basic_auth ... ok
[INFO] [stdout] test test_https_connect_basic_auth ... ok
[INFO] [stdout] test test_https_connect_no_auth ... ok
[INFO] [stdout] test test_http_connect_ipv4_target ... ok
[INFO] [stdout] test test_hysteria_connect ... ok
[INFO] [stdout] test test_http_connect_no_auth ... ok
[INFO] [stdout] test test_socks4_connect_ipv6_errors ... ok
[INFO] [stdout] test test_raw_passthrough ... ok
[INFO] [stdout] test test_socks5_connect_hostname ... ok
[INFO] [stdout] test test_socks4_connect_with_username ... ok
[INFO] [stdout] test test_socks4a_connect_hostname ... ok
[INFO] [stdout] test test_hysteria_connect_obfs_xplus ... ok
[INFO] [stdout] test test_shadowsocks_connect_ipv6_target ... ok
[INFO] [stdout] test test_socks4_connect_ipv4 ... ok
[INFO] [stdout] test test_hysteria_quic_endpoint_connects ... ok
[INFO] [stdout] test test_socks5_connect_ipv6 ... ok
[INFO] [stdout] test test_trojan_connect_hostname ... ok
[INFO] [stdout] test test_shadowsocks_connect_hostname ... ok
[INFO] [stdout] test test_trojan_connect_ipv4 ... ok
[INFO] [stdout] test test_shadowsocks_connect_aes128 ... ok
[INFO] [stdout] test test_hysteria2_connect_sni ... ok
[INFO] [stdout] test test_shadowsocks_connect_ipv4 ... ok
[INFO] [stdout] test test_trojan_wrong_password_errors ... ok
[INFO] [stdout] test test_socks5_connect_no_auth ... ok
[INFO] [stdout] test test_socks5_connect_user_pass ... ok
[INFO] [stdout] test test_socks5_wrong_password_errors ... ok
[INFO] [stdout] test test_tuic_connect_bbr ... ok
[INFO] [stdout] test test_hysteria2_connect ... ok
[INFO] [stdout] test test_vmess_connect_ipv4 ... ok
[INFO] [stdout] test test_wireguard_boringtun_handshake ... ok
[INFO] [stdout] test test_vless_ws_connect_hostname ... ok
[INFO] [stdout] test test_vmess_large_payload ... ok
[INFO] [stdout] test test_vless_ws_connect ... ok
[INFO] [stdout] test test_vmess_connect_hostname ... ok
[INFO] [stdout] test test_tuic_connect ... ok
[INFO] [stdout] test test_vless_connect_dashed_uuid ... ok
[INFO] [stdout] test test_vless_connect_hostname ... ok
[INFO] [stdout] test test_socks5_large_payload ... ok
[INFO] [stdout] test test_wireguard_connect_e2e ... ok
[INFO] [stdout] test test_vless_xhttp_connect ... ok
[INFO] [stdout] test test_vless_connect_ipv4 ... ok
[INFO] [stdout] test test_vless_grpc_service_name ... ok
[INFO] [stdout] test test_vless_grpc_connect_hostname ... ok
[INFO] [stdout] test test_vless_grpc_connect_ipv4 ... ok
[INFO] [stdout] 
[INFO] [stdout] test result: ok. 45 passed; 0 failed; 0 ignored; 0 measured; 0 filtered out; finished in 0.13s
[INFO] [stdout] 
[INFO] [stderr]      Running tests/tunnel_integration.rs (/opt/rustwide/target/release/deps/tunnel_integration-8435d3db7448d949)
[INFO] [stdout] 
[INFO] [stdout] running 7 tests
[INFO] [stdout] test test_tunnel_relays_tcp_quic_inner_hop ... FAILED
[INFO] [stdout] test test_tunnel_v6_no_slot_leak ... FAILED
[INFO] [stdout] test test_tunnel_relays_tcp ... FAILED
[INFO] [stdout] test test_tunnel_relays_tcp_v6 ... FAILED
[INFO] [stdout] test test_tunnel_chain_failure_surfaces ... FAILED
[INFO] [stdout] test test_tunnel_relays_tcp_two_hop ... FAILED
[INFO] [stderr] error: test failed, to rerun pass `--test tunnel_integration`
[INFO] [stdout] test test_flow_resolves_fake_ip_to_hostname ... FAILED
[INFO] [stdout] 
[INFO] [stdout] failures:
[INFO] [stdout] 
[INFO] [stdout] ---- test_tunnel_relays_tcp_quic_inner_hop stdout ----
[INFO] [stdout] 
[INFO] [stdout] thread 'test_tunnel_relays_tcp_quic_inner_hop' (3481) panicked at tests/tunnel_integration.rs:276:10:
[INFO] [stdout] clone(2) failed — is kernel.unprivileged_userns_clone=1?: EPERM
[INFO] [stdout] stack backtrace:
[INFO] [stdout]    0:     0x5e1d9bbe0061 - <<std[70759c8f55707aa4]::sys::backtrace::BacktraceLock>::print::DisplayBacktrace as core[df12db4294e9bfd3]::fmt::Display>::fmt
[INFO] [stdout]    1:     0x5e1d9bbf87aa - core[df12db4294e9bfd3]::fmt::write
[INFO] [stdout]    2:     0x5e1d9bbe596c - <alloc[2182bb758b4b3781]::vec::Vec<u8> as core[df12db4294e9bfd3]::io::write::Write>::write_fmt
[INFO] [stdout]    3:     0x5e1d9bbb9c36 - std[70759c8f55707aa4]::panicking::default_hook::{closure#0}
[INFO] [stdout]    4:     0x5e1d9bbd7559 - std[70759c8f55707aa4]::panicking::default_hook
[INFO] [stdout]    5:     0x5e1d9b80f900 - test[9d35eded1c95d3be]::test_main_inner::<test[9d35eded1c95d3be]::test_main_static::{closure#0}>::{closure#0}
[INFO] [stdout]    6:     0x5e1d9bbd7882 - std[70759c8f55707aa4]::panicking::panic_with_hook
[INFO] [stdout]    7:     0x5e1d9bbb9ce2 - std[70759c8f55707aa4]::panicking::panic_handler::{closure#0}
[INFO] [stdout]    8:     0x5e1d9bbb2359 - std[70759c8f55707aa4]::sys::backtrace::__rust_end_short_backtrace::<std[70759c8f55707aa4]::panicking::panic_handler::{closure#0}, !>
[INFO] [stdout]    9:     0x5e1d9bbbabdd - __rustc[8fa7c3cbc660c2b3]::rust_begin_unwind
[INFO] [stdout]   10:     0x5e1d9bbf8f0c - core[df12db4294e9bfd3]::panicking::panic_fmt
[INFO] [stdout]   11:     0x5e1d9bbf8ce2 - core[df12db4294e9bfd3]::result::unwrap_failed
[INFO] [stdout]   12:     0x5e1d9b7d6aa4 - tunnel_integration[1cf646e2b509e1b3]::run_tunnel_with_chain
[INFO] [stdout]   13:     0x5e1d9b7d9b82 - <tunnel_integration[1cf646e2b509e1b3]::test_tunnel_relays_tcp_quic_inner_hop::{closure#0} as core[df12db4294e9bfd3]::ops::function::FnOnce<()>>::call_once
[INFO] [stdout]   14:     0x5e1d9b802beb - test[9d35eded1c95d3be]::__rust_begin_short_backtrace::<core[df12db4294e9bfd3]::result::Result<(), alloc[2182bb758b4b3781]::string::String>, fn() -> core[df12db4294e9bfd3]::result::Result<(), alloc[2182bb758b4b3781]::string::String>>
[INFO] [stdout]   15:     0x5e1d9b810255 - test[9d35eded1c95d3be]::run_test::{closure#0}
[INFO] [stdout]   16:     0x5e1d9b809b14 - std[70759c8f55707aa4]::sys::backtrace::__rust_begin_short_backtrace::<test[9d35eded1c95d3be]::run_test::{closure#1}, ()>
[INFO] [stdout]   17:     0x5e1d9b8133b2 - <std[70759c8f55707aa4]::thread::lifecycle::spawn_unchecked<test[9d35eded1c95d3be]::run_test::{closure#1}, ()>::{closure#1} as core[df12db4294e9bfd3]::ops::function::FnOnce<()>>::call_once::{shim:vtable#0}
[INFO] [stdout]   18:     0x5e1d9bbded19 - <std[70759c8f55707aa4]::sys::thread::unix::Thread>::new::thread_start
[INFO] [stdout]   19:     0x717e375d9dfa - <unknown>
[INFO] [stdout]   20:     0x717e3766d3d4 - clone
[INFO] [stdout]   21:                0x0 - <unknown>
[INFO] [stdout] 
[INFO] [stdout] ---- test_tunnel_v6_no_slot_leak stdout ----
[INFO] [stdout] 
[INFO] [stdout] thread 'test_tunnel_v6_no_slot_leak' (3484) panicked at tests/tunnel_integration.rs:523:10:
[INFO] [stdout] clone(2) failed — is kernel.unprivileged_userns_clone=1?: EPERM
[INFO] [stdout] stack backtrace:
[INFO] [stdout]    0:     0x5e1d9bbe0061 - <<std[70759c8f55707aa4]::sys::backtrace::BacktraceLock>::print::DisplayBacktrace as core[df12db4294e9bfd3]::fmt::Display>::fmt
[INFO] [stdout]    1:     0x5e1d9bbf87aa - core[df12db4294e9bfd3]::fmt::write
[INFO] [stdout]    2:     0x5e1d9bbe596c - <alloc[2182bb758b4b3781]::vec::Vec<u8> as core[df12db4294e9bfd3]::io::write::Write>::write_fmt
[INFO] [stdout]    3:     0x5e1d9bbb9c36 - std[70759c8f55707aa4]::panicking::default_hook::{closure#0}
[INFO] [stdout]    4:     0x5e1d9bbd7559 - std[70759c8f55707aa4]::panicking::default_hook
[INFO] [stdout]    5:     0x5e1d9b80f900 - test[9d35eded1c95d3be]::test_main_inner::<test[9d35eded1c95d3be]::test_main_static::{closure#0}>::{closure#0}
[INFO] [stdout]    6:     0x5e1d9bbd7882 - std[70759c8f55707aa4]::panicking::panic_with_hook
[INFO] [stdout]    7:     0x5e1d9bbb9ce2 - std[70759c8f55707aa4]::panicking::panic_handler::{closure#0}
[INFO] [stdout]    8:     0x5e1d9bbb2359 - std[70759c8f55707aa4]::sys::backtrace::__rust_end_short_backtrace::<std[70759c8f55707aa4]::panicking::panic_handler::{closure#0}, !>
[INFO] [stdout]    9:     0x5e1d9bbbabdd - __rustc[8fa7c3cbc660c2b3]::rust_begin_unwind
[INFO] [stdout]   10:     0x5e1d9bbf8f0c - core[df12db4294e9bfd3]::panicking::panic_fmt
[INFO] [stdout]   11:     0x5e1d9bbf8ce2 - core[df12db4294e9bfd3]::result::unwrap_failed
[INFO] [stdout]   12:     0x5e1d9b7d6008 - tunnel_integration[1cf646e2b509e1b3]::run_tunnel_test_v6
[INFO] [stdout]   13:     0x5e1d9b7d8598 - <tunnel_integration[1cf646e2b509e1b3]::test_tunnel_v6_no_slot_leak::{closure#0} as core[df12db4294e9bfd3]::ops::function::FnOnce<()>>::call_once
[INFO] [stdout]   14:     0x5e1d9b802beb - test[9d35eded1c95d3be]::__rust_begin_short_backtrace::<core[df12db4294e9bfd3]::result::Result<(), alloc[2182bb758b4b3781]::string::String>, fn() -> core[df12db4294e9bfd3]::result::Result<(), alloc[2182bb758b4b3781]::string::String>>
[INFO] [stdout]   15:     0x5e1d9b810255 - test[9d35eded1c95d3be]::run_test::{closure#0}
[INFO] [stdout]   16:     0x5e1d9b809b14 - std[70759c8f55707aa4]::sys::backtrace::__rust_begin_short_backtrace::<test[9d35eded1c95d3be]::run_test::{closure#1}, ()>
[INFO] [stdout]   17:     0x5e1d9b8133b2 - <std[70759c8f55707aa4]::thread::lifecycle::spawn_unchecked<test[9d35eded1c95d3be]::run_test::{closure#1}, ()>::{closure#1} as core[df12db4294e9bfd3]::ops::function::FnOnce<()>>::call_once::{shim:vtable#0}
[INFO] [stdout]   18:     0x5e1d9bbded19 - <std[70759c8f55707aa4]::sys::thread::unix::Thread>::new::thread_start
[INFO] [stdout]   19:     0x717e375d9dfa - <unknown>
[INFO] [stdout]   20:     0x717e3766d3d4 - clone
[INFO] [stdout]   21:                0x0 - <unknown>
[INFO] [stdout] 
[INFO] [stdout] ---- test_tunnel_relays_tcp stdout ----
[INFO] [stdout] 
[INFO] [stdout] thread 'test_tunnel_relays_tcp' (3480) panicked at tests/tunnel_integration.rs:276:10:
[INFO] [stdout] clone(2) failed — is kernel.unprivileged_userns_clone=1?: EPERM
[INFO] [stdout] stack backtrace:
[INFO] [stdout]    0:     0x5e1d9bbe0061 - <<std[70759c8f55707aa4]::sys::backtrace::BacktraceLock>::print::DisplayBacktrace as core[df12db4294e9bfd3]::fmt::Display>::fmt
[INFO] [stdout]    1:     0x5e1d9bbf87aa - core[df12db4294e9bfd3]::fmt::write
[INFO] [stdout]    2:     0x5e1d9bbe596c - <alloc[2182bb758b4b3781]::vec::Vec<u8> as core[df12db4294e9bfd3]::io::write::Write>::write_fmt
[INFO] [stdout]    3:     0x5e1d9bbb9c36 - std[70759c8f55707aa4]::panicking::default_hook::{closure#0}
[INFO] [stdout]    4:     0x5e1d9bbd7559 - std[70759c8f55707aa4]::panicking::default_hook
[INFO] [stdout]    5:     0x5e1d9b80f900 - test[9d35eded1c95d3be]::test_main_inner::<test[9d35eded1c95d3be]::test_main_static::{closure#0}>::{closure#0}
[INFO] [stdout]    6:     0x5e1d9bbd7882 - std[70759c8f55707aa4]::panicking::panic_with_hook
[INFO] [stdout]    7:     0x5e1d9bbb9ce2 - std[70759c8f55707aa4]::panicking::panic_handler::{closure#0}
[INFO] [stdout]    8:     0x5e1d9bbb2359 - std[70759c8f55707aa4]::sys::backtrace::__rust_end_short_backtrace::<std[70759c8f55707aa4]::panicking::panic_handler::{closure#0}, !>
[INFO] [stdout]    9:     0x5e1d9bbbabdd - __rustc[8fa7c3cbc660c2b3]::rust_begin_unwind
[INFO] [stdout]   10:     0x5e1d9bbf8f0c - core[df12db4294e9bfd3]::panicking::panic_fmt
[INFO] [stdout]   11:     0x5e1d9bbf8ce2 - core[df12db4294e9bfd3]::result::unwrap_failed
[INFO] [stdout]   12:     0x5e1d9b7d6aa4 - tunnel_integration[1cf646e2b509e1b3]::run_tunnel_with_chain
[INFO] [stdout]   13:     0x5e1d9b7d53e4 - tunnel_integration[1cf646e2b509e1b3]::run_tunnel_test
[INFO] [stdout]   14:     0x5e1d9b7d83b7 - <tunnel_integration[1cf646e2b509e1b3]::test_tunnel_relays_tcp::{closure#0} as core[df12db4294e9bfd3]::ops::function::FnOnce<()>>::call_once
[INFO] [stdout]   15:     0x5e1d9b802beb - test[9d35eded1c95d3be]::__rust_begin_short_backtrace::<core[df12db4294e9bfd3]::result::Result<(), alloc[2182bb758b4b3781]::string::String>, fn() -> core[df12db4294e9bfd3]::result::Result<(), alloc[2182bb758b4b3781]::string::String>>
[INFO] [stdout]   16:     0x5e1d9b810255 - test[9d35eded1c95d3be]::run_test::{closure#0}
[INFO] [stdout]   17:     0x5e1d9b809b14 - std[70759c8f55707aa4]::sys::backtrace::__rust_begin_short_backtrace::<test[9d35eded1c95d3be]::run_test::{closure#1}, ()>
[INFO] [stdout]   18:     0x5e1d9b8133b2 - <std[70759c8f55707aa4]::thread::lifecycle::spawn_unchecked<test[9d35eded1c95d3be]::run_test::{closure#1}, ()>::{closure#1} as core[df12db4294e9bfd3]::ops::function::FnOnce<()>>::call_once::{shim:vtable#0}
[INFO] [stdout]   19:     0x5e1d9bbded19 - <std[70759c8f55707aa4]::sys::thread::unix::Thread>::new::thread_start
[INFO] [stdout]   20:     0x717e375d9dfa - <unknown>
[INFO] [stdout]   21:     0x717e3766d3d4 - clone
[INFO] [stdout]   22:                0x0 - <unknown>
[INFO] [stdout] 
[INFO] [stdout] ---- test_tunnel_relays_tcp_v6 stdout ----
[INFO] [stdout] 
[INFO] [stdout] thread 'test_tunnel_relays_tcp_v6' (3483) panicked at tests/tunnel_integration.rs:523:10:
[INFO] [stdout] clone(2) failed — is kernel.unprivileged_userns_clone=1?: EPERM
[INFO] [stdout] stack backtrace:
[INFO] [stdout]    0:     0x5e1d9bbe0061 - <<std[70759c8f55707aa4]::sys::backtrace::BacktraceLock>::print::DisplayBacktrace as core[df12db4294e9bfd3]::fmt::Display>::fmt
[INFO] [stdout]    1:     0x5e1d9bbf87aa - core[df12db4294e9bfd3]::fmt::write
[INFO] [stdout]    2:     0x5e1d9bbe596c - <alloc[2182bb758b4b3781]::vec::Vec<u8> as core[df12db4294e9bfd3]::io::write::Write>::write_fmt
[INFO] [stdout]    3:     0x5e1d9bbb9c36 - std[70759c8f55707aa4]::panicking::default_hook::{closure#0}
[INFO] [stdout]    4:     0x5e1d9bbd7559 - std[70759c8f55707aa4]::panicking::default_hook
[INFO] [stdout]    5:     0x5e1d9b80f900 - test[9d35eded1c95d3be]::test_main_inner::<test[9d35eded1c95d3be]::test_main_static::{closure#0}>::{closure#0}
[INFO] [stdout]    6:     0x5e1d9bbd7882 - std[70759c8f55707aa4]::panicking::panic_with_hook
[INFO] [stdout]    7:     0x5e1d9bbb9ce2 - std[70759c8f55707aa4]::panicking::panic_handler::{closure#0}
[INFO] [stdout]    8:     0x5e1d9bbb2359 - std[70759c8f55707aa4]::sys::backtrace::__rust_end_short_backtrace::<std[70759c8f55707aa4]::panicking::panic_handler::{closure#0}, !>
[INFO] [stdout]    9:     0x5e1d9bbbabdd - __rustc[8fa7c3cbc660c2b3]::rust_begin_unwind
[INFO] [stdout]   10:     0x5e1d9bbf8f0c - core[df12db4294e9bfd3]::panicking::panic_fmt
[INFO] [stdout]   11:     0x5e1d9bbf8ce2 - core[df12db4294e9bfd3]::result::unwrap_failed
[INFO] [stdout]   12:     0x5e1d9b7d6008 - tunnel_integration[1cf646e2b509e1b3]::run_tunnel_test_v6
[INFO] [stdout]   13:     0x5e1d9b7d8449 - <tunnel_integration[1cf646e2b509e1b3]::test_tunnel_relays_tcp_v6::{closure#0} as core[df12db4294e9bfd3]::ops::function::FnOnce<()>>::call_once
[INFO] [stdout]   14:     0x5e1d9b802beb - test[9d35eded1c95d3be]::__rust_begin_short_backtrace::<core[df12db4294e9bfd3]::result::Result<(), alloc[2182bb758b4b3781]::string::String>, fn() -> core[df12db4294e9bfd3]::result::Result<(), alloc[2182bb758b4b3781]::string::String>>
[INFO] [stdout]   15:     0x5e1d9b810255 - test[9d35eded1c95d3be]::run_test::{closure#0}
[INFO] [stdout]   16:     0x5e1d9b809b14 - std[70759c8f55707aa4]::sys::backtrace::__rust_begin_short_backtrace::<test[9d35eded1c95d3be]::run_test::{closure#1}, ()>
[INFO] [stdout]   17:     0x5e1d9b8133b2 - <std[70759c8f55707aa4]::thread::lifecycle::spawn_unchecked<test[9d35eded1c95d3be]::run_test::{closure#1}, ()>::{closure#1} as core[df12db4294e9bfd3]::ops::function::FnOnce<()>>::call_once::{shim:vtable#0}
[INFO] [stdout]   18:     0x5e1d9bbded19 - <std[70759c8f55707aa4]::sys::thread::unix::Thread>::new::thread_start
[INFO] [stdout]   19:     0x717e375d9dfa - <unknown>
[INFO] [stdout]   20:     0x717e3766d3d4 - clone
[INFO] [stdout]   21:                0x0 - <unknown>
[INFO] [stdout] 
[INFO] [stdout] ---- test_tunnel_chain_failure_surfaces stdout ----
[INFO] [stdout] 
[INFO] [stdout] thread 'test_tunnel_chain_failure_surfaces' (3479) panicked at tests/tunnel_integration.rs:276:10:
[INFO] [stdout] clone(2) failed — is kernel.unprivileged_userns_clone=1?: EPERM
[INFO] [stdout] stack backtrace:
[INFO] [stdout]    0:     0x5e1d9bbe0061 - <<std[70759c8f55707aa4]::sys::backtrace::BacktraceLock>::print::DisplayBacktrace as core[df12db4294e9bfd3]::fmt::Display>::fmt
[INFO] [stdout]    1:     0x5e1d9bbf87aa - core[df12db4294e9bfd3]::fmt::write
[INFO] [stdout]    2:     0x5e1d9bbe596c - <alloc[2182bb758b4b3781]::vec::Vec<u8> as core[df12db4294e9bfd3]::io::write::Write>::write_fmt
[INFO] [stdout]    3:     0x5e1d9bbb9c36 - std[70759c8f55707aa4]::panicking::default_hook::{closure#0}
[INFO] [stdout]    4:     0x5e1d9bbd7559 - std[70759c8f55707aa4]::panicking::default_hook
[INFO] [stdout]    5:     0x5e1d9b80f900 - test[9d35eded1c95d3be]::test_main_inner::<test[9d35eded1c95d3be]::test_main_static::{closure#0}>::{closure#0}
[INFO] [stdout]    6:     0x5e1d9bbd7882 - std[70759c8f55707aa4]::panicking::panic_with_hook
[INFO] [stdout]    7:     0x5e1d9bbb9ce2 - std[70759c8f55707aa4]::panicking::panic_handler::{closure#0}
[INFO] [stdout]    8:     0x5e1d9bbb2359 - std[70759c8f55707aa4]::sys::backtrace::__rust_end_short_backtrace::<std[70759c8f55707aa4]::panicking::panic_handler::{closure#0}, !>
[INFO] [stdout]    9:     0x5e1d9bbbabdd - __rustc[8fa7c3cbc660c2b3]::rust_begin_unwind
[INFO] [stdout]   10:     0x5e1d9bbf8f0c - core[df12db4294e9bfd3]::panicking::panic_fmt
[INFO] [stdout]   11:     0x5e1d9bbf8ce2 - core[df12db4294e9bfd3]::result::unwrap_failed
[INFO] [stdout]   12:     0x5e1d9b7d6aa4 - tunnel_integration[1cf646e2b509e1b3]::run_tunnel_with_chain
[INFO] [stdout]   13:     0x5e1d9b7d91ee - <tunnel_integration[1cf646e2b509e1b3]::test_tunnel_chain_failure_surfaces::{closure#0} as core[df12db4294e9bfd3]::ops::function::FnOnce<()>>::call_once
[INFO] [stdout]   14:     0x5e1d9b802beb - test[9d35eded1c95d3be]::__rust_begin_short_backtrace::<core[df12db4294e9bfd3]::result::Result<(), alloc[2182bb758b4b3781]::string::String>, fn() -> core[df12db4294e9bfd3]::result::Result<(), alloc[2182bb758b4b3781]::string::String>>
[INFO] [stdout]   15:     0x5e1d9b810255 - test[9d35eded1c95d3be]::run_test::{closure#0}
[INFO] [stdout]   16:     0x5e1d9b809b14 - std[70759c8f55707aa4]::sys::backtrace::__rust_begin_short_backtrace::<test[9d35eded1c95d3be]::run_test::{closure#1}, ()>
[INFO] [stdout]   17:     0x5e1d9b8133b2 - <std[70759c8f55707aa4]::thread::lifecycle::spawn_unchecked<test[9d35eded1c95d3be]::run_test::{closure#1}, ()>::{closure#1} as core[df12db4294e9bfd3]::ops::function::FnOnce<()>>::call_once::{shim:vtable#0}
[INFO] [stdout]   18:     0x5e1d9bbded19 - <std[70759c8f55707aa4]::sys::thread::unix::Thread>::new::thread_start
[INFO] [stdout]   19:     0x717e375d9dfa - <unknown>
[INFO] [stdout]   20:     0x717e3766d3d4 - clone
[INFO] [stdout]   21:                0x0 - <unknown>
[INFO] [stdout] 
[INFO] [stdout] ---- test_tunnel_relays_tcp_two_hop stdout ----
[INFO] [stdout] 
[INFO] [stdout] thread 'test_tunnel_relays_tcp_two_hop' (3482) panicked at tests/tunnel_integration.rs:276:10:
[INFO] [stdout] clone(2) failed — is kernel.unprivileged_userns_clone=1?: EPERM
[INFO] [stdout] stack backtrace:
[INFO] [stdout]    0:     0x5e1d9bbe0061 - <<std[70759c8f55707aa4]::sys::backtrace::BacktraceLock>::print::DisplayBacktrace as core[df12db4294e9bfd3]::fmt::Display>::fmt
[INFO] [stdout]    1:     0x5e1d9bbf87aa - core[df12db4294e9bfd3]::fmt::write
[INFO] [stdout]    2:     0x5e1d9bbe596c - <alloc[2182bb758b4b3781]::vec::Vec<u8> as core[df12db4294e9bfd3]::io::write::Write>::write_fmt
[INFO] [stdout]    3:     0x5e1d9bbb9c36 - std[70759c8f55707aa4]::panicking::default_hook::{closure#0}
[INFO] [stdout]    4:     0x5e1d9bbd7559 - std[70759c8f55707aa4]::panicking::default_hook
[INFO] [stdout]    5:     0x5e1d9b80f900 - test[9d35eded1c95d3be]::test_main_inner::<test[9d35eded1c95d3be]::test_main_static::{closure#0}>::{closure#0}
[INFO] [stdout]    6:     0x5e1d9bbd7882 - std[70759c8f55707aa4]::panicking::panic_with_hook
[INFO] [stdout]    7:     0x5e1d9bbb9ce2 - std[70759c8f55707aa4]::panicking::panic_handler::{closure#0}
[INFO] [stdout]    8:     0x5e1d9bbb2359 - std[70759c8f55707aa4]::sys::backtrace::__rust_end_short_backtrace::<std[70759c8f55707aa4]::panicking::panic_handler::{closure#0}, !>
[INFO] [stdout]    9:     0x5e1d9bbbabdd - __rustc[8fa7c3cbc660c2b3]::rust_begin_unwind
[INFO] [stdout]   10:     0x5e1d9bbf8f0c - core[df12db4294e9bfd3]::panicking::panic_fmt
[INFO] [stdout]   11:     0x5e1d9bbf8ce2 - core[df12db4294e9bfd3]::result::unwrap_failed
[INFO] [stdout]   12:     0x5e1d9b7d6aa4 - tunnel_integration[1cf646e2b509e1b3]::run_tunnel_with_chain
[INFO] [stdout]   13:     0x5e1d9b7d8a88 - <tunnel_integration[1cf646e2b509e1b3]::test_tunnel_relays_tcp_two_hop::{closure#0} as core[df12db4294e9bfd3]::ops::function::FnOnce<()>>::call_once
[INFO] [stdout]   14:     0x5e1d9b802beb - test[9d35eded1c95d3be]::__rust_begin_short_backtrace::<core[df12db4294e9bfd3]::result::Result<(), alloc[2182bb758b4b3781]::string::String>, fn() -> core[df12db4294e9bfd3]::result::Result<(), alloc[2182bb758b4b3781]::string::String>>
[INFO] [stdout]   15:     0x5e1d9b810255 - test[9d35eded1c95d3be]::run_test::{closure#0}
[INFO] [stdout]   16:     0x5e1d9b809b14 - std[70759c8f55707aa4]::sys::backtrace::__rust_begin_short_backtrace::<test[9d35eded1c95d3be]::run_test::{closure#1}, ()>
[INFO] [stdout]   17:     0x5e1d9b8133b2 - <std[70759c8f55707aa4]::thread::lifecycle::spawn_unchecked<test[9d35eded1c95d3be]::run_test::{closure#1}, ()>::{closure#1} as core[df12db4294e9bfd3]::ops::function::FnOnce<()>>::call_once::{shim:vtable#0}
[INFO] [stdout]   18:     0x5e1d9bbded19 - <std[70759c8f55707aa4]::sys::thread::unix::Thread>::new::thread_start
[INFO] [stdout]   19:     0x717e375d9dfa - <unknown>
[INFO] [stdout]   20:     0x717e3766d3d4 - clone
[INFO] [stdout]   21:                0x0 - <unknown>
[INFO] [stdout] 
[INFO] [stdout] ---- test_flow_resolves_fake_ip_to_hostname stdout ----
[INFO] [stdout] 
[INFO] [stdout] thread 'test_flow_resolves_fake_ip_to_hostname' (3478) panicked at tests/tunnel_integration.rs:276:10:
[INFO] [stdout] clone(2) failed — is kernel.unprivileged_userns_clone=1?: EPERM
[INFO] [stdout] stack backtrace:
[INFO] [stdout]    0:     0x5e1d9bbe0061 - <<std[70759c8f55707aa4]::sys::backtrace::BacktraceLock>::print::DisplayBacktrace as core[df12db4294e9bfd3]::fmt::Display>::fmt
[INFO] [stdout]    1:     0x5e1d9bbf87aa - core[df12db4294e9bfd3]::fmt::write
[INFO] [stdout]    2:     0x5e1d9bbe596c - <alloc[2182bb758b4b3781]::vec::Vec<u8> as core[df12db4294e9bfd3]::io::write::Write>::write_fmt
[INFO] [stdout]    3:     0x5e1d9bbb9c36 - std[70759c8f55707aa4]::panicking::default_hook::{closure#0}
[INFO] [stdout]    4:     0x5e1d9bbd7559 - std[70759c8f55707aa4]::panicking::default_hook
[INFO] [stdout]    5:     0x5e1d9b80f900 - test[9d35eded1c95d3be]::test_main_inner::<test[9d35eded1c95d3be]::test_main_static::{closure#0}>::{closure#0}
[INFO] [stdout]    6:     0x5e1d9bbd7882 - std[70759c8f55707aa4]::panicking::panic_with_hook
[INFO] [stdout]    7:     0x5e1d9bbb9ce2 - std[70759c8f55707aa4]::panicking::panic_handler::{closure#0}
[INFO] [stdout]    8:     0x5e1d9bbb2359 - std[70759c8f55707aa4]::sys::backtrace::__rust_end_short_backtrace::<std[70759c8f55707aa4]::panicking::panic_handler::{closure#0}, !>
[INFO] [stdout]    9:     0x5e1d9bbbabdd - __rustc[8fa7c3cbc660c2b3]::rust_begin_unwind
[INFO] [stdout]   10:     0x5e1d9bbf8f0c - core[df12db4294e9bfd3]::panicking::panic_fmt
[INFO] [stdout]   11:     0x5e1d9bbf8ce2 - core[df12db4294e9bfd3]::result::unwrap_failed
[INFO] [stdout]   12:     0x5e1d9b7d6aa4 - tunnel_integration[1cf646e2b509e1b3]::run_tunnel_with_chain
[INFO] [stdout]   13:     0x5e1d9b7d53e4 - tunnel_integration[1cf646e2b509e1b3]::run_tunnel_test
[INFO] [stdout]   14:     0x5e1d9b7d9ee7 - <tunnel_integration[1cf646e2b509e1b3]::test_flow_resolves_fake_ip_to_hostname::{closure#0} as core[df12db4294e9bfd3]::ops::function::FnOnce<()>>::call_once
[INFO] [stdout]   15:     0x5e1d9b802beb - test[9d35eded1c95d3be]::__rust_begin_short_backtrace::<core[df12db4294e9bfd3]::result::Result<(), alloc[2182bb758b4b3781]::string::String>, fn() -> core[df12db4294e9bfd3]::result::Result<(), alloc[2182bb758b4b3781]::string::String>>
[INFO] [stdout]   16:     0x5e1d9b810255 - test[9d35eded1c95d3be]::run_test::{closure#0}
[INFO] [stdout]   17:     0x5e1d9b809b14 - std[70759c8f55707aa4]::sys::backtrace::__rust_begin_short_backtrace::<test[9d35eded1c95d3be]::run_test::{closure#1}, ()>
[INFO] [stdout]   18:     0x5e1d9b8133b2 - <std[70759c8f55707aa4]::thread::lifecycle::spawn_unchecked<test[9d35eded1c95d3be]::run_test::{closure#1}, ()>::{closure#1} as core[df12db4294e9bfd3]::ops::function::FnOnce<()>>::call_once::{shim:vtable#0}
[INFO] [stdout]   19:     0x5e1d9bbded19 - <std[70759c8f55707aa4]::sys::thread::unix::Thread>::new::thread_start
[INFO] [stdout]   20:     0x717e375d9dfa - <unknown>
[INFO] [stdout]   21:     0x717e3766d3d4 - clone
[INFO] [stdout]   22:                0x0 - <unknown>
[INFO] [stdout] 
[INFO] [stdout] 
[INFO] [stdout] failures:
[INFO] [stdout]     test_flow_resolves_fake_ip_to_hostname
[INFO] [stdout]     test_tunnel_chain_failure_surfaces
[INFO] [stdout]     test_tunnel_relays_tcp
[INFO] [stdout]     test_tunnel_relays_tcp_quic_inner_hop
[INFO] [stdout]     test_tunnel_relays_tcp_two_hop
[INFO] [stdout]     test_tunnel_relays_tcp_v6
[INFO] [stdout]     test_tunnel_v6_no_slot_leak
[INFO] [stdout] 
[INFO] [stdout] test result: FAILED. 0 passed; 7 failed; 0 ignored; 0 measured; 0 filtered out; finished in 0.13s
[INFO] [stdout] 
[INFO] running `Command { std: "docker" "inspect" "7521c1aaaf884dd157a929632931faf25a5fe7d9f8c2dd976c87bd5a50cfe4dc", kill_on_drop: false }`
[INFO] running `Command { std: "docker" "rm" "-f" "7521c1aaaf884dd157a929632931faf25a5fe7d9f8c2dd976c87bd5a50cfe4dc", kill_on_drop: false }`
[INFO] [stdout] 7521c1aaaf884dd157a929632931faf25a5fe7d9f8c2dd976c87bd5a50cfe4dc
