[INFO] fetching crate polygl-cli 0.2.1...
[INFO] testing polygl-cli-0.2.1 against 1.99.0-beta.8+cargoflags=--release for beta-release-1.100-2
[INFO] extracting crate polygl-cli 0.2.1 into /workspace/builds/worker-1-tc1/source
[INFO] started tweaking crates.io crate polygl-cli 0.2.1
[INFO] removed 0 missing tests
[INFO] finished tweaking crates.io crate polygl-cli 0.2.1
[INFO] tweaked toml for crates.io crate polygl-cli 0.2.1 written to /workspace/builds/worker-1-tc1/source/Cargo.toml
[INFO] validating manifest of crates.io crate polygl-cli 0.2.1 on toolchain 1.99.0-beta.8
[INFO] running `Command { std: CARGO_HOME="/workspace/cargo-home" RUSTUP_HOME="/workspace/rustup-home" "/workspace/cargo-home/bin/cargo" "+1.99.0-beta.8" "metadata" "--manifest-path" "Cargo.toml" "--no-deps", kill_on_drop: false }`
[INFO] crate crates.io crate polygl-cli 0.2.1 already has a lockfile, it will not be regenerated
[INFO] running `Command { std: CARGO_HOME="/workspace/cargo-home" RUSTUP_HOME="/workspace/rustup-home" "/workspace/cargo-home/bin/cargo" "+1.99.0-beta.8" "fetch" "--manifest-path" "Cargo.toml", kill_on_drop: false }`
[INFO] [stderr]     Updating crates.io index
[INFO] [stderr]  Downloading crates ...
[INFO] [stderr]   Downloaded ariadne v0.6.0
[INFO] [stderr]   Downloaded polygl-span v0.2.1
[INFO] [stderr]   Downloaded polygl-types v0.2.1
[INFO] [stderr]   Downloaded polygl-hir v0.2.1
[INFO] [stderr]   Downloaded toml v1.1.4+spec-1.1.0
[INFO] [stderr]   Downloaded mago-allocator v1.43.0
[INFO] [stderr]   Downloaded mago-database v1.43.0
[INFO] [stderr]   Downloaded polygl-backend-js v0.2.1
[INFO] [stderr]   Downloaded polygl-builtins v0.2.1
[INFO] [stderr]   Downloaded mago-text-edit v1.43.0
[INFO] [stderr]   Downloaded ruby-prism v1.9.0
[INFO] [stderr]   Downloaded blink-alloc v0.3.1
[INFO] [stderr]   Downloaded mago-span v1.43.0
[INFO] [stderr]   Downloaded inotify v0.11.4
[INFO] [stderr]   Downloaded polygl-adapter-treesitter-util v0.2.1
[INFO] [stderr]   Downloaded polygl-adapter-api v0.2.1
[INFO] [stderr]   Downloaded polygl-adapter-ruby v0.2.1
[INFO] [stderr]   Downloaded mago-syntax-core v1.43.0
[INFO] [stderr]   Downloaded mago-php-version v1.43.0
[INFO] [stderr]   Downloaded polygl-adapter-perl v0.2.1
[INFO] [stderr]   Downloaded caseless v0.2.2
[INFO] [stderr]   Downloaded polygl-lir v0.2.1
[INFO] [stderr]   Downloaded polygl-core v0.2.1
[INFO] [stderr]   Downloaded polygl-backend-glsl v0.2.1
[INFO] [stderr]   Downloaded polygl-adapter-php v0.2.1
[INFO] [stderr]   Downloaded mago-reporting v1.43.0
[INFO] [stderr]   Downloaded mago-syntax v1.43.0
[INFO] [stderr]   Downloaded tree-sitter v0.26.12
[INFO] [stderr]   Downloaded ruby-prism-sys v1.9.0
[INFO] [stderr]   Downloaded ts-parser-perl v1.2.1
[INFO] running `Command { std: "docker" "create" "-v" "/var/lib/crater-agent-workspace/builds/worker-1-tc1/source:/opt/rustwide/workdir:ro,Z" "-v" "/var/lib/crater-agent-workspace/builds/worker-1-tc1/target:/opt/rustwide/target:rw,Z" "-v" "/var/lib/crater-agent-workspace/cargo-home:/opt/rustwide/cargo-home:ro,Z" "-v" "/var/lib/crater-agent-workspace/rustup-home:/opt/rustwide/rustup-home:ro,Z" "-m" "1610612736" "--network" "none" "ghcr.io/rust-lang/crates-build-env/linux@sha256:77db811e55d90add9212f6832c23229e3de5f1c1f9905e8cb07319ea15df73ac" "sleep" "infinity", kill_on_drop: false }`
[INFO] [stdout] a8566bd5c5cb11ddd19c41669c9f99d6e9981d3443ab2bc92b5ce8826d1e9f59
[INFO] running `Command { std: "docker" "start" "a8566bd5c5cb11ddd19c41669c9f99d6e9981d3443ab2bc92b5ce8826d1e9f59", kill_on_drop: false }`
[INFO] running `Command { std: "docker" "inspect" "a8566bd5c5cb11ddd19c41669c9f99d6e9981d3443ab2bc92b5ce8826d1e9f59", kill_on_drop: false }`
[INFO] running `Command { std: "docker" "exec" "-e" "SOURCE_DIR=/opt/rustwide/workdir" "-e" "CARGO_HOME=/opt/rustwide/cargo-home" "-e" "RUSTUP_HOME=/opt/rustwide/rustup-home" "-e" "CARGO_TARGET_DIR=/opt/rustwide/target" "-w" "/opt/rustwide/workdir" "--user" "0:0" "a8566bd5c5cb11ddd19c41669c9f99d6e9981d3443ab2bc92b5ce8826d1e9f59" "/opt/rustwide/cargo-home/bin/cargo" "+1.99.0-beta.8" "metadata" "--no-deps" "--format-version=1", kill_on_drop: false }`
[INFO] running `Command { std: "docker" "inspect" "a8566bd5c5cb11ddd19c41669c9f99d6e9981d3443ab2bc92b5ce8826d1e9f59", kill_on_drop: false }`
[INFO] running `Command { std: "docker" "exec" "-e" "SOURCE_DIR=/opt/rustwide/workdir" "-e" "CARGO_HOME=/opt/rustwide/cargo-home" "-e" "RUSTUP_HOME=/opt/rustwide/rustup-home" "-e" "CARGO_TARGET_DIR=/opt/rustwide/target" "-e" "CARGO_INCREMENTAL=0" "-e" "RUST_BACKTRACE=full" "-e" "RUSTFLAGS=--cap-lints=warn" "-e" "RUSTDOCFLAGS=--cap-lints=warn" "-w" "/opt/rustwide/workdir" "--user" "0:0" "a8566bd5c5cb11ddd19c41669c9f99d6e9981d3443ab2bc92b5ce8826d1e9f59" "/opt/rustwide/cargo-home/bin/cargo" "+1.99.0-beta.8" "build" "--frozen" "--message-format=json" "--release", kill_on_drop: false }`
[INFO] [stderr]    Compiling find-msvc-tools v0.1.9
[INFO] [stderr]    Compiling libc v0.2.189
[INFO] [stderr]    Compiling unicode-width v0.2.2
[INFO] [stderr]    Compiling memchr v2.8.3
[INFO] [stderr]    Compiling syn v3.0.3
[INFO] [stderr]    Compiling yansi v1.0.1
[INFO] [stderr]    Compiling serde_core v1.0.229
[INFO] [stderr]    Compiling foldhash v0.2.0
[INFO] [stderr]    Compiling crossbeam-utils v0.8.22
[INFO] [stderr]    Compiling allocator-api2 v0.2.21
[INFO] [stderr]    Compiling zmij v1.0.23
[INFO] [stderr]    Compiling crossbeam-epoch v0.9.20
[INFO] [stderr]    Compiling aho-corasick v1.1.4
[INFO] [stderr]    Compiling bitflags v2.13.1
[INFO] [stderr]    Compiling glob v0.3.4
[INFO] [stderr]    Compiling serde_json v1.0.151
[INFO] [stderr]    Compiling cc v1.4.0
[INFO] [stderr]    Compiling indexmap v2.14.0
[INFO] [stderr]    Compiling inotify-sys v0.1.8
[INFO] [stderr]    Compiling crossbeam-deque v0.8.7
[INFO] [stderr]    Compiling hashbrown v0.17.1
[INFO] [stderr]    Compiling prettyplease v0.2.37
[INFO] [stderr]    Compiling minimal-lexical v0.2.1
[INFO] [stderr]    Compiling clang-sys v1.8.1
[INFO] [stderr]    Compiling ariadne v0.6.0
[INFO] [stderr]    Compiling regex-syntax v0.8.11
[INFO] [stderr]    Compiling libloading v0.8.9
[INFO] [stderr]    Compiling tree-sitter-language v0.1.7
[INFO] [stderr]    Compiling nom v7.1.3
[INFO] [stderr]    Compiling either v1.17.0
[INFO] [stderr]    Compiling bindgen v0.72.1
[INFO] [stderr]    Compiling same-file v1.0.6
[INFO] [stderr]    Compiling itertools v0.13.0
[INFO] [stderr]    Compiling walkdir v2.5.0
[INFO] [stderr]    Compiling notify-types v2.1.0
[INFO] [stderr]    Compiling polygl-span v0.2.1
[INFO] [stderr]    Compiling inotify v0.11.4
[INFO] [stderr]    Compiling rayon-core v1.13.0
[INFO] [stderr]    Compiling regex-automata v0.4.16
[INFO] [stderr]    Compiling polygl-hir v0.2.1
[INFO] [stderr]    Compiling mio v1.2.2
[INFO] [stderr]    Compiling polygl-adapter-api v0.2.1
[INFO] [stderr]    Compiling bstr v1.13.0
[INFO] [stderr]    Compiling ref-cast v1.0.26
[INFO] [stderr]    Compiling smallvec v1.15.2
[INFO] [stderr]    Compiling tracing v0.1.44
[INFO] [stderr]    Compiling parking_lot_core v0.9.12
[INFO] [stderr]    Compiling rayon v1.12.0
[INFO] [stderr]    Compiling serde_derive v1.0.229
[INFO] [stderr]    Compiling cexpr v0.6.0
[INFO] [stderr]    Compiling ref-cast-impl v1.0.26
[INFO] [stderr]    Compiling notify v8.2.0
[INFO] [stderr]    Compiling serde_derive_internals v0.29.1
[INFO] [stderr]    Compiling serde v1.0.229
[INFO] [stderr]    Compiling parking_lot v0.12.5
[INFO] [stderr]    Compiling blake3 v1.8.6
[INFO] [stderr]    Compiling polygl-builtins v0.2.1
[INFO] [stderr]    Compiling blink-alloc v0.3.1
[INFO] [stderr]    Compiling arrayvec v0.7.8
[INFO] [stderr]    Compiling constant_time_eq v0.4.2
[INFO] [stderr]    Compiling globset v0.4.19
[INFO] [stderr]    Compiling regex v1.13.1
[INFO] [stderr]    Compiling schemars_derive v1.2.1
[INFO] [stderr]    Compiling rand_core v0.6.4
[INFO] [stderr]    Compiling cpufeatures v0.3.0
[INFO] [stderr]    Compiling rand v0.8.7
[INFO] [stderr]    Compiling mago-allocator v1.43.0
[INFO] [stderr]    Compiling polygl-types v0.2.1
[INFO] [stderr]    Compiling ts-parser-perl v1.2.1
[INFO] [stderr]    Compiling streaming-iterator v0.1.9
[INFO] [stderr]    Compiling tree-sitter v0.26.12
[INFO] [stderr]    Compiling mago-text-edit v1.43.0
[INFO] [stderr]    Compiling ordered-float v5.3.0
[INFO] [stderr]    Compiling tinyvec v1.12.0
[INFO] [stderr]    Compiling winnow v1.0.4
[INFO] [stderr]    Compiling rustix v1.1.4
[INFO] [stderr]    Compiling getrandom v0.4.3
[INFO] [stderr]    Compiling polygl-lir v0.2.1
[INFO] [stderr]    Compiling unicode-normalization v0.1.25
[INFO] [stderr]    Compiling toml_datetime v1.1.1+spec-1.1.0
[INFO] [stderr]    Compiling mago-database v1.43.0
[INFO] [stderr]    Compiling toml_parser v1.1.3+spec-1.1.0
[INFO] [stderr]    Compiling serde_spanned v1.1.1
[INFO] [stderr]    Compiling fastrand v2.5.0
[INFO] [stderr]    Compiling polygl-backend-js v0.2.1
[INFO] [stderr]    Compiling polygl-backend-glsl v0.2.1
[INFO] [stderr]    Compiling ruby-prism v1.9.0
[INFO] [stderr]    Compiling toml_writer v1.1.2+spec-1.1.0
[INFO] [stderr]    Compiling toml v1.1.4+spec-1.1.0
[INFO] [stderr]    Compiling schemars v1.2.1
[INFO] [stderr]    Compiling mago-span v1.43.0
[INFO] [stderr]    Compiling codespan-reporting v0.13.1
[INFO] [stderr]    Compiling mago-syntax-core v1.43.0
[INFO] [stderr]    Compiling caseless v0.2.2
[INFO] [stderr]    Compiling tempfile v3.27.0
[INFO] [stderr]    Compiling mago-php-version v1.43.0
[INFO] [stderr]    Compiling mago-reporting v1.43.0
[INFO] [stderr]    Compiling mago-syntax v1.43.0
[INFO] [stderr]    Compiling ruby-prism-sys v1.9.0
[INFO] [stderr]    Compiling polygl-adapter-treesitter-util v0.2.1
[INFO] [stderr]    Compiling polygl-adapter-perl v0.2.1
[INFO] [stderr]    Compiling polygl-adapter-php v0.2.1
[INFO] [stderr]    Compiling polygl-adapter-ruby v0.2.1
[INFO] [stderr]    Compiling polygl-core v0.2.1
[INFO] [stderr]    Compiling polygl-cli v0.2.1 (/opt/rustwide/workdir)
[INFO] [stdout] warning: use of deprecated method `std::sync::atomic::Atomic::<usize>::fetch_update`: renamed to `try_update` for consistency
[INFO] [stdout]    --> src/serve.rs:389:14
[INFO] [stdout]     |
[INFO] [stdout] 389 |             .fetch_update(Ordering::AcqRel, Ordering::Acquire, |active| {
[INFO] [stdout]     |              ^^^^^^^^^^^^
[INFO] [stdout]     |
[INFO] [stdout]     = note: `#[warn(deprecated)]` on by default
[INFO] [stdout] help: replace the use of the deprecated method
[INFO] [stdout]     |
[INFO] [stdout] 389 -             .fetch_update(Ordering::AcqRel, Ordering::Acquire, |active| {
[INFO] [stdout] 389 +             .try_update(Ordering::AcqRel, Ordering::Acquire, |active| {
[INFO] [stdout]     |
[INFO] [stdout] 
[INFO] [stdout] 
[INFO] [stderr]     Finished `release` profile [optimized] target(s) in 1m 58s
[INFO] running `Command { std: "docker" "inspect" "a8566bd5c5cb11ddd19c41669c9f99d6e9981d3443ab2bc92b5ce8826d1e9f59", kill_on_drop: false }`
[INFO] running `Command { std: "docker" "exec" "-e" "SOURCE_DIR=/opt/rustwide/workdir" "-e" "CARGO_HOME=/opt/rustwide/cargo-home" "-e" "RUSTUP_HOME=/opt/rustwide/rustup-home" "-e" "CARGO_TARGET_DIR=/opt/rustwide/target" "-e" "CARGO_INCREMENTAL=0" "-e" "RUST_BACKTRACE=full" "-e" "RUSTFLAGS=--cap-lints=warn" "-e" "RUSTDOCFLAGS=--cap-lints=warn" "-w" "/opt/rustwide/workdir" "--user" "0:0" "a8566bd5c5cb11ddd19c41669c9f99d6e9981d3443ab2bc92b5ce8826d1e9f59" "/opt/rustwide/cargo-home/bin/cargo" "+1.99.0-beta.8" "test" "--frozen" "--no-run" "--message-format=json" "--release", kill_on_drop: false }`
[INFO] [stderr]    Compiling polygl-cli v0.2.1 (/opt/rustwide/workdir)
[INFO] [stdout] warning: use of deprecated method `std::sync::atomic::Atomic::<usize>::fetch_update`: renamed to `try_update` for consistency
[INFO] [stdout]    --> src/serve.rs:389:14
[INFO] [stdout]     |
[INFO] [stdout] 389 |             .fetch_update(Ordering::AcqRel, Ordering::Acquire, |active| {
[INFO] [stdout]     |              ^^^^^^^^^^^^
[INFO] [stdout]     |
[INFO] [stdout]     = note: `#[warn(deprecated)]` on by default
[INFO] [stdout] help: replace the use of the deprecated method
[INFO] [stdout]     |
[INFO] [stdout] 389 -             .fetch_update(Ordering::AcqRel, Ordering::Acquire, |active| {
[INFO] [stdout] 389 +             .try_update(Ordering::AcqRel, Ordering::Acquire, |active| {
[INFO] [stdout]     |
[INFO] [stdout] 
[INFO] [stdout] 
[INFO] [stdout] warning: use of deprecated method `std::sync::atomic::Atomic::<usize>::fetch_update`: renamed to `try_update` for consistency
[INFO] [stdout]    --> src/serve.rs:389:14
[INFO] [stdout]     |
[INFO] [stdout] 389 |             .fetch_update(Ordering::AcqRel, Ordering::Acquire, |active| {
[INFO] [stdout]     |              ^^^^^^^^^^^^
[INFO] [stdout]     |
[INFO] [stdout]     = note: `#[warn(deprecated)]` on by default
[INFO] [stdout] help: replace the use of the deprecated method
[INFO] [stdout]     |
[INFO] [stdout] 389 -             .fetch_update(Ordering::AcqRel, Ordering::Acquire, |active| {
[INFO] [stdout] 389 +             .try_update(Ordering::AcqRel, Ordering::Acquire, |active| {
[INFO] [stdout]     |
[INFO] [stdout] 
[INFO] [stdout] 
[INFO] [stderr]     Finished `release` profile [optimized] target(s) in 17.02s
[INFO] running `Command { std: "docker" "inspect" "a8566bd5c5cb11ddd19c41669c9f99d6e9981d3443ab2bc92b5ce8826d1e9f59", kill_on_drop: false }`
[INFO] running `Command { std: "docker" "exec" "-e" "SOURCE_DIR=/opt/rustwide/workdir" "-e" "CARGO_HOME=/opt/rustwide/cargo-home" "-e" "RUSTUP_HOME=/opt/rustwide/rustup-home" "-e" "CARGO_TARGET_DIR=/opt/rustwide/target" "-e" "CARGO_INCREMENTAL=0" "-e" "RUST_BACKTRACE=full" "-e" "RUSTFLAGS=--cap-lints=warn" "-e" "RUSTDOCFLAGS=--cap-lints=warn" "-w" "/opt/rustwide/workdir" "--user" "0:0" "a8566bd5c5cb11ddd19c41669c9f99d6e9981d3443ab2bc92b5ce8826d1e9f59" "/opt/rustwide/cargo-home/bin/cargo" "+1.99.0-beta.8" "test" "--frozen" "--release", kill_on_drop: false }`
[INFO] [stderr] warning: use of deprecated method `std::sync::atomic::Atomic::<usize>::fetch_update`: renamed to `try_update` for consistency
[INFO] [stderr]    --> src/serve.rs:389:14
[INFO] [stderr]     |
[INFO] [stderr] 389 |             .fetch_update(Ordering::AcqRel, Ordering::Acquire, |active| {
[INFO] [stderr]     |              ^^^^^^^^^^^^
[INFO] [stderr]     |
[INFO] [stderr]     = note: `#[warn(deprecated)]` on by default
[INFO] [stderr] help: replace the use of the deprecated method
[INFO] [stderr]     |
[INFO] [stderr] 389 -             .fetch_update(Ordering::AcqRel, Ordering::Acquire, |active| {
[INFO] [stderr] 389 +             .try_update(Ordering::AcqRel, Ordering::Acquire, |active| {
[INFO] [stderr]     |
[INFO] [stderr] 
[INFO] [stderr] warning: `polygl-cli` (lib) generated 1 warning (run `cargo fix --lib -p polygl-cli` to apply 1 suggestion)
[INFO] [stderr] warning: `polygl-cli` (lib test) generated 1 warning (1 duplicate)
[INFO] [stderr]     Finished `release` profile [optimized] target(s) in 0.16s
[INFO] [stderr]      Running unittests src/lib.rs (/opt/rustwide/target/release/deps/polygl_cli-7e3e9fb145f574f7)
[INFO] [stdout] 
[INFO] [stdout] running 39 tests
[INFO] [stdout] test serve::tests::broadcasts_reload_to_an_upgraded_websocket ... ignored, requires loopback sockets
[INFO] [stdout] test diagnostic_output::tests::emits_lsp_utf16_ranges_and_fix_data ... ok
[INFO] [stdout] test diagnostic_output::tests::emits_json_without_parsing_human_text ... ok
[INFO] [stdout] test artifact::tests::replaces_complete_generations_and_removes_stale_files ... ok
[INFO] [stdout] test artifact::tests::refuses_a_symlink_destination_without_touching_its_target ... ok
[INFO] [stdout] test serve::tests::matches_strong_weak_and_list_etags_without_accepting_stale_values ... ok
[INFO] [stdout] test artifact::tests::rejects_an_asset_symlink_that_escapes_the_source_directory ... ok
[INFO] [stdout] test serve::tests::rejects_paths_that_can_escape_the_serve_root ... ok
[INFO] [stdout] test serve::tests::serves_a_decorated_generation_over_a_real_tcp_connection ... ignored, requires loopback sockets
[INFO] [stdout] test artifact::tests::copies_public_directories_in_stable_relative_order ... ok
[INFO] [stdout] test serve::tests::checks_header_size_before_accepting_the_terminator ... ok
[INFO] [stdout] test serve::tests::implements_the_rfc_websocket_handshake ... ok
[INFO] [stdout] test artifact::tests::validation_failure_preserves_the_previous_generation ... ok
[INFO] [stdout] test artifact::tests::rejects_platform_and_prefix_collisions ... ok
[INFO] [stdout] test serve::tests::serves_declared_web_asset_mime_types_and_bounded_reconnects ... ok
[INFO] [stdout] test diagnostic_output::tests::emits_valid_sarif_with_only_safe_automatic_fixes ... ok
[INFO] [stdout] test artifact::tests::rejects_every_public_directory_symlink ... ok
[INFO] [stdout] test serve::tests::bounds_concurrent_http_connections ... ok
[INFO] [stdout] test serve::tests::fingerprints_missing_paths_and_recursive_directory_changes ... ok
[INFO] [stdout] test serve::tests::decorates_once_and_escapes_diagnostics_as_text ... ok
[INFO] [stdout] test serve::tests::frames_short_and_extended_websocket_messages ... ok
[INFO] [stdout] test serve::tests::non_watch_mode_returns_the_initial_compile_error ... ok
[INFO] [stdout] test tests::emits_single_and_multiple_pipeline_stages_from_files_and_stdin ... ok
[INFO] [stdout] test tests::parses_build_and_source_map_modes_and_rejects_conflicts ... ok
[INFO] [stdout] test serve::tests::rejects_unsupported_websocket_frame_flags_and_opcodes ... ok
[INFO] [stdout] test tests::builds_perl_browser_artifacts ... ok
[INFO] [stdout] test tests::builds_php_browser_artifacts ... ok
[INFO] [stdout] test serve::tests::accepts_only_the_development_server_origin ... ok
[INFO] [stdout] test tests::builds_ruby_collections_and_block_sugar ... ok
[INFO] [stdout] test tests::classifies_usage_parse_compile_io_and_internal_failures ... ok
[INFO] [stdout] test tests::prints_the_workspace_package_version ... ok
[INFO] [stdout] test tests::builds_ruby_struct_like_classes ... ok
[INFO] [stdout] test tests::check_renders_source_diagnostics_and_dump_hir_is_typed ... ok
[INFO] [stdout] test tests::rejects_unsafe_base_urls_and_ambiguous_templates_before_publication ... ok
[INFO] [stdout] test tests::generates_shell_completions_and_a_manual_page ... ok
[INFO] [stdout] test tests::builds_debug_and_release_browser_artifacts ... ok
[INFO] [stdout] test tests::copies_literal_texture_assets_and_rejects_unpackageable_inputs ... ok
[INFO] [stdout] test tests::builds_strict_configured_hashed_deployments ... ok
[INFO] [stdout] test tests::lists_languages_and_scaffolds_an_adapter_without_overwriting ... ok
[INFO] [stdout] 
[INFO] [stdout] test result: ok. 37 passed; 0 failed; 2 ignored; 0 measured; 0 filtered out; finished in 0.05s
[INFO] [stdout] 
[INFO] [stderr]      Running unittests src/main.rs (/opt/rustwide/target/release/deps/polygl-01830b9f29b747dc)
[INFO] [stderr]      Running tests/examples.rs (/opt/rustwide/target/release/deps/examples-9edc66b6d36bdafc)
[INFO] [stdout] 
[INFO] [stdout] running 0 tests
[INFO] [stdout] 
[INFO] [stdout] test result: ok. 0 passed; 0 failed; 0 ignored; 0 measured; 0 filtered out; finished in 0.00s
[INFO] [stdout] 
[INFO] [stdout] 
[INFO] [stdout] running 1 test
[INFO] [stderr] error: test failed, to rerun pass `--test examples`
[INFO] [stdout] test every_example_builds_in_debug_and_release_modes ... FAILED
[INFO] [stdout] 
[INFO] [stdout] failures:
[INFO] [stdout] 
[INFO] [stdout] ---- every_example_builds_in_debug_and_release_modes stdout ----
[INFO] [stdout] 
[INFO] [stdout] thread 'every_example_builds_in_debug_and_release_modes' (2923) panicked at tests/examples.rs:14:10:
[INFO] [stdout] called `Result::unwrap()` on an `Err` value: Os { code: 2, kind: NotFound, message: "No such file or directory" }
[INFO] [stdout] stack backtrace:
[INFO] [stdout]    0:     0x59010b015f01 - <<std[70759c8f55707aa4]::sys::backtrace::BacktraceLock>::print::DisplayBacktrace as core[df12db4294e9bfd3]::fmt::Display>::fmt
[INFO] [stdout]    1:     0x59010b02aeda - core[df12db4294e9bfd3]::fmt::write
[INFO] [stdout]    2:     0x59010b01a68c - <alloc[2182bb758b4b3781]::vec::Vec<u8> as core[df12db4294e9bfd3]::io::write::Write>::write_fmt
[INFO] [stdout]    3:     0x59010aff0696 - std[70759c8f55707aa4]::panicking::default_hook::{closure#0}
[INFO] [stdout]    4:     0x59010b00d9d9 - std[70759c8f55707aa4]::panicking::default_hook
[INFO] [stdout]    5:     0x59010afa84b0 - test[9d35eded1c95d3be]::test_main_inner::<test[9d35eded1c95d3be]::test_main_static::{closure#0}>::{closure#0}
[INFO] [stdout]    6:     0x59010b00db92 - std[70759c8f55707aa4]::panicking::panic_with_hook
[INFO] [stdout]    7:     0x59010aff0742 - std[70759c8f55707aa4]::panicking::panic_handler::{closure#0}
[INFO] [stdout]    8:     0x59010afe9179 - std[70759c8f55707aa4]::sys::backtrace::__rust_end_short_backtrace::<std[70759c8f55707aa4]::panicking::panic_handler::{closure#0}, !>
[INFO] [stdout]    9:     0x59010aff133d - __rustc[8fa7c3cbc660c2b3]::rust_begin_unwind
[INFO] [stdout]   10:     0x59010b02b60c - core[df12db4294e9bfd3]::panicking::panic_fmt
[INFO] [stdout]   11:     0x59010b02b3e2 - core[df12db4294e9bfd3]::result::unwrap_failed
[INFO] [stdout]   12:     0x59010af9210e - <examples[d6a9acf510b65ead]::every_example_builds_in_debug_and_release_modes::{closure#0} as core[df12db4294e9bfd3]::ops::function::FnOnce<()>>::call_once
[INFO] [stdout]   13:     0x59010af9b79b - test[9d35eded1c95d3be]::__rust_begin_short_backtrace::<core[df12db4294e9bfd3]::result::Result<(), alloc[2182bb758b4b3781]::string::String>, fn() -> core[df12db4294e9bfd3]::result::Result<(), alloc[2182bb758b4b3781]::string::String>>
[INFO] [stdout]   14:     0x59010afa8e05 - test[9d35eded1c95d3be]::run_test::{closure#0}
[INFO] [stdout]   15:     0x59010afa26c4 - std[70759c8f55707aa4]::sys::backtrace::__rust_begin_short_backtrace::<test[9d35eded1c95d3be]::run_test::{closure#1}, ()>
[INFO] [stdout]   16:     0x59010afabf62 - <std[70759c8f55707aa4]::thread::lifecycle::spawn_unchecked<test[9d35eded1c95d3be]::run_test::{closure#1}, ()>::{closure#1} as core[df12db4294e9bfd3]::ops::function::FnOnce<()>>::call_once::{shim:vtable#0}
[INFO] [stdout]   17:     0x59010b015469 - <std[70759c8f55707aa4]::sys::thread::unix::Thread>::new::thread_start
[INFO] [stdout]   18:     0x7ca1ebb05dfa - <unknown>
[INFO] [stdout]   19:     0x7ca1ebb993d4 - clone
[INFO] [stdout]   20:                0x0 - <unknown>
[INFO] [stdout] 
[INFO] [stdout] 
[INFO] [stdout] failures:
[INFO] [stdout]     every_example_builds_in_debug_and_release_modes
[INFO] [stdout] 
[INFO] [stdout] test result: FAILED. 0 passed; 1 failed; 0 ignored; 0 measured; 0 filtered out; finished in 0.00s
[INFO] [stdout] 
[INFO] running `Command { std: "docker" "inspect" "a8566bd5c5cb11ddd19c41669c9f99d6e9981d3443ab2bc92b5ce8826d1e9f59", kill_on_drop: false }`
[INFO] running `Command { std: "docker" "rm" "-f" "a8566bd5c5cb11ddd19c41669c9f99d6e9981d3443ab2bc92b5ce8826d1e9f59", kill_on_drop: false }`
[INFO] [stdout] a8566bd5c5cb11ddd19c41669c9f99d6e9981d3443ab2bc92b5ce8826d1e9f59
