[INFO] fetching crate okr 0.1.10...
[INFO] testing okr-0.1.10 against 1.99.0-beta.8+cargoflags=--release for beta-release-1.100-2
[INFO] extracting crate okr 0.1.10 into /workspace/builds/worker-6-tc1/source
[INFO] started tweaking crates.io crate okr 0.1.10
[INFO] removed 0 missing tests
[INFO] finished tweaking crates.io crate okr 0.1.10
[INFO] tweaked toml for crates.io crate okr 0.1.10 written to /workspace/builds/worker-6-tc1/source/Cargo.toml
[INFO] validating manifest of crates.io crate okr 0.1.10 on toolchain 1.99.0-beta.8
[INFO] running `Command { std: CARGO_HOME="/workspace/cargo-home" RUSTUP_HOME="/workspace/rustup-home" "/workspace/cargo-home/bin/cargo" "+1.99.0-beta.8" "metadata" "--manifest-path" "Cargo.toml" "--no-deps", kill_on_drop: false }`
[INFO] crate crates.io crate okr 0.1.10 already has a lockfile, it will not be regenerated
[INFO] running `Command { std: CARGO_HOME="/workspace/cargo-home" RUSTUP_HOME="/workspace/rustup-home" "/workspace/cargo-home/bin/cargo" "+1.99.0-beta.8" "fetch" "--manifest-path" "Cargo.toml", kill_on_drop: false }`
[INFO] [stderr]     Updating crates.io index
[INFO] [stderr]  Downloading crates ...
[INFO] [stderr]   Downloaded zstd-safe v8.0.0
[INFO] [stderr]   Downloaded xshell v0.2.7
[INFO] [stderr]   Downloaded zstd v0.14.0
[INFO] [stderr]   Downloaded xshell-macros v0.2.7
[INFO] [stderr]   Downloaded cc v1.4.5
[INFO] [stderr]   Downloaded tinyvec v1.13.2
[INFO] [stderr]   Downloaded console v0.16.6
[INFO] [stderr]   Downloaded rustls v0.23.44
[INFO] [stderr]   Downloaded zstd-sys v2.1.0+zstd.1.5.7
[INFO] running `Command { std: "docker" "create" "-v" "/var/lib/crater-agent-workspace/builds/worker-6-tc1/source:/opt/rustwide/workdir:ro,Z" "-v" "/var/lib/crater-agent-workspace/builds/worker-6-tc1/target:/opt/rustwide/target:rw,Z" "-v" "/var/lib/crater-agent-workspace/cargo-home:/opt/rustwide/cargo-home:ro,Z" "-v" "/var/lib/crater-agent-workspace/rustup-home:/opt/rustwide/rustup-home:ro,Z" "-m" "1610612736" "--network" "none" "ghcr.io/rust-lang/crates-build-env/linux@sha256:77db811e55d90add9212f6832c23229e3de5f1c1f9905e8cb07319ea15df73ac" "sleep" "infinity", kill_on_drop: false }`
[INFO] [stdout] 60fef1a849c1876810424001822ef40a22477a758d2b140e6c460ecf118b22a5
[INFO] running `Command { std: "docker" "start" "60fef1a849c1876810424001822ef40a22477a758d2b140e6c460ecf118b22a5", kill_on_drop: false }`
[INFO] running `Command { std: "docker" "inspect" "60fef1a849c1876810424001822ef40a22477a758d2b140e6c460ecf118b22a5", kill_on_drop: false }`
[INFO] running `Command { std: "docker" "exec" "-e" "SOURCE_DIR=/opt/rustwide/workdir" "-e" "CARGO_HOME=/opt/rustwide/cargo-home" "-e" "RUSTUP_HOME=/opt/rustwide/rustup-home" "-e" "CARGO_TARGET_DIR=/opt/rustwide/target" "-w" "/opt/rustwide/workdir" "--user" "0:0" "60fef1a849c1876810424001822ef40a22477a758d2b140e6c460ecf118b22a5" "/opt/rustwide/cargo-home/bin/cargo" "+1.99.0-beta.8" "metadata" "--no-deps" "--format-version=1", kill_on_drop: false }`
[INFO] running `Command { std: "docker" "inspect" "60fef1a849c1876810424001822ef40a22477a758d2b140e6c460ecf118b22a5", kill_on_drop: false }`
[INFO] running `Command { std: "docker" "exec" "-e" "SOURCE_DIR=/opt/rustwide/workdir" "-e" "CARGO_HOME=/opt/rustwide/cargo-home" "-e" "RUSTUP_HOME=/opt/rustwide/rustup-home" "-e" "CARGO_TARGET_DIR=/opt/rustwide/target" "-e" "CARGO_INCREMENTAL=0" "-e" "RUST_BACKTRACE=full" "-e" "RUSTFLAGS=--cap-lints=warn" "-e" "RUSTDOCFLAGS=--cap-lints=warn" "-w" "/opt/rustwide/workdir" "--user" "0:0" "60fef1a849c1876810424001822ef40a22477a758d2b140e6c460ecf118b22a5" "/opt/rustwide/cargo-home/bin/cargo" "+1.99.0-beta.8" "build" "--frozen" "--message-format=json" "--release", kill_on_drop: false }`
[INFO] [stderr]    Compiling libc v0.2.189
[INFO] [stderr]    Compiling find-msvc-tools v0.1.12
[INFO] [stderr]    Compiling aws-lc-rs v1.18.1
[INFO] [stderr]    Compiling zeroize v1.9.0
[INFO] [stderr]    Compiling smallvec v1.16.1
[INFO] [stderr]    Compiling futures-sink v0.3.34
[INFO] [stderr]    Compiling http v1.5.0
[INFO] [stderr]    Compiling rustls v0.23.44
[INFO] [stderr]    Compiling syn v3.0.5
[INFO] [stderr]    Compiling syn v2.0.119
[INFO] [stderr]    Compiling hybrid-array v0.4.15
[INFO] [stderr]    Compiling crc32fast v1.5.1
[INFO] [stderr]    Compiling anstyle-parse v1.0.0
[INFO] [stderr]    Compiling rustix v1.1.4
[INFO] [stderr]    Compiling sync_wrapper v1.0.2
[INFO] [stderr]    Compiling getrandom v0.4.3
[INFO] [stderr]    Compiling futures-util v0.3.34
[INFO] [stderr]    Compiling futures-channel v0.3.34
[INFO] [stderr]    Compiling colorchoice v1.0.5
[INFO] [stderr]    Compiling portable-atomic v1.15.0
[INFO] [stderr]    Compiling rustls-pki-types v1.15.1
[INFO] [stderr]    Compiling simd-adler32 v0.3.10
[INFO] [stderr]    Compiling serde_json v1.0.151
[INFO] [stderr]    Compiling zstd-safe v8.0.0
[INFO] [stderr]    Compiling indexmap v2.14.2
[INFO] [stderr]    Compiling anstream v1.0.0
[INFO] [stderr]    Compiling toml_parser v1.1.3+spec-1.1.0
[INFO] [stderr]    Compiling toml_datetime v1.1.1+spec-1.1.0
[INFO] [stderr]    Compiling miniz_oxide v0.9.1
[INFO] [stderr]    Compiling aho-corasick v1.1.5
[INFO] [stderr]    Compiling rustls-native-certs v0.8.4
[INFO] [stderr]    Compiling crypto-common v0.2.2
[INFO] [stderr]    Compiling block-buffer v0.12.1
[INFO] [stderr]    Compiling http-body v1.1.0
[INFO] [stderr]    Compiling toml_writer v1.1.2+spec-1.1.0
[INFO] [stderr]    Compiling regex-syntax v0.8.11
[INFO] [stderr]    Compiling clap_lex v1.1.0
[INFO] [stderr]    Compiling http-body-util v0.1.5
[INFO] [stderr]    Compiling socket2 v0.6.5
[INFO] [stderr]    Compiling mio v1.2.3
[INFO] [stderr]    Compiling clap_builder v4.6.6
[INFO] [stderr]    Compiling filetime v0.2.29
[INFO] [stderr]    Compiling tokio v1.53.1
[INFO] [stderr]    Compiling digest v0.11.3
[INFO] [stderr]    Compiling jobserver v0.1.35
[INFO] [stderr]    Compiling console v0.16.6
[INFO] [stderr]    Compiling flate2 v1.1.10
[INFO] [stderr]    Compiling cc v1.4.5
[INFO] [stderr]    Compiling xattr v1.6.1
[INFO] [stderr]    Compiling serde_spanned v1.1.1
[INFO] [stderr]    Compiling bstr v1.13.1
[INFO] [stderr]    Compiling base64 v0.23.1
[INFO] [stderr]    Compiling synstructure v0.13.2
[INFO] [stderr]    Compiling regex-automata v0.4.18
[INFO] [stderr]    Compiling xshell-macros v0.2.7
[INFO] [stderr]    Compiling typed-path v0.12.3
[INFO] [stderr]    Compiling cmake v0.1.58
[INFO] [stderr]    Compiling unit-prefix v0.5.2
[INFO] [stderr]    Compiling cpufeatures v0.3.1
[INFO] [stderr]    Compiling tempfile v3.27.0
[INFO] [stderr]    Compiling indicatif v0.18.6
[INFO] [stderr]    Compiling sha2 v0.11.0
[INFO] [stderr]    Compiling xshell v0.2.7
[INFO] [stderr]    Compiling toml v1.1.6+spec-1.1.0
[INFO] [stderr]    Compiling tar v0.4.46
[INFO] [stderr]    Compiling zerofrom-derive v0.1.7
[INFO] [stderr]    Compiling yoke-derive v0.8.2
[INFO] [stderr]    Compiling aws-lc-sys v0.45.0
[INFO] [stderr]    Compiling zerofrom v0.1.8
[INFO] [stderr]    Compiling zstd-sys v2.1.0+zstd.1.5.7
[INFO] [stderr]    Compiling yoke v0.8.3
[INFO] [stderr]    Compiling zip v8.6.0
[INFO] [stderr]    Compiling toml_edit v0.25.15+spec-1.1.0
[INFO] [stderr]    Compiling zerovec-derive v0.11.6
[INFO] [stderr]    Compiling displaydoc v0.2.7
[INFO] [stderr]    Compiling zerotrie v0.2.5
[INFO] [stderr]    Compiling serde_derive v1.0.229
[INFO] [stderr]    Compiling zerovec v0.11.8
[INFO] [stderr]    Compiling thiserror-impl v2.0.20
[INFO] [stderr]    Compiling clap_derive v4.6.4
[INFO] [stderr]    Compiling globset v0.4.20
[INFO] [stderr]    Compiling hyper v1.11.1
[INFO] [stderr]    Compiling tinystr v0.8.4
[INFO] [stderr]    Compiling icu_locale_core v2.3.0
[INFO] [stderr]    Compiling potential_utf v0.1.6
[INFO] [stderr]    Compiling tower v0.5.3
[INFO] [stderr]    Compiling icu_collections v2.3.0
[INFO] [stderr]    Compiling thiserror v2.0.20
[INFO] [stderr]    Compiling hyper-util v0.1.20
[INFO] [stderr]    Compiling clap v4.6.6
[INFO] [stderr]    Compiling icu_provider v2.3.1
[INFO] [stderr]    Compiling icu_normalizer v2.3.0
[INFO] [stderr]    Compiling icu_properties v2.3.0
[INFO] [stderr]    Compiling serde v1.0.229
[INFO] [stderr]    Compiling idna_adapter v1.2.2
[INFO] [stderr]    Compiling idna v1.1.0
[INFO] [stderr]    Compiling url v2.5.8
[INFO] [stderr]    Compiling tower-http v0.6.11
[INFO] [stderr]    Compiling zstd v0.14.0
[INFO] [stderr]    Compiling rustls-webpki v0.103.15
[INFO] [stderr]    Compiling tokio-rustls v0.26.5
[INFO] [stderr]    Compiling rustls-platform-verifier v0.7.0
[INFO] [stderr]    Compiling hyper-rustls v0.27.9
[INFO] [stderr]    Compiling reqwest v0.13.5
[INFO] [stderr]    Compiling okr v0.1.10 (/opt/rustwide/workdir)
[INFO] [stderr]     Finished `release` profile [optimized] target(s) in 1m 04s
[INFO] running `Command { std: "docker" "inspect" "60fef1a849c1876810424001822ef40a22477a758d2b140e6c460ecf118b22a5", kill_on_drop: false }`
[INFO] running `Command { std: "docker" "exec" "-e" "SOURCE_DIR=/opt/rustwide/workdir" "-e" "CARGO_HOME=/opt/rustwide/cargo-home" "-e" "RUSTUP_HOME=/opt/rustwide/rustup-home" "-e" "CARGO_TARGET_DIR=/opt/rustwide/target" "-e" "CARGO_INCREMENTAL=0" "-e" "RUST_BACKTRACE=full" "-e" "RUSTFLAGS=--cap-lints=warn" "-e" "RUSTDOCFLAGS=--cap-lints=warn" "-w" "/opt/rustwide/workdir" "--user" "0:0" "60fef1a849c1876810424001822ef40a22477a758d2b140e6c460ecf118b22a5" "/opt/rustwide/cargo-home/bin/cargo" "+1.99.0-beta.8" "test" "--frozen" "--no-run" "--message-format=json" "--release", kill_on_drop: false }`
[INFO] [stderr]    Compiling regex-automata v0.4.18
[INFO] [stderr]    Compiling predicates-core v1.0.10
[INFO] [stderr]    Compiling float-cmp v0.10.0
[INFO] [stderr]    Compiling assert_cmd v2.2.2
[INFO] [stderr]    Compiling difflib v0.4.0
[INFO] [stderr]    Compiling termtree v0.5.1
[INFO] [stderr]    Compiling normalize-line-endings v0.3.0
[INFO] [stderr]    Compiling wait-timeout v0.2.1
[INFO] [stderr]    Compiling similar v2.7.0
[INFO] [stderr]    Compiling predicates-tree v1.0.13
[INFO] [stderr]    Compiling insta v1.48.0
[INFO] [stderr]    Compiling bstr v1.13.1
[INFO] [stderr]    Compiling regex v1.13.1
[INFO] [stderr]    Compiling predicates v3.1.4
[INFO] [stderr]    Compiling globset v0.4.20
[INFO] [stderr]    Compiling okr v0.1.10 (/opt/rustwide/workdir)
[INFO] [stderr]     Finished `release` profile [optimized] target(s) in 13.46s
[INFO] running `Command { std: "docker" "inspect" "60fef1a849c1876810424001822ef40a22477a758d2b140e6c460ecf118b22a5", kill_on_drop: false }`
[INFO] running `Command { std: "docker" "exec" "-e" "SOURCE_DIR=/opt/rustwide/workdir" "-e" "CARGO_HOME=/opt/rustwide/cargo-home" "-e" "RUSTUP_HOME=/opt/rustwide/rustup-home" "-e" "CARGO_TARGET_DIR=/opt/rustwide/target" "-e" "CARGO_INCREMENTAL=0" "-e" "RUST_BACKTRACE=full" "-e" "RUSTFLAGS=--cap-lints=warn" "-e" "RUSTDOCFLAGS=--cap-lints=warn" "-w" "/opt/rustwide/workdir" "--user" "0:0" "60fef1a849c1876810424001822ef40a22477a758d2b140e6c460ecf118b22a5" "/opt/rustwide/cargo-home/bin/cargo" "+1.99.0-beta.8" "test" "--frozen" "--release", kill_on_drop: false }`
[INFO] [stderr]     Finished `release` profile [optimized] target(s) in 0.15s
[INFO] [stderr]      Running unittests src/lib.rs (/opt/rustwide/target/release/deps/okr-943e5ff81f77b26d)
[INFO] [stdout] 
[INFO] [stdout] running 111 tests
[INFO] [stdout] test cli::tests::clap_definition_is_consistent ... ok
[INFO] [stdout] test cli::tests::initialization_selects_the_first_available_dated_snapshot ... ok
[INFO] [stdout] test cli::tests::initialization_stops_after_the_bounded_snapshot_lookback ... ok
[INFO] [stdout] test cli::tests::snapshot_probe_errors_are_not_misreported_as_missing_dates ... ok
[INFO] [stdout] test cli::tests::default_config_contains_a_valid_active_snapshot ... ok
[INFO] [stdout] test cli::tests::snapshot_dates_are_rendered_across_calendar_boundaries ... ok
[INFO] [stdout] test config::tests::cran_requires_a_snapshot_but_remote_only_configs_do_not ... ok
[INFO] [stdout] test config::tests::cran_specs_are_forbidden_in_references ... ok
[INFO] [stdout] test config::tests::declaration_preserves_per_entry_options ... ok
[INFO] [stdout] test config::tests::defaults_match_the_documented_pit_of_success ... ok
[INFO] [stdout] test config::tests::entry_values_deserialize_as_strings_or_tables ... ok
[INFO] [stdout] test config::tests::package_and_reference_directory_names_cannot_collide ... ok
[INFO] [stdout] test config::tests::r_version_is_an_exact_runtime_version ... ok
[INFO] [stdout] test config::tests::table_source_selection_and_ref_are_validated ... ok
[INFO] [stdout] test config::tests::parses_and_round_trips_the_complete_schema ... ok
[INFO] [stdout] test config::tests::unknown_keys_are_rejected_at_every_level ... ok
[INFO] [stdout] test config::tests::url_sources_must_name_a_supported_archive ... ok
[INFO] [stdout] test config::tests::url_sources_require_a_valid_declared_digest ... ok
[INFO] [stdout] test config::tests::vendor_paths_and_exclude_globs_are_safe ... ok
[INFO] [stdout] test digest::tests::empty_tree_has_the_sha256_of_an_empty_inventory ... ok
[INFO] [stdout] test digest::tests::byte_and_file_sha256_match_known_vectors ... ok
[INFO] [stdout] test hosttools::tests::ls_remote_parser_prefers_peeled_annotated_tags ... ok
[INFO] [stdout] test digest::tests::symlinks_are_rejected_instead_of_followed ... ok
[INFO] [stdout] test lock::tests::config_digest_ignores_toml_comments_and_formatting ... ok
[INFO] [stdout] test hosttools::tests::path_detection_requires_an_executable_file ... ok
[INFO] [stdout] test lock::tests::environment_digest_is_order_independent_but_content_sensitive ... ok
[INFO] [stdout] test fetch::tests::digest_mismatch_is_never_committed ... ok
[INFO] [stdout] test digest::tests::inventory_paths_always_use_forward_slashes ... ok
[INFO] [stdout] test lock::tests::lock_model_round_trips_the_current_schema ... ok
[INFO] [stdout] test digest::tests::tree_digest_is_stable_across_creation_order ... ok
[INFO] [stdout] test lock::tests::load_rejects_untagged_or_noncanonical_digest_values ... ok
[INFO] [stdout] test digest::tests::changing_one_file_changes_its_hash_and_the_tree_hash ... ok
[INFO] [stdout] test lock::tests::lock_unknown_keys_are_rejected ... ok
[INFO] [stdout] test lock::tests::verify_detects_tree_drift_and_unlocked_roots ... ok
[INFO] [stdout] test manifest::tests::disabled_affordances_do_not_touch_files ... ok
[INFO] [stdout] test lock::tests::load_explains_an_outdated_lock_version_and_sync_can_detect_it ... ok
[INFO] [stdout] test lock::tests::write_is_atomic_and_round_trips ... ok
[INFO] [stdout] test lock::tests::verify_reports_an_aggregate_tree_mismatch_as_json ... ok
[INFO] [stdout] test manifest::tests::rbuildignore_is_not_created_and_rules_escape_regex_metacharacters ... ok
[INFO] [stdout] test manifest::tests::agents_marker_update_preserves_everything_outside_the_block ... ok
[INFO] [stdout] test manifest::tests::gitignore_entry_is_idempotent_and_preserves_user_lines ... ok
[INFO] [stdout] test manifest::tests::reference_description_is_rendered_when_available ... ok
[INFO] [stdout] test manifest::tests::agents_file_is_created_and_malformed_markers_are_rejected ... ok
[INFO] [stdout] test progress::tests::overall_progress_counts_both_entry_phases_and_finalization ... ok
[INFO] [stdout] test progress::tests::quiet_and_verbose_modes_suppress_progress ... ok
[INFO] [stdout] test progress::tests::transfer_progress_tracks_bytes_read ... ok
[INFO] [stdout] test resolve::dcf::tests::exposes_fields_in_sorted_order ... ok
[INFO] [stdout] test resolve::dcf::tests::description_parser_requires_one_stanza ... ok
[INFO] [stdout] test resolve::dcf::tests::ignores_repeated_blank_lines_and_empty_input ... ok
[INFO] [stdout] test resolve::dcf::tests::parses_description_fields_and_folded_values ... ok
[INFO] [stdout] test resolve::dcf::tests::parses_multiple_packages_stanzas_and_crlf ... ok
[INFO] [stdout] test resolve::dcf::tests::rejects_malformed_lines_with_line_numbers ... ok
[INFO] [stdout] test fetch::tests::content_is_stored_by_verified_digest ... ok
[INFO] [stdout] test resolve::tests::latest_release_not_found_explains_that_git_tags_are_distinct ... ok
[INFO] [stdout] test resolve::tests::git_url_host_parsing_and_api_path_encoding_are_deterministic ... ok
[INFO] [stdout] test resolve::tests::package_version_comparison_is_numeric_and_order_independent ... ok
[INFO] [stdout] test resolve::tests::recognized_forge_archive_urls_cover_the_fetch_table ... ok
[INFO] [stdout] test fetch::tests::cache_hits_are_reverified ... ok
[INFO] [stdout] test manifest::tests::rbuildignore_rules_are_idempotent_and_preserve_user_lines ... ok
[INFO] [stdout] test fetch::tests::cache_stats_count_only_content_artifacts ... ok
[INFO] [stdout] test rlib::tests::coherence_distinguishes_mismatch_from_skipped ... ok
[INFO] [stdout] test lock::tests::lockfile_serialization_has_an_insta_snapshot ... ok
[INFO] [stdout] test manifest::tests::markdown_manifest_has_an_insta_snapshot ... ok
[INFO] [stdout] test manifest::tests::json_manifest_has_an_insta_snapshot ... ok
[INFO] [stdout] test rlib::tests::fake_rscript_is_invoked_without_writing_a_library ... ok
[INFO] [stdout] test rlib::tests::parses_framed_r_version_output ... ok
[INFO] [stdout] test rlib::tests::parses_read_only_rscript_output ... ok
[INFO] [stdout] test spec::tests::branch_names_may_contain_slashes ... ok
[INFO] [stdout] test spec::tests::canonical_display_is_explicit ... ok
[INFO] [stdout] test spec::tests::every_deferred_or_rejected_table_row_is_instructive ... ok
[INFO] [stdout] test spec::tests::full_sha_detection_is_exact ... ok
[INFO] [stdout] test spec::tests::hostile_inputs_are_rejected ... ok
[INFO] [stdout] test spec::tests::latest_release_is_github_only ... ok
[INFO] [stdout] test spec::tests::parses_every_supported_spec_table_row ... ok
[INFO] [stdout] test spec::tests::package_disambiguation_is_syntactic_not_a_version_solver ... ok
[INFO] [stdout] test spec::tests::references_reject_cran_strings ... ok
[INFO] [stdout] test rlib::tests::fake_rscript_runs_from_the_project_directory ... ok
[INFO] [stdout] test fetch::tests::normalized_tree_archives_are_byte_stable ... ok
[INFO] [stdout] test spec::tests::scp_and_authenticated_urls_do_not_confuse_user_at_with_ref ... ok
[INFO] [stdout] test spec::tests::suggested_names_cover_all_location_shapes ... ok
[INFO] [stdout] test spec::tests::url_archives_accept_every_supported_suffix_case_insensitively ... ok
[INFO] [stdout] test rlib::tests::version_detection_runs_from_the_project_directory ... ok
[INFO] [stdout] test fetch::tests::offline_fetch_names_a_missing_artifact ... ok
[INFO] [stdout] test vendor::tests::archive_format_is_detected_from_leading_bytes ... ok
[INFO] [stdout] test vendor::tests::github_api_archive_urls_cover_dotcom_and_enterprise ... ok
[INFO] [stdout] test vendor::tests::archive_layout_requires_one_wrapper_directory_and_unique_files ... ok
[INFO] [stdout] test tests::exit_codes_follow_the_cli_contract ... ok
[INFO] [stdout] test vendor::tests::missing_package_description_suggests_reference_recovery ... ok
[INFO] [stdout] test fetch::tests::optional_fetch_distinguishes_http_not_found_from_other_failures ... ok
[INFO] [stdout] test vendor::tests::extraction_ignores_pax_global_metadata_before_the_source_root ... ok
[INFO] [stdout] test vendor::tests::extraction_materializes_symbolic_links_as_regular_files ... ok
[INFO] [stdout] test resolve::tests::full_commit_pins_skip_git_resolution ... ok
[INFO] [stdout] test vendor::tests::reference_metadata_detection_is_best_effort ... ok
[INFO] [stdout] test vendor::tests::pruning_materializes_clone_symbolic_links_as_regular_files ... ok
[INFO] [stdout] test vendor::tests::zip_extraction_rejects_unsafe_and_ambiguous_layouts ... ok
[INFO] [stdout] test resolve::tests::latest_release_resolution_is_stubbable_and_freezes_the_sha ... ok
[INFO] [stdout] test resolve::tests::public_forge_api_fallback_urls_are_tested_offline ... ok
[INFO] [stdout] test resolve::tests::offline_resolution_reuses_a_locked_git_commit ... ok
[INFO] [stdout] test vendor::tests::zip_extraction_strips_the_wrapper_and_materializes_symbolic_links ... ok
[INFO] [stdout] test resolve::tests::snapshot_index_chooses_greatest_conflicting_duplicate_version ... ok
[INFO] [stdout] test resolve::tests::snapshot_resolution_is_lookup_and_archive_fallback_only ... ok
[INFO] [stdout] test fetch::tests::file_fixture_fetch_populates_an_offline_hit ... ok
[INFO] [stdout] test resolve::tests::snapshot_index_accepts_same_version_recommended_package_duplicates ... ok
[INFO] [stdout] test vendor::tests::package_zip_archive_is_pruned_like_a_tarball ... ok
[INFO] [stdout] test vendor::tests::full_vendor_root_replacement_removes_stale_entries ... ok
[INFO] [stdout] test vendor::tests::package_tarball_is_stripped_pruned_and_described ... ok
[INFO] [stdout] test vendor::tests::public_forge_archive_path_does_not_invoke_git ... ok
[INFO] [stdout] test vendor::tests::rebuilt_tree_must_reproduce_the_locked_tree_digest ... ok
[INFO] [stdout] test vendor::tests::reference_zip_archive_is_vendored_and_replays_offline ... ok
[INFO] [stdout] test hosttools::tests::git_ls_remote_works_with_a_file_url_fixture ... ok
[INFO] [stdout] test vendor::tests::reference_clone_keeps_non_r_context_and_replays_offline ... FAILED
[INFO] [stdout] 
[INFO] [stdout] failures:
[INFO] [stdout] 
[INFO] [stdout] ---- vendor::tests::reference_clone_keeps_non_r_context_and_replays_offline stdout ----
[INFO] [stdout] $ git init -q -b main /tmp/.tmpz0GWvF/reference-source
[INFO] [stdout] $ git -C /tmp/.tmpz0GWvF/reference-source config user.name okr-test
[INFO] [stdout] $ git -C /tmp/.tmpz0GWvF/reference-source config user.email okr@example.test
[INFO] [stdout] $ git -C /tmp/.tmpz0GWvF/reference-source add .
[INFO] [stdout] $ git -C /tmp/.tmpz0GWvF/reference-source commit -q -m fixture
[INFO] [stdout] $ git -c core.autocrlf=false clone --quiet --depth 1 --no-checkout file:///tmp/.tmpz0GWvF/reference-source /tmp/.tmpz0GWvF/.okr-clone-jbmCiF
[INFO] [stdout] $ git -c core.autocrlf=false -C /tmp/.tmpz0GWvF/.okr-clone-jbmCiF checkout --quiet --detach 42e94a0d60d6dab7ae74544b32e4b0e2af29d90c
[INFO] [stdout] 
[INFO] [stdout] thread 'vendor::tests::reference_clone_keeps_non_r_context_and_replays_offline' (4177) panicked at src/vendor.rs:1303:9:
[INFO] [stdout] assertion failed: tree.join("docs/guide.md").is_file()
[INFO] [stdout] stack backtrace:
[INFO] [stdout]    0:     0x620fb9c24871 - <<std[70759c8f55707aa4]::sys::backtrace::BacktraceLock>::print::DisplayBacktrace as core[df12db4294e9bfd3]::fmt::Display>::fmt
[INFO] [stdout]    1:     0x620fb9c3e93a - core[df12db4294e9bfd3]::fmt::write
[INFO] [stdout]    2:     0x620fb9c2a23c - <alloc[2182bb758b4b3781]::vec::Vec<u8> as core[df12db4294e9bfd3]::io::write::Write>::write_fmt
[INFO] [stdout]    3:     0x620fb9bf9616 - std[70759c8f55707aa4]::panicking::default_hook::{closure#0}
[INFO] [stdout]    4:     0x620fb9c194e9 - std[70759c8f55707aa4]::panicking::default_hook
[INFO] [stdout]    5:     0x620fb96d0590 - test[9d35eded1c95d3be]::test_main_inner::<test[9d35eded1c95d3be]::test_main_static::{closure#0}>::{closure#0}
[INFO] [stdout]    6:     0x620fb9c19812 - std[70759c8f55707aa4]::panicking::panic_with_hook
[INFO] [stdout]    7:     0x620fb9bf96f4 - std[70759c8f55707aa4]::panicking::panic_handler::{closure#0}
[INFO] [stdout]    8:     0x620fb9bf1d59 - std[70759c8f55707aa4]::sys::backtrace::__rust_end_short_backtrace::<std[70759c8f55707aa4]::panicking::panic_handler::{closure#0}, !>
[INFO] [stdout]    9:     0x620fb9bfa8dd - __rustc[8fa7c3cbc660c2b3]::rust_begin_unwind
[INFO] [stdout]   10:     0x620fb9c3f15c - core[df12db4294e9bfd3]::panicking::panic_fmt
[INFO] [stdout]   11:     0x620fb9c3f122 - core[df12db4294e9bfd3]::panicking::panic
[INFO] [stdout]   12:     0x620fb95ccfbc - okr[d24b0f28d088236c]::vendor::tests::reference_clone_keeps_non_r_context_and_replays_offline
[INFO] [stdout]   13:     0x620fb9588119 - <okr[d24b0f28d088236c]::vendor::tests::reference_clone_keeps_non_r_context_and_replays_offline::{closure#0} as core[df12db4294e9bfd3]::ops::function::FnOnce<()>>::call_once
[INFO] [stdout]   14:     0x620fb96c387b - test[9d35eded1c95d3be]::__rust_begin_short_backtrace::<core[df12db4294e9bfd3]::result::Result<(), alloc[2182bb758b4b3781]::string::String>, fn() -> core[df12db4294e9bfd3]::result::Result<(), alloc[2182bb758b4b3781]::string::String>>
[INFO] [stdout]   15:     0x620fb96d0ee5 - test[9d35eded1c95d3be]::run_test::{closure#0}
[INFO] [stdout]   16:     0x620fb96ca7a4 - std[70759c8f55707aa4]::sys::backtrace::__rust_begin_short_backtrace::<test[9d35eded1c95d3be]::run_test::{closure#1}, ()>
[INFO] [stdout]   17:     0x620fb96d4042 - <std[70759c8f55707aa4]::thread::lifecycle::spawn_unchecked<test[9d35eded1c95d3be]::run_test::{closure#1}, ()>::{closure#1} as core[df12db4294e9bfd3]::ops::function::FnOnce<()>>::call_once::{shim:vtable#0}
[INFO] [stdout]   18:     0x620fb9c23209 - <std[70759c8f55707aa4]::sys::thread::unix::Thread>::new::thread_start
[INFO] [stdout]   19:     0x7da18b04cdfa - <unknown>
[INFO] [stdout]   20:     0x7da18b0e03d4 - clone
[INFO] [stdout]   21:                0x0 - <unknown>
[INFO] [stdout] 
[INFO] [stdout] 
[INFO] [stdout] failures:
[INFO] [stdout]     vendor::tests::reference_clone_keeps_non_r_context_and_replays_offline
[INFO] [stdout] 
[INFO] [stdout] test result: FAILED. 110 passed; 1 failed; 0 ignored; 0 measured; 0 filtered out; finished in 0.17s
[INFO] [stdout] 
[INFO] [stderr] error: test failed, to rerun pass `--lib`
[INFO] running `Command { std: "docker" "inspect" "60fef1a849c1876810424001822ef40a22477a758d2b140e6c460ecf118b22a5", kill_on_drop: false }`
[INFO] running `Command { std: "docker" "rm" "-f" "60fef1a849c1876810424001822ef40a22477a758d2b140e6c460ecf118b22a5", kill_on_drop: false }`
[INFO] [stdout] 60fef1a849c1876810424001822ef40a22477a758d2b140e6c460ecf118b22a5
