[INFO] fetching crate odata_client 0.1.0...
[INFO] testing odata_client-0.1.0 against 1.99.0-beta.8+cargoflags=--release for beta-release-1.100-2
[INFO] extracting crate odata_client 0.1.0 into /workspace/builds/worker-1-tc1/source
[INFO] started tweaking crates.io crate odata_client 0.1.0
[INFO] finished tweaking crates.io crate odata_client 0.1.0
[INFO] tweaked toml for crates.io crate odata_client 0.1.0 written to /workspace/builds/worker-1-tc1/source/Cargo.toml
[INFO] validating manifest of crates.io crate odata_client 0.1.0 on toolchain 1.99.0-beta.8
[INFO] running `Command { std: CARGO_HOME="/workspace/cargo-home" RUSTUP_HOME="/workspace/rustup-home" "/workspace/cargo-home/bin/cargo" "+1.99.0-beta.8" "metadata" "--manifest-path" "Cargo.toml" "--no-deps", kill_on_drop: false }`
[INFO] running `Command { std: CARGO_HOME="/workspace/cargo-home" RUSTUP_HOME="/workspace/rustup-home" "/workspace/cargo-home/bin/cargo" "+1.99.0-beta.8" "generate-lockfile" "--manifest-path" "Cargo.toml", kill_on_drop: false }`
[INFO] [stderr]     Updating crates.io index
[INFO] [stderr]      Locking 205 packages to highest compatible versions
[INFO] [stderr]       Adding iso8601 v0.4.2 (available: v0.6.6)
[INFO] [stderr]       Adding reqwest v0.11.27 (available: v0.13.5)
[INFO] [stderr]       Adding serde_with v1.14.0 (available: v3.24.0)
[INFO] [stderr]       Adding uuid v0.8.2 (available: v1.28.0)
[INFO] running `Command { std: CARGO_HOME="/workspace/cargo-home" RUSTUP_HOME="/workspace/rustup-home" "/workspace/cargo-home/bin/cargo" "+1.99.0-beta.8" "fetch" "--manifest-path" "Cargo.toml", kill_on_drop: false }`
[INFO] [stderr]  Downloading crates ...
[INFO] [stderr]   Downloaded tobz1000-serde-xml-rs v0.4.1-tobz1000-1
[INFO] [stderr]   Downloaded odata_client_codegen v0.1.0
[INFO] [stderr]   Downloaded odata_client_util v0.1.0
[INFO] [stderr]   Downloaded odata_client_derive v0.1.0
[INFO] [stderr]   Downloaded fixedbitset v0.3.2
[INFO] [stderr]   Downloaded strsim v0.9.3
[INFO] [stderr]   Downloaded iso8601 v0.4.2
[INFO] [stderr]   Downloaded darling_macro v0.10.2
[INFO] [stderr]   Downloaded darling v0.10.2
[INFO] [stderr]   Downloaded darling_core v0.10.2
[INFO] [stderr]   Downloaded tobz1000-petgraph v0.5.1-tobz1000
[INFO] running `Command { std: "docker" "create" "-v" "/var/lib/crater-agent-workspace/builds/worker-1-tc1/source:/opt/rustwide/workdir:ro,Z" "-v" "/var/lib/crater-agent-workspace/builds/worker-1-tc1/target:/opt/rustwide/target:rw,Z" "-v" "/var/lib/crater-agent-workspace/cargo-home:/opt/rustwide/cargo-home:ro,Z" "-v" "/var/lib/crater-agent-workspace/rustup-home:/opt/rustwide/rustup-home:ro,Z" "-m" "1610612736" "--network" "none" "ghcr.io/rust-lang/crates-build-env/linux@sha256:77db811e55d90add9212f6832c23229e3de5f1c1f9905e8cb07319ea15df73ac" "sleep" "infinity", kill_on_drop: false }`
[INFO] [stdout] ccf1e11efb7e35aa0e960e9e623972115e959a6f63432dacb0fdffdda2e1ffdb
[INFO] running `Command { std: "docker" "start" "ccf1e11efb7e35aa0e960e9e623972115e959a6f63432dacb0fdffdda2e1ffdb", kill_on_drop: false }`
[INFO] running `Command { std: "docker" "inspect" "ccf1e11efb7e35aa0e960e9e623972115e959a6f63432dacb0fdffdda2e1ffdb", kill_on_drop: false }`
[INFO] running `Command { std: "docker" "exec" "-e" "SOURCE_DIR=/opt/rustwide/workdir" "-e" "CARGO_HOME=/opt/rustwide/cargo-home" "-e" "RUSTUP_HOME=/opt/rustwide/rustup-home" "-e" "CARGO_TARGET_DIR=/opt/rustwide/target" "-w" "/opt/rustwide/workdir" "--user" "0:0" "ccf1e11efb7e35aa0e960e9e623972115e959a6f63432dacb0fdffdda2e1ffdb" "/opt/rustwide/cargo-home/bin/cargo" "+1.99.0-beta.8" "metadata" "--no-deps" "--format-version=1", kill_on_drop: false }`
[INFO] running `Command { std: "docker" "inspect" "ccf1e11efb7e35aa0e960e9e623972115e959a6f63432dacb0fdffdda2e1ffdb", kill_on_drop: false }`
[INFO] running `Command { std: "docker" "exec" "-e" "SOURCE_DIR=/opt/rustwide/workdir" "-e" "CARGO_HOME=/opt/rustwide/cargo-home" "-e" "RUSTUP_HOME=/opt/rustwide/rustup-home" "-e" "CARGO_TARGET_DIR=/opt/rustwide/target" "-e" "CARGO_INCREMENTAL=0" "-e" "RUST_BACKTRACE=full" "-e" "RUSTFLAGS=--cap-lints=warn" "-e" "RUSTDOCFLAGS=--cap-lints=warn" "-w" "/opt/rustwide/workdir" "--user" "0:0" "ccf1e11efb7e35aa0e960e9e623972115e959a6f63432dacb0fdffdda2e1ffdb" "/opt/rustwide/cargo-home/bin/cargo" "+1.99.0-beta.8" "build" "--frozen" "--message-format=json" "--release", kill_on_drop: false }`
[INFO] [stderr]    Compiling libc v0.2.191
[INFO] [stderr]    Compiling stable_deref_trait v1.2.1
[INFO] [stderr]    Compiling serde_core v1.0.229
[INFO] [stderr]    Compiling pin-project-lite v0.2.17
[INFO] [stderr]    Compiling bytes v1.12.1
[INFO] [stderr]    Compiling writeable v0.6.4
[INFO] [stderr]    Compiling syn v2.0.119
[INFO] [stderr]    Compiling syn v1.0.109
[INFO] [stderr]    Compiling openssl-sys v0.9.117
[INFO] [stderr]    Compiling rustix v0.38.44
[INFO] [stderr]    Compiling litemap v0.8.3
[INFO] [stderr]    Compiling bitflags v2.13.2
[INFO] [stderr]    Compiling zerofrom v0.1.8
[INFO] [stderr]    Compiling utf8_iter v1.0.4
[INFO] [stderr]    Compiling futures-core v0.3.34
[INFO] [stderr]    Compiling icu_normalizer_data v2.3.0
[INFO] [stderr]    Compiling icu_properties_data v2.3.0
[INFO] [stderr]    Compiling foreign-types-shared v0.1.1
[INFO] [stderr]    Compiling log v0.4.34
[INFO] [stderr]    Compiling tracing-core v0.1.36
[INFO] [stderr]    Compiling openssl v0.10.81
[INFO] [stderr]    Compiling yoke v0.8.3
[INFO] [stderr]    Compiling foreign-types v0.3.2
[INFO] [stderr]    Compiling futures-sink v0.3.34
[INFO] [stderr]    Compiling hashbrown v0.17.1
[INFO] [stderr]    Compiling smallvec v1.16.3
[INFO] [stderr]    Compiling futures-task v0.3.34
[INFO] [stderr]    Compiling equivalent v1.0.3
[INFO] [stderr]    Compiling futures-io v0.3.34
[INFO] [stderr]    Compiling slab v0.4.12
[INFO] [stderr]    Compiling native-tls v0.2.18
[INFO] [stderr]    Compiling httparse v1.10.1
[INFO] [stderr]    Compiling try-lock v0.2.5
[INFO] [stderr]    Compiling minimal-lexical v0.2.1
[INFO] [stderr]    Compiling percent-encoding v2.3.2
[INFO] [stderr]    Compiling openssl-probe v0.2.1
[INFO] [stderr]    Compiling want v0.3.2
[INFO] [stderr]    Compiling futures-util v0.3.34
[INFO] [stderr]    Compiling form_urlencoded v1.2.2
[INFO] [stderr]    Compiling futures-channel v0.3.34
[INFO] [stderr]    Compiling indexmap v1.9.3
[INFO] [stderr]    Compiling zerovec v0.11.8
[INFO] [stderr]    Compiling zerotrie v0.2.5
[INFO] [stderr]    Compiling nom v7.1.3
[INFO] [stderr]    Compiling aho-corasick v1.1.5
[INFO] [stderr]    Compiling proc-macro2 v1.0.107
[INFO] [stderr]    Compiling convert_case v0.4.0
[INFO] [stderr]    Compiling tower-service v0.3.3
[INFO] [stderr]    Compiling linux-raw-sys v0.4.15
[INFO] [stderr]    Compiling tracing v0.1.44
[INFO] [stderr]    Compiling indexmap v2.14.2
[INFO] [stderr]    Compiling http v0.2.12
[INFO] [stderr]    Compiling strsim v0.9.3
[INFO] [stderr]    Compiling httpdate v1.0.3
[INFO] [stderr]    Compiling unicode-ident v1.0.27
[INFO] [stderr]    Compiling hashbrown v0.12.3
[INFO] [stderr]    Compiling tinystr v0.8.4
[INFO] [stderr]    Compiling potential_utf v0.1.6
[INFO] [stderr]    Compiling icu_collections v2.3.0
[INFO] [stderr]    Compiling icu_locale_core v2.3.0
[INFO] [stderr]    Compiling serde_json v1.0.154
[INFO] [stderr]    Compiling encoding_rs v0.8.42
[INFO] [stderr]    Compiling quote v1.0.47
[INFO] [stderr]    Compiling base64 v0.21.7
[INFO] [stderr]    Compiling http-body v0.4.6
[INFO] [stderr]    Compiling mio v1.2.4
[INFO] [stderr]    Compiling socket2 v0.6.5
[INFO] [stderr]    Compiling socket2 v0.5.10
[INFO] [stderr]    Compiling darling_core v0.13.4
[INFO] [stderr]    Compiling tokio v1.53.3
[INFO] [stderr]    Compiling serde v1.0.229
[INFO] [stderr]    Compiling iso8601 v0.4.2
[INFO] [stderr]    Compiling icu_provider v2.3.1
[INFO] [stderr]    Compiling darling_core v0.10.2
[INFO] [stderr]    Compiling regex-automata v0.4.18
[INFO] [stderr]    Compiling icu_properties v2.3.0
[INFO] [stderr]    Compiling icu_normalizer v2.3.0
[INFO] [stderr]    Compiling home v0.5.12
[INFO] [stderr]    Compiling either v1.19.0
[INFO] [stderr]    Compiling xml-rs v0.8.29
[INFO] [stderr]    Compiling core_detect v1.0.0
[INFO] [stderr]    Compiling ryu v1.0.23
[INFO] [stderr]    Compiling scopeguard v1.2.0
[INFO] [stderr]    Compiling fixedbitset v0.3.2
[INFO] [stderr]    Compiling iana-time-zone v0.1.65
[INFO] [stderr]    Compiling simdutf8 v0.1.5
[INFO] [stderr]    Compiling serde_urlencoded v0.7.1
[INFO] [stderr]    Compiling chrono v0.4.45
[INFO] [stderr]    Compiling which v4.4.2
[INFO] [stderr]    Compiling tobz1000-petgraph v0.5.1-tobz1000
[INFO] [stderr]    Compiling uuid v0.8.2
[INFO] [stderr]    Compiling rustls-pemfile v1.0.4
[INFO] [stderr]    Compiling idna_adapter v1.2.2
[INFO] [stderr]    Compiling bumpalo v3.20.3
[INFO] [stderr]    Compiling idna v1.1.0
[INFO] [stderr]    Compiling darling_macro v0.13.4
[INFO] [stderr]    Compiling sync_wrapper v0.1.2
[INFO] [stderr]    Compiling openssl-macros v0.1.1
[INFO] [stderr]    Compiling thiserror-impl v1.0.69
[INFO] [stderr]    Compiling derive_more v0.99.20
[INFO] [stderr]    Compiling darling_macro v0.10.2
[INFO] [stderr]    Compiling url v2.5.8
[INFO] [stderr]    Compiling base64 v0.13.1
[INFO] [stderr]    Compiling darling v0.13.4
[INFO] [stderr]    Compiling serde_with_macros v1.5.2
[INFO] [stderr]    Compiling lazy_static v1.5.1
[INFO] [stderr]    Compiling mime v0.3.17
[INFO] [stderr]    Compiling ipnet v2.12.2
[INFO] [stderr]    Compiling darling v0.10.2
[INFO] [stderr]    Compiling regex v1.13.1
[INFO] [stderr]    Compiling serde_with v1.14.0
[INFO] [stderr]    Compiling thiserror v1.0.69
[INFO] [stderr]    Compiling tobz1000-serde-xml-rs v0.4.1-tobz1000-1
[INFO] [stderr]    Compiling tokio-util v0.7.20
[INFO] [stderr]    Compiling odata_client_util v0.1.0
[INFO] [stderr]    Compiling odata_client_codegen v0.1.0
[INFO] [stderr]    Compiling h2 v0.3.27
[INFO] [stderr]    Compiling tokio-native-tls v0.3.1
[INFO] [stderr]    Compiling hyper v0.14.32
[INFO] [stderr]    Compiling hyper-tls v0.5.0
[INFO] [stderr]    Compiling reqwest v0.11.27
[INFO] [stderr]    Compiling odata_client_derive v0.1.0
[INFO] [stderr]    Compiling odata_client v0.1.0 (/opt/rustwide/workdir)
[INFO] [stdout] warning: field `context` is never read
[INFO] [stdout]    --> src/client.rs:200:5
[INFO] [stdout]     |
[INFO] [stdout] 198 | struct ServiceResponse<Payload> {
[INFO] [stdout]     |        --------------- field in this struct
[INFO] [stdout] 199 |     #[serde(rename = "@odata.context")]
[INFO] [stdout] 200 |     context: String,
[INFO] [stdout]     |     ^^^^^^^
[INFO] [stdout]     |
[INFO] [stdout]     = note: `ServiceResponse` has a derived impl for the trait `Debug`, but this is intentionally ignored during dead code analysis
[INFO] [stdout]     = note: `#[warn(dead_code)]` (part of `#[warn(unused)]`) on by default
[INFO] [stdout] 
[INFO] [stdout] 
[INFO] [stderr]     Finished `release` profile [optimized] target(s) in 28.42s
[INFO] running `Command { std: "docker" "inspect" "ccf1e11efb7e35aa0e960e9e623972115e959a6f63432dacb0fdffdda2e1ffdb", kill_on_drop: false }`
[INFO] running `Command { std: "docker" "exec" "-e" "SOURCE_DIR=/opt/rustwide/workdir" "-e" "CARGO_HOME=/opt/rustwide/cargo-home" "-e" "RUSTUP_HOME=/opt/rustwide/rustup-home" "-e" "CARGO_TARGET_DIR=/opt/rustwide/target" "-e" "CARGO_INCREMENTAL=0" "-e" "RUST_BACKTRACE=full" "-e" "RUSTFLAGS=--cap-lints=warn" "-e" "RUSTDOCFLAGS=--cap-lints=warn" "-w" "/opt/rustwide/workdir" "--user" "0:0" "ccf1e11efb7e35aa0e960e9e623972115e959a6f63432dacb0fdffdda2e1ffdb" "/opt/rustwide/cargo-home/bin/cargo" "+1.99.0-beta.8" "test" "--frozen" "--no-run" "--message-format=json" "--release", kill_on_drop: false }`
[INFO] [stderr]    Compiling odata_client v0.1.0 (/opt/rustwide/workdir)
[INFO] [stdout] warning: field `context` is never read
[INFO] [stdout]    --> src/client.rs:200:5
[INFO] [stdout]     |
[INFO] [stdout] 198 | struct ServiceResponse<Payload> {
[INFO] [stdout]     |        --------------- field in this struct
[INFO] [stdout] 199 |     #[serde(rename = "@odata.context")]
[INFO] [stdout] 200 |     context: String,
[INFO] [stdout]     |     ^^^^^^^
[INFO] [stdout]     |
[INFO] [stdout]     = note: `ServiceResponse` has a derived impl for the trait `Debug`, but this is intentionally ignored during dead code analysis
[INFO] [stdout]     = note: `#[warn(dead_code)]` (part of `#[warn(unused)]`) on by default
[INFO] [stdout] 
[INFO] [stdout] 
[INFO] [stdout] warning: field `context` is never read
[INFO] [stdout]    --> src/client.rs:200:5
[INFO] [stdout]     |
[INFO] [stdout] 198 | struct ServiceResponse<Payload> {
[INFO] [stdout]     |        --------------- field in this struct
[INFO] [stdout] 199 |     #[serde(rename = "@odata.context")]
[INFO] [stdout] 200 |     context: String,
[INFO] [stdout]     |     ^^^^^^^
[INFO] [stdout]     |
[INFO] [stdout]     = note: `ServiceResponse` has a derived impl for the trait `Debug`, but this is intentionally ignored during dead code analysis
[INFO] [stdout]     = note: `#[warn(dead_code)]` (part of `#[warn(unused)]`) on by default
[INFO] [stdout] 
[INFO] [stdout] 
[INFO] [stdout] warning: multiple fields are never read
[INFO] [stdout]   --> src/client/test.rs:18:5
[INFO] [stdout]    |
[INFO] [stdout] 17 | struct Person {
[INFO] [stdout]    |        ------ fields in this struct
[INFO] [stdout] 18 |     user_name: String,
[INFO] [stdout]    |     ^^^^^^^^^
[INFO] [stdout] 19 |     first_name: String,
[INFO] [stdout]    |     ^^^^^^^^^^
[INFO] [stdout] 20 |     last_name: String,
[INFO] [stdout]    |     ^^^^^^^^^
[INFO] [stdout] 21 |     #[serde(default)]
[INFO] [stdout] 22 |     emails: Vec<String>,
[INFO] [stdout]    |     ^^^^^^
[INFO] [stdout] 23 |     #[serde(default)]
[INFO] [stdout] 24 |     address_info: Vec<Location>,
[INFO] [stdout]    |     ^^^^^^^^^^^^
[INFO] [stdout] 25 |     gender: Option<PersonGender>,
[INFO] [stdout]    |     ^^^^^^
[INFO] [stdout] 26 |     concurrency: i64,
[INFO] [stdout]    |     ^^^^^^^^^^^
[INFO] [stdout] 27 |     friends: Vec<EntityLink<Person>>,
[INFO] [stdout]    |     ^^^^^^^
[INFO] [stdout] 28 |     trips: Vec<Trip>,
[INFO] [stdout]    |     ^^^^^
[INFO] [stdout] 29 |     photo: Option<EntityLink<Photo>>,
[INFO] [stdout]    |     ^^^^^
[INFO] [stdout]    |
[INFO] [stdout]    = note: `Person` has a derived impl for the trait `Debug`, but this is intentionally ignored during dead code analysis
[INFO] [stdout] 
[INFO] [stdout] 
[INFO] [stdout] warning: fields `address` and `city` are never read
[INFO] [stdout]   --> src/client/test.rs:40:5
[INFO] [stdout]    |
[INFO] [stdout] 39 | struct Location {
[INFO] [stdout]    |        -------- fields in this struct
[INFO] [stdout] 40 |     address: String,
[INFO] [stdout]    |     ^^^^^^^
[INFO] [stdout] 41 |     city: City,
[INFO] [stdout]    |     ^^^^
[INFO] [stdout]    |
[INFO] [stdout]    = note: `Location` has a derived impl for the trait `Debug`, but this is intentionally ignored during dead code analysis
[INFO] [stdout] 
[INFO] [stdout] 
[INFO] [stdout] warning: fields `country_region`, `name`, and `region` are never read
[INFO] [stdout]   --> src/client/test.rs:47:5
[INFO] [stdout]    |
[INFO] [stdout] 46 | struct City {
[INFO] [stdout]    |        ---- fields in this struct
[INFO] [stdout] 47 |     country_region: String,
[INFO] [stdout]    |     ^^^^^^^^^^^^^^
[INFO] [stdout] 48 |     name: String,
[INFO] [stdout]    |     ^^^^
[INFO] [stdout] 49 |     region: String,
[INFO] [stdout]    |     ^^^^^^
[INFO] [stdout]    |
[INFO] [stdout]    = note: `City` has a derived impl for the trait `Debug`, but this is intentionally ignored during dead code analysis
[INFO] [stdout] 
[INFO] [stdout] 
[INFO] [stdout] warning: multiple fields are never read
[INFO] [stdout]   --> src/client/test.rs:62:5
[INFO] [stdout]    |
[INFO] [stdout] 61 | struct Trip {
[INFO] [stdout]    |        ---- fields in this struct
[INFO] [stdout] 62 |     trip_id: i32,
[INFO] [stdout]    |     ^^^^^^^
[INFO] [stdout] 63 |     share_id: Option<Uuid>,
[INFO] [stdout]    |     ^^^^^^^^
[INFO] [stdout] 64 |     description: Option<String>,
[INFO] [stdout]    |     ^^^^^^^^^^^
[INFO] [stdout] 65 |     name: String,
[INFO] [stdout]    |     ^^^^
[INFO] [stdout] 66 |     budget: f32,
[INFO] [stdout]    |     ^^^^^^
[INFO] [stdout] 67 |     starts_at: DateTime<FixedOffset>,
[INFO] [stdout]    |     ^^^^^^^^^
[INFO] [stdout] 68 |     ends_at: DateTime<FixedOffset>,
[INFO] [stdout]    |     ^^^^^^^
[INFO] [stdout] 69 |     tags: Vec<String>,
[INFO] [stdout]    |     ^^^^
[INFO] [stdout] 70 |     photos: Vec<EntityLink<Photo>>,
[INFO] [stdout]    |     ^^^^^^
[INFO] [stdout] 71 |     plan_items: Vec<PlanItem>,
[INFO] [stdout]    |     ^^^^^^^^^^
[INFO] [stdout]    |
[INFO] [stdout]    = note: `Trip` has a derived impl for the trait `Debug`, but this is intentionally ignored during dead code analysis
[INFO] [stdout] 
[INFO] [stdout] 
[INFO] [stdout] warning: fields `id` and `name` are never read
[INFO] [stdout]   --> src/client/test.rs:81:5
[INFO] [stdout]    |
[INFO] [stdout] 80 | struct Photo {
[INFO] [stdout]    |        ----- fields in this struct
[INFO] [stdout] 81 |     id: i64,
[INFO] [stdout]    |     ^^
[INFO] [stdout] 82 |     name: Option<String>,
[INFO] [stdout]    |     ^^^^
[INFO] [stdout]    |
[INFO] [stdout]    = note: `Photo` has a derived impl for the trait `Debug`, but this is intentionally ignored during dead code analysis
[INFO] [stdout] 
[INFO] [stdout] 
[INFO] [stdout] warning: fields `plan_item_id`, `confirmation_code`, `starts_at`, `ends_at`, and `duration` are never read
[INFO] [stdout]   --> src/client/test.rs:93:5
[INFO] [stdout]    |
[INFO] [stdout] 92 | struct PlanItem {
[INFO] [stdout]    |        -------- fields in this struct
[INFO] [stdout] 93 |     plan_item_id: i32,
[INFO] [stdout]    |     ^^^^^^^^^^^^
[INFO] [stdout] 94 |     confirmation_code: Option<String>,
[INFO] [stdout]    |     ^^^^^^^^^^^^^^^^^
[INFO] [stdout] 95 |     starts_at: Option<DateTime<FixedOffset>>,
[INFO] [stdout]    |     ^^^^^^^^^
[INFO] [stdout] 96 |     ends_at: Option<DateTime<FixedOffset>>,
[INFO] [stdout]    |     ^^^^^^^
[INFO] [stdout] 97 |     #[serde_as(as = "Option<Iso8601DurationDeserialize>")]
[INFO] [stdout] 98 |     duration: Option<Duration>,
[INFO] [stdout]    |     ^^^^^^^^
[INFO] [stdout]    |
[INFO] [stdout]    = note: `PlanItem` has a derived impl for the trait `Debug`, but this is intentionally ignored during dead code analysis
[INFO] [stdout] 
[INFO] [stdout] 
[INFO] [stderr]     Finished `release` profile [optimized] target(s) in 2.05s
[INFO] running `Command { std: "docker" "inspect" "ccf1e11efb7e35aa0e960e9e623972115e959a6f63432dacb0fdffdda2e1ffdb", kill_on_drop: false }`
[INFO] running `Command { std: "docker" "exec" "-e" "SOURCE_DIR=/opt/rustwide/workdir" "-e" "CARGO_HOME=/opt/rustwide/cargo-home" "-e" "RUSTUP_HOME=/opt/rustwide/rustup-home" "-e" "CARGO_TARGET_DIR=/opt/rustwide/target" "-e" "CARGO_INCREMENTAL=0" "-e" "RUST_BACKTRACE=full" "-e" "RUSTFLAGS=--cap-lints=warn" "-e" "RUSTDOCFLAGS=--cap-lints=warn" "-w" "/opt/rustwide/workdir" "--user" "0:0" "ccf1e11efb7e35aa0e960e9e623972115e959a6f63432dacb0fdffdda2e1ffdb" "/opt/rustwide/cargo-home/bin/cargo" "+1.99.0-beta.8" "test" "--frozen" "--release", kill_on_drop: false }`
[INFO] [stderr] warning: field `context` is never read
[INFO] [stderr]    --> src/client.rs:200:5
[INFO] [stderr]     |
[INFO] [stderr] 198 | struct ServiceResponse<Payload> {
[INFO] [stderr]     |        --------------- field in this struct
[INFO] [stderr] 199 |     #[serde(rename = "@odata.context")]
[INFO] [stderr] 200 |     context: String,
[INFO] [stderr]     |     ^^^^^^^
[INFO] [stderr]     |
[INFO] [stderr]     = note: `ServiceResponse` has a derived impl for the trait `Debug`, but this is intentionally ignored during dead code analysis
[INFO] [stderr]     = note: `#[warn(dead_code)]` (part of `#[warn(unused)]`) on by default
[INFO] [stderr] 
[INFO] [stderr] warning: multiple fields are never read
[INFO] [stderr]   --> src/client/test.rs:18:5
[INFO] [stderr]    |
[INFO] [stderr] 17 | struct Person {
[INFO] [stderr]    |        ------ fields in this struct
[INFO] [stderr] 18 |     user_name: String,
[INFO] [stderr]    |     ^^^^^^^^^
[INFO] [stderr] 19 |     first_name: String,
[INFO] [stderr]    |     ^^^^^^^^^^
[INFO] [stderr] 20 |     last_name: String,
[INFO] [stderr]    |     ^^^^^^^^^
[INFO] [stderr] 21 |     #[serde(default)]
[INFO] [stderr] 22 |     emails: Vec<String>,
[INFO] [stderr]    |     ^^^^^^
[INFO] [stderr] 23 |     #[serde(default)]
[INFO] [stderr] 24 |     address_info: Vec<Location>,
[INFO] [stderr]    |     ^^^^^^^^^^^^
[INFO] [stderr] 25 |     gender: Option<PersonGender>,
[INFO] [stderr]    |     ^^^^^^
[INFO] [stderr] 26 |     concurrency: i64,
[INFO] [stderr]    |     ^^^^^^^^^^^
[INFO] [stderr] 27 |     friends: Vec<EntityLink<Person>>,
[INFO] [stderr]    |     ^^^^^^^
[INFO] [stderr] 28 |     trips: Vec<Trip>,
[INFO] [stderr]    |     ^^^^^
[INFO] [stderr] 29 |     photo: Option<EntityLink<Photo>>,
[INFO] [stderr]    |     ^^^^^
[INFO] [stderr]    |
[INFO] [stderr]    = note: `Person` has a derived impl for the trait `Debug`, but this is intentionally ignored during dead code analysis
[INFO] [stderr] 
[INFO] [stderr] warning: fields `address` and `city` are never read
[INFO] [stderr]   --> src/client/test.rs:40:5
[INFO] [stderr]    |
[INFO] [stderr] 39 | struct Location {
[INFO] [stderr]    |        -------- fields in this struct
[INFO] [stderr] 40 |     address: String,
[INFO] [stderr]    |     ^^^^^^^
[INFO] [stderr] 41 |     city: City,
[INFO] [stderr]    |     ^^^^
[INFO] [stderr]    |
[INFO] [stderr]    = note: `Location` has a derived impl for the trait `Debug`, but this is intentionally ignored during dead code analysis
[INFO] [stderr] 
[INFO] [stderr] warning: fields `country_region`, `name`, and `region` are never read
[INFO] [stderr]   --> src/client/test.rs:47:5
[INFO] [stderr]    |
[INFO] [stderr] 46 | struct City {
[INFO] [stderr]    |        ---- fields in this struct
[INFO] [stderr] 47 |     country_region: String,
[INFO] [stderr]    |     ^^^^^^^^^^^^^^
[INFO] [stderr] 48 |     name: String,
[INFO] [stderr]    |     ^^^^
[INFO] [stderr] 49 |     region: String,
[INFO] [stderr]    |     ^^^^^^
[INFO] [stderr]    |
[INFO] [stderr]    = note: `City` has a derived impl for the trait `Debug`, but this is intentionally ignored during dead code analysis
[INFO] [stderr] 
[INFO] [stderr] warning: multiple fields are never read
[INFO] [stderr]   --> src/client/test.rs:62:5
[INFO] [stderr]    |
[INFO] [stderr] 61 | struct Trip {
[INFO] [stderr]    |        ---- fields in this struct
[INFO] [stderr] 62 |     trip_id: i32,
[INFO] [stderr]    |     ^^^^^^^
[INFO] [stderr] 63 |     share_id: Option<Uuid>,
[INFO] [stderr]    |     ^^^^^^^^
[INFO] [stderr] 64 |     description: Option<String>,
[INFO] [stderr]    |     ^^^^^^^^^^^
[INFO] [stderr] 65 |     name: String,
[INFO] [stderr]    |     ^^^^
[INFO] [stderr] 66 |     budget: f32,
[INFO] [stderr]    |     ^^^^^^
[INFO] [stderr] 67 |     starts_at: DateTime<FixedOffset>,
[INFO] [stderr]    |     ^^^^^^^^^
[INFO] [stderr] 68 |     ends_at: DateTime<FixedOffset>,
[INFO] [stderr]    |     ^^^^^^^
[INFO] [stderr] 69 |     tags: Vec<String>,
[INFO] [stderr]    |     ^^^^
[INFO] [stderr] 70 |     photos: Vec<EntityLink<Photo>>,
[INFO] [stderr]    |     ^^^^^^
[INFO] [stderr] 71 |     plan_items: Vec<PlanItem>,
[INFO] [stderr]    |     ^^^^^^^^^^
[INFO] [stderr]    |
[INFO] [stderr]    = note: `Trip` has a derived impl for the trait `Debug`, but this is intentionally ignored during dead code analysis
[INFO] [stderr] 
[INFO] [stderr] warning: fields `id` and `name` are never read
[INFO] [stderr]   --> src/client/test.rs:81:5
[INFO] [stderr]    |
[INFO] [stderr] 80 | struct Photo {
[INFO] [stderr]    |        ----- fields in this struct
[INFO] [stderr] 81 |     id: i64,
[INFO] [stderr]    |     ^^
[INFO] [stderr] 82 |     name: Option<String>,
[INFO] [stderr]    |     ^^^^
[INFO] [stderr]    |
[INFO] [stderr]    = note: `Photo` has a derived impl for the trait `Debug`, but this is intentionally ignored during dead code analysis
[INFO] [stderr] 
[INFO] [stderr] warning: fields `plan_item_id`, `confirmation_code`, `starts_at`, `ends_at`, and `duration` are never read
[INFO] [stderr]   --> src/client/test.rs:93:5
[INFO] [stderr]    |
[INFO] [stderr] 92 | struct PlanItem {
[INFO] [stderr]    |        -------- fields in this struct
[INFO] [stderr] 93 |     plan_item_id: i32,
[INFO] [stderr]    |     ^^^^^^^^^^^^
[INFO] [stderr] 94 |     confirmation_code: Option<String>,
[INFO] [stderr]    |     ^^^^^^^^^^^^^^^^^
[INFO] [stderr] 95 |     starts_at: Option<DateTime<FixedOffset>>,
[INFO] [stderr]    |     ^^^^^^^^^
[INFO] [stderr] 96 |     ends_at: Option<DateTime<FixedOffset>>,
[INFO] [stderr]    |     ^^^^^^^
[INFO] [stderr] 97 |     #[serde_as(as = "Option<Iso8601DurationDeserialize>")]
[INFO] [stderr] 98 |     duration: Option<Duration>,
[INFO] [stderr]    |     ^^^^^^^^
[INFO] [stderr]    |
[INFO] [stderr]    = note: `PlanItem` has a derived impl for the trait `Debug`, but this is intentionally ignored during dead code analysis
[INFO] [stderr] 
[INFO] [stderr] warning: `odata_client` (lib) generated 1 warning
[INFO] [stderr] warning: `odata_client` (lib test) generated 7 warnings (1 duplicate)
[INFO] [stderr]     Finished `release` profile [optimized] target(s) in 0.11s
[INFO] [stderr]      Running unittests src/lib.rs (/opt/rustwide/target/release/deps/odata_client-94d7c1504ccf7c46)
[INFO] [stdout] 
[INFO] [stdout] running 4 tests
[INFO] [stdout] test client::test::retrieve_entity_set_succeeds ... FAILED
[INFO] [stdout] test client::test::retrieve_singleton_entity_succeeds ... FAILED
[INFO] [stdout] test client::test::retrieve_entity_from_set_succeeds ... FAILED
[INFO] [stdout] test client::test::retrieve_entity_set_gets_all_pages ... FAILED
[INFO] [stdout] 
[INFO] [stdout] failures:
[INFO] [stdout] 
[INFO] [stdout] ---- client::test::retrieve_entity_set_succeeds stdout ----
[INFO] [stdout] 
[INFO] [stdout] thread 'client::test::retrieve_entity_set_succeeds' (2115) panicked at src/client/test.rs:121:36:
[INFO] [stdout] called `Result::unwrap()` on an `Err` value: error sending request for url (https://services.odata.org/V4/TripPinService/People?%24expand=Friends%2F%24ref%2CTrips%28%24expand%3DPhotos%2F%24ref%2CPlanItems%29%2CPhoto%2F%24ref): error trying to connect: dns error: failed to lookup address information: Temporary failure in name resolution
[INFO] [stdout] 
[INFO] [stdout] Caused by:
[INFO] [stdout]     0: error trying to connect: dns error: failed to lookup address information: Temporary failure in name resolution
[INFO] [stdout]     1: dns error: failed to lookup address information: Temporary failure in name resolution
[INFO] [stdout]     2: failed to lookup address information: Temporary failure in name resolution
[INFO] [stdout] 
[INFO] [stdout] Stack backtrace:
[INFO] [stdout]    0: <anyhow::Error as core::convert::From<reqwest::error::Error>>::from
[INFO] [stdout]    1: <odata_client::client::EntitySetEndpoint<odata_client::client::test::Person>>::retrieve::<reqwest::async_impl::client::Client>::{closure#0}
[INFO] [stdout]    2: odata_client::client::test::retrieve_entity_set_succeeds::{closure#0}
[INFO] [stdout]    3: <tokio::runtime::scheduler::current_thread::Context>::enter::<core::task::poll::Poll<()>, <tokio::runtime::scheduler::current_thread::CoreGuard>::block_on<core::pin::Pin<&mut core::pin::Pin<&mut dyn core::future::future::Future<Output = ()>>>>::{closure#0}::{closure#0}>
[INFO] [stdout]    4: <tokio::runtime::context::scoped::Scoped<tokio::runtime::scheduler::Context>>::set::<<tokio::runtime::scheduler::current_thread::CoreGuard>::enter<<tokio::runtime::scheduler::current_thread::CoreGuard>::block_on<core::pin::Pin<&mut core::pin::Pin<&mut dyn core::future::future::Future<Output = ()>>>>::{closure#0}, core::option::Option<()>>::{closure#0}, (alloc::boxed::Box<tokio::runtime::scheduler::current_thread::Core>, core::option::Option<()>)>
[INFO] [stdout]    5: <tokio::runtime::scheduler::current_thread::CoreGuard>::block_on::<core::pin::Pin<&mut core::pin::Pin<&mut dyn core::future::future::Future<Output = ()>>>>
[INFO] [stdout]    6: tokio::runtime::context::runtime::enter_runtime::<<tokio::runtime::scheduler::current_thread::CurrentThread>::block_on<core::pin::Pin<&mut dyn core::future::future::Future<Output = ()>>>::{closure#0}, ()>
[INFO] [stdout]    7: <tokio::runtime::runtime::Runtime>::block_on::<core::pin::Pin<&mut dyn core::future::future::Future<Output = ()>>>
[INFO] [stdout]    8: odata_client::client::test::retrieve_entity_set_succeeds
[INFO] [stdout]    9: <odata_client::client::test::retrieve_entity_set_succeeds::{closure#0} as core::ops::function::FnOnce<()>>::call_once
[INFO] [stdout]   10: test::__rust_begin_short_backtrace::<core::result::Result<(), alloc::string::String>, fn() -> core::result::Result<(), alloc::string::String>>
[INFO] [stdout]   11: test::run_test::{closure#0}
[INFO] [stdout]   12: std::sys::backtrace::__rust_begin_short_backtrace::<test::run_test::{closure#1}, ()>
[INFO] [stdout]   13: <std::thread::lifecycle::spawn_unchecked<test::run_test::{closure#1}, ()>::{closure#1} as core::ops::function::FnOnce<()>>::call_once::{shim:vtable#0}
[INFO] [stdout]   14: <std::sys::thread::unix::Thread>::new::thread_start
[INFO] [stdout]   15: <unknown>
[INFO] [stdout]   16: clone
[INFO] [stdout] stack backtrace:
[INFO] [stdout]    0:     0x5faddcccc2e1 - <<std[70759c8f55707aa4]::sys::backtrace::BacktraceLock>::print::DisplayBacktrace as core[df12db4294e9bfd3]::fmt::Display>::fmt
[INFO] [stdout]    1:     0x5faddcce2daa - core[df12db4294e9bfd3]::fmt::write
[INFO] [stdout]    2:     0x5faddccd128c - <alloc[2182bb758b4b3781]::vec::Vec<u8> as core[df12db4294e9bfd3]::io::write::Write>::write_fmt
[INFO] [stdout]    3:     0x5faddcca71b6 - std[70759c8f55707aa4]::panicking::default_hook::{closure#0}
[INFO] [stdout]    4:     0x5faddccc4309 - std[70759c8f55707aa4]::panicking::default_hook
[INFO] [stdout]    5:     0x5faddcb2add0 - test[9d35eded1c95d3be]::test_main_inner::<test[9d35eded1c95d3be]::test_main_static::{closure#0}>::{closure#0}
[INFO] [stdout]    6:     0x5faddccc4632 - std[70759c8f55707aa4]::panicking::panic_with_hook
[INFO] [stdout]    7:     0x5faddcca7262 - std[70759c8f55707aa4]::panicking::panic_handler::{closure#0}
[INFO] [stdout]    8:     0x5faddcc9f979 - std[70759c8f55707aa4]::sys::backtrace::__rust_end_short_backtrace::<std[70759c8f55707aa4]::panicking::panic_handler::{closure#0}, !>
[INFO] [stdout]    9:     0x5faddcca815d - __rustc[8fa7c3cbc660c2b3]::rust_begin_unwind
[INFO] [stdout]   10:     0x5faddcce350c - core[df12db4294e9bfd3]::panicking::panic_fmt
[INFO] [stdout]   11:     0x5faddcce32e2 - core[df12db4294e9bfd3]::result::unwrap_failed
[INFO] [stdout]   12:     0x5faddcb0e5ca - odata_client[cd189cf9cf6ecf11]::client::test::retrieve_entity_set_succeeds::{closure#0}
[INFO] [stdout]   13:     0x5faddcb15323 - <tokio[98c7e5b5921c8418]::runtime::scheduler::current_thread::Context>::enter::<core[df12db4294e9bfd3]::task::poll::Poll<()>, <tokio[98c7e5b5921c8418]::runtime::scheduler::current_thread::CoreGuard>::block_on<core[df12db4294e9bfd3]::pin::Pin<&mut core[df12db4294e9bfd3]::pin::Pin<&mut dyn core[df12db4294e9bfd3]::future::future::Future<Output = ()>>>>::{closure#0}::{closure#0}>
[INFO] [stdout]   14:     0x5faddcb1048c - <tokio[98c7e5b5921c8418]::runtime::context::scoped::Scoped<tokio[98c7e5b5921c8418]::runtime::scheduler::Context>>::set::<<tokio[98c7e5b5921c8418]::runtime::scheduler::current_thread::CoreGuard>::enter<<tokio[98c7e5b5921c8418]::runtime::scheduler::current_thread::CoreGuard>::block_on<core[df12db4294e9bfd3]::pin::Pin<&mut core[df12db4294e9bfd3]::pin::Pin<&mut dyn core[df12db4294e9bfd3]::future::future::Future<Output = ()>>>>::{closure#0}, core[df12db4294e9bfd3]::option::Option<()>>::{closure#0}, (alloc[2182bb758b4b3781]::boxed::Box<tokio[98c7e5b5921c8418]::runtime::scheduler::current_thread::Core>, core[df12db4294e9bfd3]::option::Option<()>)>
[INFO] [stdout]   15:     0x5faddcb154b5 - <tokio[98c7e5b5921c8418]::runtime::scheduler::current_thread::CoreGuard>::block_on::<core[df12db4294e9bfd3]::pin::Pin<&mut core[df12db4294e9bfd3]::pin::Pin<&mut dyn core[df12db4294e9bfd3]::future::future::Future<Output = ()>>>>
[INFO] [stdout]   16:     0x5faddcb13d13 - tokio[98c7e5b5921c8418]::runtime::context::runtime::enter_runtime::<<tokio[98c7e5b5921c8418]::runtime::scheduler::current_thread::CurrentThread>::block_on<core[df12db4294e9bfd3]::pin::Pin<&mut dyn core[df12db4294e9bfd3]::future::future::Future<Output = ()>>>::{closure#0}, ()>
[INFO] [stdout]   17:     0x5faddcb1306b - <tokio[98c7e5b5921c8418]::runtime::runtime::Runtime>::block_on::<core[df12db4294e9bfd3]::pin::Pin<&mut dyn core[df12db4294e9bfd3]::future::future::Future<Output = ()>>>
[INFO] [stdout]   18:     0x5faddcb0fd4c - odata_client[cd189cf9cf6ecf11]::client::test::retrieve_entity_set_succeeds
[INFO] [stdout]   19:     0x5faddcb15079 - <odata_client[cd189cf9cf6ecf11]::client::test::retrieve_entity_set_succeeds::{closure#0} as core[df12db4294e9bfd3]::ops::function::FnOnce<()>>::call_once
[INFO] [stdout]   20:     0x5faddcb1e0bb - test[9d35eded1c95d3be]::__rust_begin_short_backtrace::<core[df12db4294e9bfd3]::result::Result<(), alloc[2182bb758b4b3781]::string::String>, fn() -> core[df12db4294e9bfd3]::result::Result<(), alloc[2182bb758b4b3781]::string::String>>
[INFO] [stdout]   21:     0x5faddcb2b725 - test[9d35eded1c95d3be]::run_test::{closure#0}
[INFO] [stdout]   22:     0x5faddcb24fe4 - std[70759c8f55707aa4]::sys::backtrace::__rust_begin_short_backtrace::<test[9d35eded1c95d3be]::run_test::{closure#1}, ()>
[INFO] [stdout]   23:     0x5faddcb2e882 - <std[70759c8f55707aa4]::thread::lifecycle::spawn_unchecked<test[9d35eded1c95d3be]::run_test::{closure#1}, ()>::{closure#1} as core[df12db4294e9bfd3]::ops::function::FnOnce<()>>::call_once::{shim:vtable#0}
[INFO] [stdout]   24:     0x5faddcccb809 - <std[70759c8f55707aa4]::sys::thread::unix::Thread>::new::thread_start
[INFO] [stdout]   25:     0x7f59ea0fddfa - <unknown>
[INFO] [stdout]   26:     0x7f59ea1913d4 - clone
[INFO] [stdout]   27:                0x0 - <unknown>
[INFO] [stdout] 
[INFO] [stdout] ---- client::test::retrieve_singleton_entity_succeeds stdout ----
[INFO] [stdout] 
[INFO] [stdout] thread 'client::test::retrieve_singleton_entity_succeeds' (2116) panicked at src/client/test.rs:151:27:
[INFO] [stdout] called `Result::unwrap()` on an `Err` value: error sending request for url (https://services.odata.org/V4/TripPinService/Me?%24expand=Friends%2F%24ref%2CTrips%28%24expand%3DPhotos%2F%24ref%2CPlanItems%29%2CPhoto%2F%24ref): error trying to connect: dns error: failed to lookup address information: Temporary failure in name resolution
[INFO] [stdout] 
[INFO] [stdout] Caused by:
[INFO] [stdout]     0: error trying to connect: dns error: failed to lookup address information: Temporary failure in name resolution
[INFO] [stdout]     1: dns error: failed to lookup address information: Temporary failure in name resolution
[INFO] [stdout]     2: failed to lookup address information: Temporary failure in name resolution
[INFO] [stdout] 
[INFO] [stdout] Stack backtrace:
[INFO] [stdout]    0: <anyhow::Error as core::convert::From<reqwest::error::Error>>::from
[INFO] [stdout]    1: odata_client::client::test::retrieve_singleton_entity_succeeds::{closure#0}
[INFO] [stdout]    2: <tokio::runtime::scheduler::current_thread::Context>::enter::<core::task::poll::Poll<()>, <tokio::runtime::scheduler::current_thread::CoreGuard>::block_on<core::pin::Pin<&mut core::pin::Pin<&mut dyn core::future::future::Future<Output = ()>>>>::{closure#0}::{closure#0}>
[INFO] [stdout]    3: <tokio::runtime::context::scoped::Scoped<tokio::runtime::scheduler::Context>>::set::<<tokio::runtime::scheduler::current_thread::CoreGuard>::enter<<tokio::runtime::scheduler::current_thread::CoreGuard>::block_on<core::pin::Pin<&mut core::pin::Pin<&mut dyn core::future::future::Future<Output = ()>>>>::{closure#0}, core::option::Option<()>>::{closure#0}, (alloc::boxed::Box<tokio::runtime::scheduler::current_thread::Core>, core::option::Option<()>)>
[INFO] [stdout]    4: <tokio::runtime::scheduler::current_thread::CoreGuard>::block_on::<core::pin::Pin<&mut core::pin::Pin<&mut dyn core::future::future::Future<Output = ()>>>>
[INFO] [stdout]    5: tokio::runtime::context::runtime::enter_runtime::<<tokio::runtime::scheduler::current_thread::CurrentThread>::block_on<core::pin::Pin<&mut dyn core::future::future::Future<Output = ()>>>::{closure#0}, ()>
[INFO] [stdout]    6: <tokio::runtime::runtime::Runtime>::block_on::<core::pin::Pin<&mut dyn core::future::future::Future<Output = ()>>>
[INFO] [stdout]    7: odata_client::client::test::retrieve_singleton_entity_succeeds
[INFO] [stdout]    8: <odata_client::client::test::retrieve_singleton_entity_succeeds::{closure#0} as core::ops::function::FnOnce<()>>::call_once
[INFO] [stdout]    9: test::__rust_begin_short_backtrace::<core::result::Result<(), alloc::string::String>, fn() -> core::result::Result<(), alloc::string::String>>
[INFO] [stdout]   10: test::run_test::{closure#0}
[INFO] [stdout]   11: std::sys::backtrace::__rust_begin_short_backtrace::<test::run_test::{closure#1}, ()>
[INFO] [stdout]   12: <std::thread::lifecycle::spawn_unchecked<test::run_test::{closure#1}, ()>::{closure#1} as core::ops::function::FnOnce<()>>::call_once::{shim:vtable#0}
[INFO] [stdout]   13: <std::sys::thread::unix::Thread>::new::thread_start
[INFO] [stdout]   14: <unknown>
[INFO] [stdout]   15: clone
[INFO] [stdout] stack backtrace:
[INFO] [stdout]    0:     0x5faddcccc2e1 - <<std[70759c8f55707aa4]::sys::backtrace::BacktraceLock>::print::DisplayBacktrace as core[df12db4294e9bfd3]::fmt::Display>::fmt
[INFO] [stdout]    1:     0x5faddcce2daa - core[df12db4294e9bfd3]::fmt::write
[INFO] [stdout]    2:     0x5faddccd128c - <alloc[2182bb758b4b3781]::vec::Vec<u8> as core[df12db4294e9bfd3]::io::write::Write>::write_fmt
[INFO] [stdout]    3:     0x5faddcca71b6 - std[70759c8f55707aa4]::panicking::default_hook::{closure#0}
[INFO] [stdout]    4:     0x5faddccc4309 - std[70759c8f55707aa4]::panicking::default_hook
[INFO] [stdout]    5:     0x5faddcb2add0 - test[9d35eded1c95d3be]::test_main_inner::<test[9d35eded1c95d3be]::test_main_static::{closure#0}>::{closure#0}
[INFO] [stdout]    6:     0x5faddccc4632 - std[70759c8f55707aa4]::panicking::panic_with_hook
[INFO] [stdout]    7:     0x5faddcca7262 - std[70759c8f55707aa4]::panicking::panic_handler::{closure#0}
[INFO] [stdout]    8:     0x5faddcc9f979 - std[70759c8f55707aa4]::sys::backtrace::__rust_end_short_backtrace::<std[70759c8f55707aa4]::panicking::panic_handler::{closure#0}, !>
[INFO] [stdout]    9:     0x5faddcca815d - __rustc[8fa7c3cbc660c2b3]::rust_begin_unwind
[INFO] [stdout]   10:     0x5faddcce350c - core[df12db4294e9bfd3]::panicking::panic_fmt
[INFO] [stdout]   11:     0x5faddcce32e2 - core[df12db4294e9bfd3]::result::unwrap_failed
[INFO] [stdout]   12:     0x5faddcb0fa66 - odata_client[cd189cf9cf6ecf11]::client::test::retrieve_singleton_entity_succeeds::{closure#0}
[INFO] [stdout]   13:     0x5faddcb15323 - <tokio[98c7e5b5921c8418]::runtime::scheduler::current_thread::Context>::enter::<core[df12db4294e9bfd3]::task::poll::Poll<()>, <tokio[98c7e5b5921c8418]::runtime::scheduler::current_thread::CoreGuard>::block_on<core[df12db4294e9bfd3]::pin::Pin<&mut core[df12db4294e9bfd3]::pin::Pin<&mut dyn core[df12db4294e9bfd3]::future::future::Future<Output = ()>>>>::{closure#0}::{closure#0}>
[INFO] [stdout]   14:     0x5faddcb1048c - <tokio[98c7e5b5921c8418]::runtime::context::scoped::Scoped<tokio[98c7e5b5921c8418]::runtime::scheduler::Context>>::set::<<tokio[98c7e5b5921c8418]::runtime::scheduler::current_thread::CoreGuard>::enter<<tokio[98c7e5b5921c8418]::runtime::scheduler::current_thread::CoreGuard>::block_on<core[df12db4294e9bfd3]::pin::Pin<&mut core[df12db4294e9bfd3]::pin::Pin<&mut dyn core[df12db4294e9bfd3]::future::future::Future<Output = ()>>>>::{closure#0}, core[df12db4294e9bfd3]::option::Option<()>>::{closure#0}, (alloc[2182bb758b4b3781]::boxed::Box<tokio[98c7e5b5921c8418]::runtime::scheduler::current_thread::Core>, core[df12db4294e9bfd3]::option::Option<()>)>
[INFO] [stdout]   15:     0x5faddcb154b5 - <tokio[98c7e5b5921c8418]::runtime::scheduler::current_thread::CoreGuard>::block_on::<core[df12db4294e9bfd3]::pin::Pin<&mut core[df12db4294e9bfd3]::pin::Pin<&mut dyn core[df12db4294e9bfd3]::future::future::Future<Output = ()>>>>
[INFO] [stdout]   16:     0x5faddcb13d13 - tokio[98c7e5b5921c8418]::runtime::context::runtime::enter_runtime::<<tokio[98c7e5b5921c8418]::runtime::scheduler::current_thread::CurrentThread>::block_on<core[df12db4294e9bfd3]::pin::Pin<&mut dyn core[df12db4294e9bfd3]::future::future::Future<Output = ()>>>::{closure#0}, ()>
[INFO] [stdout]   17:     0x5faddcb1306b - <tokio[98c7e5b5921c8418]::runtime::runtime::Runtime>::block_on::<core[df12db4294e9bfd3]::pin::Pin<&mut dyn core[df12db4294e9bfd3]::future::future::Future<Output = ()>>>
[INFO] [stdout]   18:     0x5faddcb101fc - odata_client[cd189cf9cf6ecf11]::client::test::retrieve_singleton_entity_succeeds
[INFO] [stdout]   19:     0x5faddcb150d9 - <odata_client[cd189cf9cf6ecf11]::client::test::retrieve_singleton_entity_succeeds::{closure#0} as core[df12db4294e9bfd3]::ops::function::FnOnce<()>>::call_once
[INFO] [stdout]   20:     0x5faddcb1e0bb - test[9d35eded1c95d3be]::__rust_begin_short_backtrace::<core[df12db4294e9bfd3]::result::Result<(), alloc[2182bb758b4b3781]::string::String>, fn() -> core[df12db4294e9bfd3]::result::Result<(), alloc[2182bb758b4b3781]::string::String>>
[INFO] [stdout]   21:     0x5faddcb2b725 - test[9d35eded1c95d3be]::run_test::{closure#0}
[INFO] [stdout]   22:     0x5faddcb24fe4 - std[70759c8f55707aa4]::sys::backtrace::__rust_begin_short_backtrace::<test[9d35eded1c95d3be]::run_test::{closure#1}, ()>
[INFO] [stdout]   23:     0x5faddcb2e882 - <std[70759c8f55707aa4]::thread::lifecycle::spawn_unchecked<test[9d35eded1c95d3be]::run_test::{closure#1}, ()>::{closure#1} as core[df12db4294e9bfd3]::ops::function::FnOnce<()>>::call_once::{shim:vtable#0}
[INFO] [stdout]   24:     0x5faddcccb809 - <std[70759c8f55707aa4]::sys::thread::unix::Thread>::new::thread_start
[INFO] [stdout]   25:     0x7f59ea0fddfa - <unknown>
[INFO] [stdout]   26:     0x7f59ea1913d4 - clone
[INFO] [stdout]   27:                0x0 - <unknown>
[INFO] [stdout] 
[INFO] [stdout] ---- client::test::retrieve_entity_from_set_succeeds stdout ----
[INFO] [stdout] 
[INFO] [stdout] thread 'client::test::retrieve_entity_from_set_succeeds' (2113) panicked at src/client/test.rs:144:10:
[INFO] [stdout] called `Result::unwrap()` on an `Err` value: error sending request for url (https://services.odata.org/V4/TripPinService/People('russellwhyte')?%24expand=Friends%2F%24ref%2CTrips%28%24expand%3DPhotos%2F%24ref%2CPlanItems%29%2CPhoto%2F%24ref): error trying to connect: dns error: failed to lookup address information: Temporary failure in name resolution
[INFO] [stdout] 
[INFO] [stdout] Caused by:
[INFO] [stdout]     0: error trying to connect: dns error: failed to lookup address information: Temporary failure in name resolution
[INFO] [stdout]     1: dns error: failed to lookup address information: Temporary failure in name resolution
[INFO] [stdout]     2: failed to lookup address information: Temporary failure in name resolution
[INFO] [stdout] 
[INFO] [stdout] Stack backtrace:
[INFO] [stdout]    0: <anyhow::Error as core::convert::From<reqwest::error::Error>>::from
[INFO] [stdout]    1: odata_client::client::test::retrieve_entity_from_set_succeeds::{closure#0}
[INFO] [stdout]    2: <tokio::runtime::scheduler::current_thread::Context>::enter::<core::task::poll::Poll<()>, <tokio::runtime::scheduler::current_thread::CoreGuard>::block_on<core::pin::Pin<&mut core::pin::Pin<&mut dyn core::future::future::Future<Output = ()>>>>::{closure#0}::{closure#0}>
[INFO] [stdout]    3: <tokio::runtime::context::scoped::Scoped<tokio::runtime::scheduler::Context>>::set::<<tokio::runtime::scheduler::current_thread::CoreGuard>::enter<<tokio::runtime::scheduler::current_thread::CoreGuard>::block_on<core::pin::Pin<&mut core::pin::Pin<&mut dyn core::future::future::Future<Output = ()>>>>::{closure#0}, core::option::Option<()>>::{closure#0}, (alloc::boxed::Box<tokio::runtime::scheduler::current_thread::Core>, core::option::Option<()>)>
[INFO] [stdout]    4: <tokio::runtime::scheduler::current_thread::CoreGuard>::block_on::<core::pin::Pin<&mut core::pin::Pin<&mut dyn core::future::future::Future<Output = ()>>>>
[INFO] [stdout]    5: tokio::runtime::context::runtime::enter_runtime::<<tokio::runtime::scheduler::current_thread::CurrentThread>::block_on<core::pin::Pin<&mut dyn core::future::future::Future<Output = ()>>>::{closure#0}, ()>
[INFO] [stdout]    6: <tokio::runtime::runtime::Runtime>::block_on::<core::pin::Pin<&mut dyn core::future::future::Future<Output = ()>>>
[INFO] [stdout]    7: odata_client::client::test::retrieve_entity_from_set_succeeds
[INFO] [stdout]    8: <odata_client::client::test::retrieve_entity_from_set_succeeds::{closure#0} as core::ops::function::FnOnce<()>>::call_once
[INFO] [stdout]    9: test::__rust_begin_short_backtrace::<core::result::Result<(), alloc::string::String>, fn() -> core::result::Result<(), alloc::string::String>>
[INFO] [stdout]   10: test::run_test::{closure#0}
[INFO] [stdout]   11: std::sys::backtrace::__rust_begin_short_backtrace::<test::run_test::{closure#1}, ()>
[INFO] [stdout]   12: <std::thread::lifecycle::spawn_unchecked<test::run_test::{closure#1}, ()>::{closure#1} as core::ops::function::FnOnce<()>>::call_once::{shim:vtable#0}
[INFO] [stdout]   13: <std::sys::thread::unix::Thread>::new::thread_start
[INFO] [stdout]   14: <unknown>
[INFO] [stdout]   15: clone
[INFO] [stdout] stack backtrace:
[INFO] [stdout]    0:     0x5faddcccc2e1 - <<std[70759c8f55707aa4]::sys::backtrace::BacktraceLock>::print::DisplayBacktrace as core[df12db4294e9bfd3]::fmt::Display>::fmt
[INFO] [stdout]    1:     0x5faddcce2daa - core[df12db4294e9bfd3]::fmt::write
[INFO] [stdout]    2:     0x5faddccd128c - <alloc[2182bb758b4b3781]::vec::Vec<u8> as core[df12db4294e9bfd3]::io::write::Write>::write_fmt
[INFO] [stdout]    3:     0x5faddcca71b6 - std[70759c8f55707aa4]::panicking::default_hook::{closure#0}
[INFO] [stdout]    4:     0x5faddccc4309 - std[70759c8f55707aa4]::panicking::default_hook
[INFO] [stdout]    5:     0x5faddcb2add0 - test[9d35eded1c95d3be]::test_main_inner::<test[9d35eded1c95d3be]::test_main_static::{closure#0}>::{closure#0}
[INFO] [stdout]    6:     0x5faddccc4632 - std[70759c8f55707aa4]::panicking::panic_with_hook
[INFO] [stdout]    7:     0x5faddcca7262 - std[70759c8f55707aa4]::panicking::panic_handler::{closure#0}
[INFO] [stdout]    8:     0x5faddcc9f979 - std[70759c8f55707aa4]::sys::backtrace::__rust_end_short_backtrace::<std[70759c8f55707aa4]::panicking::panic_handler::{closure#0}, !>
[INFO] [stdout]    9:     0x5faddcca815d - __rustc[8fa7c3cbc660c2b3]::rust_begin_unwind
[INFO] [stdout]   10:     0x5faddcce350c - core[df12db4294e9bfd3]::panicking::panic_fmt
[INFO] [stdout]   11:     0x5faddcce32e2 - core[df12db4294e9bfd3]::result::unwrap_failed
[INFO] [stdout]   12:     0x5faddcb0ee6f - odata_client[cd189cf9cf6ecf11]::client::test::retrieve_entity_from_set_succeeds::{closure#0}
[INFO] [stdout]   13:     0x5faddcb15323 - <tokio[98c7e5b5921c8418]::runtime::scheduler::current_thread::Context>::enter::<core[df12db4294e9bfd3]::task::poll::Poll<()>, <tokio[98c7e5b5921c8418]::runtime::scheduler::current_thread::CoreGuard>::block_on<core[df12db4294e9bfd3]::pin::Pin<&mut core[df12db4294e9bfd3]::pin::Pin<&mut dyn core[df12db4294e9bfd3]::future::future::Future<Output = ()>>>>::{closure#0}::{closure#0}>
[INFO] [stdout]   14:     0x5faddcb1048c - <tokio[98c7e5b5921c8418]::runtime::context::scoped::Scoped<tokio[98c7e5b5921c8418]::runtime::scheduler::Context>>::set::<<tokio[98c7e5b5921c8418]::runtime::scheduler::current_thread::CoreGuard>::enter<<tokio[98c7e5b5921c8418]::runtime::scheduler::current_thread::CoreGuard>::block_on<core[df12db4294e9bfd3]::pin::Pin<&mut core[df12db4294e9bfd3]::pin::Pin<&mut dyn core[df12db4294e9bfd3]::future::future::Future<Output = ()>>>>::{closure#0}, core[df12db4294e9bfd3]::option::Option<()>>::{closure#0}, (alloc[2182bb758b4b3781]::boxed::Box<tokio[98c7e5b5921c8418]::runtime::scheduler::current_thread::Core>, core[df12db4294e9bfd3]::option::Option<()>)>
[INFO] [stdout]   15:     0x5faddcb154b5 - <tokio[98c7e5b5921c8418]::runtime::scheduler::current_thread::CoreGuard>::block_on::<core[df12db4294e9bfd3]::pin::Pin<&mut core[df12db4294e9bfd3]::pin::Pin<&mut dyn core[df12db4294e9bfd3]::future::future::Future<Output = ()>>>>
[INFO] [stdout]   16:     0x5faddcb13d13 - tokio[98c7e5b5921c8418]::runtime::context::runtime::enter_runtime::<<tokio[98c7e5b5921c8418]::runtime::scheduler::current_thread::CurrentThread>::block_on<core[df12db4294e9bfd3]::pin::Pin<&mut dyn core[df12db4294e9bfd3]::future::future::Future<Output = ()>>>::{closure#0}, ()>
[INFO] [stdout]   17:     0x5faddcb1306b - <tokio[98c7e5b5921c8418]::runtime::runtime::Runtime>::block_on::<core[df12db4294e9bfd3]::pin::Pin<&mut dyn core[df12db4294e9bfd3]::future::future::Future<Output = ()>>>
[INFO] [stdout]   18:     0x5faddcb0fedc - odata_client[cd189cf9cf6ecf11]::client::test::retrieve_entity_from_set_succeeds
[INFO] [stdout]   19:     0x5faddcb15099 - <odata_client[cd189cf9cf6ecf11]::client::test::retrieve_entity_from_set_succeeds::{closure#0} as core[df12db4294e9bfd3]::ops::function::FnOnce<()>>::call_once
[INFO] [stdout]   20:     0x5faddcb1e0bb - test[9d35eded1c95d3be]::__rust_begin_short_backtrace::<core[df12db4294e9bfd3]::result::Result<(), alloc[2182bb758b4b3781]::string::String>, fn() -> core[df12db4294e9bfd3]::result::Result<(), alloc[2182bb758b4b3781]::string::String>>
[INFO] [stdout]   21:     0x5faddcb2b725 - test[9d35eded1c95d3be]::run_test::{closure#0}
[INFO] [stdout]   22:     0x5faddcb24fe4 - std[70759c8f55707aa4]::sys::backtrace::__rust_begin_short_backtrace::<test[9d35eded1c95d3be]::run_test::{closure#1}, ()>
[INFO] [stdout]   23:     0x5faddcb2e882 - <std[70759c8f55707aa4]::thread::lifecycle::spawn_unchecked<test[9d35eded1c95d3be]::run_test::{closure#1}, ()>::{closure#1} as core[df12db4294e9bfd3]::ops::function::FnOnce<()>>::call_once::{shim:vtable#0}
[INFO] [stdout]   24:     0x5faddcccb809 - <std[70759c8f55707aa4]::sys::thread::unix::Thread>::new::thread_start
[INFO] [stdout]   25:     0x7f59ea0fddfa - <unknown>
[INFO] [stdout]   26:     0x7f59ea1913d4 - clone
[INFO] [stdout]   27:                0x0 - <unknown>
[INFO] [stdout] 
[INFO] [stdout] ---- client::test::retrieve_entity_set_gets_all_pages stdout ----
[INFO] [stdout] 
[INFO] [stdout] thread 'client::test::retrieve_entity_set_gets_all_pages' (2114) panicked at src/client/test.rs:128:53:
[INFO] [stdout] called `Result::unwrap()` on an `Err` value: error sending request for url (https://services.odata.org/V4/TripPinService/People?%24expand=Friends%2F%24ref%2CTrips%28%24expand%3DPhotos%2F%24ref%2CPlanItems%29%2CPhoto%2F%24ref): error trying to connect: dns error: failed to lookup address information: Temporary failure in name resolution
[INFO] [stdout] 
[INFO] [stdout] Caused by:
[INFO] [stdout]     0: error trying to connect: dns error: failed to lookup address information: Temporary failure in name resolution
[INFO] [stdout]     1: dns error: failed to lookup address information: Temporary failure in name resolution
[INFO] [stdout]     2: failed to lookup address information: Temporary failure in name resolution
[INFO] [stdout] 
[INFO] [stdout] Stack backtrace:
[INFO] [stdout]    0: <anyhow::Error as core::convert::From<reqwest::error::Error>>::from
[INFO] [stdout]    1: <odata_client::client::EntitySetEndpoint<odata_client::client::test::Person>>::retrieve::<reqwest::async_impl::client::Client>::{closure#0}
[INFO] [stdout]    2: odata_client::client::test::retrieve_entity_set_gets_all_pages::{closure#0}
[INFO] [stdout]    3: <tokio::runtime::scheduler::current_thread::Context>::enter::<core::task::poll::Poll<()>, <tokio::runtime::scheduler::current_thread::CoreGuard>::block_on<core::pin::Pin<&mut core::pin::Pin<&mut dyn core::future::future::Future<Output = ()>>>>::{closure#0}::{closure#0}>
[INFO] [stdout]    4: <tokio::runtime::context::scoped::Scoped<tokio::runtime::scheduler::Context>>::set::<<tokio::runtime::scheduler::current_thread::CoreGuard>::enter<<tokio::runtime::scheduler::current_thread::CoreGuard>::block_on<core::pin::Pin<&mut core::pin::Pin<&mut dyn core::future::future::Future<Output = ()>>>>::{closure#0}, core::option::Option<()>>::{closure#0}, (alloc::boxed::Box<tokio::runtime::scheduler::current_thread::Core>, core::option::Option<()>)>
[INFO] [stdout]    5: <tokio::runtime::scheduler::current_thread::CoreGuard>::block_on::<core::pin::Pin<&mut core::pin::Pin<&mut dyn core::future::future::Future<Output = ()>>>>
[INFO] [stdout]    6: tokio::runtime::context::runtime::enter_runtime::<<tokio::runtime::scheduler::current_thread::CurrentThread>::block_on<core::pin::Pin<&mut dyn core::future::future::Future<Output = ()>>>::{closure#0}, ()>
[INFO] [stdout]    7: <tokio::runtime::runtime::Runtime>::block_on::<core::pin::Pin<&mut dyn core::future::future::Future<Output = ()>>>
[INFO] [stdout]    8: odata_client::client::test::retrieve_entity_set_gets_all_pages
[INFO] [stdout]    9: <odata_client::client::test::retrieve_entity_set_gets_all_pages::{closure#0} as core::ops::function::FnOnce<()>>::call_once
[INFO] [stdout]   10: test::__rust_begin_short_backtrace::<core::result::Result<(), alloc::string::String>, fn() -> core::result::Result<(), alloc::string::String>>
[INFO] [stdout]   11: test::run_test::{closure#0}
[INFO] [stdout]   12: std::sys::backtrace::__rust_begin_short_backtrace::<test::run_test::{closure#1}, ()>
[INFO] [stdout]   13: <std::thread::lifecycle::spawn_unchecked<test::run_test::{closure#1}, ()>::{closure#1} as core::ops::function::FnOnce<()>>::call_once::{shim:vtable#0}
[INFO] [stdout]   14: <std::sys::thread::unix::Thread>::new::thread_start
[INFO] [stdout]   15: <unknown>
[INFO] [stdout]   16: clone
[INFO] [stdout] stack backtrace:
[INFO] [stdout]    0:     0x5faddcccc2e1 - <<std[70759c8f55707aa4]::sys::backtrace::BacktraceLock>::print::DisplayBacktrace as core[df12db4294e9bfd3]::fmt::Display>::fmt
[INFO] [stdout]    1:     0x5faddcce2daa - core[df12db4294e9bfd3]::fmt::write
[INFO] [stdout]    2:     0x5faddccd128c - <alloc[2182bb758b4b3781]::vec::Vec<u8> as core[df12db4294e9bfd3]::io::write::Write>::write_fmt
[INFO] [stdout]    3:     0x5faddcca71b6 - std[70759c8f55707aa4]::panicking::default_hook::{closure#0}
[INFO] [stdout]    4:     0x5faddccc4309 - std[70759c8f55707aa4]::panicking::default_hook
[INFO] [stdout]    5:     0x5faddcb2add0 - test[9d35eded1c95d3be]::test_main_inner::<test[9d35eded1c95d3be]::test_main_static::{closure#0}>::{closure#0}
[INFO] [stdout]    6:     0x5faddccc4632 - std[70759c8f55707aa4]::panicking::panic_with_hook
[INFO] [stdout]    7:     0x5faddcca7262 - std[70759c8f55707aa4]::panicking::panic_handler::{closure#0}
[INFO] [stdout]    8:     0x5faddcc9f979 - std[70759c8f55707aa4]::sys::backtrace::__rust_end_short_backtrace::<std[70759c8f55707aa4]::panicking::panic_handler::{closure#0}, !>
[INFO] [stdout]    9:     0x5faddcca815d - __rustc[8fa7c3cbc660c2b3]::rust_begin_unwind
[INFO] [stdout]   10:     0x5faddcce350c - core[df12db4294e9bfd3]::panicking::panic_fmt
[INFO] [stdout]   11:     0x5faddcce32e2 - core[df12db4294e9bfd3]::result::unwrap_failed
[INFO] [stdout]   12:     0x5faddcb0f229 - odata_client[cd189cf9cf6ecf11]::client::test::retrieve_entity_set_gets_all_pages::{closure#0}
[INFO] [stdout]   13:     0x5faddcb15323 - <tokio[98c7e5b5921c8418]::runtime::scheduler::current_thread::Context>::enter::<core[df12db4294e9bfd3]::task::poll::Poll<()>, <tokio[98c7e5b5921c8418]::runtime::scheduler::current_thread::CoreGuard>::block_on<core[df12db4294e9bfd3]::pin::Pin<&mut core[df12db4294e9bfd3]::pin::Pin<&mut dyn core[df12db4294e9bfd3]::future::future::Future<Output = ()>>>>::{closure#0}::{closure#0}>
[INFO] [stdout]   14:     0x5faddcb1048c - <tokio[98c7e5b5921c8418]::runtime::context::scoped::Scoped<tokio[98c7e5b5921c8418]::runtime::scheduler::Context>>::set::<<tokio[98c7e5b5921c8418]::runtime::scheduler::current_thread::CoreGuard>::enter<<tokio[98c7e5b5921c8418]::runtime::scheduler::current_thread::CoreGuard>::block_on<core[df12db4294e9bfd3]::pin::Pin<&mut core[df12db4294e9bfd3]::pin::Pin<&mut dyn core[df12db4294e9bfd3]::future::future::Future<Output = ()>>>>::{closure#0}, core[df12db4294e9bfd3]::option::Option<()>>::{closure#0}, (alloc[2182bb758b4b3781]::boxed::Box<tokio[98c7e5b5921c8418]::runtime::scheduler::current_thread::Core>, core[df12db4294e9bfd3]::option::Option<()>)>
[INFO] [stdout]   15:     0x5faddcb154b5 - <tokio[98c7e5b5921c8418]::runtime::scheduler::current_thread::CoreGuard>::block_on::<core[df12db4294e9bfd3]::pin::Pin<&mut core[df12db4294e9bfd3]::pin::Pin<&mut dyn core[df12db4294e9bfd3]::future::future::Future<Output = ()>>>>
[INFO] [stdout]   16:     0x5faddcb13d13 - tokio[98c7e5b5921c8418]::runtime::context::runtime::enter_runtime::<<tokio[98c7e5b5921c8418]::runtime::scheduler::current_thread::CurrentThread>::block_on<core[df12db4294e9bfd3]::pin::Pin<&mut dyn core[df12db4294e9bfd3]::future::future::Future<Output = ()>>>::{closure#0}, ()>
[INFO] [stdout]   17:     0x5faddcb1306b - <tokio[98c7e5b5921c8418]::runtime::runtime::Runtime>::block_on::<core[df12db4294e9bfd3]::pin::Pin<&mut dyn core[df12db4294e9bfd3]::future::future::Future<Output = ()>>>
[INFO] [stdout]   18:     0x5faddcb1006c - odata_client[cd189cf9cf6ecf11]::client::test::retrieve_entity_set_gets_all_pages
[INFO] [stdout]   19:     0x5faddcb150b9 - <odata_client[cd189cf9cf6ecf11]::client::test::retrieve_entity_set_gets_all_pages::{closure#0} as core[df12db4294e9bfd3]::ops::function::FnOnce<()>>::call_once
[INFO] [stdout]   20:     0x5faddcb1e0bb - test[9d35eded1c95d3be]::__rust_begin_short_backtrace::<core[df12db4294e9bfd3]::result::Result<(), alloc[2182bb758b4b3781]::string::String>, fn() -> core[df12db4294e9bfd3]::result::Result<(), alloc[2182bb758b4b3781]::string::String>>
[INFO] [stdout]   21:     0x5faddcb2b725 - test[9d35eded1c95d3be]::run_test::{closure#0}
[INFO] [stdout]   22:     0x5faddcb24fe4 - std[70759c8f55707aa4]::sys::backtrace::__rust_begin_short_backtrace::<test[9d35eded1c95d3be]::run_test::{closure#1}, ()>
[INFO] [stdout]   23:     0x5faddcb2e882 - <std[70759c8f55707aa4]::thread::lifecycle::spawn_unchecked<test[9d35eded1c95d3be]::run_test::{closure#1}, ()>::{closure#1} as core[df12db4294e9bfd3]::ops::function::FnOnce<()>>::call_once::{shim:vtable#0}
[INFO] [stdout]   24:     0x5faddcccb809 - <std[70759c8f55707aa4]::sys::thread::unix::Thread>::new::thread_start
[INFO] [stdout]   25:     0x7f59ea0fddfa - <unknown>
[INFO] [stdout]   26:     0x7f59ea1913d4 - clone
[INFO] [stdout]   27:                0x0 - <unknown>
[INFO] [stdout] 
[INFO] [stdout] 
[INFO] [stdout] failures:
[INFO] [stdout]     client::test::retrieve_entity_from_set_succeeds
[INFO] [stdout]     client::test::retrieve_entity_set_gets_all_pages
[INFO] [stdout]     client::test::retrieve_entity_set_succeeds
[INFO] [stdout]     client::test::retrieve_singleton_entity_succeeds
[INFO] [stdout] 
[INFO] [stdout] test result: FAILED. 0 passed; 4 failed; 0 ignored; 0 measured; 0 filtered out; finished in 0.03s
[INFO] [stdout] 
[INFO] [stderr] error: test failed, to rerun pass `--lib`
[INFO] running `Command { std: "docker" "inspect" "ccf1e11efb7e35aa0e960e9e623972115e959a6f63432dacb0fdffdda2e1ffdb", kill_on_drop: false }`
[INFO] running `Command { std: "docker" "rm" "-f" "ccf1e11efb7e35aa0e960e9e623972115e959a6f63432dacb0fdffdda2e1ffdb", kill_on_drop: false }`
[INFO] [stdout] ccf1e11efb7e35aa0e960e9e623972115e959a6f63432dacb0fdffdda2e1ffdb
