[INFO] fetching crate mrj 0.5.0...
[INFO] testing mrj-0.5.0 against 1.99.0-beta.8+cargoflags=--release for beta-release-1.100-2
[INFO] extracting crate mrj 0.5.0 into /workspace/builds/worker-5-tc1/source
[INFO] removed /workspace/builds/worker-5-tc1/source/rust-toolchain.toml
[INFO] started tweaking crates.io crate mrj 0.5.0
[INFO] removed 0 missing tests
[INFO] finished tweaking crates.io crate mrj 0.5.0
[INFO] tweaked toml for crates.io crate mrj 0.5.0 written to /workspace/builds/worker-5-tc1/source/Cargo.toml
[INFO] validating manifest of crates.io crate mrj 0.5.0 on toolchain 1.99.0-beta.8
[INFO] running `Command { std: CARGO_HOME="/workspace/cargo-home" RUSTUP_HOME="/workspace/rustup-home" "/workspace/cargo-home/bin/cargo" "+1.99.0-beta.8" "metadata" "--manifest-path" "Cargo.toml" "--no-deps", kill_on_drop: false }`
[INFO] crate crates.io crate mrj 0.5.0 already has a lockfile, it will not be regenerated
[INFO] running `Command { std: CARGO_HOME="/workspace/cargo-home" RUSTUP_HOME="/workspace/rustup-home" "/workspace/cargo-home/bin/cargo" "+1.99.0-beta.8" "fetch" "--manifest-path" "Cargo.toml", kill_on_drop: false }`
[INFO] [stderr]     Updating crates.io index
[INFO] [stderr]  Downloading crates ...
[INFO] [stderr]   Downloaded tera v1.20.1
[INFO] [stderr]   Downloaded chrono-tz-build v0.3.0
[INFO] [stderr]   Downloaded open v5.3.5
[INFO] [stderr]   Downloaded humansize v2.1.3
[INFO] [stderr]   Downloaded chrono-tz v0.9.0
[INFO] [stderr]   Downloaded octocrab v0.49.7
[INFO] [stderr]   Downloaded insta-cmd v0.6.0
[INFO] running `Command { std: "docker" "create" "-v" "/var/lib/crater-agent-workspace/builds/worker-5-tc1/source:/opt/rustwide/workdir:ro,Z" "-v" "/var/lib/crater-agent-workspace/builds/worker-5-tc1/target:/opt/rustwide/target:rw,Z" "-v" "/var/lib/crater-agent-workspace/cargo-home:/opt/rustwide/cargo-home:ro,Z" "-v" "/var/lib/crater-agent-workspace/rustup-home:/opt/rustwide/rustup-home:ro,Z" "-m" "1610612736" "--network" "none" "ghcr.io/rust-lang/crates-build-env/linux@sha256:77db811e55d90add9212f6832c23229e3de5f1c1f9905e8cb07319ea15df73ac" "sleep" "infinity", kill_on_drop: false }`
[INFO] [stdout] f6beef1a49f769ccc4f0fd52a3a30d1e5e9cfab106e2772281267d48155ca79a
[INFO] running `Command { std: "docker" "start" "f6beef1a49f769ccc4f0fd52a3a30d1e5e9cfab106e2772281267d48155ca79a", kill_on_drop: false }`
[INFO] running `Command { std: "docker" "inspect" "f6beef1a49f769ccc4f0fd52a3a30d1e5e9cfab106e2772281267d48155ca79a", kill_on_drop: false }`
[INFO] running `Command { std: "docker" "exec" "-e" "SOURCE_DIR=/opt/rustwide/workdir" "-e" "CARGO_HOME=/opt/rustwide/cargo-home" "-e" "RUSTUP_HOME=/opt/rustwide/rustup-home" "-e" "CARGO_TARGET_DIR=/opt/rustwide/target" "-w" "/opt/rustwide/workdir" "--user" "0:0" "f6beef1a49f769ccc4f0fd52a3a30d1e5e9cfab106e2772281267d48155ca79a" "/opt/rustwide/cargo-home/bin/cargo" "+1.99.0-beta.8" "metadata" "--no-deps" "--format-version=1", kill_on_drop: false }`
[INFO] running `Command { std: "docker" "inspect" "f6beef1a49f769ccc4f0fd52a3a30d1e5e9cfab106e2772281267d48155ca79a", kill_on_drop: false }`
[INFO] running `Command { std: "docker" "exec" "-e" "SOURCE_DIR=/opt/rustwide/workdir" "-e" "CARGO_HOME=/opt/rustwide/cargo-home" "-e" "RUSTUP_HOME=/opt/rustwide/rustup-home" "-e" "CARGO_TARGET_DIR=/opt/rustwide/target" "-e" "CARGO_INCREMENTAL=0" "-e" "RUST_BACKTRACE=full" "-e" "RUSTFLAGS=--cap-lints=warn" "-e" "RUSTDOCFLAGS=--cap-lints=warn" "-w" "/opt/rustwide/workdir" "--user" "0:0" "f6beef1a49f769ccc4f0fd52a3a30d1e5e9cfab106e2772281267d48155ca79a" "/opt/rustwide/cargo-home/bin/cargo" "+1.99.0-beta.8" "build" "--frozen" "--message-format=json" "--release", kill_on_drop: false }`
[INFO] [stderr]    Compiling proc-macro2 v1.0.106
[INFO] [stderr]    Compiling unicode-ident v1.0.24
[INFO] [stderr]    Compiling quote v1.0.45
[INFO] [stderr]    Compiling libc v0.2.183
[INFO] [stderr]    Compiling zeroize v1.8.2
[INFO] [stderr]    Compiling cfg-if v1.0.4
[INFO] [stderr]    Compiling subtle v2.6.1
[INFO] [stderr]    Compiling version_check v0.9.5
[INFO] [stderr]    Compiling typenum v1.19.0
[INFO] [stderr]    Compiling const-oid v0.9.6
[INFO] [stderr]    Compiling memchr v2.8.0
[INFO] [stderr]    Compiling serde_core v1.0.228
[INFO] [stderr]    Compiling base64ct v1.8.3
[INFO] [stderr]    Compiling itoa v1.0.18
[INFO] [stderr]    Compiling libm v0.2.16
[INFO] [stderr]    Compiling pin-project-lite v0.2.17
[INFO] [stderr]    Compiling stable_deref_trait v1.2.1
[INFO] [stderr]    Compiling autocfg v1.5.0
[INFO] [stderr]    Compiling serde v1.0.228
[INFO] [stderr]    Compiling futures-core v0.3.32
[INFO] [stderr]    Compiling once_cell v1.21.4
[INFO] [stderr]    Compiling log v0.4.29
[INFO] [stderr]    Compiling zmij v1.0.21
[INFO] [stderr]    Compiling generic-array v0.14.9
[INFO] [stderr]    Compiling pem-rfc7468 v0.7.0
[INFO] [stderr]    Compiling smallvec v1.15.1
[INFO] [stderr]    Compiling futures-sink v0.3.32
[INFO] [stderr]    Compiling bytes v1.11.1
[INFO] [stderr]    Compiling futures-channel v0.3.32
[INFO] [stderr]    Compiling find-msvc-tools v0.1.9
[INFO] [stderr]    Compiling zerocopy v0.8.48
[INFO] [stderr]    Compiling der v0.7.10
[INFO] [stderr]    Compiling num-traits v0.2.19
[INFO] [stderr]    Compiling shlex v1.3.0
[INFO] [stderr]    Compiling futures-io v0.3.32
[INFO] [stderr]    Compiling cc v1.2.58
[INFO] [stderr]    Compiling siphasher v1.0.1
[INFO] [stderr]    Compiling slab v0.4.12
[INFO] [stderr]    Compiling futures-task v0.3.32
[INFO] [stderr]    Compiling rand_core v0.6.4
[INFO] [stderr]    Compiling writeable v0.6.2
[INFO] [stderr]    Compiling syn v2.0.117
[INFO] [stderr]    Compiling phf_shared v0.11.3
[INFO] [stderr]    Compiling base16ct v0.2.0
[INFO] [stderr]    Compiling litemap v0.8.1
[INFO] [stderr]    Compiling regex-syntax v0.8.5
[INFO] [stderr]    Compiling rand v0.8.5
[INFO] [stderr]    Compiling tracing-core v0.1.36
[INFO] [stderr]    Compiling crossbeam-utils v0.8.21
[INFO] [stderr]    Compiling http v1.4.0
[INFO] [stderr]    Compiling cpufeatures v0.2.17
[INFO] [stderr]    Compiling httparse v1.10.1
[INFO] [stderr]    Compiling icu_normalizer_data v2.1.1
[INFO] [stderr]    Compiling icu_properties_data v2.1.2
[INFO] [stderr]    Compiling aho-corasick v1.1.3
[INFO] [stderr]    Compiling rustls-pki-types v1.14.0
[INFO] [stderr]    Compiling spin v0.9.8
[INFO] [stderr]    Compiling getrandom v0.2.17
[INFO] [stderr]    Compiling mio v1.2.0
[INFO] [stderr]    Compiling socket2 v0.6.3
[INFO] [stderr]    Compiling ff v0.13.1
[INFO] [stderr]    Compiling group v0.13.0
[INFO] [stderr]    Compiling crypto-common v0.1.6
[INFO] [stderr]    Compiling block-buffer v0.10.4
[INFO] [stderr]    Compiling spki v0.7.3
[INFO] [stderr]    Compiling crypto-bigint v0.5.5
[INFO] [stderr]    Compiling http-body v1.0.1
[INFO] [stderr]    Compiling phf_generator v0.11.3
[INFO] [stderr]    Compiling digest v0.10.7
[INFO] [stderr]    Compiling pkcs8 v0.10.2
[INFO] [stderr]    Compiling thiserror v2.0.18
[INFO] [stderr]    Compiling try-lock v0.2.5
[INFO] [stderr]    Compiling regex-automata v0.4.13
[INFO] [stderr]    Compiling tower-service v0.3.3
[INFO] [stderr]    Compiling ring v0.17.14
[INFO] [stderr]    Compiling sec1 v0.7.3
[INFO] [stderr]    Compiling camino v1.2.2
[INFO] [stderr]    Compiling hmac v0.12.1
[INFO] [stderr]    Compiling signature v2.2.0
[INFO] [stderr]    Compiling hkdf v0.12.4
[INFO] [stderr]    Compiling serde_json v1.0.150
[INFO] [stderr]    Compiling num-integer v0.1.46
[INFO] [stderr]    Compiling untrusted v0.9.0
[INFO] [stderr]    Compiling rfc6979 v0.4.0
[INFO] [stderr]    Compiling sha2 v0.10.9
[INFO] [stderr]    Compiling want v0.3.1
[INFO] [stderr]    Compiling phf_codegen v0.11.3
[INFO] [stderr]    Compiling lazy_static v1.5.0
[INFO] [stderr]    Compiling semver v1.0.27
[INFO] [stderr]    Compiling phf v0.11.3
[INFO] [stderr]    Compiling rustc_version v0.4.1
[INFO] [stderr]    Compiling percent-encoding v2.3.2
[INFO] [stderr]    Compiling num-conv v0.2.1
[INFO] [stderr]    Compiling heck v0.5.0
[INFO] [stderr]    Compiling num-bigint-dig v0.8.6
[INFO] [stderr]    Compiling powerfmt v0.2.0
[INFO] [stderr]    Compiling time-core v0.1.8
[INFO] [stderr]    Compiling rustls v0.23.37
[INFO] [stderr]    Compiling curve25519-dalek v4.1.3
[INFO] [stderr]    Compiling ucd-trie v0.1.7
[INFO] [stderr]    Compiling atomic-waker v1.1.2
[INFO] [stderr]    Compiling time-macros v0.2.27
[INFO] [stderr]    Compiling crossbeam-epoch v0.9.18
[INFO] [stderr]    Compiling deranged v0.5.8
[INFO] [stderr]    Compiling pest v2.8.4
[INFO] [stderr]    Compiling cargo-platform v0.3.2
[INFO] [stderr]    Compiling num-iter v0.1.45
[INFO] [stderr]    Compiling elliptic-curve v0.13.8
[INFO] [stderr]    Compiling bstr v1.12.1
[INFO] [stderr]    Compiling bitflags v2.11.0
[INFO] [stderr]    Compiling same-file v1.0.6
[INFO] [stderr]    Compiling rustversion v1.0.22
[INFO] [stderr]    Compiling utf8parse v0.2.2
[INFO] [stderr]    Compiling regex v1.12.3
[INFO] [stderr]    Compiling primeorder v0.13.6
[INFO] [stderr]    Compiling ecdsa v0.16.9
[INFO] [stderr]    Compiling iana-time-zone v0.1.65
[INFO] [stderr]    Compiling anstyle-parse v1.0.0
[INFO] [stderr]    Compiling walkdir v2.5.0
[INFO] [stderr]    Compiling crossbeam-deque v0.8.6
[INFO] [stderr]    Compiling form_urlencoded v1.2.2
[INFO] [stderr]    Compiling parse-zoneinfo v0.3.1
[INFO] [stderr]    Compiling pest_meta v2.8.4
[INFO] [stderr]    Compiling num-bigint v0.4.6
[INFO] [stderr]    Compiling ed25519 v2.2.3
[INFO] [stderr]    Compiling pkcs1 v0.7.5
[INFO] [stderr]    Compiling tower-layer v0.3.3
[INFO] [stderr]    Compiling utf8_iter v1.0.4
[INFO] [stderr]    Compiling openssl-probe v0.2.1
[INFO] [stderr]    Compiling sync_wrapper v1.0.2
[INFO] [stderr]    Compiling anstyle-query v1.1.2
[INFO] [stderr]    Compiling is_terminal_polyfill v1.70.1
[INFO] [stderr]    Compiling anstyle v1.0.14
[INFO] [stderr]    Compiling colorchoice v1.0.3
[INFO] [stderr]    Compiling base64 v0.22.1
[INFO] [stderr]    Compiling rustls-native-certs v0.8.3
[INFO] [stderr]    Compiling p384 v0.13.1
[INFO] [stderr]    Compiling chrono-tz-build v0.3.0
[INFO] [stderr]    Compiling anstream v1.0.0
[INFO] [stderr]    Compiling p256 v0.13.2
[INFO] [stderr]    Compiling pem v3.0.6
[INFO] [stderr]    Compiling is-docker v0.2.0
[INFO] [stderr]    Compiling time v0.3.47
[INFO] [stderr]    Compiling chrono-tz v0.9.0
[INFO] [stderr]    Compiling clap_lex v1.1.0
[INFO] [stderr]    Compiling anyhow v1.0.102
[INFO] [stderr]    Compiling synstructure v0.13.2
[INFO] [stderr]    Compiling ppv-lite86 v0.2.21
[INFO] [stderr]    Compiling pest_generator v2.8.4
[INFO] [stderr]    Compiling ryu v1.0.23
[INFO] [stderr]    Compiling winnow v1.0.1
[INFO] [stderr]    Compiling deunicode v1.6.2
[INFO] [stderr]    Compiling strsim v0.11.1
[INFO] [stderr]    Compiling iri-string v0.7.12
[INFO] [stderr]    Compiling toml_parser v1.1.2+spec-1.1.0
[INFO] [stderr]    Compiling clap_builder v4.6.0
[INFO] [stderr]    Compiling slug v0.1.6
[INFO] [stderr]    Compiling rand_chacha v0.3.1
[INFO] [stderr]    Compiling arc-swap v1.9.0
[INFO] [stderr]    Compiling is-wsl v0.4.0
[INFO] [stderr]    Compiling serde_spanned v1.1.1
[INFO] [stderr]    Compiling serde_path_to_error v0.1.20
[INFO] [stderr]    Compiling toml_datetime v1.1.1+spec-1.1.0
[INFO] [stderr]    Compiling http-body-util v0.1.3
[INFO] [stderr]    Compiling humansize v2.1.3
[INFO] [stderr]    Compiling secrecy v0.10.3
[INFO] [stderr]    Compiling web-time v1.1.0
[INFO] [stderr]    Compiling either v1.15.0
[INFO] [stderr]    Compiling unicode-segmentation v1.12.0
[INFO] [stderr]    Compiling toml_writer v1.1.1+spec-1.1.0
[INFO] [stderr]    Compiling pathdiff v0.2.3
[INFO] [stderr]    Compiling open v5.3.5
[INFO] [stderr]    Compiling colored v3.1.1
[INFO] [stderr]    Compiling toml v1.1.2+spec-1.1.0
[INFO] [stderr]    Compiling zerofrom-derive v0.1.6
[INFO] [stderr]    Compiling yoke-derive v0.8.1
[INFO] [stderr]    Compiling serde_derive v1.0.228
[INFO] [stderr]    Compiling zerovec-derive v0.11.2
[INFO] [stderr]    Compiling displaydoc v0.2.5
[INFO] [stderr]    Compiling tokio-macros v2.7.0
[INFO] [stderr]    Compiling futures-macro v0.3.32
[INFO] [stderr]    Compiling thiserror-impl v2.0.18
[INFO] [stderr]    Compiling tracing-attributes v0.1.31
[INFO] [stderr]    Compiling curve25519-dalek-derive v0.1.1
[INFO] [stderr]    Compiling tokio v1.52.3
[INFO] [stderr]    Compiling zerofrom v0.1.6
[INFO] [stderr]    Compiling yoke v0.8.1
[INFO] [stderr]    Compiling futures-util v0.3.32
[INFO] [stderr]    Compiling zerotrie v0.2.3
[INFO] [stderr]    Compiling globset v0.4.18
[INFO] [stderr]    Compiling zerovec v0.11.5
[INFO] [stderr]    Compiling snafu-derive v0.8.9
[INFO] [stderr]    Compiling pin-project-internal v1.1.11
[INFO] [stderr]    Compiling tracing v0.1.44
[INFO] [stderr]    Compiling simple_asn1 v0.6.4
[INFO] [stderr]    Compiling tinystr v0.8.2
[INFO] [stderr]    Compiling potential_utf v0.1.4
[INFO] [stderr]    Compiling icu_locale_core v2.1.1
[INFO] [stderr]    Compiling icu_collections v2.1.1
[INFO] [stderr]    Compiling ignore v0.4.25
[INFO] [stderr]    Compiling ed25519-dalek v2.2.0
[INFO] [stderr]    Compiling rsa v0.9.10
[INFO] [stderr]    Compiling pin-project v1.1.11
[INFO] [stderr]    Compiling pest_derive v2.8.4
[INFO] [stderr]    Compiling async-trait v0.1.89
[INFO] [stderr]    Compiling clap_derive v4.6.1
[INFO] [stderr]    Compiling icu_provider v2.1.1
[INFO] [stderr]    Compiling icu_normalizer v2.1.1
[INFO] [stderr]    Compiling icu_properties v2.1.2
[INFO] [stderr]    Compiling globwalk v0.9.1
[INFO] [stderr]    Compiling chrono v0.4.44
[INFO] [stderr]    Compiling jsonwebtoken v10.3.0
[INFO] [stderr]    Compiling serde_urlencoded v0.7.1
[INFO] [stderr]    Compiling snafu v0.8.9
[INFO] [stderr]    Compiling cargo_metadata v0.23.1
[INFO] [stderr]    Compiling futures-executor v0.3.32
[INFO] [stderr]    Compiling futures v0.3.32
[INFO] [stderr]    Compiling clap v4.6.1
[INFO] [stderr]    Compiling hyper v1.9.0
[INFO] [stderr]    Compiling tokio-util v0.7.18
[INFO] [stderr]    Compiling tower v0.5.3
[INFO] [stderr]    Compiling idna_adapter v1.2.1
[INFO] [stderr]    Compiling idna v1.1.0
[INFO] [stderr]    Compiling octocrab v0.49.7
[INFO] [stderr]    Compiling url v2.5.8
[INFO] [stderr]    Compiling tower-http v0.6.8
[INFO] [stderr]    Compiling hyper-util v0.1.20
[INFO] [stderr]    Compiling hyper-timeout v0.5.2
[INFO] [stderr]    Compiling rustls-webpki v0.103.13
[INFO] [stderr]    Compiling tera v1.20.1
[INFO] [stderr]    Compiling tokio-rustls v0.26.4
[INFO] [stderr]    Compiling hyper-rustls v0.27.7
[INFO] [stderr]    Compiling mrj v0.5.0 (/opt/rustwide/workdir)
[INFO] [stderr]     Finished `release` profile [optimized] target(s) in 5m 05s
[INFO] running `Command { std: "docker" "inspect" "f6beef1a49f769ccc4f0fd52a3a30d1e5e9cfab106e2772281267d48155ca79a", kill_on_drop: false }`
[INFO] running `Command { std: "docker" "exec" "-e" "SOURCE_DIR=/opt/rustwide/workdir" "-e" "CARGO_HOME=/opt/rustwide/cargo-home" "-e" "RUSTUP_HOME=/opt/rustwide/rustup-home" "-e" "CARGO_TARGET_DIR=/opt/rustwide/target" "-e" "CARGO_INCREMENTAL=0" "-e" "RUST_BACKTRACE=full" "-e" "RUSTFLAGS=--cap-lints=warn" "-e" "RUSTDOCFLAGS=--cap-lints=warn" "-w" "/opt/rustwide/workdir" "--user" "0:0" "f6beef1a49f769ccc4f0fd52a3a30d1e5e9cfab106e2772281267d48155ca79a" "/opt/rustwide/cargo-home/bin/cargo" "+1.99.0-beta.8" "test" "--frozen" "--no-run" "--message-format=json" "--release", kill_on_drop: false }`
[INFO] [stderr]    Compiling bitflags v2.11.0
[INFO] [stderr]    Compiling rustix v1.1.2
[INFO] [stderr]    Compiling getrandom v0.3.4
[INFO] [stderr]    Compiling linux-raw-sys v0.11.0
[INFO] [stderr]    Compiling fastrand v2.3.0
[INFO] [stderr]    Compiling console v0.16.3
[INFO] [stderr]    Compiling similar v2.7.0
[INFO] [stderr]    Compiling globwalk v0.9.1
[INFO] [stderr]    Compiling tower-http v0.6.8
[INFO] [stderr]    Compiling tera v1.20.1
[INFO] [stderr]    Compiling octocrab v0.49.7
[INFO] [stderr]    Compiling tempfile v3.23.0
[INFO] [stderr]    Compiling insta v1.47.2
[INFO] [stderr]    Compiling insta-cmd v0.6.0
[INFO] [stderr]    Compiling mrj v0.5.0 (/opt/rustwide/workdir)
[INFO] [stderr]     Finished `release` profile [optimized] target(s) in 3m 51s
[INFO] running `Command { std: "docker" "inspect" "f6beef1a49f769ccc4f0fd52a3a30d1e5e9cfab106e2772281267d48155ca79a", kill_on_drop: false }`
[INFO] running `Command { std: "docker" "exec" "-e" "SOURCE_DIR=/opt/rustwide/workdir" "-e" "CARGO_HOME=/opt/rustwide/cargo-home" "-e" "RUSTUP_HOME=/opt/rustwide/rustup-home" "-e" "CARGO_TARGET_DIR=/opt/rustwide/target" "-e" "CARGO_INCREMENTAL=0" "-e" "RUST_BACKTRACE=full" "-e" "RUSTFLAGS=--cap-lints=warn" "-e" "RUSTDOCFLAGS=--cap-lints=warn" "-w" "/opt/rustwide/workdir" "--user" "0:0" "f6beef1a49f769ccc4f0fd52a3a30d1e5e9cfab106e2772281267d48155ca79a" "/opt/rustwide/cargo-home/bin/cargo" "+1.99.0-beta.8" "test" "--frozen" "--release", kill_on_drop: false }`
[INFO] [stderr]     Finished `release` profile [optimized] target(s) in 0.38s
[INFO] [stderr]      Running unittests src/main.rs (/opt/rustwide/target/release/deps/mrj-82e8c45227610b16)
[INFO] [stdout] 
[INFO] [stdout] running 32 tests
[INFO] [stdout] test config::tests::parsing_invalid_sort_direction_fails ... ok
[INFO] [stdout] test config::tests::parsing_invalid_merge_type_fails ... ok
[INFO] [stdout] test config::tests::parsing_invalid_regex_for_head_pattern_fails ... ok
[INFO] [stdout] test config::tests::parsing_invalid_toml_fails ... ok
[INFO] [stdout] test config::tests::parsing_invalid_sort_by_fails ... ok
[INFO] [stdout] test merge::run::tests::filtering_repo_result_filters_out_head_disqualified_prs_by_default ... ok
[INFO] [stdout] test merge::run::tests::filtering_repo_result_filters_out_author_disqualified_prs_by_default ... ok
[INFO] [stdout] test config::tests::parsing_correct_config_with_all_props_works ... ok
[INFO] [stdout] test domain::tests::run_summary_works_as_expected ... ok
[INFO] [stdout] test config::tests::parsing_correct_config_with_all_mandatory_props_only ... ok
[INFO] [stdout] test merge::run::tests::filtering_repo_result_keeps_author_disqualified_prs_when_requested ... ok
[INFO] [stdout] test merge::run::tests::filtering_repo_result_keeps_head_disqualified_prs_when_requested ... ok
[INFO] [stdout] test merge::run::tests::filtering_repo_result_keeps_repo_with_empty_results_when_requested ... ok
[INFO] [stdout] test merge::tests::log::disqualification_reasons_are_left_aligned_in_summary ... ok
[INFO] [stdout] test merge::run::tests::filtering_repo_result_passes_through_errored_repo_results ... ok
[INFO] [stdout] test merge::tests::log::pr_with_unknown_author_is_printed_if_requested ... ok
[INFO] [stdout] test merge::run::tests::filtering_repo_result_keeps_qualified_prs ... ok
[INFO] [stdout] test merge::tests::log::disqualifications_can_be_skipped_in_summary_when_requested ... ok
[INFO] [stdout] test merge::tests::log::pr_with_unmatched_head_is_printed_if_requested ... ok
[INFO] [stdout] test merge::tests::log::printing_summary_works ... ok
[INFO] [stdout] test merge::tests::log::pr_with_a_failed_check_is_printed_correctly ... ok
[INFO] [stdout] test merge::tests::log::pr_with_a_finished_check_is_printed_correctly ... ok
[INFO] [stdout] test merge::tests::log::pr_with_empty_check_conclusion_is_printed_correctly ... ok
[INFO] [stdout] test merge::tests::log::pr_with_an_undesirable_state_is_printed_correctly ... ok
[INFO] [stdout] test merge::tests::log::failed_repo_result_is_printed_correctly ... ok
[INFO] [stdout] test merge::run::tests::filtering_repo_result_keeps_only_visible_results_in_mixed_repo_results ... ok
[INFO] [stdout] test report::html::tests::render_report_works_for_custom_template ... ok
[INFO] [stdout] test merge::tests::log::summary_doesnt_include_dq_if_none_exist ... ok
[INFO] [stdout] test merge::tests::log::pr_with_unknown_state_is_printed_correctly ... ok
[INFO] [stdout] test merge::tests::log::pr_with_untrusted_author_is_printed_if_requested ... ok
[INFO] [stdout] test report::io::tests::gather_run_data_works_correctly ... ok
[INFO] [stdout] test report::html::tests::render_report_works_for_builtin_template ... ok
[INFO] [stdout] 
[INFO] [stdout] test result: ok. 32 passed; 0 failed; 0 ignored; 0 measured; 0 filtered out; finished in 0.03s
[INFO] [stdout] 
[INFO] [stderr]      Running tests/config_test.rs (/opt/rustwide/target/release/deps/config_test-3bc1343d06cd7906)
[INFO] [stdout] 
[INFO] [stdout] running 7 tests
[INFO] [stdout] test parsing_valid_config_with_mandatory_props_only_works ... ok
[INFO] [stdout] test sample_config_is_valid ... ok
[INFO] [stdout] test parsing_valid_config_with_all_props_works ... ok
[INFO] [stdout] test printing_sample_config_works ... ok
[INFO] [stdout] test parsing_invalid_config_fails ... FAILED
[INFO] [stdout] test parsing_invalid_toml_fails ... FAILED
[INFO] [stdout] test fails_if_invalid_repos_provided_via_config ... FAILED
[INFO] [stdout] 
[INFO] [stdout] failures:
[INFO] [stdout] 
[INFO] [stdout] ---- parsing_invalid_config_fails stdout ----
[INFO] [stdout] ━━━━━━━━━━━━━━━━━━━━━━━━━━━━━━━ Snapshot Summary ━━━━━━━━━━━━━━━━━━━━━━━━━━━━━━━
[INFO] [stdout] Snapshot: parsing_invalid_config_fails
[INFO] [stdout] Source: tests/config_test.rs:190
[INFO] [stdout] ────────────────────────────────────────────────────────────────────────────────
[INFO] [stdout] program: mrj
[INFO] [stdout] args:
[INFO] [stdout]   - config
[INFO] [stdout]   - validate
[INFO] [stdout]   - "--path"
[INFO] [stdout]   - tests/assets/invalid-config.toml
[INFO] [stdout] env:
[INFO] [stdout]   MRJ_TOKEN: invalid
[INFO] [stdout] ────────────────────────────────────────────────────────────────────────────────
[INFO] [stdout] -old snapshot
[INFO] [stdout] +new results
[INFO] [stdout] ────────────┬───────────────────────────────────────────────────────────────────
[INFO] [stdout]     6     6 │ Error: TOML parse error at line 1, column 9
[INFO] [stdout]     7     7 │   |
[INFO] [stdout]     8     8 │ 1 | repos = "not a list"
[INFO] [stdout]     9     9 │   |         ^^^^^^^^^^^^
[INFO] [stdout]    10       │-invalid type: string "not a list", expected a sequence
[INFO] [stdout]          10 │+invalid type: string "not a list", expected a sequence
[INFO] [stdout]          11 │+
[INFO] [stdout]          12 │+
[INFO] [stdout]          13 │+Stack backtrace:
[INFO] [stdout]          14 │+   0: <unknown>
[INFO] [stdout]          15 │+   1: <unknown>
[INFO] [stdout]          16 │+   2: <unknown>
[INFO] [stdout]          17 │+   3: <unknown>
[INFO] [stdout]          18 │+   4: <unknown>
[INFO] [stdout]          19 │+   5: <unknown>
[INFO] [stdout]          20 │+   6: <unknown>
[INFO] [stdout]          21 │+   7: __libc_start_main
[INFO] [stdout]          22 │+   8: <unknown>
[INFO] [stdout] ────────────┴───────────────────────────────────────────────────────────────────
[INFO] [stdout] 
[INFO] [stdout] thread 'parsing_invalid_config_fails' (3801) panicked at tests/config_test.rs:190:5:
[INFO] [stdout] called `Result::unwrap()` on an `Err` value: Os { code: 30, kind: ReadOnlyFilesystem, message: "Read-only file system" }
[INFO] [stdout] stack backtrace:
[INFO] [stdout]    0:     0x57e6274936e5 - <unknown>
[INFO] [stdout]    1:     0x57e62740ed9a - <unknown>
[INFO] [stdout]    2:     0x57e627492d7b - <unknown>
[INFO] [stdout]    3:     0x57e62749285f - <unknown>
[INFO] [stdout]    4:     0x57e62749248a - <unknown>
[INFO] [stdout]    5:     0x57e627491fc2 - <unknown>
[INFO] [stdout]    6:     0x57e6274b8de1 - <unknown>
[INFO] [stdout]    7:     0x57e6274b8d99 - <unknown>
[INFO] [stdout]    8:     0x57e6274b92ac - <unknown>
[INFO] [stdout]    9:     0x57e62740ec2b - <unknown>
[INFO] [stdout]   10:     0x57e627412a71 - <unknown>
[INFO] [stdout]   11:     0x57e62740a7c8 - <unknown>
[INFO] [stdout]   12:     0x57e6274d52bb - <unknown>
[INFO] [stdout]   13:     0x57e6274d1431 - <unknown>
[INFO] [stdout]   14:     0x57e6274d0c1c - <unknown>
[INFO] [stdout]   15:     0x57e6274ecc8c - <unknown>
[INFO] [stdout]   16:     0x57e6274ba842 - <unknown>
[INFO] [stdout]   17:     0x718c51f00dfa - <unknown>
[INFO] [stdout]   18:     0x718c51f943d4 - clone
[INFO] [stdout]   19:                0x0 - <unknown>
[INFO] [stdout] 
[INFO] [stdout] ---- parsing_invalid_toml_fails stdout ----
[INFO] [stdout] ━━━━━━━━━━━━━━━━━━━━━━━━━━━━━━━ Snapshot Summary ━━━━━━━━━━━━━━━━━━━━━━━━━━━━━━━
[INFO] [stdout] Snapshot: parsing_invalid_toml_fails
[INFO] [stdout] Source: tests/config_test.rs:163
[INFO] [stdout] ────────────────────────────────────────────────────────────────────────────────
[INFO] [stdout] program: mrj
[INFO] [stdout] args:
[INFO] [stdout]   - config
[INFO] [stdout]   - validate
[INFO] [stdout]   - "--path"
[INFO] [stdout]   - tests/assets/invalid.toml
[INFO] [stdout] env:
[INFO] [stdout]   MRJ_TOKEN: invalid
[INFO] [stdout] ────────────────────────────────────────────────────────────────────────────────
[INFO] [stdout] -old snapshot
[INFO] [stdout] +new results
[INFO] [stdout] ────────────┬───────────────────────────────────────────────────────────────────
[INFO] [stdout]     6     6 │ Error: TOML parse error at line 10, column 17
[INFO] [stdout]     7     7 │    |
[INFO] [stdout]     8     8 │ 10 | trusted_authors = ["dependabot[bot]"]
[INFO] [stdout]     9     9 │    |                 ^
[INFO] [stdout]    10       │-unexpected `=` in array, expected value, `]`
[INFO] [stdout]          10 │+unexpected `=` in array, expected value, `]`
[INFO] [stdout]          11 │+
[INFO] [stdout]          12 │+
[INFO] [stdout]          13 │+Stack backtrace:
[INFO] [stdout]          14 │+   0: <unknown>
[INFO] [stdout]          15 │+   1: <unknown>
[INFO] [stdout]          16 │+   2: <unknown>
[INFO] [stdout]          17 │+   3: <unknown>
[INFO] [stdout]          18 │+   4: <unknown>
[INFO] [stdout]          19 │+   5: <unknown>
[INFO] [stdout]          20 │+   6: <unknown>
[INFO] [stdout]          21 │+   7: __libc_start_main
[INFO] [stdout]          22 │+   8: <unknown>
[INFO] [stderr] error: test failed, to rerun pass `--test config_test`
[INFO] [stdout] ────────────┴───────────────────────────────────────────────────────────────────
[INFO] [stdout] 
[INFO] [stdout] thread 'parsing_invalid_toml_fails' (3802) panicked at tests/config_test.rs:163:5:
[INFO] [stdout] called `Result::unwrap()` on an `Err` value: Os { code: 30, kind: ReadOnlyFilesystem, message: "Read-only file system" }
[INFO] [stdout] stack backtrace:
[INFO] [stdout]    0:     0x57e6274936e5 - <unknown>
[INFO] [stdout]    1:     0x57e62740ed9a - <unknown>
[INFO] [stdout]    2:     0x57e627492d7b - <unknown>
[INFO] [stdout]    3:     0x57e62749285f - <unknown>
[INFO] [stdout]    4:     0x57e62749248a - <unknown>
[INFO] [stdout]    5:     0x57e627491fc2 - <unknown>
[INFO] [stdout]    6:     0x57e6274b8de1 - <unknown>
[INFO] [stdout]    7:     0x57e6274b8d99 - <unknown>
[INFO] [stdout]    8:     0x57e6274b92ac - <unknown>
[INFO] [stdout]    9:     0x57e62740ec2b - <unknown>
[INFO] [stdout]   10:     0x57e627412a71 - <unknown>
[INFO] [stdout]   11:     0x57e62740a0d8 - <unknown>
[INFO] [stdout]   12:     0x57e6274d52bb - <unknown>
[INFO] [stdout]   13:     0x57e6274d1431 - <unknown>
[INFO] [stdout]   14:     0x57e6274d0c1c - <unknown>
[INFO] [stdout]   15:     0x57e6274ecc8c - <unknown>
[INFO] [stdout]   16:     0x57e6274ba842 - <unknown>
[INFO] [stdout]   17:     0x718c51f00dfa - <unknown>
[INFO] [stdout]   18:     0x718c51f943d4 - clone
[INFO] [stdout]   19:                0x0 - <unknown>
[INFO] [stdout] 
[INFO] [stdout] ---- fails_if_invalid_repos_provided_via_config stdout ----
[INFO] [stdout] ━━━━━━━━━━━━━━━━━━━━━━━━━━━━━━━ Snapshot Summary ━━━━━━━━━━━━━━━━━━━━━━━━━━━━━━━
[INFO] [stdout] Snapshot: fails_if_invalid_repos_provided_via_config
[INFO] [stdout] Source: tests/config_test.rs:217
[INFO] [stdout] ────────────────────────────────────────────────────────────────────────────────
[INFO] [stdout] program: mrj
[INFO] [stdout] args:
[INFO] [stdout]   - config
[INFO] [stdout]   - validate
[INFO] [stdout]   - "--path"
[INFO] [stdout]   - tests/assets/config-with-invalid-repos.toml
[INFO] [stdout] env:
[INFO] [stdout]   MRJ_TOKEN: invalid
[INFO] [stdout] ────────────────────────────────────────────────────────────────────────────────
[INFO] [stdout] -old snapshot
[INFO] [stdout] +new results
[INFO] [stdout] ────────────┬───────────────────────────────────────────────────────────────────
[INFO] [stdout]     6     6 │ Error: TOML parse error at line 3, column 5
[INFO] [stdout]     7     7 │   |
[INFO] [stdout]     8     8 │ 3 |     "invalid-repo",
[INFO] [stdout]     9     9 │   |     ^^^^^^^^^^^^^^
[INFO] [stdout]    10       │-invalid value: string "invalid-repo", expected a value in the form "owner/repo"
[INFO] [stdout]          10 │+invalid value: string "invalid-repo", expected a value in the form "owner/repo"
[INFO] [stdout]          11 │+
[INFO] [stdout]          12 │+
[INFO] [stdout]          13 │+Stack backtrace:
[INFO] [stdout]          14 │+   0: <unknown>
[INFO] [stdout]          15 │+   1: <unknown>
[INFO] [stdout]          16 │+   2: <unknown>
[INFO] [stdout]          17 │+   3: <unknown>
[INFO] [stdout]          18 │+   4: <unknown>
[INFO] [stdout]          19 │+   5: <unknown>
[INFO] [stdout]          20 │+   6: <unknown>
[INFO] [stdout]          21 │+   7: __libc_start_main
[INFO] [stdout]          22 │+   8: <unknown>
[INFO] [stdout] ────────────┴───────────────────────────────────────────────────────────────────
[INFO] [stdout] 
[INFO] [stdout] thread 'fails_if_invalid_repos_provided_via_config' (3800) panicked at tests/config_test.rs:217:5:
[INFO] [stdout] called `Result::unwrap()` on an `Err` value: Os { code: 30, kind: ReadOnlyFilesystem, message: "Read-only file system" }
[INFO] [stdout] stack backtrace:
[INFO] [stdout]    0:     0x57e6274936e5 - <unknown>
[INFO] [stdout]    1:     0x57e62740ed9a - <unknown>
[INFO] [stdout]    2:     0x57e627492d7b - <unknown>
[INFO] [stdout]    3:     0x57e62749285f - <unknown>
[INFO] [stdout]    4:     0x57e62749248a - <unknown>
[INFO] [stdout]    5:     0x57e627491fc2 - <unknown>
[INFO] [stdout]    6:     0x57e6274b8de1 - <unknown>
[INFO] [stdout]    7:     0x57e6274b8d99 - <unknown>
[INFO] [stdout]    8:     0x57e6274b92ac - <unknown>
[INFO] [stdout]    9:     0x57e62740ec2b - <unknown>
[INFO] [stdout]   10:     0x57e627412a71 - <unknown>
[INFO] [stdout]   11:     0x57e62740bce8 - <unknown>
[INFO] [stdout]   12:     0x57e6274d52bb - <unknown>
[INFO] [stdout]   13:     0x57e6274d1431 - <unknown>
[INFO] [stdout]   14:     0x57e6274d0c1c - <unknown>
[INFO] [stdout]   15:     0x57e6274ecc8c - <unknown>
[INFO] [stdout]   16:     0x57e6274ba842 - <unknown>
[INFO] [stdout]   17:     0x718c51f00dfa - <unknown>
[INFO] [stdout]   18:     0x718c51f943d4 - clone
[INFO] [stdout]   19:                0x0 - <unknown>
[INFO] [stdout] 
[INFO] [stdout] 
[INFO] [stdout] failures:
[INFO] [stdout]     fails_if_invalid_repos_provided_via_config
[INFO] [stdout]     parsing_invalid_config_fails
[INFO] [stdout]     parsing_invalid_toml_fails
[INFO] [stdout] 
[INFO] [stdout] test result: FAILED. 4 passed; 3 failed; 0 ignored; 0 measured; 0 filtered out; finished in 0.04s
[INFO] [stdout] 
[INFO] running `Command { std: "docker" "inspect" "f6beef1a49f769ccc4f0fd52a3a30d1e5e9cfab106e2772281267d48155ca79a", kill_on_drop: false }`
[INFO] running `Command { std: "docker" "rm" "-f" "f6beef1a49f769ccc4f0fd52a3a30d1e5e9cfab106e2772281267d48155ca79a", kill_on_drop: false }`
[INFO] [stdout] f6beef1a49f769ccc4f0fd52a3a30d1e5e9cfab106e2772281267d48155ca79a
