[INFO] fetching crate meld 2.7.0...
[INFO] testing meld-2.7.0 against 1.99.0-beta.8+cargoflags=--release for beta-release-1.100-2
[INFO] extracting crate meld 2.7.0 into /workspace/builds/worker-7-tc1/source
[INFO] started tweaking crates.io crate meld 2.7.0
[INFO] removed 0 missing tests
[INFO] finished tweaking crates.io crate meld 2.7.0
[INFO] tweaked toml for crates.io crate meld 2.7.0 written to /workspace/builds/worker-7-tc1/source/Cargo.toml
[INFO] validating manifest of crates.io crate meld 2.7.0 on toolchain 1.99.0-beta.8
[INFO] running `Command { std: CARGO_HOME="/workspace/cargo-home" RUSTUP_HOME="/workspace/rustup-home" "/workspace/cargo-home/bin/cargo" "+1.99.0-beta.8" "metadata" "--manifest-path" "Cargo.toml" "--no-deps", kill_on_drop: false }`
[INFO] crate crates.io crate meld 2.7.0 already has a lockfile, it will not be regenerated
[INFO] running `Command { std: CARGO_HOME="/workspace/cargo-home" RUSTUP_HOME="/workspace/rustup-home" "/workspace/cargo-home/bin/cargo" "+1.99.0-beta.8" "fetch" "--manifest-path" "Cargo.toml", kill_on_drop: false }`
[INFO] [stderr]     Updating crates.io index
[INFO] [stderr]  Downloading crates ...
[INFO] [stderr]   Downloaded rs_merkle v1.5.0
[INFO] [stderr]   Downloaded meld-events v2.7.0
[INFO] [stderr]   Downloaded meld-lang v2.7.0
[INFO] [stderr]   Downloaded meld-execution v2.7.0
[INFO] [stderr]   Downloaded meld-world-model v2.7.0
[INFO] [stderr]   Downloaded sled v0.34.7
[INFO] [stderr]   Downloaded comfy-table v7.2.2
[INFO] running `Command { std: "docker" "create" "-v" "/var/lib/crater-agent-workspace/builds/worker-7-tc1/source:/opt/rustwide/workdir:ro,Z" "-v" "/var/lib/crater-agent-workspace/builds/worker-7-tc1/target:/opt/rustwide/target:rw,Z" "-v" "/var/lib/crater-agent-workspace/cargo-home:/opt/rustwide/cargo-home:ro,Z" "-v" "/var/lib/crater-agent-workspace/rustup-home:/opt/rustwide/rustup-home:ro,Z" "-m" "1610612736" "--network" "none" "ghcr.io/rust-lang/crates-build-env/linux@sha256:77db811e55d90add9212f6832c23229e3de5f1c1f9905e8cb07319ea15df73ac" "sleep" "infinity", kill_on_drop: false }`
[INFO] [stdout] 952509c1779cac31300aff7142343e8c3c1b7463829e7def25fd5976d9ab9e3c
[INFO] running `Command { std: "docker" "start" "952509c1779cac31300aff7142343e8c3c1b7463829e7def25fd5976d9ab9e3c", kill_on_drop: false }`
[INFO] running `Command { std: "docker" "inspect" "952509c1779cac31300aff7142343e8c3c1b7463829e7def25fd5976d9ab9e3c", kill_on_drop: false }`
[INFO] running `Command { std: "docker" "exec" "-e" "SOURCE_DIR=/opt/rustwide/workdir" "-e" "CARGO_HOME=/opt/rustwide/cargo-home" "-e" "RUSTUP_HOME=/opt/rustwide/rustup-home" "-e" "CARGO_TARGET_DIR=/opt/rustwide/target" "-w" "/opt/rustwide/workdir" "--user" "0:0" "952509c1779cac31300aff7142343e8c3c1b7463829e7def25fd5976d9ab9e3c" "/opt/rustwide/cargo-home/bin/cargo" "+1.99.0-beta.8" "metadata" "--no-deps" "--format-version=1", kill_on_drop: false }`
[INFO] running `Command { std: "docker" "inspect" "952509c1779cac31300aff7142343e8c3c1b7463829e7def25fd5976d9ab9e3c", kill_on_drop: false }`
[INFO] running `Command { std: "docker" "exec" "-e" "SOURCE_DIR=/opt/rustwide/workdir" "-e" "CARGO_HOME=/opt/rustwide/cargo-home" "-e" "RUSTUP_HOME=/opt/rustwide/rustup-home" "-e" "CARGO_TARGET_DIR=/opt/rustwide/target" "-e" "CARGO_INCREMENTAL=0" "-e" "RUST_BACKTRACE=full" "-e" "RUSTFLAGS=--cap-lints=warn" "-e" "RUSTDOCFLAGS=--cap-lints=warn" "-w" "/opt/rustwide/workdir" "--user" "0:0" "952509c1779cac31300aff7142343e8c3c1b7463829e7def25fd5976d9ab9e3c" "/opt/rustwide/cargo-home/bin/cargo" "+1.99.0-beta.8" "build" "--frozen" "--message-format=json" "--release", kill_on_drop: false }`
[INFO] [stderr]    Compiling syn v2.0.117
[INFO] [stderr]    Compiling smallvec v1.15.1
[INFO] [stderr]    Compiling log v0.4.30
[INFO] [stderr]    Compiling openssl-sys v0.9.116
[INFO] [stderr]    Compiling crunchy v0.2.4
[INFO] [stderr]    Compiling bitflags v2.11.1
[INFO] [stderr]    Compiling num-traits v0.2.19
[INFO] [stderr]    Compiling libc v0.2.186
[INFO] [stderr]    Compiling ahash v0.8.12
[INFO] [stderr]    Compiling parking_lot_core v0.8.6
[INFO] [stderr]    Compiling tiny-keccak v2.0.2
[INFO] [stderr]    Compiling serde_json v1.0.150
[INFO] [stderr]    Compiling mio v1.2.0
[INFO] [stderr]    Compiling socket2 v0.6.3
[INFO] [stderr]    Compiling instant v0.1.13
[INFO] [stderr]    Compiling memchr v2.8.1
[INFO] [stderr]    Compiling rustix v1.1.4
[INFO] [stderr]    Compiling once_cell v1.21.4
[INFO] [stderr]    Compiling typenum v1.20.0
[INFO] [stderr]    Compiling openssl v0.10.80
[INFO] [stderr]    Compiling allocator-api2 v0.2.21
[INFO] [stderr]    Compiling http v0.2.12
[INFO] [stderr]    Compiling parking_lot v0.11.2
[INFO] [stderr]    Compiling fxhash v0.2.1
[INFO] [stderr]    Compiling crossbeam-epoch v0.9.18
[INFO] [stderr]    Compiling fs2 v0.4.3
[INFO] [stderr]    Compiling native-tls v0.2.18
[INFO] [stderr]    Compiling parking_lot_core v0.9.12
[INFO] [stderr]    Compiling anstyle-parse v1.0.0
[INFO] [stderr]    Compiling hashbrown v0.14.5
[INFO] [stderr]    Compiling pest v2.8.6
[INFO] [stderr]    Compiling sled v0.34.7
[INFO] [stderr]    Compiling parking_lot v0.12.5
[INFO] [stderr]    Compiling blake3 v1.8.5
[INFO] [stderr]    Compiling anstyle-query v1.1.5
[INFO] [stderr]    Compiling litrs v1.0.0
[INFO] [stderr]    Compiling unicode-width v0.2.2
[INFO] [stderr]    Compiling is_terminal_polyfill v1.70.2
[INFO] [stderr]    Compiling generic-array v0.14.7
[INFO] [stderr]    Compiling ucd-trie v0.1.7
[INFO] [stderr]    Compiling colorchoice v1.0.5
[INFO] [stderr]    Compiling anstyle v1.0.14
[INFO] [stderr]    Compiling chrono v0.4.44
[INFO] [stderr]    Compiling regex-syntax v0.8.10
[INFO] [stderr]    Compiling http-body v0.4.6
[INFO] [stderr]    Compiling block-buffer v0.10.4
[INFO] [stderr]    Compiling crypto-common v0.1.7
[INFO] [stderr]    Compiling hashlink v0.8.4
[INFO] [stderr]    Compiling document-features v0.2.12
[INFO] [stderr]    Compiling anstream v1.0.0
[INFO] [stderr]    Compiling getrandom v0.2.17
[INFO] [stderr]    Compiling digest v0.10.7
[INFO] [stderr]    Compiling const-random-macro v0.1.16
[INFO] [stderr]    Compiling inotify-sys v0.1.5
[INFO] [stderr]    Compiling arraydeque v0.5.1
[INFO] [stderr]    Compiling owo-colors v4.3.0
[INFO] [stderr]    Compiling const-random v0.1.18
[INFO] [stderr]    Compiling dlv-list v0.5.2
[INFO] [stderr]    Compiling unsafe-libyaml v0.2.11
[INFO] [stderr]    Compiling clap_lex v1.1.0
[INFO] [stderr]    Compiling option-ext v0.2.0
[INFO] [stderr]    Compiling dirs-sys v0.4.1
[INFO] [stderr]    Compiling clap_builder v4.6.0
[INFO] [stderr]    Compiling yaml-rust2 v0.8.1
[INFO] [stderr]    Compiling ordered-multimap v0.7.3
[INFO] [stderr]    Compiling sha2 v0.10.9
[INFO] [stderr]    Compiling pest_meta v2.8.6
[INFO] [stderr]    Compiling rust-ini v0.20.0
[INFO] [stderr]    Compiling nom v7.1.3
[INFO] [stderr]    Compiling crossterm v0.29.0
[INFO] [stderr]    Compiling tempfile v3.27.0
[INFO] [stderr]    Compiling regex-automata v0.4.14
[INFO] [stderr]    Compiling inotify v0.9.6
[INFO] [stderr]    Compiling convert_case v0.6.0
[INFO] [stderr]    Compiling console v0.15.11
[INFO] [stderr]    Compiling rustls-pemfile v1.0.4
[INFO] [stderr]    Compiling tracing-log v0.2.0
[INFO] [stderr]    Compiling mio v0.8.11
[INFO] [stderr]    Compiling crossbeam-channel v0.5.15
[INFO] [stderr]    Compiling filetime v0.2.29
[INFO] [stderr]    Compiling thread_local v1.1.9
[INFO] [stderr]    Compiling sync_wrapper v0.1.2
[INFO] [stderr]    Compiling pathdiff v0.2.3
[INFO] [stderr]    Compiling comfy-table v7.2.2
[INFO] [stderr]    Compiling rs_merkle v1.5.0
[INFO] [stderr]    Compiling directories v5.0.1
[INFO] [stderr]    Compiling notify v6.1.1
[INFO] [stderr]    Compiling dunce v1.0.5
[INFO] [stderr]    Compiling synstructure v0.13.2
[INFO] [stderr]    Compiling pest_generator v2.8.6
[INFO] [stderr]    Compiling serde_derive v1.0.228
[INFO] [stderr]    Compiling zerofrom-derive v0.1.7
[INFO] [stderr]    Compiling yoke-derive v0.8.2
[INFO] [stderr]    Compiling zerovec-derive v0.11.3
[INFO] [stderr]    Compiling displaydoc v0.2.6
[INFO] [stderr]    Compiling tracing-attributes v0.1.31
[INFO] [stderr]    Compiling futures-macro v0.3.32
[INFO] [stderr]    Compiling tokio-macros v2.7.0
[INFO] [stderr]    Compiling thiserror-impl v1.0.69
[INFO] [stderr]    Compiling zerofrom v0.1.8
[INFO] [stderr]    Compiling tokio v1.52.3
[INFO] [stderr]    Compiling openssl-macros v0.1.1
[INFO] [stderr]    Compiling yoke v0.8.2
[INFO] [stderr]    Compiling async-trait v0.1.89
[INFO] [stderr]    Compiling zerovec v0.11.6
[INFO] [stderr]    Compiling futures-util v0.3.32
[INFO] [stderr]    Compiling tracing v0.1.44
[INFO] [stderr]    Compiling zerotrie v0.2.4
[INFO] [stderr]    Compiling pest_derive v2.8.6
[INFO] [stderr]    Compiling thiserror v1.0.69
[INFO] [stderr]    Compiling matchers v0.2.0
[INFO] [stderr]    Compiling clap_derive v4.6.1
[INFO] [stderr]    Compiling tinystr v0.8.3
[INFO] [stderr]    Compiling potential_utf v0.1.5
[INFO] [stderr]    Compiling dialoguer v0.11.0
[INFO] [stderr]    Compiling icu_collections v2.2.0
[INFO] [stderr]    Compiling icu_locale_core v2.2.0
[INFO] [stderr]    Compiling serde v1.0.228
[INFO] [stderr]    Compiling clap v4.6.1
[INFO] [stderr]    Compiling icu_provider v2.2.0
[INFO] [stderr]    Compiling icu_properties v2.2.0
[INFO] [stderr]    Compiling icu_normalizer v2.2.0
[INFO] [stderr]    Compiling toml_datetime v0.6.11
[INFO] [stderr]    Compiling serde_spanned v0.6.9
[INFO] [stderr]    Compiling meld-events v2.7.0
[INFO] [stderr]    Compiling tracing-serde v0.2.0
[INFO] [stderr]    Compiling json5 v0.4.1
[INFO] [stderr]    Compiling ron v0.8.1
[INFO] [stderr]    Compiling serde_urlencoded v0.7.1
[INFO] [stderr]    Compiling serde_yaml v0.9.34+deprecated
[INFO] [stderr]    Compiling bincode v1.3.3
[INFO] [stderr]    Compiling tracing-subscriber v0.3.23
[INFO] [stderr]    Compiling toml_edit v0.22.27
[INFO] [stderr]    Compiling meld-lang v2.7.0
[INFO] [stderr]    Compiling idna_adapter v1.2.2
[INFO] [stderr]    Compiling idna v1.1.0
[INFO] [stderr]    Compiling tokio-util v0.7.18
[INFO] [stderr]    Compiling url v2.5.8
[INFO] [stderr]    Compiling futures-executor v0.3.32
[INFO] [stderr]    Compiling tokio-native-tls v0.3.1
[INFO] [stderr]    Compiling futures v0.3.32
[INFO] [stderr]    Compiling meld-world-model v2.7.0
[INFO] [stderr]    Compiling meld-execution v2.7.0
[INFO] [stderr]    Compiling h2 v0.3.27
[INFO] [stderr]    Compiling toml v0.8.23
[INFO] [stderr]    Compiling config v0.14.1
[INFO] [stderr]    Compiling hyper v0.14.32
[INFO] [stderr]    Compiling hyper-tls v0.5.0
[INFO] [stderr]    Compiling reqwest v0.11.27
[INFO] [stderr]    Compiling meld v2.7.0 (/opt/rustwide/workdir)
[INFO] [stderr]     Finished `release` profile [optimized] target(s) in 3m 49s
[INFO] running `Command { std: "docker" "inspect" "952509c1779cac31300aff7142343e8c3c1b7463829e7def25fd5976d9ab9e3c", kill_on_drop: false }`
[INFO] running `Command { std: "docker" "exec" "-e" "SOURCE_DIR=/opt/rustwide/workdir" "-e" "CARGO_HOME=/opt/rustwide/cargo-home" "-e" "RUSTUP_HOME=/opt/rustwide/rustup-home" "-e" "CARGO_TARGET_DIR=/opt/rustwide/target" "-e" "CARGO_INCREMENTAL=0" "-e" "RUST_BACKTRACE=full" "-e" "RUSTFLAGS=--cap-lints=warn" "-e" "RUSTDOCFLAGS=--cap-lints=warn" "-w" "/opt/rustwide/workdir" "--user" "0:0" "952509c1779cac31300aff7142343e8c3c1b7463829e7def25fd5976d9ab9e3c" "/opt/rustwide/cargo-home/bin/cargo" "+1.99.0-beta.8" "test" "--frozen" "--no-run" "--message-format=json" "--release", kill_on_drop: false }`
[INFO] [stderr]    Compiling zerocopy v0.8.48
[INFO] [stderr]    Compiling bitflags v2.11.1
[INFO] [stderr]    Compiling zerocopy-derive v0.8.48
[INFO] [stderr]    Compiling serde_json v1.0.150
[INFO] [stderr]    Compiling serde v1.0.228
[INFO] [stderr]    Compiling chrono v0.4.44
[INFO] [stderr]    Compiling regex-automata v0.4.14
[INFO] [stderr]    Compiling either v1.16.0
[INFO] [stderr]    Compiling crossbeam-deque v0.8.6
[INFO] [stderr]    Compiling ciborium-io v0.2.2
[INFO] [stderr]    Compiling plotters-backend v0.3.7
[INFO] [stderr]    Compiling cast v0.3.0
[INFO] [stderr]    Compiling rand v0.9.4
[INFO] [stderr]    Compiling is-terminal v0.4.17
[INFO] [stderr]    Compiling oorandom v11.1.5
[INFO] [stderr]    Compiling anes v0.1.6
[INFO] [stderr]    Compiling rustix v1.1.4
[INFO] [stderr]    Compiling openssl v0.10.80
[INFO] [stderr]    Compiling rayon-core v1.13.0
[INFO] [stderr]    Compiling itertools v0.10.5
[INFO] [stderr]    Compiling plotters-svg v0.3.7
[INFO] [stderr]    Compiling plotters v0.3.7
[INFO] [stderr]    Compiling serde_spanned v0.6.9
[INFO] [stderr]    Compiling toml_datetime v0.6.11
[INFO] [stderr]    Compiling serde_yaml v0.9.34+deprecated
[INFO] [stderr]    Compiling serde_urlencoded v0.7.1
[INFO] [stderr]    Compiling json5 v0.4.1
[INFO] [stderr]    Compiling tracing-serde v0.2.0
[INFO] [stderr]    Compiling ron v0.8.1
[INFO] [stderr]    Compiling toml_edit v0.22.27
[INFO] [stderr]    Compiling bincode v1.3.3
[INFO] [stderr]    Compiling rayon v1.12.0
[INFO] [stderr]    Compiling tinytemplate v1.2.1
[INFO] [stderr]    Compiling meld-events v2.7.0
[INFO] [stderr]    Compiling criterion-plot v0.5.0
[INFO] [stderr]    Compiling meld-lang v2.7.0
[INFO] [stderr]    Compiling tempfile v3.27.0
[INFO] [stderr]    Compiling crossterm v0.29.0
[INFO] [stderr]    Compiling dialoguer v0.11.0
[INFO] [stderr]    Compiling comfy-table v7.2.2
[INFO] [stderr]    Compiling rusty-fork v0.3.1
[INFO] [stderr]    Compiling toml v0.8.23
[INFO] [stderr]    Compiling native-tls v0.2.18
[INFO] [stderr]    Compiling meld-execution v2.7.0
[INFO] [stderr]    Compiling meld-world-model v2.7.0
[INFO] [stderr]    Compiling tokio-native-tls v0.3.1
[INFO] [stderr]    Compiling hyper-tls v0.5.0
[INFO] [stderr]    Compiling matchers v0.2.0
[INFO] [stderr]    Compiling tracing-subscriber v0.3.23
[INFO] [stderr]    Compiling reqwest v0.11.27
[INFO] [stderr]    Compiling regex v1.12.3
[INFO] [stderr]    Compiling ahash v0.8.12
[INFO] [stderr]    Compiling half v2.7.1
[INFO] [stderr]    Compiling hashbrown v0.14.5
[INFO] [stderr]    Compiling ppv-lite86 v0.2.21
[INFO] [stderr]    Compiling ciborium-ll v0.2.2
[INFO] [stderr]    Compiling ciborium v0.2.2
[INFO] [stderr]    Compiling rand_chacha v0.9.0
[INFO] [stderr]    Compiling proptest v1.11.0
[INFO] [stderr]    Compiling hashlink v0.8.4
[INFO] [stderr]    Compiling ordered-multimap v0.7.3
[INFO] [stderr]    Compiling criterion v0.5.1
[INFO] [stderr]    Compiling rust-ini v0.20.0
[INFO] [stderr]    Compiling yaml-rust2 v0.8.1
[INFO] [stderr]    Compiling config v0.14.1
[INFO] [stderr]    Compiling meld v2.7.0 (/opt/rustwide/workdir)
[INFO] [stderr]     Finished `release` profile [optimized] target(s) in 3m 59s
[INFO] running `Command { std: "docker" "inspect" "952509c1779cac31300aff7142343e8c3c1b7463829e7def25fd5976d9ab9e3c", kill_on_drop: false }`
[INFO] running `Command { std: "docker" "exec" "-e" "SOURCE_DIR=/opt/rustwide/workdir" "-e" "CARGO_HOME=/opt/rustwide/cargo-home" "-e" "RUSTUP_HOME=/opt/rustwide/rustup-home" "-e" "CARGO_TARGET_DIR=/opt/rustwide/target" "-e" "CARGO_INCREMENTAL=0" "-e" "RUST_BACKTRACE=full" "-e" "RUSTFLAGS=--cap-lints=warn" "-e" "RUSTDOCFLAGS=--cap-lints=warn" "-w" "/opt/rustwide/workdir" "--user" "0:0" "952509c1779cac31300aff7142343e8c3c1b7463829e7def25fd5976d9ab9e3c" "/opt/rustwide/cargo-home/bin/cargo" "+1.99.0-beta.8" "test" "--frozen" "--release", kill_on_drop: false }`
[INFO] [stderr]     Finished `release` profile [optimized] target(s) in 0.54s
[INFO] [stderr]      Running unittests src/lib.rs (/opt/rustwide/target/release/deps/meld-c899f25c39fabe33)
[INFO] [stdout] 
[INFO] [stdout] running 238 tests
[INFO] [stdout] test agent::registry::tests::test_reader_agent ... ok
[INFO] [stdout] test agent::registry::tests::test_agent_registry ... ok
[INFO] [stdout] test agent::commands::tests::create_writer_agent_rejects_unresolvable_prompt_path ... ok
[INFO] [stdout] test api::tests::test_context_view_builder_defaults ... ok
[INFO] [stdout] test api::tests::test_context_view_builder ... ok
[INFO] [stdout] test agent::registry::tests::test_get_agent_config_path ... ok
[INFO] [stdout] test api::tests::test_frame_agent_id ... ok
[INFO] [stdout] test agent::registry::tests::test_agent_registry_list_all ... ok
[INFO] [stdout] test agent::registry::tests::test_list_by_role ... ok
[INFO] [stdout] test agent::commands::tests::create_writer_agent_copies_prompt_to_xdg_prompts ... ok
[INFO] [stdout] test agent::registry::tests::test_writer_agent ... ok
[INFO] [stdout] test api::tests::test_frame_is_type ... ok
[INFO] [stdout] test api::tests::test_frame_text_content ... ok
[INFO] [stdout] test agent::commands::tests::xdg_load_keeps_agent_when_prompt_file_is_missing ... ok
[INFO] [stdout] test agent::context_access::context_api::tests::test_adapter_creation ... ok
[INFO] [stdout] test agent::registry::tests::test_validation_result ... ok
[INFO] [stdout] test api::tests::test_ensure_agent_frame_skips_reader_agents ... ok
[INFO] [stdout] test api::tests::test_context_api_combined_context_text ... ok
[INFO] [stdout] test api::tests::test_ensure_agent_frame_with_custom_frame_type ... ok
[INFO] [stdout] test api::tests::test_context_api_latest_context ... ok
[INFO] [stdout] test api::tests::test_ensure_agent_frame_creates_when_missing ... ok
[INFO] [stdout] test api::tests::test_context_api_context_by_type ... ok
[INFO] [stdout] test branches::locator::tests::branch_store_path_defaults_under_data_home ... ok
[INFO] [stdout] test api::tests::test_ensure_agent_frame_node_not_found ... ok
[INFO] [stdout] test branches::locator::tests::active_branch_resolution_produces_workspace_fs_kind ... ok
[INFO] [stdout] test branches::catalog::tests::branch_catalog_round_trips ... ok
[INFO] [stdout] test branches::locator::tests::recover_workspace_path_from_meld_home_rebuilds_locator ... ok
[INFO] [stdout] test branches::locator::tests::discover_branch_data_homes_excludes_tmp_candidates ... ok
[INFO] [stdout] test cli::parse::tests::parses_branches_attach_command ... ok
[INFO] [stdout] test cli::parse::tests::parses_branches_status_command ... ok
[INFO] [stdout] test api::tests::test_has_agent_frame ... ok
[INFO] [stdout] test branches::manifest::tests::branch_manifest_round_trips ... ok
[INFO] [stdout] test api::tests::test_get_node_with_frames ... ok
[INFO] [stdout] test cli::parse::tests::parses_branches_graph_neighbors_command ... ok
[INFO] [stdout] test cli::progress::tests::reducer_tracks_workflow_turns_and_failures ... ok
[INFO] [stdout] test cli::help::tests::branch_command_names_are_stable ... ok
[INFO] [stdout] test cli::progress::tests::reducer_tracks_context_progress_counts ... ok
[INFO] [stdout] test config::tests::test_config_validation ... ok
[INFO] [stdout] test api::tests::test_node_context_frames_by_agent ... ok
[INFO] [stdout] test api::tests::test_get_node_not_found ... ok
[INFO] [stdout] test config::tests::test_default_config ... ok
[INFO] [stdout] test api::tests::test_get_node_empty_context ... ok
[INFO] [stdout] test config::tests::test_provider_config_validation ... ok
[INFO] [stdout] test config::tests::test_config_loader_default ... ok
[INFO] [stdout] test config::tests::test_load_without_xdg_config ... ok
[INFO] [stdout] test config::tests::test_load_from_toml_file ... ok
[INFO] [stdout] test config::tests::test_load_with_xdg_config ... ok
[INFO] [stdout] test config::tests::test_agent_config_validation ... ok
[INFO] [stdout] test config::tests::test_load_without_home_env ... ok
[INFO] [stdout] test api::tests::test_put_frame_unauthorized ... ok
[INFO] [stdout] test api::tests::test_node_context_text_contents ... ok
[INFO] [stdout] test api::tests::test_node_context_latest_frame_of_type ... ok
[INFO] [stdout] test api::tests::test_node_context_combined_text ... ok
[INFO] [stdout] test api::tests::test_put_frame_node_not_found ... ok
[INFO] [stdout] test config::tests::test_provider_to_model_provider ... ok
[INFO] [stdout] test api::tests::test_put_frame_success ... ok
[INFO] [stdout] test context::capability::tests::shaped_output_value_accepts_fenced_json ... ok
[INFO] [stdout] test context::capability::tests::shaped_output_value_accepts_prefixed_json ... ok
[INFO] [stdout] test concurrency::tests::test_write_excludes_other_writes ... ok
[INFO] [stdout] test config::tests::test_xdg_config_path ... ok
[INFO] [stdout] test concurrency::tests::test_concurrent_reads ... ok
[INFO] [stdout] test context::capability::tests::shaped_output_value_accepts_plain_json ... ok
[INFO] [stdout] test concurrency::tests::test_different_nodes_dont_block ... ok
[INFO] [stdout] test config::tests::test_workspace_config_overrides_xdg_config ... ok
[INFO] [stdout] test context::frame::id::tests::test_frame_id_both_basis ... ok
[INFO] [stdout] test context::frame::set::tests::test_empty_set ... ok
[INFO] [stdout] test context::frame::set::tests::test_deterministic_root ... ok
[INFO] [stdout] test context::frame::set::tests::test_remove_frame ... ok
[INFO] [stdout] test context::frame::set::tests::test_add_frame ... ok
[INFO] [stdout] test context::frame::set::tests::test_from_frame_ids ... ok
[INFO] [stdout] test context::frame::storage::tests::test_get_nonexistent ... ok
[INFO] [stdout] test context::frame::storage::tests::test_path_structure ... ok
[INFO] [stdout] test context::frame::set::tests::test_empty_set_root_stable ... ok
[INFO] [stdout] test context::capability::tests::shaped_output_value_rejects_missing_json ... ok
[INFO] [stdout] test context::frame::id::tests::test_frame_id_different_content_different_id ... ok
[INFO] [stdout] test context::frame::storage::tests::test_exists ... ok
[INFO] [stdout] test context::frame::storage::tests::test_purge_removes_file ... ok
[INFO] [stdout] test context::frame::storage::tests::test_corruption_detection ... ok
[INFO] [stdout] test context::frame::storage::tests::test_store_and_retrieve ... ok
[INFO] [stdout] test context::frame::storage::tests::test_deduplication ... ok
[INFO] [stdout] test context::frame::storage::tests::test_get_detects_structural_content_corruption ... ok
[INFO] [stdout] test context::generation::plan::tests::serde_round_trip_plan ... ok
[INFO] [stdout] test context::generation::plan::tests::validate_rejects_empty_levels ... ok
[INFO] [stdout] test context::frame::storage::tests::test_get_ignores_non_structural_metadata_mutation ... ok
[INFO] [stdout] test context::frame::id::tests::test_frame_id_deterministic ... ok
[INFO] [stdout] test context::frame::id::tests::test_frame_id_different_agent_different_id ... ok
[INFO] [stdout] test context::frame::id::tests::test_frame_id_different_basis_different_id ... ok
[INFO] [stdout] test context::frame::storage::tests::test_purge_nonexistent_idempotent ... ok
[INFO] [stdout] test context::generation::plan::tests::validate_rejects_incorrect_totals ... ok
[INFO] [stdout] test context::generation::program::tests::single_shot_constructor_clears_workflow_id ... ok
[INFO] [stdout] test context::generation::program::tests::workflow_constructor_sets_kind_and_id ... ok
[INFO] [stdout] test context::generation::selection::tests::selection_returns_single_shot_without_workflow_binding ... ok
[INFO] [stdout] test context::head::tests::context_head_ref_is_stable_for_node_and_frame_type ... ok
[INFO] [stdout] test context::generation::selection::tests::selection_returns_workflow_with_binding ... ok
[INFO] [stdout] test context::query::view_policy::tests::test_empty_view ... ok
[INFO] [stdout] test context::query::view_policy::tests::test_filter_by_agent ... ok
[INFO] [stdout] test context::query::view_policy::tests::test_ordering_by_type ... ok
[INFO] [stdout] test context::queue::tests::evidence_map_gate_failures_are_retryable ... ok
[INFO] [stdout] test context::queue::tests::json_decode_failures_are_retryable ... ok
[INFO] [stdout] test context::queue::tests::request_identity_includes_provider_name_and_runtime_overrides ... ok
[INFO] [stdout] test control::events::tests::control_event_uses_execution_domain_and_plan_stream ... ok
[INFO] [stdout] test context::queue::tests::required_section_gate_failures_are_retryable ... ok
[INFO] [stdout] test context::queue::tests::unknown_gate_type_failures_are_not_retryable ... ok
[INFO] [stdout] test context::queue::tests::workflow_requests_do_not_retry_provider_errors ... ok
[INFO] [stdout] test context::query::view_policy::tests::test_filter_by_type ... ok
[INFO] [stdout] test control::events::tests::control_node_completed_emits_workspace_and_frame_refs ... ok
[INFO] [stdout] test control::projection::tests::task_events_drive_projection_state ... ok
[INFO] [stdout] test context::query::view_policy::tests::test_max_frames_limit ... ok
[INFO] [stdout] test control::orchestration::tests::executor_uses_default_wait_timeout ... ok
[INFO] [stdout] test heads::tests::test_load_nonexistent_head_index ... ok
[INFO] [stdout] test control::orchestration::tests::stop_on_level_failure_returns_partial_result ... ok
[INFO] [stdout] test context::query::view_policy::tests::test_deterministic_selection ... ok
[INFO] [stdout] test control::orchestration::tests::executor_extends_default_wait_timeout_for_workflow_items ... ok
[INFO] [stdout] test heads::tests::test_save_and_load_multiple_entries ... ok
[INFO] [stdout] test init::tests::test_prompts_embedded ... ok
[INFO] [stdout] test heads::tests::test_save_and_load_head_index ... ok
[INFO] [stdout] test init::tests::test_workflow_content_valid ... ok
[INFO] [stdout] test logging::tests::test_default_logging_config ... ok
[INFO] [stdout] test heads::tests::test_purge_tombstoned ... ok
[INFO] [stdout] test heads::tests::test_tombstone_and_restore_heads ... ok
[INFO] [stdout] test logging::tests::test_parse_output_destinations ... ok
[INFO] [stdout] test logging::tests::test_resolve_log_file_path_cli_wins ... ok
[INFO] [stdout] test logging::tests::test_resolve_log_file_path_config_when_cli_none ... ok
[INFO] [stdout] test logging::tests::test_resolve_log_file_path_default_fallback ... ok
[INFO] [stdout] test heads::tests::test_tombstone_single_head_keeps_other_frame_types_active ... ok
[INFO] [stdout] test init::tests::test_agent_configs_valid ... ok
[INFO] [stdout] test logging::tests::test_resolve_log_file_path_default_with_workspace ... ok
[INFO] [stdout] test init::tests::test_prompt_content_valid ... ok
[INFO] [stdout] test logging::tests::test_resolve_log_file_path_env_wins_over_config ... ok
[INFO] [stdout] test control::orchestration::tests::continue_policy_collects_all_failures ... ok
[INFO] [stdout] test control::orchestration::tests::executor_allows_overriding_wait_timeout ... ok
[INFO] [stdout] test metadata::frame_key_registry::tests::descriptor_lookup_is_stable_for_known_and_unknown_keys ... ok
[INFO] [stdout] test metadata::frame_key_registry::tests::descriptors_define_complete_contract_fields ... ok
[INFO] [stdout] test metadata::frame_key_registry::tests::forbidden_keys_are_hidden_and_never_return ... ok
[INFO] [stdout] test metadata::frame_key_registry::tests::registry_contains_expected_key_set ... ok
[INFO] [stdout] test metadata::frame_key_registry::tests::visible_by_default_keys_match_contract ... ok
[INFO] [stdout] test metadata::frame_write_contract::tests::build_generated_metadata_includes_context_digest ... ok
[INFO] [stdout] test heads::tests::test_persistence_path ... ok
[INFO] [stdout] test metadata::frame_key_registry::tests::registry_has_no_duplicate_keys ... ok
[INFO] [stdout] test metadata::frame_types::tests::metadata_domain_types_are_distinct ... ok
[INFO] [stdout] test metadata::frame_types::tests::projection_is_filtered_and_ordered ... ok
[INFO] [stdout] test metadata::prompt_link_contract::tests::validates_contract ... ok
[INFO] [stdout] test metadata::frame_write_contract::tests::forbidden_error_precedes_missing_required_keys ... ok
[INFO] [stdout] test provider::profile::config::tests::local_custom_endpoint_validation_infers_https ... ok
[INFO] [stdout] test metadata::frame_write_contract::tests::validate_rejects_attested_mutability_changes ... ok
[INFO] [stdout] test metadata::frame_write_contract::tests::validate_rejects_missing_required_keys ... ok
[INFO] [stdout] test metadata::prompt_link_contract::tests::from_lineage_maps_ids_and_digests ... ok
[INFO] [stdout] test provider::tests::test_message_role_serialization ... ok
[INFO] [stdout] test provider::profile::config::tests::local_custom_to_model_provider_infers_https ... ok
[INFO] [stdout] test provider::tests::test_chat_completion_request_flattens_additional_json ... ok
[INFO] [stdout] test provider::tests::test_completion_options_default ... ok
[INFO] [stdout] test provider::tests::test_completion_options_additional_json_roundtrip ... ok
[INFO] [stdout] test provider::tests::test_mock_provider ... ok
[INFO] [stdout] test provider::tests::test_model_provider_serialization ... ok
[INFO] [stdout] test prompt_context::storage::tests::write_is_content_addressed_and_deduped ... ok
[INFO] [stdout] test prompt_context::storage::tests::read_verified_rejects_digest_mismatch ... ok
[INFO] [stdout] test provider::tests::test_provider_registry_get_provider_config_path ... ok
[INFO] [stdout] test prompt_context::storage::tests::read_by_artifact_id_verified_reads_and_verifies ... ok
[INFO] [stdout] test prompt_context::orchestration::tests::prepare_generated_lineage_builds_valid_metadata_input ... ok
[INFO] [stdout] test provider::tests::test_provider_registry_list_by_type ... ok
[INFO] [stdout] test provider::tests::test_validate_provider_accepts_local_endpoint_without_scheme ... ok
[INFO] [stdout] test provider::tests::test_provider_registry_save_and_delete ... ok
[INFO] [stdout] test context::query::composition::tests::test_compose_bounded_output ... ok
[INFO] [stdout] test provider::tests::test_provider_registry_validate_provider ... ok
[INFO] [stdout] test provider::tests::test_validation_result ... ok
[INFO] [stdout] test context::query::composition::tests::test_compose_multi_source ... ok
[INFO] [stdout] test context::query::composition::tests::test_compose_empty_result ... ok
[INFO] [stdout] test store::persistence::tests::test_list_all_skips_corrupt_node_records ... ok
[INFO] [stdout] test context::query::composition::tests::test_compose_deterministic ... ok
[INFO] [stdout] test store::persistence::tests::test_list_all_ignores_path_keys_even_when_len_32 ... ok
[INFO] [stdout] test merkle_traversal::tests::directories_bottom_up_filters_out_files ... ok
[INFO] [stdout] test context::query::composition::tests::test_compose_current_node_only ... ok
[INFO] [stdout] test session::runtime::tests::interrupted_sessions_are_marked ... ok
[INFO] [stdout] test session::runtime::tests::session_lifecycle_round_trips ... ok
[INFO] [stdout] test store::persistence::tests::test_get_nonexistent ... ok
[INFO] [stdout] test task::package::registry::tests::loads_builtin_package_by_workflow_id ... ok
[INFO] [stdout] test task::package::registry::tests::loads_docs_writer_package_spec_from_embedded_yaml ... ok
[INFO] [stdout] test store::persistence::tests::test_list_tombstoned_and_list_active ... ok
[INFO] [stdout] test store::persistence::tests::test_list_tombstoned_skips_corrupt_node_records ... ok
[INFO] [stdout] test store::persistence::tests::test_contains ... ok
[INFO] [stdout] test task::package::registry::tests::resolves_default_user_package_dir ... ok
[INFO] [stdout] test telemetry::events::tests::timestamp_is_iso_8601_with_milliseconds ... ok
[INFO] [stdout] test telemetry::events::tests::unknown_fields_are_ignored ... ok
[INFO] [stdout] test telemetry::events::tests::event_round_trip ... ok
[INFO] [stdout] test telemetry::types::tests::session_ids_are_unique ... ok
[INFO] [stdout] test store::persistence::tests::test_put_batch ... ok
[INFO] [stdout] test store::persistence::tests::test_purge_removes_record ... ok
[INFO] [stdout] test task::package::registry::tests::prefers_external_package_document_from_workflow_directory ... ok
[INFO] [stdout] test tree::builder::tests::test_build_tree_multiple_files ... ok
[INFO] [stdout] test store::persistence::tests::test_tombstone_and_find_by_path_skips ... ok
[INFO] [stdout] test store::persistence::tests::test_store_and_retrieve ... ok
[INFO] [stdout] test tree::builder::tests::test_build_tree_single_file ... ok
[INFO] [stdout] test tree::hasher::tests::test_content_hash_deterministic ... ok
[INFO] [stdout] test tree::builder::tests::test_compute_root_deterministic ... ok
[INFO] [stdout] test tree::hasher::tests::test_directory_node_id_deterministic ... ok
[INFO] [stdout] test store::persistence::tests::test_restore_clears_tombstone ... ok
[INFO] [stdout] test tree::builder::tests::test_compute_root_changes_with_content ... ok
[INFO] [stdout] test tree::builder::tests::test_compute_root_changes_with_structure ... ok
[INFO] [stdout] test tree::path::tests::test_path_normalization_removes_trailing_slash ... ok
[INFO] [stdout] test tree::path::tests::test_unicode_normalization ... ok
[INFO] [stdout] test tree::walker::tests::test_walker_collects_directories ... ok
[INFO] [stdout] test tree::walker::tests::test_walker_collects_files ... ok
[INFO] [stdout] test tree::hasher::tests::test_directory_node_id_different_children_different_id ... ok
[INFO] [stdout] test tree::hasher::tests::test_file_node_id_deterministic ... ok
[INFO] [stdout] test tree::builder::tests::test_build_tree_nested_directories ... ok
[INFO] [stdout] test workflow::binding::tests::validate_binding_rejects_unknown_workflow ... ok
[INFO] [stdout] test tree::walker::tests::test_walker_deterministic_ordering ... ok
[INFO] [stdout] test tree::hasher::tests::test_file_node_id_different_content_different_id ... ok
[INFO] [stdout] test store::persistence::tests::test_update_existing ... ok
[INFO] [stdout] test workflow::registry::tests::load_fails_on_duplicate_workflow_id_in_same_layer ... ok
[INFO] [stdout] test tree::path::tests::test_canonicalize_path ... ok
[INFO] [stdout] test workflow::summary::tests::workflow_command_summary_preserves_event_contract ... ok
[INFO] [stdout] test workflow::binding::tests::validate_binding_accepts_unbound_agent ... ok
[INFO] [stdout] test tree::walker::tests::test_walker_ignores_patterns ... ok
[INFO] [stdout] test tree::path::tests::test_path_normalization_preserves_root ... ok
[INFO] [stdout] test workspace::publish::tests::overwrite_on_new_head_marks_missing_file_actionable ... ok
[INFO] [stdout] test workflow::registry::tests::load_ignores_task_package_documents_under_packages_directory ... ok
[INFO] [stdout] test workflow::binding::tests::validate_binding_rejects_reader_binding ... ok
[INFO] [stdout] test workspace::danger::tests::flush_requires_yes_without_dry_run ... ok
[INFO] [stdout] test workspace::publish::tests::published_head_index_round_trips_frame_ids ... ok
[INFO] [stdout] test workflow::registry::tests::load_fails_when_prompt_ref_file_missing ... ok
[INFO] [stdout] test workflow::registry::tests::load_reads_profiles_from_user_workflow_directory ... ok
[INFO] [stdout] test workspace::publish::tests::force_overwrite_returns_actionable_target_even_when_current_head_is_already_published ... ok
[INFO] [stdout] test workspace::publish::tests::overwrite_on_new_head_skips_when_file_and_publish_state_match_current_head ... ok
[INFO] [stdout] test workspace::ci::tests::test_batch_operation ... ok
[INFO] [stdout] test workspace::watch::runtime::tests::ensure_agent_frames_emits_watch_result_for_completed_workflow_thread ... ok
[INFO] [stdout] test workspace::watch::runtime::tests::watch_batch_reuses_source_identity ... ok
[INFO] [stdout] test workspace::ci::tests::test_ci_integration_creation ... ok
[INFO] [stdout] test workspace::watch::runtime::tests::ensure_agent_frames_skips_bound_workflow_when_provider_unresolved ... ok
[INFO] [stdout] test workspace::watch::runtime::tests::watch_batch_only_selects_snapshot_when_root_hash_changes ... ok
[INFO] [stdout] test workspace::watch::runtime::tests::watch_batch_emits_canonical_workspace_snapshot_facts ... ok
[INFO] [stdout] test workspace::watch::runtime::tests::ensure_agent_frames_keeps_legacy_path_for_unbound_agents ... ok
[INFO] [stdout] test workspace::watch::runtime::tests::watch_batch_emits_observed_nodes_for_affected_scope_only ... ok
[INFO] [stdout] test provider::tests::test_provider_factory_anthropic ... ok
[INFO] [stdout] test provider::tests::test_provider_factory_custom_local ... ok
[INFO] [stdout] test provider::tests::test_provider_factory_openai ... ok
[INFO] [stdout] test provider::tests::test_provider_factory_ollama ... ok
[INFO] [stdout] test prompt_context::storage::tests::compact_counts_and_purges_old_artifacts ... ok
[INFO] [stdout] 
[INFO] [stdout] test result: ok. 238 passed; 0 failed; 0 ignored; 0 measured; 0 filtered out; finished in 2.21s
[INFO] [stdout] 
[INFO] [stdout] 
[INFO] [stderr]      Running unittests src/bin/meld.rs (/opt/rustwide/target/release/deps/meld-335ddd2274b2072c)
[INFO] [stdout] running 4 tests
[INFO] [stdout] test tests::test_build_logging_config_default ... ok
[INFO] [stdout] test tests::test_build_logging_config_verbose ... ok
[INFO] [stdout] test tests::test_build_logging_config_quiet ... ok
[INFO] [stderr]      Running tests/integration_tests.rs (/opt/rustwide/target/release/deps/integration_tests-9a0e6c22f2c9b50b)
[INFO] [stdout] test tests::test_build_logging_config_verbose_respects_explicit_output_override ... ok
[INFO] [stdout] 
[INFO] [stdout] test result: ok. 4 passed; 0 failed; 0 ignored; 0 measured; 0 filtered out; finished in 0.01s
[INFO] [stdout] 
[INFO] [stdout] 
[INFO] [stdout] running 360 tests
[INFO] [stdout] test integration::agent_authorization::test_agent_roles_authorization ... ok
[INFO] [stdout] test integration::agent_authorization::test_agent_registry ... ok
[INFO] [stdout] test integration::agent_authorization::test_writer_can_read_and_write ... ok
[INFO] [stdout] test integration::agent_authorization::test_different_agents_produce_different_frame_ids ... ok
[INFO] [stdout] test integration::agent_authorization::test_agent_identity_preserved_in_frames ... ok
[INFO] [stdout] test integration::agent_authorization::test_writer_append_only_no_mutation ... ok
[INFO] [stdout] test integration::agent_authorization::test_concurrent_writes_serialized ... ok
[INFO] [stdout] test integration::agent_authorization::test_reader_cannot_write_via_authorization ... ok
[INFO] [stdout] test integration::agent_authorization::test_concurrent_reads_safe ... ok
[INFO] [stdout] test integration::agent_authorization::test_different_nodes_concurrent_access ... ok
[INFO] [stdout] test integration::agent_cli::test_agent_create_non_interactive ... ok
[INFO] [stdout] test integration::agent_cli::test_agent_edit_role ... ok
[INFO] [stdout] test integration::agent_cli::test_agent_list_json ... ok
[INFO] [stdout] test integration::agent_cli::test_agent_list_empty ... ok
[INFO] [stdout] test integration::agent_cli::test_agent_remove_not_found ... ok
[INFO] [stdout] test integration::agent_cli::test_agent_remove ... ok
[INFO] [stdout] test integration::agent_cli::test_agent_list_filtered_by_role ... ok
[INFO] [stdout] test integration::agent_cli::test_agent_show_not_found ... ok
[INFO] [stdout] test integration::blake3_verification::test_avalanche_effect ... ok
[INFO] [stdout] test integration::blake3_verification::test_determinism ... ok
[INFO] [stdout] test integration::blake3_verification::test_empty_input ... ok
[INFO] [stdout] test integration::blake3_verification::test_hash_output_size ... ok
[INFO] [stdout] test integration::blake3_verification::test_incremental_hashing ... ok
[INFO] [stdout] test integration::blake3_verification::test_large_input ... ok
[INFO] [stdout] test integration::blake3_verification::test_official_blake3_vectors ... ok
[INFO] [stdout] test integration::agent_cli::test_agent_edit_prompt_path ... ok
[INFO] [stdout] test integration::blake3_verification::test_update_order_independence ... ok
[INFO] [stdout] test integration::agent_cli::test_agent_show_json ... ok
[INFO] [stdout] test integration::agent_cli::test_agent_list_text ... ok
[INFO] [stdout] test integration::agent_cli::test_agent_create_reader ... ok
[INFO] [stdout] test integration::agent_cli::test_agent_show_text ... ok
[INFO] [stdout] test integration::agent_cli::test_agent_show_with_prompt ... ok
[INFO] [stdout] test integration::agent_cli::test_agent_status_multiple_agents ... ok
[INFO] [stdout] test integration::agent_cli::test_agent_status_empty ... ok
[INFO] [stdout] test integration::agent_cli::test_agent_status_one_agent_json ... ok
[INFO] [stdout] test integration::agent_cli::test_agent_status_one_agent_text ... ok
[INFO] [stdout] test integration::agent_cli::test_agent_validate_all_empty ... ok
[INFO] [stdout] test integration::agent_cli::test_agent_validate_all_verbose ... ok
[INFO] [stdout] test integration::capability_contracts::bound_capability_instance_validates_against_registered_contract ... ok
[INFO] [stdout] test integration::capability_contracts::capability_catalog_registers_and_retrieves_contracts ... ok
[INFO] [stdout] test integration::capability_contracts::invocation_payload_validates_against_runtime_init ... ok
[INFO] [stdout] test integration::agent_cli::test_agent_validate_all ... ok
[INFO] [stdout] test integration::agent_cli::test_agent_validate_missing_prompt ... ok
[INFO] [stdout] test integration::agent_cli::test_agent_validate_valid ... ok
[INFO] [stdout] test integration::config_integration::test_config_agent_metadata ... ok
[INFO] [stdout] test integration::config_integration::test_config_agent_metadata_isolation_from_frame_policy_keys ... ok
[INFO] [stdout] test integration::config_integration::test_config_agent_without_provider ... ok
[INFO] [stdout] test integration::config_integration::test_config_completion_options ... ok
[INFO] [stdout] test integration::config_integration::test_config_default_values ... ok
[INFO] [stdout] test integration::config_integration::test_config_loads_agents_into_registry ... ok
[INFO] [stdout] test integration::config_integration::test_config_provider_conversion ... ok
[INFO] [stdout] test integration::config_integration::test_config_validation_errors ... ok
[INFO] [stdout] test integration::context_api::test_concurrent_get_node ... ok
[INFO] [stdout] test integration::branches_query::federated_graph_status_and_neighbors_isolate_unreadable_branches ... ok
[INFO] [stdout] test integration::context_api::test_concurrent_put_frame ... ok
[INFO] [stdout] test integration::context_api::test_error_handling_invalid_frame_basis ... ok
[INFO] [stdout] test integration::context_api::test_error_handling_unauthorized ... ok
[INFO] [stdout] test integration::context_api::test_error_handling_node_not_found ... ok
[INFO] [stdout] test integration::branches_query::federated_neighbors_match_single_branch_traversal_query ... ok
[INFO] [stdout] test integration::context_api::test_put_frame_deterministic ... ok
[INFO] [stdout] test integration::context_api::test_get_node_deterministic ... ok
[INFO] [stdout] test integration::context_api::test_put_frame_rejects_forbidden_metadata_key ... ok
[INFO] [stdout] test integration::context_api::test_put_frame_rejects_forbidden_raw_context_metadata_key ... ok
[INFO] [stdout] test integration::context_api::test_put_frame_rejects_missing_required_metadata_key ... ok
[INFO] [stdout] test integration::context_api::test_put_frame_rejects_mutability_transition_for_attested_key ... ok
[INFO] [stdout] test integration::context_api::test_put_frame_rejects_non_frame_metadata_key ... ok
[INFO] [stdout] test integration::context_api::test_put_frame_rejects_prompt_metadata_key ... ok
[INFO] [stdout] test integration::context_api::test_runtime_write_paths_use_shared_put_frame_boundary ... ok
[INFO] [stdout] test integration::context_api::test_put_frame_rejects_total_metadata_budget_overflow ... ok
[INFO] [stdout] test integration::context_api::test_put_frame_rejects_per_key_metadata_budget_overflow ... ok
[INFO] [stdout] test integration::branches_query::federated_neighbors_merge_many_branches_deterministically ... ok
[INFO] [stdout] test integration::context_cli::test_context_generate_rejects_async_flag ... ok
[INFO] [stdout] test integration::branches_query::federated_neighbors_return_branch_annotated_presence ... ok
[INFO] [stdout] test integration::branches_query::federated_walk_matches_single_branch_traversal_query ... ok
[INFO] [stdout] test integration::branches_query::federated_walk_preserves_branch_scoped_fact_identity ... ok
[INFO] [stdout] test integration::branches_query::same_object_in_many_branches_keeps_distinct_presence_rows ... ok
[INFO] [stdout] test integration::branches_runtime::branches_attach_registers_dormant_workspace ... ok
[INFO] [stdout] test integration::branches_runtime::branches_discover_registers_candidates_and_skips_tmp ... ok
[INFO] [stdout] test integration::branches_runtime::branches_migrate_updates_registered_branch_status ... ok
[INFO] [stdout] test integration::branches_runtime::branches_status_lists_registered_branches ... ok
[INFO] [stdout] test integration::branches_runtime::startup_registers_active_branch_and_writes_ledger ... ok
[INFO] [stdout] test integration::capability_invocation::context_prepare_dereferences_frame_ref_supporting_input ... ok
[INFO] [stdout] test integration::capability_invocation::context_provider_finalize_capabilities_materialize_frame ... ok
[INFO] [stdout] test integration::capability_invocation::workspace_and_traversal_capabilities_follow_scanned_tree ... ok
[INFO] [stdout] test integration::context_traversal::put_frame_emits_frame_and_head_events ... ok
[INFO] [stdout] test integration::context_traversal::tombstone_head_emits_head_tombstoned ... ok
[INFO] [stdout] test integration::context_cli::test_context_generate_mutually_exclusive_node_path ... ok
[INFO] [stdout] test integration::docs_writer_task::docs_writer_task_accepts_wrapped_structured_output ... ok
[INFO] [stdout] test integration::context_cli::test_context_generate_path_uses_stale_scan_data ... ok
[INFO] [stdout] test integration::context_cli::test_context_generate_requires_agent_or_default ... ok
[INFO] [stdout] test integration::context_cli::test_context_generate_requires_provider ... ok
[INFO] [stdout] test integration::event_spine::idempotent_append_reuses_existing_record_id ... ok
[INFO] [stdout] test integration::event_spine::legacy_records_ignore_missing_record_id ... ok
[INFO] [stdout] test integration::context_cli::test_context_get_combine ... ok
[INFO] [stdout] test integration::event_spine::legacy_spine_events_remain_readable_with_graph_fields ... ok
[INFO] [stdout] test integration::event_spine::mixed_spine_events_replay_with_object_refs ... ok
[INFO] [stdout] test integration::event_spine::non_idempotent_append_keeps_duplicate_record_ids ... ok
[INFO] [stdout] test integration::event_spine::read_events_after_pruned_session_still_reads_canonical_history ... ok
[INFO] [stdout] test integration::event_spine::session_prune_does_not_delete_canonical_spine_history ... ok
[INFO] [stdout] test integration::event_spine::runtime_wide_sequence_is_monotonic ... ok
[INFO] [stdout] test integration::context_cli::test_context_get_invalid_format ... ok
[INFO] [stdout] test integration::event_spine::slow_or_missing_consumer_does_not_break_append ... ok
[INFO] [stdout] test integration::execution_projection::projection_matches_live_execution ... ok
[INFO] [stdout] test integration::event_spine::telemetry_is_downstream_only ... ok
[INFO] [stdout] test integration::frame_queue::test_batch_enqueue ... ok
[INFO] [stdout] test integration::execution_projection::replay_rebuilds_execution_projection ... ok
[INFO] [stdout] test integration::frame_queue::test_batch_enqueue_emits_request_enqueued_per_item ... ok
[INFO] [stdout] test integration::context_cli::test_context_get_invalid_ordering ... ok
[INFO] [stdout] test integration::frame_queue::test_concurrent_enqueue ... ok
[INFO] [stdout] test integration::frame_queue::test_batch_enqueue_size_limit ... ok
[INFO] [stdout] test integration::frame_queue::test_enqueue_deduplicates_pending_identity ... ok
[INFO] [stdout] test integration::context_cli::test_context_get_invalid_path ... ok
[INFO] [stdout] test integration::frame_queue::test_enqueue_dequeue ... ok
[INFO] [stdout] test integration::frame_queue::test_frame_type_default ... ok
[INFO] [stdout] test integration::frame_queue::test_generation_request_ordering ... ok
[INFO] [stdout] test integration::frame_queue::test_frame_type_custom ... ok
[INFO] [stdout] test integration::frame_queue::test_priority_enum_ordering ... ok
[INFO] [stdout] test integration::frame_queue::test_enqueue_emits_observability_events ... ok
[INFO] [stdout] test integration::frame_queue::test_priority_ordering ... ok
[INFO] [stdout] test integration::context_cli::test_context_get_json_format ... ok
[INFO] [stdout] test integration::frame_queue::test_enqueue_and_wait_deduplicates_pending_request ... ok
[INFO] [stdout] test integration::context_cli::test_context_get_json_metadata_projection_filters_internal_keys ... ok
[INFO] [stdout] test integration::context_cli::test_context_get_path_uses_stale_scan_data_with_warning ... ok
[INFO] [stdout] test integration::frame_queue::test_queue_missing_prompt_contract_field_fails_deterministically ... ok
[INFO] [stdout] test integration::context_cli::test_context_get_with_node_id ... ok
[INFO] [stdout] test integration::context_cli::test_context_get_with_path ... ok
[INFO] [stdout] test integration::frame_queue::test_queue_rejects_generated_forbidden_raw_context_metadata_key ... ok
[INFO] [stdout] test integration::frame_queue::test_queue_size_limit ... ok
[INFO] [stdout] test integration::context_cli::test_context_get_with_workflow_agent_prefers_final_result_frame ... ok
[INFO] [stdout] test integration::frame_queue::test_queue_stats ... ok
[INFO] [stdout] test integration::frame_queue::test_worker_start_stop ... ok
[INFO] [stdout] test integration::generation_parity::generation_parity_directory_success_matches_fixture ... ok
[INFO] [stdout] test integration::generation_parity::generation_parity_file_success_matches_fixture ... ok
[INFO] [stdout] test integration::frame_queue::test_queue_rejects_generated_forbidden_metadata_key ... ok
[INFO] [stdout] test integration::context_cli::test_context_generate_multiple_agents_requires_flag ... ok
[INFO] [stdout] test integration::hasher_verification::test_content_hash_matches_blake3 ... ok
[INFO] [stdout] test integration::hasher_verification::test_directory_node_id_children_order_sensitivity ... ok
[INFO] [stdout] test integration::hasher_verification::test_empty_directory_node_id ... ok
[INFO] [stdout] test integration::hasher_verification::test_file_node_id_content_sensitivity ... ok
[INFO] [stdout] test integration::hasher_verification::test_file_node_id_determinism ... ok
[INFO] [stdout] test integration::hasher_verification::test_directory_node_id_determinism ... ok
[INFO] [stdout] test integration::hasher_verification::test_file_node_id_metadata_sensitivity ... ok
[INFO] [stdout] test integration::hasher_verification::test_file_node_id_path_sensitivity ... ok
[INFO] [stdout] test integration::hasher_verification::test_unicode_content_hashing ... ok
[INFO] [stdout] test integration::frame_queue::test_queue_rejects_generated_mutability_transition_violation ... ok
[INFO] [stdout] test integration::frame_queue::test_queue_rejects_generated_metadata_policy_violation ... ok
[INFO] [stdout] test integration::docs_writer_task::docs_writer_task_compiles_bottom_up_dependencies ... ok
[INFO] [stdout] test integration::frame_queue::test_queue_rejects_generated_prompt_metadata_key ... ok
[INFO] [stdout] test integration::hasher_verification::test_large_content_hashing ... ok
[INFO] [stdout] test integration::frame_queue::test_queue_rejects_generated_total_budget_overflow ... ok
[INFO] [stdout] test integration::docs_writer_task::docs_writer_task_expansion_is_idempotent ... ok
[INFO] [stdout] test integration::generation_parity::generation_parity_non_retryable_failure_matches_fixture ... ok
[INFO] [stdout] test integration::frame_queue::test_queue_rejects_generated_missing_required_metadata_key ... ok
[INFO] [stdout] test integration::frame_queue::test_queue_rejects_generated_per_key_budget_overflow ... ok
[INFO] [stdout] test integration::frame_queue::test_enqueue_deduplicates_during_retry_backoff_window ... ok
[INFO] [stdout] test integration::docs_writer_task::docs_writer_task_reuses_existing_child_readme_outputs ... ok
[INFO] [stdout] test integration::logging_default::test_default_logging_writes_to_file ... ok
[INFO] [stdout] test integration::generation_parity::generation_parity_retryable_failure_matches_fixture ... ok
[INFO] [stdout] test integration::model_providers::test_agent_without_provider ... ok
[INFO] [stdout] test integration::model_providers::test_chat_message_creation ... ok
[INFO] [stdout] test integration::model_providers::test_completion_options ... ok
[INFO] [stdout] test integration::logging_default::test_verbose_logging_mirrors_to_stderr_and_file ... ok
[INFO] [stdout] test integration::model_providers::test_provider_registry_with_anthropic ... ok
[INFO] [stdout] test integration::model_providers::test_provider_registry_with_custom_local ... ok
[INFO] [stdout] test integration::init_command::test_init_agent_configs_valid ... ok
[INFO] [stdout] test integration::model_providers::test_provider_serialization ... ok
[INFO] [stdout] test integration::docs_writer_task::docs_writer_task_runs_to_completion ... ok
[INFO] [stdout] test integration::model_providers::test_provider_registry_with_ollama ... ok
[INFO] [stdout] test integration::init_command::test_init_creates_prompts ... ok
[INFO] [stdout] test integration::init_command::test_init_creates_default_agents ... ok
[INFO] [stdout] test integration::init_command::test_init_creates_xdg_directories ... ok
[INFO] [stdout] test integration::init_command::test_init_error_handling ... FAILED
[INFO] [stdout] test integration::init_command::test_init_handles_existing_files ... ok
[INFO] [stdout] test integration::init_command::test_init_force_overwrites ... ok
[INFO] [stdout] test integration::progress_observability::command_summary_success_is_metric_focused_and_bounded ... ok
[INFO] [stdout] test integration::model_providers::test_provider_registry_with_openai ... ok
[INFO] [stdout] test integration::frame_queue::test_queue_accepts_generated_digest_metadata_keys ... ok
[INFO] [stdout] test integration::progress_observability::context_generate_plan_constructed_includes_path_field ... ok
[INFO] [stdout] test integration::init_command::test_init_preserves_user_customizations ... ok
[INFO] [stdout] test integration::init_command::test_init_prompts_have_content ... ok
[INFO] [stdout] test integration::init_command::test_init_validates_agents ... ok
[INFO] [stdout] test integration::node_deletion::test_list_deleted_json_format ... ok
[INFO] [stdout] test integration::node_deletion::test_workspace_delete_and_list_deleted ... ok
[INFO] [stdout] test integration::node_deletion::test_workspace_delete_dry_run ... ok
[INFO] [stdout] test integration::node_deletion::test_workspace_compact_dry_run ... ok
[INFO] [stdout] test integration::node_deletion::test_workspace_restore ... ok
[INFO] [stdout] test integration::progress_observability::command_families_emit_typed_summaries_with_command_summary ... ok
[INFO] [stdout] test integration::progress_observability::command_summary_failure_message_is_bounded ... ok
[INFO] [stdout] test integration::progress_observability::context_generate_node_skipped_includes_path_field ... ok
[INFO] [stdout] test integration::init_command::test_init_list_mode ... ok
[INFO] [stdout] test integration::init_command::test_init_idempotent ... ok
[INFO] [stdout] test integration::progress_observability::context_generate_recursive_completes_levels_bottom_up ... ok
[INFO] [stdout] test integration::progress_observability::context_generate_with_workflow_agent_uses_context_plan_levels ... ok
[INFO] [stdout] test integration::progress_observability::context_get_emits_summary_event ... ok
[INFO] [stdout] test integration::progress_observability::context_regenerate_emits_context_generation_summary ... ok
[INFO] [stdout] test integration::progress_observability::emitted_event_timestamps_are_iso_8601_with_milliseconds ... ok
[INFO] [stdout] test integration::progress_observability::failed_command_emits_session_end ... ok
[INFO] [stdout] test integration::progress_observability::interrupted_session_remains_readable ... ok
[INFO] [stdout] test integration::progress_observability::provider_test_failure_emits_provider_request_failed_event ... ok
[INFO] [stdout] test integration::provider_cli::test_provider_registry_list_by_type ... ok
[INFO] [stdout] test integration::provider_cli::test_provider_remove ... ok
[INFO] [stdout] test integration::progress_observability::workflow_execute_emits_lineage_and_provider_events ... ok
[INFO] [stdout] test integration::progress_observability::scan_emits_batched_progress_events_with_monotonic_counts ... ok
[INFO] [stdout] test integration::progress_observability::workflow_force_generate_tombstones_stale_final_head_and_emits_reset_event ... ok
[INFO] [stdout] test integration::progress_observability::single_shot_force_generate_replaces_stale_attested_head ... ok
[INFO] [stdout] test integration::provider_cli::test_provider_create_missing_required_fields ... ok
[INFO] [stdout] test integration::provider_cli::test_provider_create_non_interactive ... ok
[INFO] [stdout] test integration::provider_cli::test_provider_edit_not_found ... ok
[INFO] [stdout] test integration::provider_cli::test_provider_edit_with_flags ... ok
[INFO] [stdout] test integration::provider_cli::test_provider_list_empty ... ok
[INFO] [stdout] test integration::provider_cli::test_provider_list_filter_by_type ... ok
[INFO] [stdout] test integration::provider_cli::test_provider_list_invalid_type_filter ... ok
[INFO] [stdout] test integration::store_integration::test_batch_operations ... ok
[INFO] [stdout] test integration::store_integration::test_directory_node_stored_correctly ... ok
[INFO] [stdout] test integration::provider_cli::test_provider_list_json_format ... ok
[INFO] [stdout] test integration::store_integration::test_file_node_stored_correctly ... ok
[INFO] [stdout] test integration::store_integration::test_node_metadata_accepts_keys_outside_frame_policy ... ok
[INFO] [stdout] test integration::provider_cli::test_provider_list_with_providers ... ok
[INFO] [stdout] test integration::store_integration::test_parent_child_relationships ... ok
[INFO] [stdout] test integration::store_integration::test_populate_store_from_tree ... ok
[INFO] [stdout] test integration::task_artifact_repo::artifact_repo_returns_artifacts_for_output_slot ... ok
[INFO] [stdout] test integration::store_integration::test_root_node_no_parent ... ok
[INFO] [stdout] test integration::task_artifact_repo::artifact_repo_tracks_supersession_explicitly ... ok
[INFO] [stdout] test integration::progress_observability::pruning_removes_only_old_completed_sessions ... ok
[INFO] [stdout] test integration::task_compiler::task_compiler_builds_dependency_edges_from_upstream_outputs ... ok
[INFO] [stdout] test integration::task_compiler::task_compiler_rejects_missing_declared_init_slot ... ok
[INFO] [stdout] test integration::task_executor::task_artifact_event_emits_task_and_artifact_refs ... ok
[INFO] [stdout] test integration::task_executor::task_executor_assembles_payload_and_records_events ... ok
[INFO] [stdout] test integration::task_executor::task_executor_publishes_canonical_events ... ok
[INFO] [stdout] test integration::task_executor::task_executor_unblocks_downstream_after_artifact_persist ... ok
[INFO] [stdout] test integration::task_executor::task_run_emits_target_node_ref_from_init_payload ... ok
[INFO] [stdout] test integration::progress_observability::scan_emits_session_boundary_events ... ok
[INFO] [stdout] test integration::tooling_integration::test_agent_adapter_interface ... ok
[INFO] [stdout] test integration::store_integration::test_store_persistence ... ok
[INFO] [stdout] test integration::tooling_integration::test_tool_idempotency_put_frame ... ok
[INFO] [stdout] test integration::tooling_integration::test_ci_batch_operation ... ok
[INFO] [stdout] test integration::tooling_integration::test_ci_validation ... ok
[INFO] [stdout] test integration::provider_cli::test_provider_remove_not_found ... ok
[INFO] [stdout] test integration::traversal_graph::api_get_head_uses_graph_when_runtime_is_configured ... ok
[INFO] [stdout] test integration::provider_cli::test_provider_show ... ok
[INFO] [stdout] test integration::traversal_graph::artifact_slot_selects_latest_artifact ... ok
[INFO] [stdout] test integration::traversal_graph::current_anchor_lookup_is_index_backed ... ok
[INFO] [stdout] test integration::traversal_graph::current_snapshot_matches_workspace_root_hash ... ok
[INFO] [stdout] test integration::traversal_graph::graph_runtime_persists_anchor_selected_events_idempotently ... ok
[INFO] [stdout] test integration::traversal_graph::current_frame_head_matches_legacy_head_index ... ok
[INFO] [stdout] test integration::traversal_graph::graph_runtime_repeated_catch_up_is_idempotent ... ok
[INFO] [stdout] test integration::provider_cli::test_provider_show_json_format ... ok
[INFO] [stdout] test integration::traversal_graph::facts_for_object_are_seq_ordered ... ok
[INFO] [stdout] test integration::provider_cli::test_provider_show_not_found ... ok
[INFO] [stdout] test integration::traversal_graph::legacy_head_backfill_populates_graph_anchor_idempotently ... ok
[INFO] [stdout] test integration::traversal_graph::derived_anchor_events_are_readable_from_spine_after_restart ... ok
[INFO] [stdout] test integration::traversal_graph::neighbors_are_index_backed ... ok
[INFO] [stdout] test integration::traversal_graph::legacy_claim_query_reads_through_traversal_adapter ... ok
[INFO] [stdout] test integration::tree_determinism::test_directory_addition_different_root ... ok
[INFO] [stdout] test integration::provider_cli::test_provider_show_with_credentials ... ok
[INFO] [stdout] test integration::tree_determinism::test_empty_directory_consistent ... ok
[INFO] [stdout] test integration::tree_determinism::test_file_deletion_different_root ... ok
[INFO] [stdout] test integration::tree_determinism::test_file_addition_different_root ... ok
[INFO] [stdout] test integration::tree_determinism::test_file_content_change_different_root ... ok
[INFO] [stdout] test integration::tree_structure::test_children_sorted_by_name ... ok
[INFO] [stdout] test integration::tree_determinism::test_reingestion_same_root ... ok
[INFO] [stdout] test integration::tree_determinism::test_same_filesystem_same_root ... ok
[INFO] [stdout] test integration::tree_structure::test_directory_children_linked ... ok
[INFO] [stdout] test integration::tree_structure::test_file_content_hashes ... ok
[INFO] [stdout] test integration::tree_structure::test_root_is_directory ... ok
[INFO] [stdout] test integration::tree_structure::test_tree_contains_all_files ... ok
[INFO] [stdout] test integration::tree_structure::test_nested_directory_structure ... ok
[INFO] [stdout] test integration::traversal_graph::walk_returns_bounded_subgraph ... ok
[INFO] [stdout] test integration::tree_structure::test_tree_contains_all_directories ... ok
[INFO] [stdout] test integration::traversal_graph::walk_from_task_run_to_node_and_artifact ... ok
[INFO] [stdout] test integration::traversal_graph::walk_from_workspace_node_to_frame_to_turn_to_plan ... ok
[INFO] [stdout] test integration::provider_cli::test_provider_status_empty ... ok
[INFO] [stdout] test integration::traversal_graph::replay_rebuilds_same_context_heads ... ok
[INFO] [stdout] test integration::provider_cli::test_provider_status_one_provider_json ... ok
[INFO] [stdout] test integration::provider_cli::test_provider_status_one_provider_text ... ok
[INFO] [stdout] test integration::provider_cli::test_provider_status_with_test_connectivity ... ok
[INFO] [stdout] test integration::provider_cli::test_provider_validate ... ok
[INFO] [stdout] test integration::provider_cli::test_provider_validate_not_found ... ok
[INFO] [stdout] test integration::task_bottom_up_compile_shape::bottom_up_compile_shape_matches_nested_tree_case_data ... ok
[INFO] [stdout] test integration::task_bottom_up_compile_shape::bottom_up_compile_shape_matches_two_branch_tree_case_data ... ok
[INFO] [stdout] test integration::traversal_graph::run_context_scan_bootstraps_graph_runtime ... ok
[INFO] [stdout] test integration::unified_status::test_unified_status_agents_only ... ok
[INFO] [stdout] test integration::workflow_contracts_conformance::context_lineage_maps_to_valid_prompt_link_record ... ok
[INFO] [stdout] test integration::workflow_contracts_conformance::invalid_prompt_link_reference_is_typed ... ok
[INFO] [stdout] test integration::workflow_contracts_conformance::workflow_contracts_reexport_metadata_validators ... ok
[INFO] [stdout] test integration::unified_status::test_unified_status_all_sections_json ... ok
[INFO] [stdout] test integration::unified_status::test_unified_status_empty_configs ... ok
[INFO] [stdout] test integration::unified_status::test_unified_status_all_sections_text ... ok
[INFO] [stdout] test integration::workflow_traversal::workflow_turn_completed_links_turn_node_and_frame ... ok
[INFO] [stdout] test integration::workflow_traversal::workflow_turn_event_uses_workflow_object_refs ... ok
[INFO] [stdout] test integration::workspace_commands::test_danger_flush_positional_path_parses ... ok
[INFO] [stdout] test integration::unified_status::test_unified_status_json_agents_only ... ok
[INFO] [stdout] test integration::unified_status::test_unified_status_json_providers_only ... ok
[INFO] [stdout] test integration::unified_status::test_unified_status_json_workspace_only ... ok
[INFO] [stdout] test integration::workspace_commands::test_danger_flush_removes_workspace_state_but_keeps_logs ... ok
[INFO] [stdout] test integration::unified_status::test_unified_status_providers_only ... ok
[INFO] [stdout] test integration::unified_status::test_unified_status_with_breakdown ... ok
[INFO] [stdout] test integration::unified_status::test_unified_status_with_test_connectivity ... ok
[INFO] [stdout] test integration::unified_status::test_unified_status_workspace_only ... ok
[INFO] [stdout] test integration::workflow_cli::workflow_execute_uses_runtime_modified_xdg_prompt_in_provider_request ... ok
[INFO] [stdout] test integration::workflow_cli::workflow_execute_uses_workflow_runtime_and_can_skip_completed_thread ... ok
[INFO] [stdout] test integration::workflow_cli::workflow_facade_maps_completed_thread_reuse_to_target_result ... ok
[INFO] [stdout] test integration::workflow_cli::workflow_inspect_returns_error_for_unknown_workflow ... ok
[INFO] [stdout] test integration::workflow_cli::workflow_list_includes_initialized_profile ... ok
[INFO] [stdout] test integration::workflow_task_compatibility::workflow_execute_routes_docs_writer_through_task_path ... ok
[INFO] [stdout] test integration::workflow_task_compatibility::workflow_task_path_fails_when_required_frame_ref_anchor_is_missing ... ok
[INFO] [stdout] test integration::workflow_task_compatibility::workflow_task_path_live_and_replay_artifact_resolution_match ... ok
[INFO] [stdout] test integration::workspace_commands::test_ignore_list_empty_missing_file ... ok
[INFO] [stdout] test integration::workspace_commands::test_scan_default_uses_gitignore_when_ignore_list_missing ... ok
[INFO] [stdout] test integration::workspace_commands::test_scan_respects_ignore_list ... ok
[INFO] [stdout] test integration::workspace_commands::test_scan_syncs_gitignore_to_ignore_list ... ok
[INFO] [stdout] test integration::workspace_commands::test_scan_then_status_shows_scanned ... ok
[INFO] [stdout] test integration::workspace_traversal::brand_new_scan_emits_source_and_snapshot ... ok
[INFO] [stdout] test integration::workspace_commands::test_scan_then_validate_passed ... ok
[INFO] [stdout] test integration::workspace_traversal::repeated_scan_reuses_source_identity ... ok
[INFO] [stdout] test integration::workspace_traversal::snapshot_selected_changes_only_when_root_hash_changes ... ok
[INFO] [stdout] test integration::world_state_graph::claim_history_for_task_run_is_index_backed ... ok
[INFO] [stdout] test integration::world_state_graph::current_claims_for_workspace_node_are_index_backed ... ok
[INFO] [stdout] test integration::workspace_commands::test_scan_with_force_repopulates ... ok
[INFO] [stdout] test integration::world_state_graph::fact_store_indexes_claims_by_object_ref ... ok
[INFO] [stdout] test integration::world_state_graph::later_generation_success_supersedes_prior_failure ... ok
[INFO] [stdout] test integration::world_state_graph::provenance_query_returns_supporting_execution_fact ... ok
[INFO] [stdout] test integration::world_state_graph::reducer_ignores_irrelevant_execution_events ... ok
[INFO] [stdout] test integration::world_state_graph::supersession_chain_remains_queryable ... ok
[INFO] [stdout] test integration::world_state_graph::world_state_records_round_trip ... ok
[INFO] [stdout] test integration::world_state_graph::replay_rebuilds_current_claim_projection ... ok
[INFO] [stdout] test integration::workspace_commands::test_scan_without_force_already_exists ... ok
[INFO] [stdout] test integration::world_state_graph::world_state_facts_are_replayable_after_restart ... ok
[INFO] [stdout] test integration::workspace_commands::test_status_reports_stale_when_root_record_is_missing ... ok
[INFO] [stdout] test integration::workspace_commands::test_validate_format_json ... ok
[INFO] [stdout] test integration::workspace_commands::test_validate_not_scanned_warning ... ok
[INFO] [stdout] test integration::workspace_commands::test_workspace_ignore_add_and_list ... ok
[INFO] [stdout] test integration::workspace_commands::test_workspace_ignore_dry_run ... ok
[INFO] [stdout] test integration::workspace_commands::test_workspace_ignore_path_outside_workspace_errors ... ok
[INFO] [stdout] test integration::xdg_config::test_prompt_cache ... ok
[INFO] [stdout] test integration::xdg_config::test_prompt_cache_empty_file ... ok
[INFO] [stdout] test integration::workspace_isolation::test_workspace_isolation_data_isolation ... ok
[INFO] [stdout] test integration::workspace_isolation::test_workspace_isolation_frame_isolation ... ok
[INFO] [stdout] test integration::xdg_config::test_resolve_prompt_path_absolute ... ok
[INFO] [stdout] test integration::xdg_config::test_resolve_prompt_path_relative_base ... ok
[INFO] [stdout] test integration::xdg_config::test_resolve_prompt_path_relative_current_dir ... ok
[INFO] [stdout] test integration::xdg_config::test_resolve_prompt_path_tilde ... ok
[INFO] [stdout] test integration::workspace_isolation::test_workspace_isolation_head_index_isolation ... ok
[INFO] [stdout] test integration::workspace_isolation::test_workspace_isolation_persistence_isolation ... ok
[INFO] [stdout] test integration::workspace_isolation::test_workspace_isolation_same_structure ... ok
[INFO] [stdout] test integration::workspace_isolation::test_workspace_isolation_xdg_directories ... ok
[INFO] [stdout] test integration::xdg_config::test_agent_id_filename_mismatch_warning ... ok
[INFO] [stdout] test integration::xdg_config::test_agent_registry_load_from_xdg_inline_prompt ... ok
[INFO] [stdout] test integration::xdg_config::test_agent_registry_load_from_xdg_missing_prompt_retained_for_validation ... ok
[INFO] [stdout] test integration::xdg_config::test_agent_registry_load_from_xdg_prompt_path ... ok
[INFO] [stdout] test integration::xdg_config::test_agent_registry_load_from_xdg_prompt_path_relative ... ok
[INFO] [stdout] test integration::xdg_config::test_agent_registry_load_from_xdg_prompt_path_tilde ... ok
[INFO] [stdout] test integration::xdg_config::test_agent_registry_load_from_xdg_reader_no_prompt ... ok
[INFO] [stdout] test integration::xdg_config::test_agent_registry_load_from_xdg_writer_missing_prompt_retained_for_validation ... ok
[INFO] [stdout] test integration::xdg_config::test_load_order_xdg_overrides_config ... ok
[INFO] [stdout] test integration::xdg_config::test_provider_registry_load_from_xdg_invalid_skipped ... ok
[INFO] [stdout] test integration::xdg_config::test_provider_registry_load_from_xdg ... ok
[INFO] [stdout] test integration::xdg_config::test_xdg_agents_dir ... ok
[INFO] [stdout] test integration::xdg_config::test_xdg_providers_dir ... ok
[INFO] [stdout] test integration::xdg_config::test_xdg_config_home ... ok
[INFO] [stdout] 
[INFO] [stdout] failures:
[INFO] [stdout] 
[INFO] [stdout] ---- integration::init_command::test_init_error_handling stdout ----
[INFO] [stdout] 
[INFO] [stdout] thread 'integration::init_command::test_init_error_handling' (5326) panicked at tests/integration/init_command.rs:249:17:
[INFO] [stdout] assertion failed: !summary.errors.is_empty()
[INFO] [stdout] stack backtrace:
[INFO] [stdout]    0:     0x62b4e5ff3e41 - <<std[70759c8f55707aa4]::sys::backtrace::BacktraceLock>::print::DisplayBacktrace as core[df12db4294e9bfd3]::fmt::Display>::fmt
[INFO] [stdout]    1:     0x62b4e600eb6a - core[df12db4294e9bfd3]::fmt::write
[INFO] [stdout]    2:     0x62b4e5ff965c - <alloc[2182bb758b4b3781]::vec::Vec<u8> as core[df12db4294e9bfd3]::io::write::Write>::write_fmt
[INFO] [stdout]    3:     0x62b4e5fca686 - std[70759c8f55707aa4]::panicking::default_hook::{closure#0}
[INFO] [stdout]    4:     0x62b4e5fe99c9 - std[70759c8f55707aa4]::panicking::default_hook
[INFO] [stdout]    5:     0x62b4e580ca50 - test[9d35eded1c95d3be]::test_main_inner::<test[9d35eded1c95d3be]::test_main_static::{closure#0}>::{closure#0}
[INFO] [stdout]    6:     0x62b4e5fe9cf2 - std[70759c8f55707aa4]::panicking::panic_with_hook
[INFO] [stdout]    7:     0x62b4e5fca764 - std[70759c8f55707aa4]::panicking::panic_handler::{closure#0}
[INFO] [stdout]    8:     0x62b4e5fc2e19 - std[70759c8f55707aa4]::sys::backtrace::__rust_end_short_backtrace::<std[70759c8f55707aa4]::panicking::panic_handler::{closure#0}, !>
[INFO] [stdout]    9:     0x62b4e5fcb96d - __rustc[8fa7c3cbc660c2b3]::rust_begin_unwind
[INFO] [stdout]   10:     0x62b4e600f2cc - core[df12db4294e9bfd3]::panicking::panic_fmt
[INFO] [stdout]   11:     0x62b4e600f292 - core[df12db4294e9bfd3]::panicking::panic
[INFO] [stdout]   12:     0x62b4e55bf01a - integration_tests[6a35e2a721703685]::integration::test_utils::with_env_lock::<integration_tests[6a35e2a721703685]::integration::test_utils::with_xdg_env<integration_tests[6a35e2a721703685]::integration::init_command::test_init_error_handling::{closure#0}, ()>::{closure#0}, ()>
[INFO] [stdout]   13:     0x62b4e57df512 - integration_tests[6a35e2a721703685]::integration::init_command::test_init_error_handling
[INFO] [stdout]   14:     0x62b4e5693ab9 - <integration_tests[6a35e2a721703685]::integration::init_command::test_init_error_handling::{closure#0} as core[df12db4294e9bfd3]::ops::function::FnOnce<()>>::call_once
[INFO] [stdout]   15:     0x62b4e57ffd3b - test[9d35eded1c95d3be]::__rust_begin_short_backtrace::<core[df12db4294e9bfd3]::result::Result<(), alloc[2182bb758b4b3781]::string::String>, fn() -> core[df12db4294e9bfd3]::result::Result<(), alloc[2182bb758b4b3781]::string::String>>
[INFO] [stdout]   16:     0x62b4e580d3a5 - test[9d35eded1c95d3be]::run_test::{closure#0}
[INFO] [stdout]   17:     0x62b4e5806c64 - std[70759c8f55707aa4]::sys::backtrace::__rust_begin_short_backtrace::<test[9d35eded1c95d3be]::run_test::{closure#1}, ()>
[INFO] [stdout]   18:     0x62b4e5810502 - <std[70759c8f55707aa4]::thread::lifecycle::spawn_unchecked<test[9d35eded1c95d3be]::run_test::{closure#1}, ()>::{closure#1} as core[df12db4294e9bfd3]::ops::function::FnOnce<()>>::call_once::{shim:vtable#0}
[INFO] [stdout]   19:     0x62b4e5ff27b9 - <std[70759c8f55707aa4]::sys::thread::unix::Thread>::new::thread_start
[INFO] [stdout]   20:     0x713a6d604dfa - <unknown>
[INFO] [stdout]   21:     0x713a6d6983d4 - clone
[INFO] [stdout]   22:                0x0 - <unknown>
[INFO] [stdout] 
[INFO] [stdout] 
[INFO] [stdout] failures:
[INFO] [stdout]     integration::init_command::test_init_error_handling
[INFO] [stdout] 
[INFO] [stdout] test result: FAILED. 359 passed; 1 failed; 0 ignored; 0 measured; 0 filtered out; finished in 15.45s
[INFO] [stdout] 
[INFO] [stderr] error: test failed, to rerun pass `--test integration_tests`
[INFO] running `Command { std: "docker" "inspect" "952509c1779cac31300aff7142343e8c3c1b7463829e7def25fd5976d9ab9e3c", kill_on_drop: false }`
[INFO] running `Command { std: "docker" "rm" "-f" "952509c1779cac31300aff7142343e8c3c1b7463829e7def25fd5976d9ab9e3c", kill_on_drop: false }`
[INFO] [stdout] 952509c1779cac31300aff7142343e8c3c1b7463829e7def25fd5976d9ab9e3c
