[INFO] fetching crate magicblock-litesvm-cpi-tree 0.16.0...
[INFO] testing magicblock-litesvm-cpi-tree-0.16.0 against 1.99.0-beta.8+cargoflags=--release for beta-release-1.100-2
[INFO] extracting crate magicblock-litesvm-cpi-tree 0.16.0 into /workspace/builds/worker-7-tc1/source
[INFO] started tweaking crates.io crate magicblock-litesvm-cpi-tree 0.16.0
[INFO] removed 0 missing tests
[INFO] finished tweaking crates.io crate magicblock-litesvm-cpi-tree 0.16.0
[INFO] tweaked toml for crates.io crate magicblock-litesvm-cpi-tree 0.16.0 written to /workspace/builds/worker-7-tc1/source/Cargo.toml
[INFO] validating manifest of crates.io crate magicblock-litesvm-cpi-tree 0.16.0 on toolchain 1.99.0-beta.8
[INFO] running `Command { std: CARGO_HOME="/workspace/cargo-home" RUSTUP_HOME="/workspace/rustup-home" "/workspace/cargo-home/bin/cargo" "+1.99.0-beta.8" "metadata" "--manifest-path" "Cargo.toml" "--no-deps", kill_on_drop: false }`
[INFO] crate crates.io crate magicblock-litesvm-cpi-tree 0.16.0 already has a lockfile, it will not be regenerated
[INFO] running `Command { std: CARGO_HOME="/workspace/cargo-home" RUSTUP_HOME="/workspace/rustup-home" "/workspace/cargo-home/bin/cargo" "+1.99.0-beta.8" "fetch" "--manifest-path" "Cargo.toml", kill_on_drop: false }`
[INFO] [stderr]     Updating crates.io index
[INFO] [stderr]  Downloading crates ...
[INFO] [stderr]   Downloaded solana-instruction-error v2.4.0
[INFO] [stderr]   Downloaded solana-transaction v4.1.6
[INFO] [stderr]   Downloaded wincode-derive v0.4.6
[INFO] [stderr]   Downloaded solana-transaction-error v3.3.2
[INFO] [stderr]   Downloaded solana-clock v3.1.1
[INFO] [stderr]   Downloaded solana-pubkey v4.2.0
[INFO] [stderr]   Downloaded solana-hash v4.5.0
[INFO] [stderr]   Downloaded solana-instruction v3.4.1
[INFO] [stderr]   Downloaded solana-keypair v3.1.2
[INFO] [stderr]   Downloaded solana-signer v3.0.1
[INFO] [stderr]   Downloaded solana-seed-phrase v3.0.0
[INFO] [stderr]   Downloaded solana-rent v4.3.0
[INFO] [stderr]   Downloaded solana-instructions-sysvar v4.0.0
[INFO] [stderr]   Downloaded solana-slot-hashes v3.1.0
[INFO] [stderr]   Downloaded solana-epoch-schedule v3.2.0
[INFO] [stderr]   Downloaded solana-signature v3.4.1
[INFO] [stderr]   Downloaded solana-address v2.6.1
[INFO] [stderr]   Downloaded solana-short-vec v3.2.2
[INFO] [stderr]   Downloaded solana-transaction-context v4.2.1
[INFO] [stderr]   Downloaded solana-stake-history v1.0.0
[INFO] [stderr]   Downloaded solana-slot-history v3.1.0
[INFO] [stderr]   Downloaded solana-last-restart-slot v3.1.0
[INFO] [stderr]   Downloaded solana-epoch-rewards v3.1.0
[INFO] [stderr]   Downloaded solana-svm-log-collector v4.2.1
[INFO] [stderr]   Downloaded solana-svm-timings v4.2.1
[INFO] [stderr]   Downloaded eager v0.1.0
[INFO] [stderr]   Downloaded wincode v0.5.5
[INFO] [stderr]   Downloaded borsh-derive v1.8.0
[INFO] [stderr]   Downloaded solana-message v4.4.1
[INFO] [stderr]   Downloaded solana-account v4.3.2
[INFO] [stderr]   Downloaded solana-sysvar v4.1.0
[INFO] [stderr]   Downloaded solana-fee-calculator v3.2.2
[INFO] [stderr]   Downloaded solana-system-interface v3.2.0
[INFO] [stderr]   Downloaded solana-svm-transaction v4.2.0
[INFO] [stderr]   Downloaded solana-svm-measure v4.2.1
[INFO] [stderr]   Downloaded solana-svm-feature-set v4.2.1
[INFO] [stderr]   Downloaded solana-precompile-error v3.0.0
[INFO] [stderr]   Downloaded solana-svm-type-overrides v4.2.1
[INFO] [stderr]   Downloaded solana-svm-callback v4.2.1
[INFO] [stderr]   Downloaded solana-loader-v3-interface v7.0.0
[INFO] [stderr]   Downloaded solana-fee-structure v3.0.0
[INFO] [stderr]   Downloaded solana-packet v4.2.0
[INFO] [stderr]   Downloaded solana-nonce-account v4.1.1
[INFO] [stderr]   Downloaded solana-hash-512 v1.1.0
[INFO] [stderr]   Downloaded solana-system-program v4.2.1
[INFO] [stderr]   Downloaded solana-stake-interface v4.3.0
[INFO] [stderr]   Downloaded solana-nonce v3.2.1
[INFO] [stderr]   Downloaded solana-sha512-hasher v1.0.1
[INFO] [stderr]   Downloaded solana-secp256k1-recover v3.3.0
[INFO] [stderr]   Downloaded solana-program-runtime v4.2.1
[INFO] [stderr]   Downloaded solana-bincode v3.1.0
[INFO] [stderr]   Downloaded solana-poseidon v4.0.0
[INFO] [stderr]   Downloaded solana-sbpf v0.21.1
[INFO] [stderr]   Downloaded solana-syscalls v4.2.1
[INFO] [stderr]   Downloaded magicblock-litesvm v0.16.0
[INFO] [stderr]   Downloaded light-poseidon v0.4.0
[INFO] [stderr]   Downloaded light-poseidon v0.2.0
[INFO] [stderr]   Downloaded solana-keccak-hasher v3.1.0
[INFO] [stderr]   Downloaded solana-curve25519 v4.0.1
[INFO] [stderr]   Downloaded solana-bls12-381-syscall v0.1.1
[INFO] [stderr]   Downloaded blst v0.3.17
[INFO] [stderr]   Downloaded solana-blake3-hasher v3.1.0
[INFO] [stderr]   Downloaded solana-compute-budget v4.2.1
[INFO] [stderr]   Downloaded agave-feature-set v4.2.1
[INFO] [stderr]   Downloaded solana-fee v4.2.1
[INFO] [stderr]   Downloaded solana-feature-gate-interface v4.0.0
[INFO] [stderr]   Downloaded solana-seed-derivable v3.0.0
[INFO] [stderr]   Downloaded solana-derivation-path v3.0.0
[INFO] [stderr]   Downloaded solana-bn254 v3.2.1
[INFO] [stderr]   Downloaded blstrs v0.7.1
[INFO] [stderr]   Downloaded solana-runtime-transaction v4.2.1
[INFO] [stderr]   Downloaded solana-compute-budget-instruction v4.2.1
[INFO] [stderr]   Downloaded solana-compute-budget-interface v3.0.0
[INFO] [stderr]   Downloaded solana-builtins-default-costs v4.2.1
[INFO] [stderr]   Downloaded solana-borsh v3.0.2
[INFO] [stderr]   Downloaded agave-transaction-view v4.2.1
[INFO] [stderr]   Downloaded solana-native-token v3.0.0
[INFO] [stderr]   Downloaded solana-loader-v4-interface v3.1.0
[INFO] [stderr]   Downloaded solana-loader-v3-interface v8.0.1
[INFO] [stderr]   Downloaded solana-builtins v4.2.1
[INFO] [stderr]   Downloaded solana-zk-token-proof-program v4.2.1
[INFO] [stderr]   Downloaded solana-zk-elgamal-proof-program v4.2.1
[INFO] [stderr]   Downloaded aes-gcm-siv v0.11.1
[INFO] [stderr]   Downloaded solana-vote-program v4.2.1
[INFO] [stderr]   Downloaded solana-vote-interface v6.0.3
[INFO] [stderr]   Downloaded solana-serde-varint v3.0.1
[INFO] [stderr]   Downloaded solana-zk-sdk v5.0.1
[INFO] [stderr]   Downloaded solana-compute-budget-program v4.2.1
[INFO] [stderr]   Downloaded qualifier_attr v0.2.2
[INFO] [stderr]   Downloaded solana-address-lookup-table-interface v3.1.0
[INFO] [stderr]   Downloaded magicblock-account v4.3.1
[INFO] [stderr]   Downloaded solana-bls-signatures v3.3.0
[INFO] [stderr]   Downloaded solana-bpf-loader-program v4.2.1
[INFO] [stderr]   Downloaded agave-reserved-account-keys v4.2.1
[INFO] running `Command { std: "docker" "create" "-v" "/var/lib/crater-agent-workspace/builds/worker-7-tc1/source:/opt/rustwide/workdir:ro,Z" "-v" "/var/lib/crater-agent-workspace/builds/worker-7-tc1/target:/opt/rustwide/target:rw,Z" "-v" "/var/lib/crater-agent-workspace/cargo-home:/opt/rustwide/cargo-home:ro,Z" "-v" "/var/lib/crater-agent-workspace/rustup-home:/opt/rustwide/rustup-home:ro,Z" "-m" "1610612736" "--network" "none" "ghcr.io/rust-lang/crates-build-env/linux@sha256:77db811e55d90add9212f6832c23229e3de5f1c1f9905e8cb07319ea15df73ac" "sleep" "infinity", kill_on_drop: false }`
[INFO] [stdout] 6ccd93f90f7ca096ae372f58b348075043fb012bf4184592a6f8b6fdb1711ad8
[INFO] running `Command { std: "docker" "start" "6ccd93f90f7ca096ae372f58b348075043fb012bf4184592a6f8b6fdb1711ad8", kill_on_drop: false }`
[INFO] running `Command { std: "docker" "inspect" "6ccd93f90f7ca096ae372f58b348075043fb012bf4184592a6f8b6fdb1711ad8", kill_on_drop: false }`
[INFO] running `Command { std: "docker" "exec" "-e" "SOURCE_DIR=/opt/rustwide/workdir" "-e" "CARGO_HOME=/opt/rustwide/cargo-home" "-e" "RUSTUP_HOME=/opt/rustwide/rustup-home" "-e" "CARGO_TARGET_DIR=/opt/rustwide/target" "-w" "/opt/rustwide/workdir" "--user" "0:0" "6ccd93f90f7ca096ae372f58b348075043fb012bf4184592a6f8b6fdb1711ad8" "/opt/rustwide/cargo-home/bin/cargo" "+1.99.0-beta.8" "metadata" "--no-deps" "--format-version=1", kill_on_drop: false }`
[INFO] running `Command { std: "docker" "inspect" "6ccd93f90f7ca096ae372f58b348075043fb012bf4184592a6f8b6fdb1711ad8", kill_on_drop: false }`
[INFO] running `Command { std: "docker" "exec" "-e" "SOURCE_DIR=/opt/rustwide/workdir" "-e" "CARGO_HOME=/opt/rustwide/cargo-home" "-e" "RUSTUP_HOME=/opt/rustwide/rustup-home" "-e" "CARGO_TARGET_DIR=/opt/rustwide/target" "-e" "CARGO_INCREMENTAL=0" "-e" "RUST_BACKTRACE=full" "-e" "RUSTFLAGS=--cap-lints=warn" "-e" "RUSTDOCFLAGS=--cap-lints=warn" "-w" "/opt/rustwide/workdir" "--user" "0:0" "6ccd93f90f7ca096ae372f58b348075043fb012bf4184592a6f8b6fdb1711ad8" "/opt/rustwide/cargo-home/bin/cargo" "+1.99.0-beta.8" "build" "--frozen" "--message-format=json" "--release", kill_on_drop: false }`
[INFO] [stderr]    Compiling zeroize_derive v1.5.0
[INFO] [stderr]    Compiling syn v3.0.4
[INFO] [stderr]    Compiling feature-probe v0.1.1
[INFO] [stderr]    Compiling darling_core v0.23.0
[INFO] [stderr]    Compiling wincode v0.5.5
[INFO] [stderr]    Compiling pastey v0.2.3
[INFO] [stderr]    Compiling five8_core v1.0.0
[INFO] [stderr]    Compiling solana-sanitize v3.0.1
[INFO] [stderr]    Compiling solana-program-error v3.0.1
[INFO] [stderr]    Compiling sha2-const-stable v0.1.0
[INFO] [stderr]    Compiling solana-atomic-u64 v3.0.1
[INFO] [stderr]    Compiling getrandom v0.2.17
[INFO] [stderr]    Compiling curve25519-dalek v4.1.3
[INFO] [stderr]    Compiling zerocopy v0.8.56
[INFO] [stderr]    Compiling bs58 v0.5.1
[INFO] [stderr]    Compiling getrandom v0.3.4
[INFO] [stderr]    Compiling either v1.18.0
[INFO] [stderr]    Compiling five8 v1.0.0
[INFO] [stderr]    Compiling five8_const v1.0.0
[INFO] [stderr]    Compiling solana-instruction-error v2.4.0
[INFO] [stderr]    Compiling rand_core v0.6.4
[INFO] [stderr]    Compiling bv v0.11.1
[INFO] [stderr]    Compiling solana-sdk-macro v3.0.1
[INFO] [stderr]    Compiling solana-program-memory v3.1.0
[INFO] [stderr]    Compiling solana-transaction-error v3.3.2
[INFO] [stderr]    Compiling num-traits v0.2.19
[INFO] [stderr]    Compiling blake3 v1.8.7
[INFO] [stderr]    Compiling rand_core v0.9.5
[INFO] [stderr]    Compiling solana-define-syscall v4.0.1
[INFO] [stderr]    Compiling digest v0.11.3
[INFO] [stderr]    Compiling serde_bytes v0.11.19
[INFO] [stderr]    Compiling memchr v2.8.3
[INFO] [stderr]    Compiling num-bigint v0.4.8
[INFO] [stderr]    Compiling num-bigint v0.2.6
[INFO] [stderr]    Compiling solana-msg v3.1.0
[INFO] [stderr]    Compiling num-complex v0.2.4
[INFO] [stderr]    Compiling zeroize v1.9.0
[INFO] [stderr]    Compiling num-rational v0.2.4
[INFO] [stderr]    Compiling solana-svm-feature-set v4.2.1
[INFO] [stderr]    Compiling ascii v0.9.3
[INFO] [stderr]    Compiling bitvec v1.1.1
[INFO] [stderr]    Compiling syn v1.0.109
[INFO] [stderr]    Compiling hash32 v0.3.1
[INFO] [stderr]    Compiling generic-array v0.14.7
[INFO] [stderr]    Compiling num-iter v0.1.46
[INFO] [stderr]    Compiling enum-iterator-derive v1.5.0
[INFO] [stderr]    Compiling itertools v0.14.0
[INFO] [stderr]    Compiling rand_xorshift v0.3.0
[INFO] [stderr]    Compiling solana-precompile-error v3.0.0
[INFO] [stderr]    Compiling solana-fee-structure v3.0.0
[INFO] [stderr]    Compiling eager v0.1.0
[INFO] [stderr]    Compiling solana-svm-log-collector v4.2.1
[INFO] [stderr]    Compiling solana-svm-measure v4.2.1
[INFO] [stderr]    Compiling ark-serialize-derive v0.5.0
[INFO] [stderr]    Compiling num-integer v0.1.47
[INFO] [stderr]    Compiling combine v3.8.1
[INFO] [stderr]    Compiling der v0.7.10
[INFO] [stderr]    Compiling enum-iterator v2.3.0
[INFO] [stderr]    Compiling itertools v0.13.0
[INFO] [stderr]    Compiling crypto-common v0.1.7
[INFO] [stderr]    Compiling block-buffer v0.10.4
[INFO] [stderr]    Compiling ark-ff-asm v0.5.0
[INFO] [stderr]    Compiling digest v0.10.7
[INFO] [stderr]    Compiling sha2 v0.10.9
[INFO] [stderr]    Compiling signature v2.2.0
[INFO] [stderr]    Compiling ed25519 v2.2.3
[INFO] [stderr]    Compiling hmac v0.12.1
[INFO] [stderr]    Compiling num v0.2.1
[INFO] [stderr]    Compiling percentage v0.1.0
[INFO] [stderr]    Compiling pbkdf2 v0.11.0
[INFO] [stderr]    Compiling solana-seed-phrase v3.0.0
[INFO] [stderr]    Compiling hashbrown v0.15.5
[INFO] [stderr]    Compiling ark-ff-macros v0.5.0
[INFO] [stderr]    Compiling digest v0.9.0
[INFO] [stderr]    Compiling itertools v0.10.5
[INFO] [stderr]    Compiling blst v0.3.17
[INFO] [stderr]    Compiling subtle v2.6.1
[INFO] [stderr]    Compiling libsecp256k1-core v0.3.0
[INFO] [stderr]    Compiling ff v0.13.1
[INFO] [stderr]    Compiling serde_derive v1.0.229
[INFO] [stderr]    Compiling thiserror-impl v2.0.20
[INFO] [stderr]    Compiling bytemuck_derive v1.12.0
[INFO] [stderr]    Compiling enum-ordinalize-derive v4.4.2
[INFO] [stderr]    Compiling threadpool v1.8.1
[INFO] [stderr]    Compiling darling_macro v0.23.0
[INFO] [stderr]    Compiling enum-ordinalize v4.4.2
[INFO] [stderr]    Compiling educe v0.6.0
[INFO] [stderr]    Compiling darling v0.23.0
[INFO] [stderr]    Compiling wincode-derive v0.4.6
[INFO] [stderr]    Compiling spki v0.7.3
[INFO] [stderr]    Compiling sec1 v0.7.3
[INFO] [stderr]    Compiling crypto-bigint v0.5.5
[INFO] [stderr]    Compiling bytemuck v1.25.2
[INFO] [stderr]    Compiling inout v0.1.4
[INFO] [stderr]    Compiling pkcs8 v0.10.2
[INFO] [stderr]    Compiling thiserror-impl v1.0.69
[INFO] [stderr]    Compiling thiserror v2.0.20
[INFO] [stderr]    Compiling byte-slice-cast v1.2.3
[INFO] [stderr]    Compiling borsh v1.8.0
[INFO] [stderr]    Compiling cipher v0.4.4
[INFO] [stderr]    Compiling sha3 v0.10.9
[INFO] [stderr]    Compiling libsecp256k1-gen-ecmult v0.3.0
[INFO] [stderr]    Compiling libsecp256k1-gen-genmult v0.3.0
[INFO] [stderr]    Compiling rfc6979 v0.4.0
[INFO] [stderr]    Compiling serde_json v1.0.151
[INFO] [stderr]    Compiling borsh-derive v1.8.0
[INFO] [stderr]    Compiling uriparse v0.6.4
[INFO] [stderr]    Compiling libsecp256k1 v0.7.2
[INFO] [stderr]    Compiling serde_with_macros v3.22.0
[INFO] [stderr]    Compiling universal-hash v0.5.1
[INFO] [stderr]    Compiling block-buffer v0.9.0
[INFO] [stderr]    Compiling num-derive v0.4.2
[INFO] [stderr]    Compiling derivation-path v0.2.0
[INFO] [stderr]    Compiling polyval v0.6.2
[INFO] [stderr]    Compiling sha2 v0.9.9
[INFO] [stderr]    Compiling thiserror v1.0.69
[INFO] [stderr]    Compiling ctr v0.9.2
[INFO] [stderr]    Compiling ppv-lite86 v0.2.21
[INFO] [stderr]    Compiling ahash v0.8.12
[INFO] [stderr]    Compiling serde_with v3.22.0
[INFO] [stderr]    Compiling aes v0.8.4
[INFO] [stderr]    Compiling rand_chacha v0.3.1
[INFO] [stderr]    Compiling rand_chacha v0.9.0
[INFO] [stderr]    Compiling ark-serialize-derive v0.4.2
[INFO] [stderr]    Compiling serde v1.0.229
[INFO] [stderr]    Compiling rand v0.8.7
[INFO] [stderr]    Compiling derivative v2.2.0
[INFO] [stderr]    Compiling rand v0.9.5
[INFO] [stderr]    Compiling ark-ff-macros v0.4.2
[INFO] [stderr]    Compiling ark-ff-asm v0.4.2
[INFO] [stderr]    Compiling hashbrown v0.13.2
[INFO] [stderr]    Compiling solana-derivation-path v3.0.0
[INFO] [stderr]    Compiling aead v0.5.2
[INFO] [stderr]    Compiling cfg_eval v0.1.2
[INFO] [stderr]    Compiling solana-hash-512 v1.1.0
[INFO] [stderr]    Compiling aes-gcm-siv v0.11.1
[INFO] [stderr]    Compiling solana-sbpf v0.21.1
[INFO] [stderr]    Compiling bincode v1.3.3
[INFO] [stderr]    Compiling solana-svm-type-overrides v4.2.1
[INFO] [stderr]    Compiling group v0.13.0
[INFO] [stderr]    Compiling ark-std v0.5.0
[INFO] [stderr]    Compiling ark-std v0.4.0
[INFO] [stderr]    Compiling solana-serde-varint v3.0.1
[INFO] [stderr]    Compiling solana-sha512-hasher v1.0.1
[INFO] [stderr]    Compiling ark-serialize v0.5.0
[INFO] [stderr]    Compiling solana-seed-derivable v3.0.0
[INFO] [stderr]    Compiling ark-serialize v0.4.2
[INFO] [stderr]    Compiling pairing v0.23.0
[INFO] [stderr]    Compiling elliptic-curve v0.13.8
[INFO] [stderr]    Compiling merlin v3.0.0
[INFO] [stderr]    Compiling qualifier_attr v0.2.2
[INFO] [stderr]    Compiling itertools v0.15.0
[INFO] [stderr]    Compiling solana-bincode v3.1.0
[INFO] [stderr]    Compiling solana-native-token v3.0.0
[INFO] [stderr]    Compiling ark-ff v0.5.0
[INFO] [stderr]    Compiling ark-ff v0.4.2
[INFO] [stderr]    Compiling ecdsa v0.16.9
[INFO] [stderr]    Compiling blstrs v0.7.1
[INFO] [stderr]    Compiling solana-borsh v3.0.2
[INFO] [stderr]    Compiling k256 v0.13.4
[INFO] [stderr]    Compiling ed25519-dalek v2.2.0
[INFO] [stderr]    Compiling solana-bls12-381-syscall v0.1.1
[INFO] [stderr]    Compiling solana-curve25519 v4.0.1
[INFO] [stderr]    Compiling solana-bls-signatures v3.3.0
[INFO] [stderr]    Compiling solana-secp256k1-recover v3.3.0
[INFO] [stderr]    Compiling solana-hash v4.5.0
[INFO] [stderr]    Compiling solana-signature v3.4.1
[INFO] [stderr]    Compiling solana-fee-calculator v3.2.2
[INFO] [stderr]    Compiling solana-short-vec v3.2.2
[INFO] [stderr]    Compiling solana-sha256-hasher v3.1.0
[INFO] [stderr]    Compiling solana-keccak-hasher v3.1.0
[INFO] [stderr]    Compiling solana-blake3-hasher v3.1.0
[INFO] [stderr]    Compiling solana-address v2.6.1
[INFO] [stderr]    Compiling solana-pubkey v4.2.0
[INFO] [stderr]    Compiling solana-sdk-ids v3.1.0
[INFO] [stderr]    Compiling solana-get-sysvar v1.0.0
[INFO] [stderr]    Compiling solana-account-info v3.1.1
[INFO] [stderr]    Compiling solana-address v1.1.0
[INFO] [stderr]    Compiling solana-instruction v3.4.1
[INFO] [stderr]    Compiling solana-signer v3.0.1
[INFO] [stderr]    Compiling solana-serialize-utils v3.1.2
[INFO] [stderr]    Compiling solana-svm-timings v4.2.1
[INFO] [stderr]    Compiling solana-packet v4.2.0
[INFO] [stderr]    Compiling solana-nonce v3.2.1
[INFO] [stderr]    Compiling solana-pubkey v3.0.0
[INFO] [stderr]    Compiling solana-program-entrypoint v3.1.1
[INFO] [stderr]    Compiling solana-sysvar-id v3.1.0
[INFO] [stderr]    Compiling solana-clock v3.1.1
[INFO] [stderr]    Compiling solana-epoch-schedule v3.2.0
[INFO] [stderr]    Compiling solana-slot-hashes v3.1.0
[INFO] [stderr]    Compiling solana-rent v4.3.0
[INFO] [stderr]    Compiling solana-slot-history v3.1.0
[INFO] [stderr]    Compiling solana-epoch-rewards v3.1.0
[INFO] [stderr]    Compiling solana-last-restart-slot v3.1.0
[INFO] [stderr]    Compiling solana-system-interface v3.2.0
[INFO] [stderr]    Compiling solana-stake-history v1.0.0
[INFO] [stderr]    Compiling solana-message v4.4.1
[INFO] [stderr]    Compiling solana-instructions-sysvar v4.0.0
[INFO] [stderr]    Compiling solana-cpi v3.1.0
[INFO] [stderr]    Compiling solana-stable-layout v3.0.1
[INFO] [stderr]    Compiling solana-loader-v3-interface v7.0.0
[INFO] [stderr]    Compiling solana-keypair v3.1.2
[INFO] [stderr]    Compiling solana-compute-budget-interface v3.0.0
[INFO] [stderr]    Compiling solana-zk-sdk v5.0.1
[INFO] [stderr]    Compiling solana-address-lookup-table-interface v3.1.0
[INFO] [stderr]    Compiling solana-sysvar v4.1.0
[INFO] [stderr]    Compiling magicblock-account v4.3.1
[INFO] [stderr]    Compiling solana-loader-v4-interface v3.1.0
[INFO] [stderr]    Compiling agave-feature-set v4.2.1
[INFO] [stderr]    Compiling solana-account v4.3.2
[INFO] [stderr]    Compiling solana-svm-callback v4.2.1
[INFO] [stderr]    Compiling solana-transaction-context v4.2.1
[INFO] [stderr]    Compiling solana-stake-interface v4.3.0
[INFO] [stderr]    Compiling solana-builtins-default-costs v4.2.1
[INFO] [stderr]    Compiling solana-nonce-account v4.1.1
[INFO] [stderr]    Compiling solana-vote-interface v6.0.3
[INFO] [stderr]    Compiling agave-reserved-account-keys v4.2.1
[INFO] [stderr]    Compiling solana-transaction v4.1.6
[INFO] [stderr]    Compiling solana-feature-gate-interface v4.0.0
[INFO] [stderr]    Compiling solana-loader-v3-interface v8.0.1
[INFO] [stderr]    Compiling solana-svm-transaction v4.2.0
[INFO] [stderr]    Compiling agave-transaction-view v4.2.1
[INFO] [stderr]    Compiling solana-fee v4.2.1
[INFO] [stderr]    Compiling solana-program-runtime v4.2.1
[INFO] [stderr]    Compiling ark-poly v0.4.2
[INFO] [stderr]    Compiling ark-poly v0.5.0
[INFO] [stderr]    Compiling solana-compute-budget v4.2.1
[INFO] [stderr]    Compiling solana-system-program v4.2.1
[INFO] [stderr]    Compiling solana-compute-budget-program v4.2.1
[INFO] [stderr]    Compiling solana-vote-program v4.2.1
[INFO] [stderr]    Compiling solana-zk-token-proof-program v4.2.1
[INFO] [stderr]    Compiling solana-zk-elgamal-proof-program v4.2.1
[INFO] [stderr]    Compiling solana-compute-budget-instruction v4.2.1
[INFO] [stderr]    Compiling solana-runtime-transaction v4.2.1
[INFO] [stderr]    Compiling ark-ec v0.4.2
[INFO] [stderr]    Compiling ark-ec v0.5.0
[INFO] [stderr]    Compiling ark-bn254 v0.4.0
[INFO] [stderr]    Compiling light-poseidon v0.2.0
[INFO] [stderr]    Compiling ark-bn254 v0.5.0
[INFO] [stderr]    Compiling light-poseidon v0.4.0
[INFO] [stderr]    Compiling solana-bn254 v3.2.1
[INFO] [stderr]    Compiling solana-poseidon v4.0.0
[INFO] [stderr]    Compiling solana-syscalls v4.2.1
[INFO] [stderr]    Compiling solana-bpf-loader-program v4.2.1
[INFO] [stderr]    Compiling solana-builtins v4.2.1
[INFO] [stderr]    Compiling magicblock-litesvm v0.16.0
[INFO] [stderr]    Compiling magicblock-litesvm-cpi-tree v0.16.0 (/opt/rustwide/workdir)
[INFO] [stderr]     Finished `release` profile [optimized] target(s) in 2m 48s
[INFO] running `Command { std: "docker" "inspect" "6ccd93f90f7ca096ae372f58b348075043fb012bf4184592a6f8b6fdb1711ad8", kill_on_drop: false }`
[INFO] running `Command { std: "docker" "exec" "-e" "SOURCE_DIR=/opt/rustwide/workdir" "-e" "CARGO_HOME=/opt/rustwide/cargo-home" "-e" "RUSTUP_HOME=/opt/rustwide/rustup-home" "-e" "CARGO_TARGET_DIR=/opt/rustwide/target" "-e" "CARGO_INCREMENTAL=0" "-e" "RUST_BACKTRACE=full" "-e" "RUSTFLAGS=--cap-lints=warn" "-e" "RUSTDOCFLAGS=--cap-lints=warn" "-w" "/opt/rustwide/workdir" "--user" "0:0" "6ccd93f90f7ca096ae372f58b348075043fb012bf4184592a6f8b6fdb1711ad8" "/opt/rustwide/cargo-home/bin/cargo" "+1.99.0-beta.8" "test" "--frozen" "--no-run" "--message-format=json" "--release", kill_on_drop: false }`
[INFO] [stderr]    Compiling magicblock-litesvm-cpi-tree v0.16.0 (/opt/rustwide/workdir)
[INFO] [stderr]     Finished `release` profile [optimized] target(s) in 2.98s
[INFO] running `Command { std: "docker" "inspect" "6ccd93f90f7ca096ae372f58b348075043fb012bf4184592a6f8b6fdb1711ad8", kill_on_drop: false }`
[INFO] running `Command { std: "docker" "exec" "-e" "SOURCE_DIR=/opt/rustwide/workdir" "-e" "CARGO_HOME=/opt/rustwide/cargo-home" "-e" "RUSTUP_HOME=/opt/rustwide/rustup-home" "-e" "CARGO_TARGET_DIR=/opt/rustwide/target" "-e" "CARGO_INCREMENTAL=0" "-e" "RUST_BACKTRACE=full" "-e" "RUSTFLAGS=--cap-lints=warn" "-e" "RUSTDOCFLAGS=--cap-lints=warn" "-w" "/opt/rustwide/workdir" "--user" "0:0" "6ccd93f90f7ca096ae372f58b348075043fb012bf4184592a6f8b6fdb1711ad8" "/opt/rustwide/cargo-home/bin/cargo" "+1.99.0-beta.8" "test" "--frozen" "--release", kill_on_drop: false }`
[INFO] [stderr]     Finished `release` profile [optimized] target(s) in 0.33s
[INFO] [stdout] 
[INFO] [stderr]      Running unittests src/lib.rs (/opt/rustwide/target/release/deps/litesvm_cpi_tree-44bca8a99161a6da)
[INFO] [stdout] running 35 tests
[INFO] [stderr]      Running tests/cpi_trees.rs (/opt/rustwide/target/release/deps/cpi_trees-3ce1d3d88112aeff)
[INFO] [stdout] test ext::tests::pretty_cpi_tree_header_notes_missing_cu ... ok
[INFO] [stdout] test tests::failed_frame_carries_message_and_logs ... ok
[INFO] [stdout] test tests::format_multiple_roots_group_under_header ... ok
[INFO] [stdout] test tests::empty_stream_yields_empty_tree ... ok
[INFO] [stdout] test tests::format_nested_grandchild_extends_pipe_through_non_last_branch ... ok
[INFO] [stdout] test ext::tests::pretty_cpi_tree_header_shows_total_and_budget ... ok
[INFO] [stdout] test tests::format_with_custom_label_threads_through_recursion ... ok
[INFO] [stdout] test tests::format_truncated_frame_marks_it ... ok
[INFO] [stdout] test tests::failed_message_preserves_internal_whitespace ... ok
[INFO] [stdout] test tests::multiple_roots_keep_invocation_order ... ok
[INFO] [stdout] test tests::instruction_header_clears_pre_handler_msg_chatter_but_keeps_data ... ok
[INFO] [stdout] test tests::logs_and_data_preserve_interleaved_order ... ok
[INFO] [stdout] test tests::format_with_custom_label_replaces_program_id ... ok
[INFO] [stdout] test tests::format_truncated_spine_with_resolved_sibling ... ok
[INFO] [stdout] test tests::nested_cpi_attaches_child_under_parent ... ok
[INFO] [stdout] test tests::non_program_diagnostics_outside_frame_are_dropped ... ok
[INFO] [stdout] test tests::format_empty_tree_yields_only_header ... ok
[INFO] [stdout] test tests::format_failed_frame_shows_message ... ok
[INFO] [stdout] test tests::format_frame_with_data_and_children_uses_spine ... ok
[INFO] [stdout] test tests::format_frame_with_no_data_omits_data_lines ... ok
[INFO] [stdout] test tests::format_frame_with_data_no_children_uses_plain_pad ... ok
[INFO] [stdout] test tests::parser_captures_consumed_and_available ... ok
[INFO] [stdout] test tests::stream_with_no_invoke_lines_yields_empty_tree ... ok
[INFO] [stdout] test tests::unprefixed_runtime_line_captured_as_msg ... ok
[INFO] [stdout] test tests::success_frame_captures_data_entries ... ok
[INFO] [stdout] test tests::with_commas_inserts_thousands_separators ... ok
[INFO] [stdout] test tests::transaction_compute_budget_reads_first_available ... ok
[INFO] [stdout] test tests::transaction_total_cu_does_not_double_count_children ... ok
[INFO] [stdout] test tests::transaction_total_cu_returns_none_when_no_frame_has_cu ... ok
[INFO] [stdout] test tests::transaction_total_cu_sums_top_level_frames ... ok
[INFO] [stdout] test tests::truncation_marks_open_spine_not_resolved_siblings ... ok
[INFO] [stdout] test tests::invalid_program_id_in_invoke_is_dropped ... ok
[INFO] [stdout] test tests::instruction_header_does_not_overwrite_existing_name ... ok
[INFO] [stdout] test tests::format_interleaved_logs_and_data ... ok
[INFO] [stdout] test tests::unclosed_frames_drain_as_truncated ... ok
[INFO] [stdout] 
[INFO] [stdout] test result: ok. 35 passed; 0 failed; 0 ignored; 0 measured; 0 filtered out; finished in 0.00s
[INFO] [stdout] 
[INFO] [stdout] 
[INFO] [stdout] running 3 tests
[INFO] [stdout] test fixture_clock_example ... FAILED
[INFO] [stdout] test fixture_counter ... FAILED
[INFO] [stdout] test fixture_failure ... FAILED
[INFO] [stdout] 
[INFO] [stdout] failures:
[INFO] [stdout] 
[INFO] [stdout] ---- fixture_clock_example stdout ----
[INFO] [stdout] 
[INFO] [stdout] thread 'fixture_clock_example' (3902) panicked at tests/cpi_trees.rs:24:22:
[INFO] [stdout] called `Result::unwrap()` on an `Err` value: Os { code: 2, kind: NotFound, message: "No such file or directory" }
[INFO] [stdout] stack backtrace:
[INFO] [stdout]    0:     0x5f6d7a8959d1 - <<std[70759c8f55707aa4]::sys::backtrace::BacktraceLock>::print::DisplayBacktrace as core[df12db4294e9bfd3]::fmt::Display>::fmt
[INFO] [stdout]    1:     0x5f6d7a8ab55a - core[df12db4294e9bfd3]::fmt::write
[INFO] [stdout]    2:     0x5f6d7a899f1c - <alloc[2182bb758b4b3781]::vec::Vec<u8> as core[df12db4294e9bfd3]::io::write::Write>::write_fmt
[INFO] [stdout]    3:     0x5f6d7a871bd6 - std[70759c8f55707aa4]::panicking::default_hook::{closure#0}
[INFO] [stdout]    4:     0x5f6d7a88dd49 - std[70759c8f55707aa4]::panicking::default_hook
[INFO] [stdout]    5:     0x5f6d7a434bb0 - test[9d35eded1c95d3be]::test_main_inner::<test[9d35eded1c95d3be]::test_main_static::{closure#0}>::{closure#0}
[INFO] [stdout]    6:     0x5f6d7a88df02 - std[70759c8f55707aa4]::panicking::panic_with_hook
[INFO] [stdout]    7:     0x5f6d7a871c82 - std[70759c8f55707aa4]::panicking::panic_handler::{closure#0}
[INFO] [stdout]    8:     0x5f6d7a86a849 - std[70759c8f55707aa4]::sys::backtrace::__rust_end_short_backtrace::<std[70759c8f55707aa4]::panicking::panic_handler::{closure#0}, !>
[INFO] [stdout]    9:     0x5f6d7a87287d - __rustc[8fa7c3cbc660c2b3]::rust_begin_unwind
[INFO] [stdout]   10:     0x5f6d7a8abc8c - core[df12db4294e9bfd3]::panicking::panic_fmt
[INFO] [stdout]   11:     0x5f6d7a8aba62 - core[df12db4294e9bfd3]::result::unwrap_failed
[INFO] [stdout]   12:     0x5f6d7a423362 - cpi_trees[e243ef0783eeeef8]::read_program
[INFO] [stdout]   13:     0x5f6d7a4258d9 - <cpi_trees[e243ef0783eeeef8]::fixture_clock_example::{closure#0} as core[df12db4294e9bfd3]::ops::function::FnOnce<()>>::call_once
[INFO] [stdout]   14:     0x5f6d7a427e9b - test[9d35eded1c95d3be]::__rust_begin_short_backtrace::<core[df12db4294e9bfd3]::result::Result<(), alloc[2182bb758b4b3781]::string::String>, fn() -> core[df12db4294e9bfd3]::result::Result<(), alloc[2182bb758b4b3781]::string::String>>
[INFO] [stdout]   15:     0x5f6d7a435505 - test[9d35eded1c95d3be]::run_test::{closure#0}
[INFO] [stdout]   16:     0x5f6d7a42edc4 - std[70759c8f55707aa4]::sys::backtrace::__rust_begin_short_backtrace::<test[9d35eded1c95d3be]::run_test::{closure#1}, ()>
[INFO] [stdout]   17:     0x5f6d7a438662 - <std[70759c8f55707aa4]::thread::lifecycle::spawn_unchecked<test[9d35eded1c95d3be]::run_test::{closure#1}, ()>::{closure#1} as core[df12db4294e9bfd3]::ops::function::FnOnce<()>>::call_once::{shim:vtable#0}
[INFO] [stdout]   18:     0x5f6d7a894f89 - <std[70759c8f55707aa4]::sys::thread::unix::Thread>::new::thread_start
[INFO] [stdout]   19:     0x723e0a1c2dfa - <unknown>
[INFO] [stdout]   20:     0x723e0a2563d4 - clone
[INFO] [stdout]   21:                0x0 - <unknown>
[INFO] [stdout] 
[INFO] [stdout] ---- fixture_counter stdout ----
[INFO] [stdout] 
[INFO] [stdout] thread 'fixture_counter' (3903) panicked at tests/cpi_trees.rs:24:22:
[INFO] [stdout] called `Result::unwrap()` on an `Err` value: Os { code: 2, kind: NotFound, message: "No such file or directory" }
[INFO] [stdout] stack backtrace:
[INFO] [stdout]    0:     0x5f6d7a8959d1 - <<std[70759c8f55707aa4]::sys::backtrace::BacktraceLock>::print::DisplayBacktrace as core[df12db4294e9bfd3]::fmt::Display>::fmt
[INFO] [stdout]    1:     0x5f6d7a8ab55a - core[df12db4294e9bfd3]::fmt::write
[INFO] [stdout]    2:     0x5f6d7a899f1c - <alloc[2182bb758b4b3781]::vec::Vec<u8> as core[df12db4294e9bfd3]::io::write::Write>::write_fmt
[INFO] [stdout]    3:     0x5f6d7a871bd6 - std[70759c8f55707aa4]::panicking::default_hook::{closure#0}
[INFO] [stdout]    4:     0x5f6d7a88dd49 - std[70759c8f55707aa4]::panicking::default_hook
[INFO] [stdout]    5:     0x5f6d7a434bb0 - test[9d35eded1c95d3be]::test_main_inner::<test[9d35eded1c95d3be]::test_main_static::{closure#0}>::{closure#0}
[INFO] [stdout]    6:     0x5f6d7a88df02 - std[70759c8f55707aa4]::panicking::panic_with_hook
[INFO] [stdout]    7:     0x5f6d7a871c82 - std[70759c8f55707aa4]::panicking::panic_handler::{closure#0}
[INFO] [stdout]    8:     0x5f6d7a86a849 - std[70759c8f55707aa4]::sys::backtrace::__rust_end_short_backtrace::<std[70759c8f55707aa4]::panicking::panic_handler::{closure#0}, !>
[INFO] [stdout]    9:     0x5f6d7a87287d - __rustc[8fa7c3cbc660c2b3]::rust_begin_unwind
[INFO] [stdout]   10:     0x5f6d7a8abc8c - core[df12db4294e9bfd3]::panicking::panic_fmt
[INFO] [stdout]   11:     0x5f6d7a8aba62 - core[df12db4294e9bfd3]::result::unwrap_failed
[INFO] [stdout]   12:     0x5f6d7a423362 - cpi_trees[e243ef0783eeeef8]::read_program
[INFO] [stdout]   13:     0x5f6d7a424625 - <cpi_trees[e243ef0783eeeef8]::fixture_counter::{closure#0} as core[df12db4294e9bfd3]::ops::function::FnOnce<()>>::call_once
[INFO] [stdout]   14:     0x5f6d7a427e9b - test[9d35eded1c95d3be]::__rust_begin_short_backtrace::<core[df12db4294e9bfd3]::result::Result<(), alloc[2182bb758b4b3781]::string::String>, fn() -> core[df12db4294e9bfd3]::result::Result<(), alloc[2182bb758b4b3781]::string::String>>
[INFO] [stdout]   15:     0x5f6d7a435505 - test[9d35eded1c95d3be]::run_test::{closure#0}
[INFO] [stdout]   16:     0x5f6d7a42edc4 - std[70759c8f55707aa4]::sys::backtrace::__rust_begin_short_backtrace::<test[9d35eded1c95d3be]::run_test::{closure#1}, ()>
[INFO] [stdout]   17:     0x5f6d7a438662 - <std[70759c8f55707aa4]::thread::lifecycle::spawn_unchecked<test[9d35eded1c95d3be]::run_test::{closure#1}, ()>::{closure#1} as core[df12db4294e9bfd3]::ops::function::FnOnce<()>>::call_once::{shim:vtable#0}
[INFO] [stdout]   18:     0x5f6d7a894f89 - <std[70759c8f55707aa4]::sys::thread::unix::Thread>::new::thread_start
[INFO] [stdout]   19:     0x723e0a1c2dfa - <unknown>
[INFO] [stdout]   20:     0x723e0a2563d4 - clone
[INFO] [stdout]   21:                0x0 - <unknown>
[INFO] [stdout] 
[INFO] [stdout] ---- fixture_failure stdout ----
[INFO] [stdout] 
[INFO] [stdout] thread 'fixture_failure' (3904) panicked at tests/cpi_trees.rs:24:22:
[INFO] [stdout] called `Result::unwrap()` on an `Err` value: Os { code: 2, kind: NotFound, message: "No such file or directory" }
[INFO] [stdout] stack backtrace:
[INFO] [stdout]    0:     0x5f6d7a8959d1 - <<std[70759c8f55707aa4]::sys::backtrace::BacktraceLock>::print::DisplayBacktrace as core[df12db4294e9bfd3]::fmt::Display>::fmt
[INFO] [stdout]    1:     0x5f6d7a8ab55a - core[df12db4294e9bfd3]::fmt::write
[INFO] [stdout]    2:     0x5f6d7a899f1c - <alloc[2182bb758b4b3781]::vec::Vec<u8> as core[df12db4294e9bfd3]::io::write::Write>::write_fmt
[INFO] [stdout]    3:     0x5f6d7a871bd6 - std[70759c8f55707aa4]::panicking::default_hook::{closure#0}
[INFO] [stdout]    4:     0x5f6d7a88dd49 - std[70759c8f55707aa4]::panicking::default_hook
[INFO] [stdout]    5:     0x5f6d7a434bb0 - test[9d35eded1c95d3be]::test_main_inner::<test[9d35eded1c95d3be]::test_main_static::{closure#0}>::{closure#0}
[INFO] [stdout]    6:     0x5f6d7a88df02 - std[70759c8f55707aa4]::panicking::panic_with_hook
[INFO] [stdout]    7:     0x5f6d7a871c82 - std[70759c8f55707aa4]::panicking::panic_handler::{closure#0}
[INFO] [stdout]    8:     0x5f6d7a86a849 - std[70759c8f55707aa4]::sys::backtrace::__rust_end_short_backtrace::<std[70759c8f55707aa4]::panicking::panic_handler::{closure#0}, !>
[INFO] [stdout]    9:     0x5f6d7a87287d - __rustc[8fa7c3cbc660c2b3]::rust_begin_unwind
[INFO] [stdout]   10:     0x5f6d7a8abc8c - core[df12db4294e9bfd3]::panicking::panic_fmt
[INFO] [stdout]   11:     0x5f6d7a8aba62 - core[df12db4294e9bfd3]::result::unwrap_failed
[INFO] [stdout]   12:     0x5f6d7a423362 - cpi_trees[e243ef0783eeeef8]::read_program
[INFO] [stdout]   13:     0x5f6d7a42516e - <cpi_trees[e243ef0783eeeef8]::fixture_failure::{closure#0} as core[df12db4294e9bfd3]::ops::function::FnOnce<()>>::call_once
[INFO] [stdout]   14:     0x5f6d7a427e9b - test[9d35eded1c95d3be]::__rust_begin_short_backtrace::<core[df12db4294e9bfd3]::result::Result<(), alloc[2182bb758b4b3781]::string::String>, fn() -> core[df12db4294e9bfd3]::result::Result<(), alloc[2182bb758b4b3781]::string::String>>
[INFO] [stdout]   15:     0x5f6d7a435505 - test[9d35eded1c95d3be]::run_test::{closure#0}
[INFO] [stdout]   16:     0x5f6d7a42edc4 - std[70759c8f55707aa4]::sys::backtrace::__rust_begin_short_backtrace::<test[9d35eded1c95d3be]::run_test::{closure#1}, ()>
[INFO] [stdout]   17:     0x5f6d7a438662 - <std[70759c8f55707aa4]::thread::lifecycle::spawn_unchecked<test[9d35eded1c95d3be]::run_test::{closure#1}, ()>::{closure#1} as core[df12db4294e9bfd3]::ops::function::FnOnce<()>>::call_once::{shim:vtable#0}
[INFO] [stdout]   18:     0x5f6d7a894f89 - <std[70759c8f55707aa4]::sys::thread::unix::Thread>::new::thread_start
[INFO] [stdout]   19:     0x723e0a1c2dfa - <unknown>
[INFO] [stdout]   20:     0x723e0a2563d4 - clone
[INFO] [stdout]   21:                0x0 - <unknown>
[INFO] [stdout] 
[INFO] [stdout] 
[INFO] [stdout] failures:
[INFO] [stdout]     fixture_clock_example
[INFO] [stdout]     fixture_counter
[INFO] [stdout]     fixture_failure
[INFO] [stdout] 
[INFO] [stdout] test result: FAILED. 0 passed; 3 failed; 0 ignored; 0 measured; 0 filtered out; finished in 0.06s
[INFO] [stdout] 
[INFO] [stderr] error: test failed, to rerun pass `--test cpi_trees`
[INFO] running `Command { std: "docker" "inspect" "6ccd93f90f7ca096ae372f58b348075043fb012bf4184592a6f8b6fdb1711ad8", kill_on_drop: false }`
[INFO] running `Command { std: "docker" "rm" "-f" "6ccd93f90f7ca096ae372f58b348075043fb012bf4184592a6f8b6fdb1711ad8", kill_on_drop: false }`
[INFO] [stdout] 6ccd93f90f7ca096ae372f58b348075043fb012bf4184592a6f8b6fdb1711ad8
