[INFO] fetching crate llm-orchestrator-secrets 0.1.1...
[INFO] testing llm-orchestrator-secrets-0.1.1 against 1.99.0-beta.8+cargoflags=--release for beta-release-1.100-2
[INFO] extracting crate llm-orchestrator-secrets 0.1.1 into /workspace/builds/worker-2-tc1/source
[INFO] started tweaking crates.io crate llm-orchestrator-secrets 0.1.1
[INFO] removed 0 missing tests
[INFO] finished tweaking crates.io crate llm-orchestrator-secrets 0.1.1
[INFO] tweaked toml for crates.io crate llm-orchestrator-secrets 0.1.1 written to /workspace/builds/worker-2-tc1/source/Cargo.toml
[INFO] validating manifest of crates.io crate llm-orchestrator-secrets 0.1.1 on toolchain 1.99.0-beta.8
[INFO] running `Command { std: CARGO_HOME="/workspace/cargo-home" RUSTUP_HOME="/workspace/rustup-home" "/workspace/cargo-home/bin/cargo" "+1.99.0-beta.8" "metadata" "--manifest-path" "Cargo.toml" "--no-deps", kill_on_drop: false }`
[INFO] crate crates.io crate llm-orchestrator-secrets 0.1.1 already has a lockfile, it will not be regenerated
[INFO] running `Command { std: CARGO_HOME="/workspace/cargo-home" RUSTUP_HOME="/workspace/rustup-home" "/workspace/cargo-home/bin/cargo" "+1.99.0-beta.8" "fetch" "--manifest-path" "Cargo.toml", kill_on_drop: false }`
[INFO] [stderr]  Downloading crates ...
[INFO] [stderr]   Downloaded rustify v0.6.1
[INFO] [stderr]   Downloaded rustify_derive v0.5.4
[INFO] [stderr]   Downloaded vaultrs v0.7.4
[INFO] [stderr]   Downloaded aws-lc-rs v1.15.0
[INFO] [stderr]   Downloaded hyper-util v0.1.18
[INFO] [stderr]   Downloaded mockito v1.7.0
[INFO] [stderr]   Downloaded aws-types v1.3.10
[INFO] [stderr]   Downloaded aws-smithy-types v1.3.4
[INFO] [stderr]   Downloaded regex-lite v0.1.8
[INFO] [stderr]   Downloaded aws-sdk-secretsmanager v1.93.0
[INFO] [stderr]   Downloaded aws-smithy-async v1.2.6
[INFO] [stderr]   Downloaded aws-credential-types v1.2.9
[INFO] [stderr]   Downloaded aws-smithy-runtime-api v1.9.2
[INFO] [stderr]   Downloaded aws-smithy-runtime v1.9.4
[INFO] [stderr]   Downloaded aws-smithy-json v0.61.7
[INFO] [stderr]   Downloaded aws-smithy-http v0.62.5
[INFO] [stderr]   Downloaded aws-smithy-http-client v1.1.4
[INFO] [stderr]   Downloaded aws-runtime v1.5.14
[INFO] [stderr]   Downloaded aws-smithy-observability v0.1.4
[INFO] [stderr]   Downloaded aws-sigv4 v1.3.6
[INFO] [stderr]   Downloaded aws-config v1.8.10
[INFO] [stderr]   Downloaded aws-smithy-query v0.60.8
[INFO] [stderr]   Downloaded aws-smithy-xml v0.60.12
[INFO] [stderr]   Downloaded aws-sdk-sso v1.89.0
[INFO] [stderr]   Downloaded aws-sdk-ssooidc v1.91.0
[INFO] [stderr]   Downloaded aws-sdk-sts v1.92.0
[INFO] [stderr]   Downloaded aws-lc-sys v0.33.0
[INFO] running `Command { std: "docker" "create" "-v" "/var/lib/crater-agent-workspace/builds/worker-2-tc1/source:/opt/rustwide/workdir:ro,Z" "-v" "/var/lib/crater-agent-workspace/builds/worker-2-tc1/target:/opt/rustwide/target:rw,Z" "-v" "/var/lib/crater-agent-workspace/cargo-home:/opt/rustwide/cargo-home:ro,Z" "-v" "/var/lib/crater-agent-workspace/rustup-home:/opt/rustwide/rustup-home:ro,Z" "-m" "1610612736" "--network" "none" "ghcr.io/rust-lang/crates-build-env/linux@sha256:77db811e55d90add9212f6832c23229e3de5f1c1f9905e8cb07319ea15df73ac" "sleep" "infinity", kill_on_drop: false }`
[INFO] [stdout] b4eb4e2fa7b2a010122c58392cf39ae435e1c74d31687bd0e84fc7e917955e31
[INFO] running `Command { std: "docker" "start" "b4eb4e2fa7b2a010122c58392cf39ae435e1c74d31687bd0e84fc7e917955e31", kill_on_drop: false }`
[INFO] running `Command { std: "docker" "inspect" "b4eb4e2fa7b2a010122c58392cf39ae435e1c74d31687bd0e84fc7e917955e31", kill_on_drop: false }`
[INFO] running `Command { std: "docker" "exec" "-e" "SOURCE_DIR=/opt/rustwide/workdir" "-e" "CARGO_HOME=/opt/rustwide/cargo-home" "-e" "RUSTUP_HOME=/opt/rustwide/rustup-home" "-e" "CARGO_TARGET_DIR=/opt/rustwide/target" "-w" "/opt/rustwide/workdir" "--user" "0:0" "b4eb4e2fa7b2a010122c58392cf39ae435e1c74d31687bd0e84fc7e917955e31" "/opt/rustwide/cargo-home/bin/cargo" "+1.99.0-beta.8" "metadata" "--no-deps" "--format-version=1", kill_on_drop: false }`
[INFO] running `Command { std: "docker" "inspect" "b4eb4e2fa7b2a010122c58392cf39ae435e1c74d31687bd0e84fc7e917955e31", kill_on_drop: false }`
[INFO] running `Command { std: "docker" "exec" "-e" "SOURCE_DIR=/opt/rustwide/workdir" "-e" "CARGO_HOME=/opt/rustwide/cargo-home" "-e" "RUSTUP_HOME=/opt/rustwide/rustup-home" "-e" "CARGO_TARGET_DIR=/opt/rustwide/target" "-e" "CARGO_INCREMENTAL=0" "-e" "RUST_BACKTRACE=full" "-e" "RUSTFLAGS=--cap-lints=warn" "-e" "RUSTDOCFLAGS=--cap-lints=warn" "-w" "/opt/rustwide/workdir" "--user" "0:0" "b4eb4e2fa7b2a010122c58392cf39ae435e1c74d31687bd0e84fc7e917955e31" "/opt/rustwide/cargo-home/bin/cargo" "+1.99.0-beta.8" "build" "--frozen" "--message-format=json" "--release", kill_on_drop: false }`
[INFO] [stderr]    Compiling syn v2.0.110
[INFO] [stderr]    Compiling libc v0.2.177
[INFO] [stderr]    Compiling http v1.3.1
[INFO] [stderr]    Compiling http v0.2.12
[INFO] [stderr]    Compiling aws-lc-rs v1.15.0
[INFO] [stderr]    Compiling parking_lot_core v0.9.12
[INFO] [stderr]    Compiling signal-hook-registry v1.4.6
[INFO] [stderr]    Compiling indexmap v2.12.0
[INFO] [stderr]    Compiling num-integer v0.1.46
[INFO] [stderr]    Compiling base64-simd v0.8.0
[INFO] [stderr]    Compiling bytes-utils v0.1.4
[INFO] [stderr]    Compiling time v0.3.44
[INFO] [stderr]    Compiling rustls-pki-types v1.13.0
[INFO] [stderr]    Compiling rustls v0.23.35
[INFO] [stderr]    Compiling rustls v0.21.12
[INFO] [stderr]    Compiling syn v1.0.109
[INFO] [stderr]    Compiling icu_properties_data v2.1.1
[INFO] [stderr]    Compiling digest v0.10.7
[INFO] [stderr]    Compiling parking_lot v0.12.5
[INFO] [stderr]    Compiling rustls-native-certs v0.6.3
[INFO] [stderr]    Compiling aws-types v1.3.10
[INFO] [stderr]    Compiling sha2 v0.10.9
[INFO] [stderr]    Compiling rustls-native-certs v0.8.2
[INFO] [stderr]    Compiling webpki-roots v1.0.4
[INFO] [stderr]    Compiling hmac v0.12.1
[INFO] [stderr]    Compiling uuid v1.18.1
[INFO] [stderr]    Compiling serde v1.0.228
[INFO] [stderr]    Compiling percent-encoding v2.3.2
[INFO] [stderr]    Compiling regex-lite v0.1.8
[INFO] [stderr]    Compiling regex-automata v0.4.13
[INFO] [stderr]    Compiling form_urlencoded v1.2.2
[INFO] [stderr]    Compiling jobserver v0.1.34
[INFO] [stderr]    Compiling http-body v1.0.1
[INFO] [stderr]    Compiling cc v1.2.46
[INFO] [stderr]    Compiling http-body-util v0.1.3
[INFO] [stderr]    Compiling http-body v0.4.6
[INFO] [stderr]    Compiling iri-string v0.7.9
[INFO] [stderr]    Compiling xmlparser v0.13.6
[INFO] [stderr]    Compiling serde_urlencoded v0.7.1
[INFO] [stderr]    Compiling aws-smithy-xml v0.60.12
[INFO] [stderr]    Compiling cmake v0.1.54
[INFO] [stderr]    Compiling ring v0.17.14
[INFO] [stderr]    Compiling openssl-sys v0.9.111
[INFO] [stderr]    Compiling aws-lc-sys v0.33.0
[INFO] [stderr]    Compiling openssl v0.10.75
[INFO] [stderr]    Compiling native-tls v0.2.14
[INFO] [stderr]    Compiling regex v1.12.2
[INFO] [stderr]    Compiling darling_core v0.14.4
[INFO] [stderr]    Compiling synstructure v0.12.6
[INFO] [stderr]    Compiling synstructure v0.13.2
[INFO] [stderr]    Compiling rustify_derive v0.5.4
[INFO] [stderr]    Compiling tokio-macros v2.6.0
[INFO] [stderr]    Compiling tracing-attributes v0.1.30
[INFO] [stderr]    Compiling zerofrom-derive v0.1.6
[INFO] [stderr]    Compiling yoke-derive v0.8.1
[INFO] [stderr]    Compiling zerovec-derive v0.11.2
[INFO] [stderr]    Compiling displaydoc v0.2.5
[INFO] [stderr]    Compiling serde_derive v1.0.228
[INFO] [stderr]    Compiling openssl-macros v0.1.1
[INFO] [stderr]    Compiling tokio v1.48.0
[INFO] [stderr]    Compiling thiserror-impl v1.0.69
[INFO] [stderr]    Compiling async-trait v0.1.89
[INFO] [stderr]    Compiling thiserror-impl v2.0.17
[INFO] [stderr]    Compiling tracing v0.1.41
[INFO] [stderr]    Compiling zerofrom v0.1.6
[INFO] [stderr]    Compiling darling_macro v0.14.4
[INFO] [stderr]    Compiling yoke v0.8.1
[INFO] [stderr]    Compiling zerovec v0.11.5
[INFO] [stderr]    Compiling zerotrie v0.2.3
[INFO] [stderr]    Compiling tinystr v0.8.2
[INFO] [stderr]    Compiling potential_utf v0.1.4
[INFO] [stderr]    Compiling icu_collections v2.1.1
[INFO] [stderr]    Compiling icu_locale_core v2.1.1
[INFO] [stderr]    Compiling darling v0.14.4
[INFO] [stderr]    Compiling derive_builder_core v0.12.0
[INFO] [stderr]    Compiling thiserror v1.0.69
[INFO] [stderr]    Compiling thiserror v2.0.17
[INFO] [stderr]    Compiling icu_provider v2.1.1
[INFO] [stderr]    Compiling derive_builder_macro v0.12.0
[INFO] [stderr]    Compiling derive_builder v0.12.0
[INFO] [stderr]    Compiling icu_normalizer v2.1.1
[INFO] [stderr]    Compiling icu_properties v2.1.1
[INFO] [stderr]    Compiling chrono v0.4.42
[INFO] [stderr]    Compiling idna_adapter v1.2.1
[INFO] [stderr]    Compiling idna v1.1.0
[INFO] [stderr]    Compiling url v2.5.7
[INFO] [stderr]    Compiling sct v0.7.1
[INFO] [stderr]    Compiling rustls-webpki v0.101.7
[INFO] [stderr]    Compiling tokio-util v0.7.17
[INFO] [stderr]    Compiling aws-smithy-async v1.2.6
[INFO] [stderr]    Compiling tower v0.5.2
[INFO] [stderr]    Compiling tokio-native-tls v0.3.1
[INFO] [stderr]    Compiling tower-http v0.6.6
[INFO] [stderr]    Compiling aws-smithy-types v1.3.4
[INFO] [stderr]    Compiling h2 v0.4.12
[INFO] [stderr]    Compiling h2 v0.3.27
[INFO] [stderr]    Compiling aws-smithy-runtime-api v1.9.2
[INFO] [stderr]    Compiling aws-smithy-json v0.61.7
[INFO] [stderr]    Compiling aws-smithy-query v0.60.8
[INFO] [stderr]    Compiling tokio-rustls v0.24.1
[INFO] [stderr]    Compiling aws-credential-types v1.2.9
[INFO] [stderr]    Compiling aws-smithy-http v0.62.5
[INFO] [stderr]    Compiling aws-smithy-observability v0.1.4
[INFO] [stderr]    Compiling aws-sigv4 v1.3.6
[INFO] [stderr]    Compiling hyper v1.8.1
[INFO] [stderr]    Compiling hyper v0.14.32
[INFO] [stderr]    Compiling hyper-util v0.1.18
[INFO] [stderr]    Compiling hyper-tls v0.6.0
[INFO] [stderr]    Compiling hyper-rustls v0.24.2
[INFO] [stderr]    Compiling rustls-webpki v0.103.8
[INFO] [stderr]    Compiling tokio-rustls v0.26.4
[INFO] [stderr]    Compiling hyper-rustls v0.27.7
[INFO] [stderr]    Compiling aws-smithy-http-client v1.1.4
[INFO] [stderr]    Compiling reqwest v0.12.24
[INFO] [stderr]    Compiling rustify v0.6.1
[INFO] [stderr]    Compiling aws-smithy-runtime v1.9.4
[INFO] [stderr]    Compiling vaultrs v0.7.4
[INFO] [stderr]    Compiling aws-runtime v1.5.14
[INFO] [stderr]    Compiling aws-sdk-sts v1.92.0
[INFO] [stderr]    Compiling aws-sdk-sso v1.89.0
[INFO] [stderr]    Compiling aws-sdk-ssooidc v1.91.0
[INFO] [stderr]    Compiling aws-sdk-secretsmanager v1.93.0
[INFO] [stderr]    Compiling aws-config v1.8.10
[INFO] [stderr]    Compiling llm-orchestrator-secrets v0.1.1 (/opt/rustwide/workdir)
[INFO] [stderr]     Finished `release` profile [optimized] target(s) in 4m 40s
[INFO] running `Command { std: "docker" "inspect" "b4eb4e2fa7b2a010122c58392cf39ae435e1c74d31687bd0e84fc7e917955e31", kill_on_drop: false }`
[INFO] running `Command { std: "docker" "exec" "-e" "SOURCE_DIR=/opt/rustwide/workdir" "-e" "CARGO_HOME=/opt/rustwide/cargo-home" "-e" "RUSTUP_HOME=/opt/rustwide/rustup-home" "-e" "CARGO_TARGET_DIR=/opt/rustwide/target" "-e" "CARGO_INCREMENTAL=0" "-e" "RUST_BACKTRACE=full" "-e" "RUSTFLAGS=--cap-lints=warn" "-e" "RUSTDOCFLAGS=--cap-lints=warn" "-w" "/opt/rustwide/workdir" "--user" "0:0" "b4eb4e2fa7b2a010122c58392cf39ae435e1c74d31687bd0e84fc7e917955e31" "/opt/rustwide/cargo-home/bin/cargo" "+1.99.0-beta.8" "test" "--frozen" "--no-run" "--message-format=json" "--release", kill_on_drop: false }`
[INFO] [stderr]    Compiling tokio v1.48.0
[INFO] [stderr]    Compiling async-stream-impl v0.3.6
[INFO] [stderr]    Compiling assert-json-diff v2.0.2
[INFO] [stderr]    Compiling colored v3.0.0
[INFO] [stderr]    Compiling similar v2.7.0
[INFO] [stderr]    Compiling rand_chacha v0.9.0
[INFO] [stderr]    Compiling rand v0.9.2
[INFO] [stderr]    Compiling async-stream v0.3.6
[INFO] [stderr]    Compiling tokio-util v0.7.17
[INFO] [stderr]    Compiling aws-smithy-async v1.2.6
[INFO] [stderr]    Compiling tokio-rustls v0.26.4
[INFO] [stderr]    Compiling tower v0.5.2
[INFO] [stderr]    Compiling tokio-rustls v0.24.1
[INFO] [stderr]    Compiling tokio-native-tls v0.3.1
[INFO] [stderr]    Compiling tokio-stream v0.1.17
[INFO] [stderr]    Compiling tokio-test v0.4.4
[INFO] [stderr]    Compiling h2 v0.4.12
[INFO] [stderr]    Compiling aws-smithy-types v1.3.4
[INFO] [stderr]    Compiling h2 v0.3.27
[INFO] [stderr]    Compiling tower-http v0.6.6
[INFO] [stderr]    Compiling aws-smithy-runtime-api v1.9.2
[INFO] [stderr]    Compiling aws-smithy-json v0.61.7
[INFO] [stderr]    Compiling aws-smithy-query v0.60.8
[INFO] [stderr]    Compiling aws-smithy-http v0.62.5
[INFO] [stderr]    Compiling aws-credential-types v1.2.9
[INFO] [stderr]    Compiling aws-smithy-observability v0.1.4
[INFO] [stderr]    Compiling aws-types v1.3.10
[INFO] [stderr]    Compiling aws-sigv4 v1.3.6
[INFO] [stderr]    Compiling hyper v0.14.32
[INFO] [stderr]    Compiling hyper v1.8.1
[INFO] [stderr]    Compiling hyper-util v0.1.18
[INFO] [stderr]    Compiling hyper-rustls v0.27.7
[INFO] [stderr]    Compiling hyper-tls v0.6.0
[INFO] [stderr]    Compiling mockito v1.7.0
[INFO] [stderr]    Compiling reqwest v0.12.24
[INFO] [stderr]    Compiling hyper-rustls v0.24.2
[INFO] [stderr]    Compiling aws-smithy-http-client v1.1.4
[INFO] [stderr]    Compiling rustify v0.6.1
[INFO] [stderr]    Compiling vaultrs v0.7.4
[INFO] [stderr]    Compiling aws-smithy-runtime v1.9.4
[INFO] [stderr]    Compiling aws-runtime v1.5.14
[INFO] [stderr]    Compiling aws-sdk-sts v1.92.0
[INFO] [stderr]    Compiling aws-sdk-sso v1.89.0
[INFO] [stderr]    Compiling aws-sdk-ssooidc v1.91.0
[INFO] [stderr]    Compiling aws-sdk-secretsmanager v1.93.0
[INFO] [stderr]    Compiling aws-config v1.8.10
[INFO] [stderr]    Compiling llm-orchestrator-secrets v0.1.1 (/opt/rustwide/workdir)
[INFO] [stderr]     Finished `release` profile [optimized] target(s) in 1m 25s
[INFO] running `Command { std: "docker" "inspect" "b4eb4e2fa7b2a010122c58392cf39ae435e1c74d31687bd0e84fc7e917955e31", kill_on_drop: false }`
[INFO] running `Command { std: "docker" "exec" "-e" "SOURCE_DIR=/opt/rustwide/workdir" "-e" "CARGO_HOME=/opt/rustwide/cargo-home" "-e" "RUSTUP_HOME=/opt/rustwide/rustup-home" "-e" "CARGO_TARGET_DIR=/opt/rustwide/target" "-e" "CARGO_INCREMENTAL=0" "-e" "RUST_BACKTRACE=full" "-e" "RUSTFLAGS=--cap-lints=warn" "-e" "RUSTDOCFLAGS=--cap-lints=warn" "-w" "/opt/rustwide/workdir" "--user" "0:0" "b4eb4e2fa7b2a010122c58392cf39ae435e1c74d31687bd0e84fc7e917955e31" "/opt/rustwide/cargo-home/bin/cargo" "+1.99.0-beta.8" "test" "--frozen" "--release", kill_on_drop: false }`
[INFO] [stderr]     Finished `release` profile [optimized] target(s) in 0.25s
[INFO] [stderr]      Running unittests src/lib.rs (/opt/rustwide/target/release/deps/llm_orchestrator_secrets-4601ccc10acad5e9)
[INFO] [stdout] 
[INFO] [stdout] running 23 tests
[INFO] [stdout] test aws::tests::test_aws_store_from_env ... ignored
[INFO] [stdout] test builder::tests::test_vault_config_from_env ... ok
[INFO] [stdout] test builder::tests::test_builder_with_cache ... ok
[INFO] [stdout] test builder::tests::test_builder_without_cache ... ok
[INFO] [stdout] test builder::tests::test_build_env_store ... ok
[INFO] [stdout] test builder::tests::test_build_env_store_with_prefix ... ok
[INFO] [stdout] test cache::tests::test_cache_hit ... ok
[INFO] [stdout] test cache::tests::test_cache_invalidation ... ok
[INFO] [stdout] test env::tests::test_get_secret_empty_value ... ok
[INFO] [stdout] test env::tests::test_get_secret_not_found ... ok
[INFO] [stdout] test builder::tests::test_vault_config_from_env_missing ... ok
[INFO] [stdout] test env::tests::test_get_secret_success ... ok
[INFO] [stdout] test env::tests::test_key_to_env_var ... ok
[INFO] [stdout] test cache::tests::test_cache_stats_hit_rate ... ok
[INFO] [stdout] test env::tests::test_key_to_env_var_with_prefix ... ok
[INFO] [stdout] test env::tests::test_health_check ... ok
[INFO] [stdout] test cache::tests::test_cache_clear ... ok
[INFO] [stdout] test env::tests::test_put_secret_not_supported ... ok
[INFO] [stdout] test vault::tests::test_vault_store_creation ... ok
[INFO] [stdout] test vault::tests::test_vault_store_with_mount_path ... ok
[INFO] [stdout] test vault::tests::test_vault_store_with_namespace ... ok
[INFO] [stdout] test cache::tests::test_cleanup_expired ... ok
[INFO] [stdout] test cache::tests::test_cache_expiration ... FAILED
[INFO] [stdout] 
[INFO] [stdout] failures:
[INFO] [stdout] 
[INFO] [stdout] ---- cache::tests::test_cache_expiration stdout ----
[INFO] [stdout] 
[INFO] [stdout] thread 'cache::tests::test_cache_expiration' (5196) panicked at src/cache.rs:331:9:
[INFO] [stdout] assertion `left == right` failed
[INFO] [stdout]   left: 1
[INFO] [stdout]  right: 2
[INFO] [stdout] stack backtrace:
[INFO] [stdout]    0:     0x5905a7b79cf1 - <<std[70759c8f55707aa4]::sys::backtrace::BacktraceLock>::print::DisplayBacktrace as core[df12db4294e9bfd3]::fmt::Display>::fmt
[INFO] [stdout]    1:     0x5905a7b935ba - core[df12db4294e9bfd3]::fmt::write
[INFO] [stdout]    2:     0x5905a7b7f67c - <alloc[2182bb758b4b3781]::vec::Vec<u8> as core[df12db4294e9bfd3]::io::write::Write>::write_fmt
[INFO] [stdout]    3:     0x5905a7b53696 - std[70759c8f55707aa4]::panicking::default_hook::{closure#0}
[INFO] [stdout]    4:     0x5905a7b70fb9 - std[70759c8f55707aa4]::panicking::default_hook
[INFO] [stdout]    5:     0x5905a72d57d0 - test[9d35eded1c95d3be]::test_main_inner::<test[9d35eded1c95d3be]::test_main_static::{closure#0}>::{closure#0}
[INFO] [stdout]    6:     0x5905a7b712e2 - std[70759c8f55707aa4]::panicking::panic_with_hook
[INFO] [stdout]    7:     0x5905a7b53742 - std[70759c8f55707aa4]::panicking::panic_handler::{closure#0}
[INFO] [stdout]    8:     0x5905a7b4b9e9 - std[70759c8f55707aa4]::sys::backtrace::__rust_end_short_backtrace::<std[70759c8f55707aa4]::panicking::panic_handler::{closure#0}, !>
[INFO] [stdout]    9:     0x5905a7b5485d - __rustc[8fa7c3cbc660c2b3]::rust_begin_unwind
[INFO] [stdout]   10:     0x5905a7b93d1c - core[df12db4294e9bfd3]::panicking::panic_fmt
[INFO] [stdout]   11:     0x5905a7b93c33 - core[df12db4294e9bfd3]::panicking::assert_failed_inner
[INFO] [stdout]   12:     0x5905a7b8e368 - core[df12db4294e9bfd3]::panicking::assert_failed::<u64, u64>
[INFO] [stdout]   13:     0x5905a70b271d - llm_orchestrator_secrets[b82a822d21f7269a]::cache::tests::test_cache_expiration::{closure#0}
[INFO] [stdout]   14:     0x5905a70fd3e3 - <tokio[67c28bece66f01d2]::runtime::scheduler::current_thread::Context>::enter::<core[df12db4294e9bfd3]::task::poll::Poll<()>, <tokio[67c28bece66f01d2]::runtime::scheduler::current_thread::CoreGuard>::block_on<core[df12db4294e9bfd3]::pin::Pin<&mut core[df12db4294e9bfd3]::pin::Pin<&mut dyn core[df12db4294e9bfd3]::future::future::Future<Output = ()>>>>::{closure#0}::{closure#0}>
[INFO] [stdout]   15:     0x5905a70e2edc - <tokio[67c28bece66f01d2]::runtime::context::scoped::Scoped<tokio[67c28bece66f01d2]::runtime::scheduler::Context>>::set::<<tokio[67c28bece66f01d2]::runtime::scheduler::current_thread::CoreGuard>::enter<<tokio[67c28bece66f01d2]::runtime::scheduler::current_thread::CoreGuard>::block_on<core[df12db4294e9bfd3]::pin::Pin<&mut core[df12db4294e9bfd3]::pin::Pin<&mut dyn core[df12db4294e9bfd3]::future::future::Future<Output = ()>>>>::{closure#0}, core[df12db4294e9bfd3]::option::Option<()>>::{closure#0}, (alloc[2182bb758b4b3781]::boxed::Box<tokio[67c28bece66f01d2]::runtime::scheduler::current_thread::Core>, core[df12db4294e9bfd3]::option::Option<()>)>
[INFO] [stdout]   16:     0x5905a70fcef7 - <tokio[67c28bece66f01d2]::runtime::runtime::Runtime>::block_on::<core[df12db4294e9bfd3]::pin::Pin<&mut dyn core[df12db4294e9bfd3]::future::future::Future<Output = ()>>>
[INFO] [stdout]   17:     0x5905a70b5c9b - llm_orchestrator_secrets[b82a822d21f7269a]::cache::tests::test_cache_expiration
[INFO] [stdout]   18:     0x5905a70ef3b9 - <llm_orchestrator_secrets[b82a822d21f7269a]::cache::tests::test_cache_expiration::{closure#0} as core[df12db4294e9bfd3]::ops::function::FnOnce<()>>::call_once
[INFO] [stdout]   19:     0x5905a72c8abb - test[9d35eded1c95d3be]::__rust_begin_short_backtrace::<core[df12db4294e9bfd3]::result::Result<(), alloc[2182bb758b4b3781]::string::String>, fn() -> core[df12db4294e9bfd3]::result::Result<(), alloc[2182bb758b4b3781]::string::String>>
[INFO] [stdout]   20:     0x5905a72d6125 - test[9d35eded1c95d3be]::run_test::{closure#0}
[INFO] [stdout]   21:     0x5905a72cf9e4 - std[70759c8f55707aa4]::sys::backtrace::__rust_begin_short_backtrace::<test[9d35eded1c95d3be]::run_test::{closure#1}, ()>
[INFO] [stdout]   22:     0x5905a72d9282 - <std[70759c8f55707aa4]::thread::lifecycle::spawn_unchecked<test[9d35eded1c95d3be]::run_test::{closure#1}, ()>::{closure#1} as core[df12db4294e9bfd3]::ops::function::FnOnce<()>>::call_once::{shim:vtable#0}
[INFO] [stdout]   23:     0x5905a7b78999 - <std[70759c8f55707aa4]::sys::thread::unix::Thread>::new::thread_start
[INFO] [stdout]   24:     0x7d1258d1cdfa - <unknown>
[INFO] [stdout]   25:     0x7d1258db03d4 - clone
[INFO] [stdout]   26:                0x0 - <unknown>
[INFO] [stdout] 
[INFO] [stdout] 
[INFO] [stdout] failures:
[INFO] [stdout]     cache::tests::test_cache_expiration
[INFO] [stdout] 
[INFO] [stdout] test result: FAILED. 21 passed; 1 failed; 1 ignored; 0 measured; 0 filtered out; finished in 0.16s
[INFO] [stdout] 
[INFO] [stderr] error: test failed, to rerun pass `--lib`
[INFO] running `Command { std: "docker" "inspect" "b4eb4e2fa7b2a010122c58392cf39ae435e1c74d31687bd0e84fc7e917955e31", kill_on_drop: false }`
[INFO] running `Command { std: "docker" "rm" "-f" "b4eb4e2fa7b2a010122c58392cf39ae435e1c74d31687bd0e84fc7e917955e31", kill_on_drop: false }`
[INFO] [stdout] b4eb4e2fa7b2a010122c58392cf39ae435e1c74d31687bd0e84fc7e917955e31
