[INFO] fetching crate libraw-rs 0.0.4...
[INFO] testing libraw-rs-0.0.4 against 1.100.0-beta.1+cargoflags=--release for beta-release-1.100-2
[INFO] extracting crate libraw-rs 0.0.4 into /workspace/builds/worker-7-tc2/source
[INFO] started tweaking crates.io crate libraw-rs 0.0.4
[INFO] finished tweaking crates.io crate libraw-rs 0.0.4
[INFO] tweaked toml for crates.io crate libraw-rs 0.0.4 written to /workspace/builds/worker-7-tc2/source/Cargo.toml
[INFO] validating manifest of crates.io crate libraw-rs 0.0.4 on toolchain 1.100.0-beta.1
[INFO] running `Command { std: CARGO_HOME="/workspace/cargo-home" RUSTUP_HOME="/workspace/rustup-home" "/workspace/cargo-home/bin/cargo" "+1.100.0-beta.1" "metadata" "--manifest-path" "Cargo.toml" "--no-deps", kill_on_drop: false }`
[INFO] crate crates.io crate libraw-rs 0.0.4 already has a lockfile, it will not be regenerated
[INFO] running `Command { std: CARGO_HOME="/workspace/cargo-home" RUSTUP_HOME="/workspace/rustup-home" "/workspace/cargo-home/bin/cargo" "+1.100.0-beta.1" "fetch" "--manifest-path" "Cargo.toml", kill_on_drop: false }`
[INFO] running `Command { std: "docker" "create" "-v" "/var/lib/crater-agent-workspace/builds/worker-7-tc2/source:/opt/rustwide/workdir:ro,Z" "-v" "/var/lib/crater-agent-workspace/builds/worker-7-tc2/target:/opt/rustwide/target:rw,Z" "-v" "/var/lib/crater-agent-workspace/cargo-home:/opt/rustwide/cargo-home:ro,Z" "-v" "/var/lib/crater-agent-workspace/rustup-home:/opt/rustwide/rustup-home:ro,Z" "-m" "1610612736" "--network" "none" "ghcr.io/rust-lang/crates-build-env/linux@sha256:77db811e55d90add9212f6832c23229e3de5f1c1f9905e8cb07319ea15df73ac" "sleep" "infinity", kill_on_drop: false }`
[INFO] [stdout] 236b47bf6e5bc94749f37d99398b1eee851f339f7a2669127f392624977be413
[INFO] running `Command { std: "docker" "start" "236b47bf6e5bc94749f37d99398b1eee851f339f7a2669127f392624977be413", kill_on_drop: false }`
[INFO] running `Command { std: "docker" "inspect" "236b47bf6e5bc94749f37d99398b1eee851f339f7a2669127f392624977be413", kill_on_drop: false }`
[INFO] running `Command { std: "docker" "exec" "-e" "SOURCE_DIR=/opt/rustwide/workdir" "-e" "CARGO_HOME=/opt/rustwide/cargo-home" "-e" "RUSTUP_HOME=/opt/rustwide/rustup-home" "-e" "CARGO_TARGET_DIR=/opt/rustwide/target" "-w" "/opt/rustwide/workdir" "--user" "0:0" "236b47bf6e5bc94749f37d99398b1eee851f339f7a2669127f392624977be413" "/opt/rustwide/cargo-home/bin/cargo" "+1.100.0-beta.1" "metadata" "--no-deps" "--format-version=1", kill_on_drop: false }`
[INFO] running `Command { std: "docker" "inspect" "236b47bf6e5bc94749f37d99398b1eee851f339f7a2669127f392624977be413", kill_on_drop: false }`
[INFO] running `Command { std: "docker" "exec" "-e" "SOURCE_DIR=/opt/rustwide/workdir" "-e" "CARGO_HOME=/opt/rustwide/cargo-home" "-e" "RUSTUP_HOME=/opt/rustwide/rustup-home" "-e" "CARGO_TARGET_DIR=/opt/rustwide/target" "-e" "CARGO_INCREMENTAL=0" "-e" "RUST_BACKTRACE=full" "-e" "RUSTFLAGS=--cap-lints=warn" "-e" "RUSTDOCFLAGS=--cap-lints=warn" "-w" "/opt/rustwide/workdir" "--user" "0:0" "236b47bf6e5bc94749f37d99398b1eee851f339f7a2669127f392624977be413" "/opt/rustwide/cargo-home/bin/cargo" "+1.100.0-beta.1" "build" "--frozen" "--message-format=json" "--release", kill_on_drop: false }`
[INFO] [stderr]    Compiling libc v0.2.85
[INFO] [stderr]    Compiling jobserver v0.1.21
[INFO] [stderr]    Compiling cc v1.0.66
[INFO] [stderr]    Compiling libraw-rs-sys v0.0.4+libraw-0.20.1
[INFO] [stderr] warning: libraw-rs-sys@0.0.4+libraw-0.20.1: c++: fatal error: Killed signal terminated program cc1plus
[INFO] [stderr] warning: libraw-rs-sys@0.0.4+libraw-0.20.1: compilation terminated.
[INFO] [stderr] warning: libraw-rs-sys@0.0.4+libraw-0.20.1: c++: fatal error: Killed signal terminated program cc1plus
[INFO] [stderr] warning: libraw-rs-sys@0.0.4+libraw-0.20.1: compilation terminated.
[INFO] [stderr] error: failed to run custom build command for `libraw-rs-sys v0.0.4+libraw-0.20.1`
[INFO] [stderr] note: To improve backtraces for build dependencies, set the CARGO_PROFILE_RELEASE_BUILD_OVERRIDE_DEBUG=true environment variable to enable debug information generation.
[INFO] [stderr] 
[INFO] [stderr] Caused by:
[INFO] [stderr]   process didn't exit successfully: `/opt/rustwide/target/release/build/libraw-rs-sys/0bba5bba54dff371/out/build_script_build` (exit status: 1)
[INFO] [stderr]   --- stdout
[INFO] [stderr]   TARGET = Some("x86_64-unknown-linux-gnu")
[INFO] [stderr]   OPT_LEVEL = Some("3")
[INFO] [stderr]   HOST = Some("x86_64-unknown-linux-gnu")
[INFO] [stderr]   CXX_x86_64-unknown-linux-gnu = None
[INFO] [stderr]   CXX_x86_64_unknown_linux_gnu = None
[INFO] [stderr]   HOST_CXX = None
[INFO] [stderr]   CXX = None
[INFO] [stderr]   CXXFLAGS_x86_64-unknown-linux-gnu = None
[INFO] [stderr]   CXXFLAGS_x86_64_unknown_linux_gnu = None
[INFO] [stderr]   HOST_CXXFLAGS = None
[INFO] [stderr]   CXXFLAGS = None
[INFO] [stderr]   CRATE_CC_NO_DEFAULTS = None
[INFO] [stderr]   DEBUG = Some("false")
[INFO] [stderr]   CXX_x86_64-unknown-linux-gnu = None
[INFO] [stderr]   CXX_x86_64_unknown_linux_gnu = None
[INFO] [stderr]   HOST_CXX = None
[INFO] [stderr]   CXX = None
[INFO] [stderr]   CXXFLAGS_x86_64-unknown-linux-gnu = None
[INFO] [stderr]   CXXFLAGS_x86_64_unknown_linux_gnu = None
[INFO] [stderr]   HOST_CXXFLAGS = None
[INFO] [stderr]   CXXFLAGS = None
[INFO] [stderr]   CRATE_CC_NO_DEFAULTS = None
[INFO] [stderr]   CARGO_CFG_TARGET_FEATURE = Some("fxsr,sse,sse2")
[INFO] [stderr]   CXX_x86_64-unknown-linux-gnu = None
[INFO] [stderr]   CXX_x86_64_unknown_linux_gnu = None
[INFO] [stderr]   HOST_CXX = None
[INFO] [stderr]   CXX = None
[INFO] [stderr]   CXXFLAGS_x86_64-unknown-linux-gnu = None
[INFO] [stderr]   CXXFLAGS_x86_64_unknown_linux_gnu = None
[INFO] [stderr]   HOST_CXXFLAGS = None
[INFO] [stderr]   CXXFLAGS = None
[INFO] [stderr]   CRATE_CC_NO_DEFAULTS = None
[INFO] [stderr]   CARGO_CFG_TARGET_FEATURE = Some("fxsr,sse,sse2")
[INFO] [stderr]   CXX_x86_64-unknown-linux-gnu = None
[INFO] [stderr]   CXX_x86_64_unknown_linux_gnu = None
[INFO] [stderr]   HOST_CXX = None
[INFO] [stderr]   CXX = None
[INFO] [stderr]   CXXFLAGS_x86_64-unknown-linux-gnu = None
[INFO] [stderr]   CXXFLAGS_x86_64_unknown_linux_gnu = None
[INFO] [stderr]   HOST_CXXFLAGS = None
[INFO] [stderr]   CXXFLAGS = None
[INFO] [stderr]   CRATE_CC_NO_DEFAULTS = None
[INFO] [stderr]   CARGO_CFG_TARGET_FEATURE = Some("fxsr,sse,sse2")
[INFO] [stderr]   running: "c++" "-O3" "-ffunction-sections" "-fdata-sections" "-fPIC" "-m64" "-static" "-I" "libraw/" "-pthread" "-Wno-format-truncation" "-Wno-unused-result" "-Wno-format-overflow" "-o" "/opt/rustwide/target/release/build/libraw-rs-sys/0d7586a8202206fb/out/libraw/src/decoders/crx.o" "-c" "libraw/src/decoders/crx.cpp"
[INFO] [stderr]   running: "c++" "-O3" "-ffunction-sections" "-fdata-sections" "-fPIC" "-m64" "-static" "-I" "libraw/" "-pthread" "-Wno-format-truncation" "-Wno-unused-result" "-Wno-format-overflow" "-o" "/opt/rustwide/target/release/build/libraw-rs-sys/0d7586a8202206fb/out/libraw/src/decoders/unpack.o" "-c" "libraw/src/decoders/unpack.cpp"
[INFO] [stderr]   running: "c++" "-O3" "-ffunction-sections" "-fdata-sections" "-fPIC" "-m64" "-static" "-I" "libraw/" "-pthread" "-Wno-format-truncation" "-Wno-unused-result" "-Wno-format-overflow" "-o" "/opt/rustwide/target/release/build/libraw-rs-sys/0d7586a8202206fb/out/libraw/src/demosaic/ahd_demosaic.o" "-c" "libraw/src/demosaic/ahd_demosaic.cpp"
[INFO] [stderr]   running: "c++" "-O3" "-ffunction-sections" "-fdata-sections" "-fPIC" "-m64" "-static" "-I" "libraw/" "-pthread" "-Wno-format-truncation" "-Wno-unused-result" "-Wno-format-overflow" "-o" "/opt/rustwide/target/release/build/libraw-rs-sys/0d7586a8202206fb/out/libraw/src/decoders/fuji_compressed.o" "-c" "libraw/src/decoders/fuji_compressed.cpp"
[INFO] [stderr]   running: "c++" "-O3" "-ffunction-sections" "-fdata-sections" "-fPIC" "-m64" "-static" "-I" "libraw/" "-pthread" "-Wno-format-truncation" "-Wno-unused-result" "-Wno-format-overflow" "-o" "/opt/rustwide/target/release/build/libraw-rs-sys/0d7586a8202206fb/out/libraw/src/decoders/kodak_decoders.o" "-c" "libraw/src/decoders/kodak_decoders.cpp"
[INFO] [stderr]   running: "c++" "-O3" "-ffunction-sections" "-fdata-sections" "-fPIC" "-m64" "-static" "-I" "libraw/" "-pthread" "-Wno-format-truncation" "-Wno-unused-result" "-Wno-format-overflow" "-o" "/opt/rustwide/target/release/build/libraw-rs-sys/0d7586a8202206fb/out/libraw/src/demosaic/aahd_demosaic.o" "-c" "libraw/src/demosaic/aahd_demosaic.cpp"
[INFO] [stderr]   running: "c++" "-O3" "-ffunction-sections" "-fdata-sections" "-fPIC" "-m64" "-static" "-I" "libraw/" "-pthread" "-Wno-format-truncation" "-Wno-unused-result" "-Wno-format-overflow" "-o" "/opt/rustwide/target/release/build/libraw-rs-sys/0d7586a8202206fb/out/libraw/src/decoders/unpack_thumb.o" "-c" "libraw/src/decoders/unpack_thumb.cpp"
[INFO] [stderr]   running: "c++" "-O3" "-ffunction-sections" "-fdata-sections" "-fPIC" "-m64" "-static" "-I" "libraw/" "-pthread" "-Wno-format-truncation" "-Wno-unused-result" "-Wno-format-overflow" "-o" "/opt/rustwide/target/release/build/libraw-rs-sys/0d7586a8202206fb/out/libraw/src/decoders/load_mfbacks.o" "-c" "libraw/src/decoders/load_mfbacks.cpp"
[INFO] [stderr]   running: "c++" "-O3" "-ffunction-sections" "-fdata-sections" "-fPIC" "-m64" "-static" "-I" "libraw/" "-pthread" "-Wno-format-truncation" "-Wno-unused-result" "-Wno-format-overflow" "-o" "/opt/rustwide/target/release/build/libraw-rs-sys/0d7586a8202206fb/out/libraw/src/decoders/canon_600.o" "-c" "libraw/src/decoders/canon_600.cpp"
[INFO] [stderr]   running: "c++" "-O3" "-ffunction-sections" "-fdata-sections" "-fPIC" "-m64" "-static" "-I" "libraw/" "-pthread" "-Wno-format-truncation" "-Wno-unused-result" "-Wno-format-overflow" "-o" "/opt/rustwide/target/release/build/libraw-rs-sys/0d7586a8202206fb/out/libraw/src/decoders/decoders_dcraw.o" "-c" "libraw/src/decoders/decoders_dcraw.cpp"
[INFO] [stderr]   running: "c++" "-O3" "-ffunction-sections" "-fdata-sections" "-fPIC" "-m64" "-static" "-I" "libraw/" "-pthread" "-Wno-format-truncation" "-Wno-unused-result" "-Wno-format-overflow" "-o" "/opt/rustwide/target/release/build/libraw-rs-sys/0d7586a8202206fb/out/libraw/src/decoders/decoders_libraw_dcrdefs.o" "-c" "libraw/src/decoders/decoders_libraw_dcrdefs.cpp"
[INFO] [stderr]   running: "c++" "-O3" "-ffunction-sections" "-fdata-sections" "-fPIC" "-m64" "-static" "-I" "libraw/" "-pthread" "-Wno-format-truncation" "-Wno-unused-result" "-Wno-format-overflow" "-o" "/opt/rustwide/target/release/build/libraw-rs-sys/0d7586a8202206fb/out/libraw/src/decoders/smal.o" "-c" "libraw/src/decoders/smal.cpp"
[INFO] [stderr]   running: "c++" "-O3" "-ffunction-sections" "-fdata-sections" "-fPIC" "-m64" "-static" "-I" "libraw/" "-pthread" "-Wno-format-truncation" "-Wno-unused-result" "-Wno-format-overflow" "-o" "/opt/rustwide/target/release/build/libraw-rs-sys/0d7586a8202206fb/out/libraw/src/decoders/dng.o" "-c" "libraw/src/decoders/dng.cpp"
[INFO] [stderr]   running: "c++" "-O3" "-ffunction-sections" "-fdata-sections" "-fPIC" "-m64" "-static" "-I" "libraw/" "-pthread" "-Wno-format-truncation" "-Wno-unused-result" "-Wno-format-overflow" "-o" "/opt/rustwide/target/release/build/libraw-rs-sys/0d7586a8202206fb/out/libraw/src/decoders/generic.o" "-c" "libraw/src/decoders/generic.cpp"
[INFO] [stderr]   running: "c++" "-O3" "-ffunction-sections" "-fdata-sections" "-fPIC" "-m64" "-static" "-I" "libraw/" "-pthread" "-Wno-format-truncation" "-Wno-unused-result" "-Wno-format-overflow" "-o" "/opt/rustwide/target/release/build/libraw-rs-sys/0d7586a8202206fb/out/libraw/src/decoders/fp_dng.o" "-c" "libraw/src/decoders/fp_dng.cpp"
[INFO] [stderr]   running: "c++" "-O3" "-ffunction-sections" "-fdata-sections" "-fPIC" "-m64" "-static" "-I" "libraw/" "-pthread" "-Wno-format-truncation" "-Wno-unused-result" "-Wno-format-overflow" "-o" "/opt/rustwide/target/release/build/libraw-rs-sys/0d7586a8202206fb/out/libraw/src/decoders/decoders_libraw.o" "-c" "libraw/src/decoders/decoders_libraw.cpp"
[INFO] [stderr]   exit status: 0
[INFO] [stderr]   running: "c++" "-O3" "-ffunction-sections" "-fdata-sections" "-fPIC" "-m64" "-static" "-I" "libraw/" "-pthread" "-Wno-format-truncation" "-Wno-unused-result" "-Wno-format-overflow" "-o" "/opt/rustwide/target/release/build/libraw-rs-sys/0d7586a8202206fb/out/libraw/src/demosaic/dcb_demosaic.o" "-c" "libraw/src/demosaic/dcb_demosaic.cpp"
[INFO] [stderr]   exit status: 0
[INFO] [stderr]   running: "c++" "-O3" "-ffunction-sections" "-fdata-sections" "-fPIC" "-m64" "-static" "-I" "libraw/" "-pthread" "-Wno-format-truncation" "-Wno-unused-result" "-Wno-format-overflow" "-o" "/opt/rustwide/target/release/build/libraw-rs-sys/0d7586a8202206fb/out/libraw/src/demosaic/dht_demosaic.o" "-c" "libraw/src/demosaic/dht_demosaic.cpp"
[INFO] [stderr]   exit status: 0
[INFO] [stderr]   running: "c++" "-O3" "-ffunction-sections" "-fdata-sections" "-fPIC" "-m64" "-static" "-I" "libraw/" "-pthread" "-Wno-format-truncation" "-Wno-unused-result" "-Wno-format-overflow" "-o" "/opt/rustwide/target/release/build/libraw-rs-sys/0d7586a8202206fb/out/libraw/src/demosaic/misc_demosaic.o" "-c" "libraw/src/demosaic/misc_demosaic.cpp"
[INFO] [stderr]   exit status: 0
[INFO] [stderr]   running: "c++" "-O3" "-ffunction-sections" "-fdata-sections" "-fPIC" "-m64" "-static" "-I" "libraw/" "-pthread" "-Wno-format-truncation" "-Wno-unused-result" "-Wno-format-overflow" "-o" "/opt/rustwide/target/release/build/libraw-rs-sys/0d7586a8202206fb/out/libraw/src/demosaic/xtrans_demosaic.o" "-c" "libraw/src/demosaic/xtrans_demosaic.cpp"
[INFO] [stderr]   exit status: 0
[INFO] [stderr]   exit status: 0
[INFO] [stderr]   running: "c++" "-O3" "-ffunction-sections" "-fdata-sections" "-fPIC" "-m64" "-static" "-I" "libraw/" "-pthread" "-Wno-format-truncation" "-Wno-unused-result" "-Wno-format-overflow" "-o" "/opt/rustwide/target/release/build/libraw-rs-sys/0d7586a8202206fb/out/libraw/src/integration/dngsdk_glue.o" "-c" "libraw/src/integration/dngsdk_glue.cpp"
[INFO] [stderr]   running: "c++" "-O3" "-ffunction-sections" "-fdata-sections" "-fPIC" "-m64" "-static" "-I" "libraw/" "-pthread" "-Wno-format-truncation" "-Wno-unused-result" "-Wno-format-overflow" "-o" "/opt/rustwide/target/release/build/libraw-rs-sys/0d7586a8202206fb/out/libraw/src/integration/rawspeed_glue.o" "-c" "libraw/src/integration/rawspeed_glue.cpp"
[INFO] [stderr]   exit status: 0
[INFO] [stderr]   running: "c++" "-O3" "-ffunction-sections" "-fdata-sections" "-fPIC" "-m64" "-static" "-I" "libraw/" "-pthread" "-Wno-format-truncation" "-Wno-unused-result" "-Wno-format-overflow" "-o" "/opt/rustwide/target/release/build/libraw-rs-sys/0d7586a8202206fb/out/libraw/src/metadata/adobepano.o" "-c" "libraw/src/metadata/adobepano.cpp"
[INFO] [stderr]   exit status: 0
[INFO] [stderr]   running: "c++" "-O3" "-ffunction-sections" "-fdata-sections" "-fPIC" "-m64" "-static" "-I" "libraw/" "-pthread" "-Wno-format-truncation" "-Wno-unused-result" "-Wno-format-overflow" "-o" "/opt/rustwide/target/release/build/libraw-rs-sys/0d7586a8202206fb/out/libraw/src/metadata/canon.o" "-c" "libraw/src/metadata/canon.cpp"
[INFO] [stderr]   exit status: 0
[INFO] [stderr]   running: "c++" "-O3" "-ffunction-sections" "-fdata-sections" "-fPIC" "-m64" "-static" "-I" "libraw/" "-pthread" "-Wno-format-truncation" "-Wno-unused-result" "-Wno-format-overflow" "-o" "/opt/rustwide/target/release/build/libraw-rs-sys/0d7586a8202206fb/out/libraw/src/metadata/ciff.o" "-c" "libraw/src/metadata/ciff.cpp"
[INFO] [stderr]   exit status: 0
[INFO] [stderr]   running: "c++" "-O3" "-ffunction-sections" "-fdata-sections" "-fPIC" "-m64" "-static" "-I" "libraw/" "-pthread" "-Wno-format-truncation" "-Wno-unused-result" "-Wno-format-overflow" "-o" "/opt/rustwide/target/release/build/libraw-rs-sys/0d7586a8202206fb/out/libraw/src/metadata/cr3_parser.o" "-c" "libraw/src/metadata/cr3_parser.cpp"
[INFO] [stderr]   exit status: 0
[INFO] [stderr]   running: "c++" "-O3" "-ffunction-sections" "-fdata-sections" "-fPIC" "-m64" "-static" "-I" "libraw/" "-pthread" "-Wno-format-truncation" "-Wno-unused-result" "-Wno-format-overflow" "-o" "/opt/rustwide/target/release/build/libraw-rs-sys/0d7586a8202206fb/out/libraw/src/metadata/epson.o" "-c" "libraw/src/metadata/epson.cpp"
[INFO] [stderr]   exit status: 0
[INFO] [stderr]   running: "c++" "-O3" "-ffunction-sections" "-fdata-sections" "-fPIC" "-m64" "-static" "-I" "libraw/" "-pthread" "-Wno-format-truncation" "-Wno-unused-result" "-Wno-format-overflow" "-o" "/opt/rustwide/target/release/build/libraw-rs-sys/0d7586a8202206fb/out/libraw/src/metadata/exif_gps.o" "-c" "libraw/src/metadata/exif_gps.cpp"
[INFO] [stderr]   exit status: 0
[INFO] [stderr]   running: "c++" "-O3" "-ffunction-sections" "-fdata-sections" "-fPIC" "-m64" "-static" "-I" "libraw/" "-pthread" "-Wno-format-truncation" "-Wno-unused-result" "-Wno-format-overflow" "-o" "/opt/rustwide/target/release/build/libraw-rs-sys/0d7586a8202206fb/out/libraw/src/metadata/fuji.o" "-c" "libraw/src/metadata/fuji.cpp"
[INFO] [stderr]   exit status: 0
[INFO] [stderr]   running: "c++" "-O3" "-ffunction-sections" "-fdata-sections" "-fPIC" "-m64" "-static" "-I" "libraw/" "-pthread" "-Wno-format-truncation" "-Wno-unused-result" "-Wno-format-overflow" "-o" "/opt/rustwide/target/release/build/libraw-rs-sys/0d7586a8202206fb/out/libraw/src/metadata/hasselblad_model.o" "-c" "libraw/src/metadata/hasselblad_model.cpp"
[INFO] [stderr]   exit status: 0
[INFO] [stderr]   running: "c++" "-O3" "-ffunction-sections" "-fdata-sections" "-fPIC" "-m64" "-static" "-I" "libraw/" "-pthread" "-Wno-format-truncation" "-Wno-unused-result" "-Wno-format-overflow" "-o" "/opt/rustwide/target/release/build/libraw-rs-sys/0d7586a8202206fb/out/libraw/src/metadata/identify.o" "-c" "libraw/src/metadata/identify.cpp"
[INFO] [stderr]   exit status: 0
[INFO] [stderr]   running: "c++" "-O3" "-ffunction-sections" "-fdata-sections" "-fPIC" "-m64" "-static" "-I" "libraw/" "-pthread" "-Wno-format-truncation" "-Wno-unused-result" "-Wno-format-overflow" "-o" "/opt/rustwide/target/release/build/libraw-rs-sys/0d7586a8202206fb/out/libraw/src/metadata/identify_tools.o" "-c" "libraw/src/metadata/identify_tools.cpp"
[INFO] [stderr]   exit status: 0
[INFO] [stderr]   running: "c++" "-O3" "-ffunction-sections" "-fdata-sections" "-fPIC" "-m64" "-static" "-I" "libraw/" "-pthread" "-Wno-format-truncation" "-Wno-unused-result" "-Wno-format-overflow" "-o" "/opt/rustwide/target/release/build/libraw-rs-sys/0d7586a8202206fb/out/libraw/src/metadata/kodak.o" "-c" "libraw/src/metadata/kodak.cpp"
[INFO] [stderr]   exit status: 0
[INFO] [stderr]   running: "c++" "-O3" "-ffunction-sections" "-fdata-sections" "-fPIC" "-m64" "-static" "-I" "libraw/" "-pthread" "-Wno-format-truncation" "-Wno-unused-result" "-Wno-format-overflow" "-o" "/opt/rustwide/target/release/build/libraw-rs-sys/0d7586a8202206fb/out/libraw/src/metadata/leica.o" "-c" "libraw/src/metadata/leica.cpp"
[INFO] [stderr]   exit status: 0
[INFO] [stderr]   running: "c++" "-O3" "-ffunction-sections" "-fdata-sections" "-fPIC" "-m64" "-static" "-I" "libraw/" "-pthread" "-Wno-format-truncation" "-Wno-unused-result" "-Wno-format-overflow" "-o" "/opt/rustwide/target/release/build/libraw-rs-sys/0d7586a8202206fb/out/libraw/src/metadata/makernotes.o" "-c" "libraw/src/metadata/makernotes.cpp"
[INFO] [stderr]   exit status: 0
[INFO] [stderr]   running: "c++" "-O3" "-ffunction-sections" "-fdata-sections" "-fPIC" "-m64" "-static" "-I" "libraw/" "-pthread" "-Wno-format-truncation" "-Wno-unused-result" "-Wno-format-overflow" "-o" "/opt/rustwide/target/release/build/libraw-rs-sys/0d7586a8202206fb/out/libraw/src/metadata/mediumformat.o" "-c" "libraw/src/metadata/mediumformat.cpp"
[INFO] [stderr]   exit status: 0
[INFO] [stderr]   running: "c++" "-O3" "-ffunction-sections" "-fdata-sections" "-fPIC" "-m64" "-static" "-I" "libraw/" "-pthread" "-Wno-format-truncation" "-Wno-unused-result" "-Wno-format-overflow" "-o" "/opt/rustwide/target/release/build/libraw-rs-sys/0d7586a8202206fb/out/libraw/src/metadata/minolta.o" "-c" "libraw/src/metadata/minolta.cpp"
[INFO] [stderr]   exit status: 0
[INFO] [stderr]   running: "c++" "-O3" "-ffunction-sections" "-fdata-sections" "-fPIC" "-m64" "-static" "-I" "libraw/" "-pthread" "-Wno-format-truncation" "-Wno-unused-result" "-Wno-format-overflow" "-o" "/opt/rustwide/target/release/build/libraw-rs-sys/0d7586a8202206fb/out/libraw/src/metadata/misc_parsers.o" "-c" "libraw/src/metadata/misc_parsers.cpp"
[INFO] [stderr]   exit status: 0
[INFO] [stderr]   running: "c++" "-O3" "-ffunction-sections" "-fdata-sections" "-fPIC" "-m64" "-static" "-I" "libraw/" "-pthread" "-Wno-format-truncation" "-Wno-unused-result" "-Wno-format-overflow" "-o" "/opt/rustwide/target/release/build/libraw-rs-sys/0d7586a8202206fb/out/libraw/src/metadata/nikon.o" "-c" "libraw/src/metadata/nikon.cpp"
[INFO] [stderr]   cargo:warning=c++: fatal error: Killed signal terminated program cc1plus
[INFO] [stderr]   cargo:warning=compilation terminated.
[INFO] [stderr]   exit status: 1
[INFO] [stderr]   running: "c++" "-O3" "-ffunction-sections" "-fdata-sections" "-fPIC" "-m64" "-static" "-I" "libraw/" "-pthread" "-Wno-format-truncation" "-Wno-unused-result" "-Wno-format-overflow" "-o" "/opt/rustwide/target/release/build/libraw-rs-sys/0d7586a8202206fb/out/libraw/src/metadata/normalize_model.o" "-c" "libraw/src/metadata/normalize_model.cpp"
[INFO] [stderr]   cargo:warning=c++: fatal error: Killed signal terminated program cc1plus
[INFO] [stderr]   cargo:warning=compilation terminated.
[INFO] [stderr]   exit status: 1
[INFO] [stderr]   exit status: 0
[INFO] [stderr]   exit status: 0
[INFO] [stderr]   exit status: 0
[INFO] [stderr]   exit status: 0
[INFO] [stderr]   exit status: 0
[INFO] [stderr]   exit status: 0
[INFO] [stderr]   exit status: 0
[INFO] [stderr]   exit status: 0
[INFO] [stderr]   exit status: 0
[INFO] [stderr]   exit status: 0
[INFO] [stderr]   exit status: 0
[INFO] [stderr]   exit status: 0
[INFO] [stderr]   exit status: 0
[INFO] [stderr]   exit status: 0
[INFO] [stderr]   exit status: 0
[INFO] [stderr] 
[INFO] [stderr]   --- stderr
[INFO] [stderr] 
[INFO] [stderr] 
[INFO] [stderr]   error occurred: Command "c++" "-O3" "-ffunction-sections" "-fdata-sections" "-fPIC" "-m64" "-static" "-I" "libraw/" "-pthread" "-Wno-format-truncation" "-Wno-unused-result" "-Wno-format-overflow" "-o" "/opt/rustwide/target/release/build/libraw-rs-sys/0d7586a8202206fb/out/libraw/src/decoders/crx.o" "-c" "libraw/src/decoders/crx.cpp" with args "c++" did not execute successfully (status code exit status: 1).
[INFO] [stderr] 
[INFO] [stderr] 
[INFO] running `Command { std: "docker" "inspect" "236b47bf6e5bc94749f37d99398b1eee851f339f7a2669127f392624977be413", kill_on_drop: false }`
[INFO] running `Command { std: "docker" "rm" "-f" "236b47bf6e5bc94749f37d99398b1eee851f339f7a2669127f392624977be413", kill_on_drop: false }`
[INFO] [stdout] 236b47bf6e5bc94749f37d99398b1eee851f339f7a2669127f392624977be413
