[INFO] fetching crate kaichi-core 0.2.0...
[INFO] testing kaichi-core-0.2.0 against 1.99.0-beta.8+cargoflags=--release for beta-release-1.100-2
[INFO] extracting crate kaichi-core 0.2.0 into /workspace/builds/worker-0-tc1/source
[INFO] started tweaking crates.io crate kaichi-core 0.2.0
[INFO] removed 0 missing tests
[INFO] finished tweaking crates.io crate kaichi-core 0.2.0
[INFO] tweaked toml for crates.io crate kaichi-core 0.2.0 written to /workspace/builds/worker-0-tc1/source/Cargo.toml
[INFO] validating manifest of crates.io crate kaichi-core 0.2.0 on toolchain 1.99.0-beta.8
[INFO] running `Command { std: CARGO_HOME="/workspace/cargo-home" RUSTUP_HOME="/workspace/rustup-home" "/workspace/cargo-home/bin/cargo" "+1.99.0-beta.8" "metadata" "--manifest-path" "Cargo.toml" "--no-deps", kill_on_drop: false }`
[INFO] crate crates.io crate kaichi-core 0.2.0 already has a lockfile, it will not be regenerated
[INFO] running `Command { std: CARGO_HOME="/workspace/cargo-home" RUSTUP_HOME="/workspace/rustup-home" "/workspace/cargo-home/bin/cargo" "+1.99.0-beta.8" "fetch" "--manifest-path" "Cargo.toml", kill_on_drop: false }`
[INFO] [stderr]     Updating crates.io index
[INFO] [stderr]  Downloading crates ...
[INFO] [stderr]   Downloaded statrs v0.17.1
[INFO] [stderr]   Downloaded hdf5-metno-sys v0.11.3
[INFO] [stderr]   Downloaded hdf5-metno-types v0.11.0
[INFO] [stderr]   Downloaded hdf5-metno-derive v0.10.0
[INFO] [stderr]   Downloaded winreg v0.56.0
[INFO] [stderr]   Downloaded nalgebra-sparse v0.11.0
[INFO] [stderr]   Downloaded hdf5-metno v0.12.3
[INFO] running `Command { std: "docker" "create" "-v" "/var/lib/crater-agent-workspace/builds/worker-0-tc1/source:/opt/rustwide/workdir:ro,Z" "-v" "/var/lib/crater-agent-workspace/builds/worker-0-tc1/target:/opt/rustwide/target:rw,Z" "-v" "/var/lib/crater-agent-workspace/cargo-home:/opt/rustwide/cargo-home:ro,Z" "-v" "/var/lib/crater-agent-workspace/rustup-home:/opt/rustwide/rustup-home:ro,Z" "-m" "1610612736" "--network" "none" "ghcr.io/rust-lang/crates-build-env/linux@sha256:77db811e55d90add9212f6832c23229e3de5f1c1f9905e8cb07319ea15df73ac" "sleep" "infinity", kill_on_drop: false }`
[INFO] [stdout] 7e1d68af4af2182a77e4dd35c11a409b22afcd401f0a22baed296ad9347c5ad7
[INFO] running `Command { std: "docker" "start" "7e1d68af4af2182a77e4dd35c11a409b22afcd401f0a22baed296ad9347c5ad7", kill_on_drop: false }`
[INFO] running `Command { std: "docker" "inspect" "7e1d68af4af2182a77e4dd35c11a409b22afcd401f0a22baed296ad9347c5ad7", kill_on_drop: false }`
[INFO] running `Command { std: "docker" "exec" "-e" "SOURCE_DIR=/opt/rustwide/workdir" "-e" "CARGO_HOME=/opt/rustwide/cargo-home" "-e" "RUSTUP_HOME=/opt/rustwide/rustup-home" "-e" "CARGO_TARGET_DIR=/opt/rustwide/target" "-w" "/opt/rustwide/workdir" "--user" "0:0" "7e1d68af4af2182a77e4dd35c11a409b22afcd401f0a22baed296ad9347c5ad7" "/opt/rustwide/cargo-home/bin/cargo" "+1.99.0-beta.8" "metadata" "--no-deps" "--format-version=1", kill_on_drop: false }`
[INFO] running `Command { std: "docker" "inspect" "7e1d68af4af2182a77e4dd35c11a409b22afcd401f0a22baed296ad9347c5ad7", kill_on_drop: false }`
[INFO] running `Command { std: "docker" "exec" "-e" "SOURCE_DIR=/opt/rustwide/workdir" "-e" "CARGO_HOME=/opt/rustwide/cargo-home" "-e" "RUSTUP_HOME=/opt/rustwide/rustup-home" "-e" "CARGO_TARGET_DIR=/opt/rustwide/target" "-e" "CARGO_INCREMENTAL=0" "-e" "RUST_BACKTRACE=full" "-e" "RUSTFLAGS=--cap-lints=warn" "-e" "RUSTDOCFLAGS=--cap-lints=warn" "-w" "/opt/rustwide/workdir" "--user" "0:0" "7e1d68af4af2182a77e4dd35c11a409b22afcd401f0a22baed296ad9347c5ad7" "/opt/rustwide/cargo-home/bin/cargo" "+1.99.0-beta.8" "build" "--frozen" "--message-format=json" "--release", kill_on_drop: false }`
[INFO] [stderr]    Compiling zerocopy v0.8.48
[INFO] [stderr]    Compiling arrow-schema v53.4.1
[INFO] [stderr]    Compiling hashbrown v0.15.5
[INFO] [stderr]    Compiling lexical-util v1.0.7
[INFO] [stderr]    Compiling ahash v0.8.12
[INFO] [stderr]    Compiling aho-corasick v1.1.4
[INFO] [stderr]    Compiling matrixmultiply v0.3.10
[INFO] [stderr]    Compiling serde_core v1.0.228
[INFO] [stderr]    Compiling rawpointer v0.2.1
[INFO] [stderr]    Compiling syn v2.0.117
[INFO] [stderr]    Compiling getrandom v0.3.4
[INFO] [stderr]    Compiling safe_arch v0.7.4
[INFO] [stderr]    Compiling getrandom v0.2.17
[INFO] [stderr]    Compiling num-integer v0.1.46
[INFO] [stderr]    Compiling num-complex v0.4.6
[INFO] [stderr]    Compiling chrono v0.4.39
[INFO] [stderr]    Compiling approx v0.5.1
[INFO] [stderr]    Compiling comfy-table v7.2.2
[INFO] [stderr]    Compiling atoi v2.0.0
[INFO] [stderr]    Compiling rand_core v0.6.4
[INFO] [stderr]    Compiling regex-syntax v0.8.10
[INFO] [stderr]    Compiling winnow v1.0.2
[INFO] [stderr]    Compiling num-bigint v0.4.6
[INFO] [stderr]    Compiling num-iter v0.1.45
[INFO] [stderr]    Compiling flatbuffers v24.12.23
[INFO] [stderr]    Compiling lexical-write-integer v1.0.6
[INFO] [stderr]    Compiling lexical-parse-integer v1.0.6
[INFO] [stderr]    Compiling wide v0.7.33
[INFO] [stderr]    Compiling lexical-parse-float v1.0.6
[INFO] [stderr]    Compiling serde v1.0.228
[INFO] [stderr]    Compiling proc-macro-error-attr2 v2.0.0
[INFO] [stderr]    Compiling lexical-write-float v1.0.6
[INFO] [stderr]    Compiling hdf5-metno-types v0.11.0
[INFO] [stderr]    Compiling indexmap v2.14.0
[INFO] [stderr]    Compiling proc-macro-error2 v2.0.1
[INFO] [stderr]    Compiling ascii v1.1.0
[INFO] [stderr]    Compiling lexical-core v1.0.6
[INFO] [stderr]    Compiling regex-automata v0.4.14
[INFO] [stderr]    Compiling hdf5-metno v0.12.3
[INFO] [stderr]    Compiling ndarray v0.17.2
[INFO] [stderr]    Compiling rayon v1.12.0
[INFO] [stderr]    Compiling toml_parser v1.1.2+spec-1.1.0
[INFO] [stderr]    Compiling num-rational v0.4.2
[INFO] [stderr]    Compiling toml_edit v0.25.11+spec-1.1.0
[INFO] [stderr]    Compiling num v0.4.3
[INFO] [stderr]    Compiling proc-macro-crate v3.5.0
[INFO] [stderr]    Compiling simba v0.8.1
[INFO] [stderr]    Compiling simba v0.9.1
[INFO] [stderr]    Compiling serde_json v1.0.149
[INFO] [stderr]    Compiling csv v1.4.0
[INFO] [stderr]    Compiling regex v1.12.3
[INFO] [stderr]    Compiling hdf5-metno-sys v0.11.3
[INFO] [stderr]    Compiling zerocopy-derive v0.8.48
[INFO] [stderr]    Compiling nalgebra-macros v0.3.0
[INFO] [stderr]    Compiling nalgebra-macros v0.2.2
[INFO] [stderr]    Compiling thiserror-impl v2.0.18
[INFO] [stderr]    Compiling hdf5-metno-derive v0.10.0
[INFO] [stderr]    Compiling thiserror v2.0.18
[INFO] [stderr]    Compiling nalgebra v0.34.2
[INFO] [stderr]    Compiling half v2.7.1
[INFO] [stderr]    Compiling ppv-lite86 v0.2.21
[INFO] [stderr]    Compiling arrow-buffer v53.4.1
[INFO] [stderr]    Compiling rand_chacha v0.3.1
[INFO] [stderr]    Compiling rand v0.8.6
[INFO] [stderr]    Compiling arrow-data v53.4.1
[INFO] [stderr]    Compiling rand_distr v0.4.3
[INFO] [stderr]    Compiling nalgebra v0.32.6
[INFO] [stderr]    Compiling arrow-array v53.4.1
[INFO] [stderr]    Compiling arrow-select v53.4.1
[INFO] [stderr]    Compiling arrow-row v53.4.1
[INFO] [stderr]    Compiling arrow-arith v53.4.1
[INFO] [stderr]    Compiling arrow-cast v53.4.1
[INFO] [stderr]    Compiling arrow-string v53.4.1
[INFO] [stderr]    Compiling arrow-ord v53.4.1
[INFO] [stderr]    Compiling nalgebra-sparse v0.11.0
[INFO] [stderr]    Compiling arrow-json v53.4.1
[INFO] [stderr]    Compiling arrow-csv v53.4.1
[INFO] [stderr]    Compiling arrow-ipc v53.4.1
[INFO] [stderr]    Compiling statrs v0.17.1
[INFO] [stderr]    Compiling arrow v53.4.1
[INFO] [stderr]    Compiling kaichi-core v0.2.0 (/opt/rustwide/workdir)
[INFO] [stderr]     Finished `release` profile [optimized] target(s) in 3m 12s
[INFO] [stderr] warning: the following packages contain code that will be rejected by a future version of Rust: proc-macro-error2 v2.0.1
[INFO] [stderr] note: to see what the problems were, use the option `--future-incompat-report`, or run `cargo report future-incompatibilities --id 1`
[INFO] running `Command { std: "docker" "inspect" "7e1d68af4af2182a77e4dd35c11a409b22afcd401f0a22baed296ad9347c5ad7", kill_on_drop: false }`
[INFO] running `Command { std: "docker" "exec" "-e" "SOURCE_DIR=/opt/rustwide/workdir" "-e" "CARGO_HOME=/opt/rustwide/cargo-home" "-e" "RUSTUP_HOME=/opt/rustwide/rustup-home" "-e" "CARGO_TARGET_DIR=/opt/rustwide/target" "-e" "CARGO_INCREMENTAL=0" "-e" "RUST_BACKTRACE=full" "-e" "RUSTFLAGS=--cap-lints=warn" "-e" "RUSTDOCFLAGS=--cap-lints=warn" "-w" "/opt/rustwide/workdir" "--user" "0:0" "7e1d68af4af2182a77e4dd35c11a409b22afcd401f0a22baed296ad9347c5ad7" "/opt/rustwide/cargo-home/bin/cargo" "+1.99.0-beta.8" "test" "--frozen" "--no-run" "--message-format=json" "--release", kill_on_drop: false }`
[INFO] [stderr]    Compiling ahash v0.8.12
[INFO] [stderr]    Compiling hdf5-metno v0.12.3
[INFO] [stderr]    Compiling tempfile v3.27.0
[INFO] [stderr]    Compiling arrow-array v53.4.1
[INFO] [stderr]    Compiling arrow-select v53.4.1
[INFO] [stderr]    Compiling arrow-row v53.4.1
[INFO] [stderr]    Compiling arrow-arith v53.4.1
[INFO] [stderr]    Compiling arrow-cast v53.4.1
[INFO] [stderr]    Compiling arrow-string v53.4.1
[INFO] [stderr]    Compiling arrow-ord v53.4.1
[INFO] [stderr]    Compiling arrow-json v53.4.1
[INFO] [stderr]    Compiling arrow-csv v53.4.1
[INFO] [stderr]    Compiling arrow-ipc v53.4.1
[INFO] [stderr]    Compiling arrow v53.4.1
[INFO] [stderr]    Compiling kaichi-core v0.2.0 (/opt/rustwide/workdir)
[INFO] [stderr]     Finished `release` profile [optimized] target(s) in 2m 10s
[INFO] [stderr] warning: the following packages contain code that will be rejected by a future version of Rust: proc-macro-error2 v2.0.1
[INFO] [stderr] note: to see what the problems were, use the option `--future-incompat-report`, or run `cargo report future-incompatibilities --id 1`
[INFO] running `Command { std: "docker" "inspect" "7e1d68af4af2182a77e4dd35c11a409b22afcd401f0a22baed296ad9347c5ad7", kill_on_drop: false }`
[INFO] running `Command { std: "docker" "exec" "-e" "SOURCE_DIR=/opt/rustwide/workdir" "-e" "CARGO_HOME=/opt/rustwide/cargo-home" "-e" "RUSTUP_HOME=/opt/rustwide/rustup-home" "-e" "CARGO_TARGET_DIR=/opt/rustwide/target" "-e" "CARGO_INCREMENTAL=0" "-e" "RUST_BACKTRACE=full" "-e" "RUSTFLAGS=--cap-lints=warn" "-e" "RUSTDOCFLAGS=--cap-lints=warn" "-w" "/opt/rustwide/workdir" "--user" "0:0" "7e1d68af4af2182a77e4dd35c11a409b22afcd401f0a22baed296ad9347c5ad7" "/opt/rustwide/cargo-home/bin/cargo" "+1.99.0-beta.8" "test" "--frozen" "--release", kill_on_drop: false }`
[INFO] [stderr]     Finished `release` profile [optimized] target(s) in 0.25s
[INFO] [stderr] warning: the following packages contain code that will be rejected by a future version of Rust: proc-macro-error2 v2.0.1
[INFO] [stderr] note: to see what the problems were, use the option `--future-incompat-report`, or run `cargo report future-incompatibilities --id 1`
[INFO] [stderr]      Running unittests src/lib.rs (/opt/rustwide/target/release/deps/kaichi_core-f70d1bcf44b9fb52)
[INFO] [stdout] 
[INFO] [stdout] running 199 tests
[INFO] [stdout] test data::tests::batch_labels_single_batch_assigns_all_to_zero ... ok
[INFO] [stdout] test data::tests::csc_lazy_init_correct ... ok
[INFO] [stdout] test data::tests::csc_nnz_matches_csr_nnz ... ok
[INFO] [stdout] test data::tests::csc_called_twice_returns_same_instance ... ok
[INFO] [stdout] test data::tests::csr_row_access_correct ... ok
[INFO] [stdout] test data::tests::invalid_csr_data_returns_err ... ok
[INFO] [stdout] test data::tests::single_cell_single_guide ... ok
[INFO] [stdout] test data::tests::batch_labels_empty ... ok
[INFO] [stdout] test data::tests::try_from_csr_round_trips ... ok
[INFO] [stdout] test data::tests::empty_matrix_ok ... ok
[INFO] [stdout] test data::tests::batch_labels_cells_by_batch_partitions_correctly ... ok
[INFO] [stdout] test data::tests::column_sum_equals_row_sum ... ok
[INFO] [stdout] test io::read::tests::read_h5ad_missing_file_returns_err ... ok
[INFO] [stdout] test io::read::tests::read_h5ad_cell_barcodes_order ... ok
[INFO] [stdout] test io::read::tests::read_h5ad_nnz ... ok
[INFO] [stdout] test io::read::tests::read_h5ad_guide_ids_order ... ok
[INFO] [stdout] test io::read::tests::read_h5ad_defaults_to_single_batch_when_obs_batch_absent ... ok
[INFO] [stdout] test io::read::tests::read_h5ad_rejects_negative_batch_code ... ok
[INFO] [stdout] test io::read::tests::read_h5ad_dimensions ... ok
[INFO] [stdout] test io::read::tests::read_h5ad_reads_plain_string_batch ... ok
[INFO] [stdout] test io::read::tests::read_h5ad_total_counts_correct ... ok
[INFO] [stdout] test io::write::tests::scored_h5ad_writes_uns_stage_scored ... ok
[INFO] [stdout] test io::read::tests::read_h5ad_var_index_from_named_column ... ok
[INFO] [stdout] test io::read::tests::read_h5ad_reads_categorical_batch ... ok
[INFO] [stdout] test io::read::tests::read_h5ad_x_values_correct ... ok
[INFO] [stdout] test io::write::tests::write_obs_guide_identity_for_multi_infected_cell ... ok
[INFO] [stdout] test io::read::tests::read_h5ad_large_matrix_dimensions ... ok
[INFO] [stdout] test io::read::tests::read_h5ad_rejects_out_of_range_batch_code ... ok
[INFO] [stdout] test io::write::tests::assigned_from_scored_writes_all_three_groups ... ok
[INFO] [stdout] test io::write::tests::write_obs_guide_identity ... ok
[INFO] [stdout] test models::beta::tests::beta2_assigns_dominant_guide_cells ... ok
[INFO] [stdout] test io::write::tests::scored_h5ad_x_holds_umi_counts_not_scores ... ok
[INFO] [stdout] test models::beta::tests::beta2_empty_input ... ok
[INFO] [stdout] test models::beta::tests::beta2_zero_total_is_unassigned ... ok
[INFO] [stdout] test models::beta::tests::beta2_batch_0_unchanged_by_added_batch_1_cells ... ok
[INFO] [stdout] test models::beta::tests::beta3_empty_input ... ok
[INFO] [stdout] test models::beta::tests::beta3_zero_total_is_unassigned ... ok
[INFO] [stdout] test io::write::tests::roundtrip_h5ad_preserves_all_cells ... ok
[INFO] [stdout] test models::beta::tests::m_step_beta2_swaps_pi_with_components ... ok
[INFO] [stdout] test models::beta::tests::m_step_recovers_two_clusters_with_perfect_responsibilities ... ok
[INFO] [stdout] test models::beta::tests::max_proportions_clamps_to_bounds ... ok
[INFO] [stdout] test models::beta::tests::beta3_assigns_dominant_guide_cells ... ok
[INFO] [stdout] test models::beta::tests::max_proportions_picks_largest_guide ... ok
[INFO] [stdout] test models::beta::tests::max_proportions_ties_keep_first_seen ... ok
[INFO] [stdout] test models::beta::tests::max_proportions_zero_total_yields_zero_tuple ... ok
[INFO] [stdout] test io::write::tests::read_scored_h5ad_rejects_plain_assigned_h5ad ... ok
[INFO] [stdout] test models::beta::tests::mom_returns_fallback_when_weights_vanish ... ok
[INFO] [stdout] test models::beta::tests::mom_recovers_mean_and_variance_at_uniform_weights ... ok
[INFO] [stdout] test models::beta::tests::fit_beta2_recovers_well_separated_clusters ... ok
[INFO] [stdout] test models::beta::tests::mom_signal_weight_flag_inverts_weights ... ok
[INFO] [stdout] test models::beta::tests::mom_handles_degenerate_zero_variance ... ok
[INFO] [stdout] test models::beta::tests::posterior_crossover_at_half_when_weights_equal ... ok
[INFO] [stdout] test models::beta::tests::posterior_equals_pi_when_components_identical ... ok
[INFO] [stdout] test models::beta::tests::unassigned_columns_are_null_beta2 ... ok
[INFO] [stdout] test models::beta::tests::posterior_monotonic_when_signal_mean_higher ... ok
[INFO] [stdout] test io::write::tests::write_obs_n_guides_detected ... ok
[INFO] [stdout] test models::beta::tests::posterior_saturates_with_extreme_pi ... ok
[INFO] [stdout] test models::beta::tests::unassigned_columns_are_null_beta3 ... ok
[INFO] [stdout] test models::binomial::tests::binomial_posterior_monotonic_in_y_when_beta1_positive ... ok
[INFO] [stdout] test models::binomial::tests::binomial_posterior_saturates ... ok
[INFO] [stdout] test models::binomial::tests::binomial_posterior_uses_batch_gamma ... ok
[INFO] [stdout] test models::binomial::tests::assigns_high_proportion_cells ... ok
[INFO] [stdout] test models::binomial::tests::empty_input_produces_empty_result ... ok
[INFO] [stdout] test models::binomial::tests::em_recovers_batch_offsets ... ok
[INFO] [stdout] test io::write::tests::write_then_read_var_names ... ok
[INFO] [stdout] test models::em::tests::clamp_probability_bounds ... ok
[INFO] [stdout] test models::binomial::tests::unassigned_columns_are_null ... ok
[INFO] [stdout] test models::binomial::tests::binomial_posterior_equals_pi_when_components_identical ... ok
[INFO] [stdout] test models::binomial::tests::skips_guides_with_too_little_signal ... ok
[INFO] [stdout] test models::em::tests::log_beta_pdf_uniform_is_zero ... ok
[INFO] [stdout] test models::binomial::tests::score_and_decide_matches_assign ... ok
[INFO] [stdout] test models::em::tests::log_beta_pdf_symmetric_under_swap ... ok
[INFO] [stdout] test models::binomial::tests::multi_infected_flagged ... ok
[INFO] [stdout] test models::em::tests::log_beta_pdf_known_value_at_2_2 ... ok
[INFO] [stdout] test io::write::tests::write_then_read_x_matrix ... ok
[INFO] [stdout] test models::em::tests::log_binom_pmf_extremes ... ok
[INFO] [stdout] test models::em::tests::log_binom_pmf_normalizes ... ok
[INFO] [stdout] test io::write::tests::write_layers_assigned_group_exists ... ok
[INFO] [stdout] test models::em::tests::log_nb_pmf_collapses_to_poisson_as_theta_grows ... ok
[INFO] [stdout] test models::em::tests::log_normal_pdf_at_mean_is_log_normalizer ... ok
[INFO] [stdout] test models::em::tests::log_nb_pmf_normalizes ... ok
[INFO] [stdout] test models::em::tests::sigmoid_at_zero_is_half ... ok
[INFO] [stdout] test models::em::tests::log_poisson_pmf_at_zero_is_neg_lambda ... ok
[INFO] [stdout] test models::em::tests::log_poisson_pmf_normalizes ... ok
[INFO] [stdout] test models::em::tests::logsumexp2_numerically_stable ... ok
[INFO] [stdout] test models::em::tests::run_em_converges ... ok
[INFO] [stdout] test models::em::tests::log_normal_pdf_symmetric_about_mean ... ok
[INFO] [stdout] test models::gauss::tests::assigned_x_matches_batch ... ok
[INFO] [stdout] test models::em::tests::sigmoid_complement_and_bounded ... ok
[INFO] [stdout] test models::em::tests::solve_2x2_sym_singular_returns_none ... ok
[INFO] [stdout] test models::em::tests::solve_2x2_sym_known_system ... ok
[INFO] [stdout] test io::write::tests::write_obs_is_multi_infected ... ok
[INFO] [stdout] test models::em::tests::sigmoid_monotonic ... ok
[INFO] [stdout] test models::em::tests::solve_2x2_sym_identity ... ok
[INFO] [stdout] test models::gauss::tests::fit_guide_returns_none_for_tiny_data ... ok
[INFO] [stdout] test models::gauss::tests::fit_mixture_separates_bimodal_data ... ok
[INFO] [stdout] test io::write::tests::write_then_read_x_nnz_preserved ... ok
[INFO] [stdout] test models::gauss::tests::cell_barcodes_in_output_come_from_input ... ok
[INFO] [stdout] test io::write::tests::scored_h5ad_roundtrip_recovers_score_matrix ... ok
[INFO] [stdout] test io::read::tests::read_h5ad_batch_codes_accept_int8_dtype ... ok
[INFO] [stdout] test io::write::tests::write_uns_model_name ... ok
[INFO] [stdout] test models::gauss::tests::assigns_high_signal_cells ... ok
[INFO] [stdout] test models::gauss::tests::unassigned_columns_are_null ... ok
[INFO] [stdout] test models::gauss::tests::skips_guides_with_too_little_signal ... ok
[INFO] [stdout] test models::gauss::tests::empty_input_produces_empty_result ... ok
[INFO] [stdout] test models::gauss::tests::fit_guide_returns_none_for_low_max ... ok
[INFO] [stdout] test models::gauss::tests::posterior_signal_high_for_large_count ... ok
[INFO] [stdout] test models::gauss::tests::gauss_posterior_equals_pi_when_components_identical ... ok
[INFO] [stdout] test models::gauss::tests::zeros_included_in_background_estimate ... ok
[INFO] [stdout] test models::gauss::tests::multi_infected_flagged ... ok
[INFO] [stdout] test models::gauss::tests::n_guides_detected_matches_n_passing ... ok
[INFO] [stdout] test io::write::tests::write_uns_model_params_json ... ok
[INFO] [stdout] test models::max::tests::all_zero_is_unassigned ... ok
[INFO] [stdout] test models::gauss::tests::guide_name_in_output_correct ... ok
[INFO] [stdout] test io::write::tests::write_obs_is_unassigned ... ok
[INFO] [stdout] test models::max::tests::assigned_x_set_for_assigned_cells ... ok
[INFO] [stdout] test models::max::tests::is_multi_never_set_by_max_model ... ok
[INFO] [stdout] test models::max::tests::assigned_x_empty_for_unassigned_cells ... ok
[INFO] [stdout] test models::max::tests::empty_input_produces_empty_result ... ok
[INFO] [stdout] test models::max::tests::multi_cell_correct_assignments ... ok
[INFO] [stdout] test models::max::tests::guide_name_in_output_correct ... ok
[INFO] [stdout] test models::max::tests::tie_n_detected_is_two_not_one ... ok
[INFO] [stdout] test models::neg_binomial::tests::nb_posterior_equals_pi_when_components_identical ... ok
[INFO] [stdout] test models::max::tests::unassigned_columns_are_null ... ok
[INFO] [stdout] test models::max::tests::assigns_max_guide ... ok
[INFO] [stdout] test models::neg_binomial::tests::assigns_high_signal_cells ... ok
[INFO] [stdout] test models::neg_binomial::tests::em_recovers_batch_offsets ... ok
[INFO] [stdout] test models::neg_binomial::tests::trigamma_recurrence_holds ... ok
[INFO] [stdout] test models::neg_binomial::tests::em_respects_theta_clamp ... ok
[INFO] [stdout] test models::max::tests::confidence_is_one_for_assigned ... ok
[INFO] [stdout] test models::neg_binomial::tests::nb_posterior_drops_when_depth_doubles ... ok
[INFO] [stdout] test io::write::tests::write_then_read_obs_names ... ok
[INFO] [stdout] test models::neg_binomial::tests::n_guides_detected_counts_guides_above_threshold ... ok
[INFO] [stdout] test models::neg_binomial::tests::skips_guides_with_too_little_signal ... ok
[INFO] [stdout] test models::max::tests::tie_is_unassigned ... ok
[INFO] [stdout] test models::neg_binomial::tests::trigamma_positive ... ok
[INFO] [stdout] test models::max::tests::umi_threshold_filters_low_counts ... ok
[INFO] [stdout] test models::neg_binomial::tests::nb_posterior_monotonic_in_y_when_beta1_positive ... ok
[INFO] [stdout] test models::neg_binomial::tests::nb_posterior_saturates_at_very_large_y ... ok
[INFO] [stdout] test models::neg_binomial::tests::nb_posterior_uses_batch_gamma ... ok
[INFO] [stdout] test models::neg_binomial::tests::score_and_decide_matches_assign ... ok
[INFO] [stdout] test models::neg_binomial::tests::empty_input_produces_empty_result ... ok
[INFO] [stdout] test models::poisson::tests::em_recovers_batch_offsets ... ok
[INFO] [stdout] test models::poisson::tests::multi_infected_flagged ... ok
[INFO] [stdout] test models::poisson_gauss::tests::assigned_x_matches_batch ... ok
[INFO] [stdout] test models::poisson::tests::poisson_posterior_equals_pi_when_components_identical ... ok
[INFO] [stdout] test models::poisson::tests::unassigned_columns_are_null ... ok
[INFO] [stdout] test models::poisson::tests::poisson_posterior_saturates ... ok
[INFO] [stdout] test models::poisson_gauss::tests::assigns_high_signal_cells ... ok
[INFO] [stdout] test models::poisson::tests::assigns_high_signal_cells ... ok
[INFO] [stdout] test models::poisson::tests::n_guides_detected_counts_guides_above_threshold ... ok
[INFO] [stdout] test models::poisson_gauss::tests::empty_input_produces_empty_result ... ok
[INFO] [stdout] test models::poisson_gauss::tests::cell_barcodes_in_output_come_from_input ... ok
[INFO] [stdout] test models::poisson::tests::poisson_posterior_uses_batch_gamma ... ok
[INFO] [stdout] test models::poisson::tests::score_and_decide_matches_assign ... ok
[INFO] [stdout] test models::poisson::tests::em_mixture_recovers_bimodal_poisson ... ok
[INFO] [stdout] test models::poisson::tests::empty_input_produces_empty_result ... ok
[INFO] [stdout] test models::neg_binomial::tests::unassigned_columns_are_null ... ok
[INFO] [stdout] test models::poisson_gauss::tests::fit_guide_returns_none_for_low_max ... ok
[INFO] [stdout] test models::poisson_gauss::tests::multi_infected_flagged ... ok
[INFO] [stdout] test models::poisson::tests::poisson_posterior_drops_when_depth_doubles ... ok
[INFO] [stdout] test models::poisson_gauss::tests::guide_name_in_output_correct ... ok
[INFO] [stdout] test models::poisson_gauss::tests::unassigned_columns_are_null ... ok
[INFO] [stdout] test models::poisson_gauss::tests::posterior_signal_high_for_large_count ... ok
[INFO] [stdout] test models::quantiles::tests::zero_quantile_assigns_nothing ... ok
[INFO] [stdout] test models::poisson_gauss::tests::zeros_included_in_background_estimate ... ok
[INFO] [stdout] test models::quantiles::tests::top_fraction_assigned ... ok
[INFO] [stdout] test models::poisson_gauss::tests::fit_mixture_separates_bimodal_data ... ok
[INFO] [stdout] test models::poisson_gauss::tests::score_and_decide_matches_assign ... ok
[INFO] [stdout] test models::poisson::tests::poisson_posterior_monotonic_in_y_when_beta1_positive ... ok
[INFO] [stdout] test models::poisson::tests::skips_guides_with_too_little_signal ... ok
[INFO] [stdout] test models::poisson_gauss::tests::fit_guide_returns_none_for_tiny_data ... ok
[INFO] [stdout] test models::quantiles::tests::empty_input_produces_empty_result ... ok
[INFO] [stdout] test models::poisson_gauss::tests::n_guides_detected_matches_n_passing ... ok
[INFO] [stdout] test models::quantiles::tests::unassigned_columns_are_null ... ok
[INFO] [stdout] test models::ratio::tests::unassigned_columns_are_null ... ok
[INFO] [stdout] test models::ratio::tests::single_guide_always_assigned ... ok
[INFO] [stdout] test models::ratio::tests::assigned_x_correct ... ok
[INFO] [stdout] test models::ratio::tests::empty_input_produces_empty_result ... ok
[INFO] [stdout] test models::ratio::tests::dominant_guide_assigned ... ok
[INFO] [stdout] test models::ratio::tests::fraction_exactly_at_threshold_is_unassigned ... ok
[INFO] [stdout] test models::ratio::tests::n_detected_zero_for_below_threshold ... ok
[INFO] [stdout] test models::poisson_gauss::tests::skips_guides_with_too_little_signal ... ok
[INFO] [stdout] test models::ratio::tests::mixed_guide_unassigned ... ok
[INFO] [stdout] test models::quantiles::tests::multi_guide_cells_flagged_multi ... ok
[INFO] [stdout] test models::umi::tests::count_exactly_at_threshold_is_assigned ... ok
[INFO] [stdout] test models::umi::tests::custom_threshold_zero_assigns_any_nonzero ... ok
[INFO] [stdout] test models::umi::tests::empty_matrix_produces_empty_result ... ok
[INFO] [stdout] test models::umi::tests::single_guide_above_threshold ... ok
[INFO] [stdout] test models::umi::tests::n_detected_counts_above_threshold ... ok
[INFO] [stdout] test models::ratio::tests::zero_counts_unassigned ... ok
[INFO] [stdout] test models::ratio::tests::confidence_equals_fraction ... ok
[INFO] [stdout] test models::umi::tests::count_one_below_threshold_is_unassigned ... ok
[INFO] [stdout] test models::umi::tests::no_guides_above_threshold_is_unassigned ... ok
[INFO] [stdout] test models::umi::tests::n_detected_zero_for_unassigned_cell ... ok
[INFO] [stdout] test models::umi::tests::multi_assigns_to_highest_umi ... ok
[INFO] [stdout] test models::umi::tests::two_guides_above_threshold_is_multi ... ok
[INFO] [stdout] test models::umi::tests::unassigned_columns_are_null ... ok
[INFO] [stdout] test models::umi::tests::assigned_x_covers_all_above_threshold_for_multi ... ok
[INFO] [stdout] 
[INFO] [stdout] test result: ok. 199 passed; 0 failed; 0 ignored; 0 measured; 0 filtered out; finished in 0.30s
[INFO] [stdout] 
[INFO] [stderr]      Running tests/equivalence.rs (/opt/rustwide/target/release/deps/equivalence-834de235dff904a5)
[INFO] [stdout] 
[INFO] [stdout] running 10 tests
[INFO] [stderr] curl: (6) Could not resolve host: github.com
[INFO] [stdout] test ratio_equivalence ... FAILED
[INFO] [stderr] curl: (6) Could not resolve host: github.com
[INFO] [stdout] test poisson_equivalence ... FAILED
[INFO] [stderr] curl: (6) Could not resolve host: github.com
[INFO] [stdout] test max_equivalence ... FAILED
[INFO] [stderr] curl: (6) Could not resolve host: github.com
[INFO] [stdout] test binomial_equivalence ... FAILED
[INFO] [stderr] curl: (6) Could not resolve host: github.com
[INFO] [stdout] test neg_binomial_equivalence ... FAILED
[INFO] [stderr] curl: (6) Could not resolve host: github.com
[INFO] [stdout] test quantiles_equivalence ... FAILED
[INFO] [stderr] curl: (6) Could not resolve host: github.com
[INFO] [stdout] test beta2_equivalence ... FAILED
[INFO] [stderr] curl: (6) Could not resolve host: github.com
[INFO] [stdout] test beta3_equivalence ... FAILED
[INFO] [stderr] curl: (6) Could not resolve host: github.com
[INFO] [stdout] test umi_equivalence ... FAILED
[INFO] [stderr] curl: (6) Could not resolve host: github.com
[INFO] [stdout] test poisson_gauss_equivalence ... FAILED
[INFO] [stdout] 
[INFO] [stdout] failures:
[INFO] [stdout] 
[INFO] [stdout] ---- ratio_equivalence stdout ----
[INFO] [stdout] 
[INFO] [stdout] thread 'ratio_equivalence' (2685) panicked at tests/common/mod.rs:84:5:
[INFO] [stdout] `curl -fsSL https://github.com/velten-group/crispat/archive/refs/heads/main.tar.gz -o /opt/rustwide/tests/fixtures/crispat.tar.gz` failed
[INFO] [stdout] stack backtrace:
[INFO] [stdout]    0:     0x5be562b33091 - <<std[70759c8f55707aa4]::sys::backtrace::BacktraceLock>::print::DisplayBacktrace as core[df12db4294e9bfd3]::fmt::Display>::fmt
[INFO] [stdout]    1:     0x5be562b4987a - core[df12db4294e9bfd3]::fmt::write
[INFO] [stdout]    2:     0x5be562b37cfc - <alloc[2182bb758b4b3781]::vec::Vec<u8> as core[df12db4294e9bfd3]::io::write::Write>::write_fmt
[INFO] [stdout]    3:     0x5be562b0d566 - std[70759c8f55707aa4]::panicking::default_hook::{closure#0}
[INFO] [stdout]    4:     0x5be562b2acb9 - std[70759c8f55707aa4]::panicking::default_hook
[INFO] [stdout]    5:     0x5be5629e9440 - test[9d35eded1c95d3be]::test_main_inner::<test[9d35eded1c95d3be]::test_main_static::{closure#0}>::{closure#0}
[INFO] [stdout]    6:     0x5be562b2afe2 - std[70759c8f55707aa4]::panicking::panic_with_hook
[INFO] [stdout]    7:     0x5be562b0d612 - std[70759c8f55707aa4]::panicking::panic_handler::{closure#0}
[INFO] [stdout]    8:     0x5be562b05ce9 - std[70759c8f55707aa4]::sys::backtrace::__rust_end_short_backtrace::<std[70759c8f55707aa4]::panicking::panic_handler::{closure#0}, !>
[INFO] [stdout]    9:     0x5be562b0e31d - __rustc[8fa7c3cbc660c2b3]::rust_begin_unwind
[INFO] [stdout]   10:     0x5be562b49fac - core[df12db4294e9bfd3]::panicking::panic_fmt
[INFO] [stdout]   11:     0x5be5629d4581 - equivalence[daa2e1721ae9bf8e]::common::run
[INFO] [stdout]   12:     0x5be5629d3e80 - equivalence[daa2e1721ae9bf8e]::common::download_fixture
[INFO] [stdout]   13:     0x5be5629d8d3c - <std[70759c8f55707aa4]::sync::once::Once>::call_once_force::<<std[70759c8f55707aa4]::sync::once_lock::OnceLock<std[70759c8f55707aa4]::path::PathBuf>>::initialize<<std[70759c8f55707aa4]::sync::once_lock::OnceLock<std[70759c8f55707aa4]::path::PathBuf>>::get_or_init<equivalence[daa2e1721ae9bf8e]::common::crispat_dir::{closure#0}>::{closure#0}, !>::{closure#0}>::{closure#0}
[INFO] [stdout]   14:     0x5be562b13349 - <std[70759c8f55707aa4]::sys::sync::once::futex::Once>::call
[INFO] [stdout]   15:     0x5be5629d86e7 - <std[70759c8f55707aa4]::sync::once_lock::OnceLock<std[70759c8f55707aa4]::path::PathBuf>>::initialize::<<std[70759c8f55707aa4]::sync::once_lock::OnceLock<std[70759c8f55707aa4]::path::PathBuf>>::get_or_init<equivalence[daa2e1721ae9bf8e]::common::crispat_dir::{closure#0}>::{closure#0}, !>
[INFO] [stdout]   16:     0x5be5629d5c63 - equivalence[daa2e1721ae9bf8e]::load_input
[INFO] [stdout]   17:     0x5be5629d7b9d - <equivalence[daa2e1721ae9bf8e]::ratio_equivalence::{closure#0} as core[df12db4294e9bfd3]::ops::function::FnOnce<()>>::call_once
[INFO] [stdout]   18:     0x5be5629dc72b - test[9d35eded1c95d3be]::__rust_begin_short_backtrace::<core[df12db4294e9bfd3]::result::Result<(), alloc[2182bb758b4b3781]::string::String>, fn() -> core[df12db4294e9bfd3]::result::Result<(), alloc[2182bb758b4b3781]::string::String>>
[INFO] [stdout]   19:     0x5be5629e9d95 - test[9d35eded1c95d3be]::run_test::{closure#0}
[INFO] [stdout]   20:     0x5be5629e3654 - std[70759c8f55707aa4]::sys::backtrace::__rust_begin_short_backtrace::<test[9d35eded1c95d3be]::run_test::{closure#1}, ()>
[INFO] [stdout]   21:     0x5be5629ecef2 - <std[70759c8f55707aa4]::thread::lifecycle::spawn_unchecked<test[9d35eded1c95d3be]::run_test::{closure#1}, ()>::{closure#1} as core[df12db4294e9bfd3]::ops::function::FnOnce<()>>::call_once::{shim:vtable#0}
[INFO] [stdout]   22:     0x5be562b32769 - <std[70759c8f55707aa4]::sys::thread::unix::Thread>::new::thread_start
[INFO] [stdout]   23:     0x707e08f2edfa - <unknown>
[INFO] [stdout]   24:     0x707e08fc23d4 - clone
[INFO] [stdout]   25:                0x0 - <unknown>
[INFO] [stdout] 
[INFO] [stdout] ---- poisson_equivalence stdout ----
[INFO] [stdout] 
[INFO] [stdout] thread 'poisson_equivalence' (2682) panicked at tests/common/mod.rs:84:5:
[INFO] [stdout] `curl -fsSL https://github.com/velten-group/crispat/archive/refs/heads/main.tar.gz -o /opt/rustwide/tests/fixtures/crispat.tar.gz` failed
[INFO] [stdout] stack backtrace:
[INFO] [stdout]    0:     0x5be562b33091 - <<std[70759c8f55707aa4]::sys::backtrace::BacktraceLock>::print::DisplayBacktrace as core[df12db4294e9bfd3]::fmt::Display>::fmt
[INFO] [stdout]    1:     0x5be562b4987a - core[df12db4294e9bfd3]::fmt::write
[INFO] [stdout]    2:     0x5be562b37cfc - <alloc[2182bb758b4b3781]::vec::Vec<u8> as core[df12db4294e9bfd3]::io::write::Write>::write_fmt
[INFO] [stdout]    3:     0x5be562b0d566 - std[70759c8f55707aa4]::panicking::default_hook::{closure#0}
[INFO] [stdout]    4:     0x5be562b2acb9 - std[70759c8f55707aa4]::panicking::default_hook
[INFO] [stdout]    5:     0x5be5629e9440 - test[9d35eded1c95d3be]::test_main_inner::<test[9d35eded1c95d3be]::test_main_static::{closure#0}>::{closure#0}
[INFO] [stdout]    6:     0x5be562b2afe2 - std[70759c8f55707aa4]::panicking::panic_with_hook
[INFO] [stdout]    7:     0x5be562b0d612 - std[70759c8f55707aa4]::panicking::panic_handler::{closure#0}
[INFO] [stdout]    8:     0x5be562b05ce9 - std[70759c8f55707aa4]::sys::backtrace::__rust_end_short_backtrace::<std[70759c8f55707aa4]::panicking::panic_handler::{closure#0}, !>
[INFO] [stdout]    9:     0x5be562b0e31d - __rustc[8fa7c3cbc660c2b3]::rust_begin_unwind
[INFO] [stdout]   10:     0x5be562b49fac - core[df12db4294e9bfd3]::panicking::panic_fmt
[INFO] [stdout]   11:     0x5be5629d4581 - equivalence[daa2e1721ae9bf8e]::common::run
[INFO] [stdout]   12:     0x5be5629d3e80 - equivalence[daa2e1721ae9bf8e]::common::download_fixture
[INFO] [stdout]   13:     0x5be5629d8d3c - <std[70759c8f55707aa4]::sync::once::Once>::call_once_force::<<std[70759c8f55707aa4]::sync::once_lock::OnceLock<std[70759c8f55707aa4]::path::PathBuf>>::initialize<<std[70759c8f55707aa4]::sync::once_lock::OnceLock<std[70759c8f55707aa4]::path::PathBuf>>::get_or_init<equivalence[daa2e1721ae9bf8e]::common::crispat_dir::{closure#0}>::{closure#0}, !>::{closure#0}>::{closure#0}
[INFO] [stdout]   14:     0x5be562b13349 - <std[70759c8f55707aa4]::sys::sync::once::futex::Once>::call
[INFO] [stdout]   15:     0x5be5629d86e7 - <std[70759c8f55707aa4]::sync::once_lock::OnceLock<std[70759c8f55707aa4]::path::PathBuf>>::initialize::<<std[70759c8f55707aa4]::sync::once_lock::OnceLock<std[70759c8f55707aa4]::path::PathBuf>>::get_or_init<equivalence[daa2e1721ae9bf8e]::common::crispat_dir::{closure#0}>::{closure#0}, !>
[INFO] [stdout]   16:     0x5be5629d5c63 - equivalence[daa2e1721ae9bf8e]::load_input
[INFO] [stdout]   17:     0x5be5629d7d5d - <equivalence[daa2e1721ae9bf8e]::poisson_equivalence::{closure#0} as core[df12db4294e9bfd3]::ops::function::FnOnce<()>>::call_once
[INFO] [stdout]   18:     0x5be5629dc72b - test[9d35eded1c95d3be]::__rust_begin_short_backtrace::<core[df12db4294e9bfd3]::result::Result<(), alloc[2182bb758b4b3781]::string::String>, fn() -> core[df12db4294e9bfd3]::result::Result<(), alloc[2182bb758b4b3781]::string::String>>
[INFO] [stdout]   19:     0x5be5629e9d95 - test[9d35eded1c95d3be]::run_test::{closure#0}
[INFO] [stdout]   20:     0x5be5629e3654 - std[70759c8f55707aa4]::sys::backtrace::__rust_begin_short_backtrace::<test[9d35eded1c95d3be]::run_test::{closure#1}, ()>
[INFO] [stdout]   21:     0x5be5629ecef2 - <std[70759c8f55707aa4]::thread::lifecycle::spawn_unchecked<test[9d35eded1c95d3be]::run_test::{closure#1}, ()>::{closure#1} as core[df12db4294e9bfd3]::ops::function::FnOnce<()>>::call_once::{shim:vtable#0}
[INFO] [stdout]   22:     0x5be562b32769 - <std[70759c8f55707aa4]::sys::thread::unix::Thread>::new::thread_start
[INFO] [stdout]   23:     0x707e08f2edfa - <unknown>
[INFO] [stdout]   24:     0x707e08fc23d4 - clone
[INFO] [stdout]   25:                0x0 - <unknown>
[INFO] [stdout] 
[INFO] [stdout] ---- max_equivalence stdout ----
[INFO] [stdout] 
[INFO] [stdout] thread 'max_equivalence' (2680) panicked at tests/common/mod.rs:84:5:
[INFO] [stdout] `curl -fsSL https://github.com/velten-group/crispat/archive/refs/heads/main.tar.gz -o /opt/rustwide/tests/fixtures/crispat.tar.gz` failed
[INFO] [stdout] stack backtrace:
[INFO] [stdout]    0:     0x5be562b33091 - <<std[70759c8f55707aa4]::sys::backtrace::BacktraceLock>::print::DisplayBacktrace as core[df12db4294e9bfd3]::fmt::Display>::fmt
[INFO] [stdout]    1:     0x5be562b4987a - core[df12db4294e9bfd3]::fmt::write
[INFO] [stdout]    2:     0x5be562b37cfc - <alloc[2182bb758b4b3781]::vec::Vec<u8> as core[df12db4294e9bfd3]::io::write::Write>::write_fmt
[INFO] [stdout]    3:     0x5be562b0d566 - std[70759c8f55707aa4]::panicking::default_hook::{closure#0}
[INFO] [stdout]    4:     0x5be562b2acb9 - std[70759c8f55707aa4]::panicking::default_hook
[INFO] [stdout]    5:     0x5be5629e9440 - test[9d35eded1c95d3be]::test_main_inner::<test[9d35eded1c95d3be]::test_main_static::{closure#0}>::{closure#0}
[INFO] [stdout]    6:     0x5be562b2afe2 - std[70759c8f55707aa4]::panicking::panic_with_hook
[INFO] [stdout]    7:     0x5be562b0d612 - std[70759c8f55707aa4]::panicking::panic_handler::{closure#0}
[INFO] [stdout]    8:     0x5be562b05ce9 - std[70759c8f55707aa4]::sys::backtrace::__rust_end_short_backtrace::<std[70759c8f55707aa4]::panicking::panic_handler::{closure#0}, !>
[INFO] [stdout]    9:     0x5be562b0e31d - __rustc[8fa7c3cbc660c2b3]::rust_begin_unwind
[INFO] [stdout]   10:     0x5be562b49fac - core[df12db4294e9bfd3]::panicking::panic_fmt
[INFO] [stdout]   11:     0x5be5629d4581 - equivalence[daa2e1721ae9bf8e]::common::run
[INFO] [stdout]   12:     0x5be5629d3e80 - equivalence[daa2e1721ae9bf8e]::common::download_fixture
[INFO] [stdout]   13:     0x5be5629d8d3c - <std[70759c8f55707aa4]::sync::once::Once>::call_once_force::<<std[70759c8f55707aa4]::sync::once_lock::OnceLock<std[70759c8f55707aa4]::path::PathBuf>>::initialize<<std[70759c8f55707aa4]::sync::once_lock::OnceLock<std[70759c8f55707aa4]::path::PathBuf>>::get_or_init<equivalence[daa2e1721ae9bf8e]::common::crispat_dir::{closure#0}>::{closure#0}, !>::{closure#0}>::{closure#0}
[INFO] [stdout]   14:     0x5be562b13349 - <std[70759c8f55707aa4]::sys::sync::once::futex::Once>::call
[INFO] [stdout]   15:     0x5be5629d86e7 - <std[70759c8f55707aa4]::sync::once_lock::OnceLock<std[70759c8f55707aa4]::path::PathBuf>>::initialize::<<std[70759c8f55707aa4]::sync::once_lock::OnceLock<std[70759c8f55707aa4]::path::PathBuf>>::get_or_init<equivalence[daa2e1721ae9bf8e]::common::crispat_dir::{closure#0}>::{closure#0}, !>
[INFO] [stdout]   16:     0x5be5629d5c63 - equivalence[daa2e1721ae9bf8e]::load_input
[INFO] [stdout]   17:     0x5be5629d745d - <equivalence[daa2e1721ae9bf8e]::max_equivalence::{closure#0} as core[df12db4294e9bfd3]::ops::function::FnOnce<()>>::call_once
[INFO] [stdout]   18:     0x5be5629dc72b - test[9d35eded1c95d3be]::__rust_begin_short_backtrace::<core[df12db4294e9bfd3]::result::Result<(), alloc[2182bb758b4b3781]::string::String>, fn() -> core[df12db4294e9bfd3]::result::Result<(), alloc[2182bb758b4b3781]::string::String>>
[INFO] [stdout]   19:     0x5be5629e9d95 - test[9d35eded1c95d3be]::run_test::{closure#0}
[INFO] [stdout]   20:     0x5be5629e3654 - std[70759c8f55707aa4]::sys::backtrace::__rust_begin_short_backtrace::<test[9d35eded1c95d3be]::run_test::{closure#1}, ()>
[INFO] [stdout]   21:     0x5be5629ecef2 - <std[70759c8f55707aa4]::thread::lifecycle::spawn_unchecked<test[9d35eded1c95d3be]::run_test::{closure#1}, ()>::{closure#1} as core[df12db4294e9bfd3]::ops::function::FnOnce<()>>::call_once::{shim:vtable#0}
[INFO] [stdout]   22:     0x5be562b32769 - <std[70759c8f55707aa4]::sys::thread::unix::Thread>::new::thread_start
[INFO] [stdout]   23:     0x707e08f2edfa - <unknown>
[INFO] [stdout]   24:     0x707e08fc23d4 - clone
[INFO] [stdout]   25:                0x0 - <unknown>
[INFO] [stdout] 
[INFO] [stdout] ---- binomial_equivalence stdout ----
[INFO] [stdout] 
[INFO] [stdout] thread 'binomial_equivalence' (2679) panicked at tests/common/mod.rs:84:5:
[INFO] [stdout] `curl -fsSL https://github.com/velten-group/crispat/archive/refs/heads/main.tar.gz -o /opt/rustwide/tests/fixtures/crispat.tar.gz` failed
[INFO] [stdout] stack backtrace:
[INFO] [stdout]    0:     0x5be562b33091 - <<std[70759c8f55707aa4]::sys::backtrace::BacktraceLock>::print::DisplayBacktrace as core[df12db4294e9bfd3]::fmt::Display>::fmt
[INFO] [stdout]    1:     0x5be562b4987a - core[df12db4294e9bfd3]::fmt::write
[INFO] [stdout]    2:     0x5be562b37cfc - <alloc[2182bb758b4b3781]::vec::Vec<u8> as core[df12db4294e9bfd3]::io::write::Write>::write_fmt
[INFO] [stdout]    3:     0x5be562b0d566 - std[70759c8f55707aa4]::panicking::default_hook::{closure#0}
[INFO] [stdout]    4:     0x5be562b2acb9 - std[70759c8f55707aa4]::panicking::default_hook
[INFO] [stdout]    5:     0x5be5629e9440 - test[9d35eded1c95d3be]::test_main_inner::<test[9d35eded1c95d3be]::test_main_static::{closure#0}>::{closure#0}
[INFO] [stdout]    6:     0x5be562b2afe2 - std[70759c8f55707aa4]::panicking::panic_with_hook
[INFO] [stdout]    7:     0x5be562b0d612 - std[70759c8f55707aa4]::panicking::panic_handler::{closure#0}
[INFO] [stdout]    8:     0x5be562b05ce9 - std[70759c8f55707aa4]::sys::backtrace::__rust_end_short_backtrace::<std[70759c8f55707aa4]::panicking::panic_handler::{closure#0}, !>
[INFO] [stdout]    9:     0x5be562b0e31d - __rustc[8fa7c3cbc660c2b3]::rust_begin_unwind
[INFO] [stdout]   10:     0x5be562b49fac - core[df12db4294e9bfd3]::panicking::panic_fmt
[INFO] [stdout]   11:     0x5be5629d4581 - equivalence[daa2e1721ae9bf8e]::common::run
[INFO] [stdout]   12:     0x5be5629d3e80 - equivalence[daa2e1721ae9bf8e]::common::download_fixture
[INFO] [stdout]   13:     0x5be5629d8d3c - <std[70759c8f55707aa4]::sync::once::Once>::call_once_force::<<std[70759c8f55707aa4]::sync::once_lock::OnceLock<std[70759c8f55707aa4]::path::PathBuf>>::initialize<<std[70759c8f55707aa4]::sync::once_lock::OnceLock<std[70759c8f55707aa4]::path::PathBuf>>::get_or_init<equivalence[daa2e1721ae9bf8e]::common::crispat_dir::{closure#0}>::{closure#0}, !>::{closure#0}>::{closure#0}
[INFO] [stdout]   14:     0x5be562b13349 - <std[70759c8f55707aa4]::sys::sync::once::futex::Once>::call
[INFO] [stdout]   15:     0x5be5629d86e7 - <std[70759c8f55707aa4]::sync::once_lock::OnceLock<std[70759c8f55707aa4]::path::PathBuf>>::initialize::<<std[70759c8f55707aa4]::sync::once_lock::OnceLock<std[70759c8f55707aa4]::path::PathBuf>>::get_or_init<equivalence[daa2e1721ae9bf8e]::common::crispat_dir::{closure#0}>::{closure#0}, !>
[INFO] [stdout]   16:     0x5be5629d5c63 - equivalence[daa2e1721ae9bf8e]::load_input
[INFO] [stdout]   17:     0x5be5629d7f3d - <equivalence[daa2e1721ae9bf8e]::binomial_equivalence::{closure#0} as core[df12db4294e9bfd3]::ops::function::FnOnce<()>>::call_once
[INFO] [stdout]   18:     0x5be5629dc72b - test[9d35eded1c95d3be]::__rust_begin_short_backtrace::<core[df12db4294e9bfd3]::result::Result<(), alloc[2182bb758b4b3781]::string::String>, fn() -> core[df12db4294e9bfd3]::result::Result<(), alloc[2182bb758b4b3781]::string::String>>
[INFO] [stdout]   19:     0x5be5629e9d95 - test[9d35eded1c95d3be]::run_test::{closure#0}
[INFO] [stdout]   20:     0x5be5629e3654 - std[70759c8f55707aa4]::sys::backtrace::__rust_begin_short_backtrace::<test[9d35eded1c95d3be]::run_test::{closure#1}, ()>
[INFO] [stdout]   21:     0x5be5629ecef2 - <std[70759c8f55707aa4]::thread::lifecycle::spawn_unchecked<test[9d35eded1c95d3be]::run_test::{closure#1}, ()>::{closure#1} as core[df12db4294e9bfd3]::ops::function::FnOnce<()>>::call_once::{shim:vtable#0}
[INFO] [stdout]   22:     0x5be562b32769 - <std[70759c8f55707aa4]::sys::thread::unix::Thread>::new::thread_start
[INFO] [stdout]   23:     0x707e08f2edfa - <unknown>
[INFO] [stdout]   24:     0x707e08fc23d4 - clone
[INFO] [stdout]   25:                0x0 - <unknown>
[INFO] [stdout] 
[INFO] [stdout] ---- neg_binomial_equivalence stdout ----
[INFO] [stdout] 
[INFO] [stdout] thread 'neg_binomial_equivalence' (2681) panicked at tests/common/mod.rs:84:5:
[INFO] [stdout] `curl -fsSL https://github.com/velten-group/crispat/archive/refs/heads/main.tar.gz -o /opt/rustwide/tests/fixtures/crispat.tar.gz` failed
[INFO] [stdout] stack backtrace:
[INFO] [stdout]    0:     0x5be562b33091 - <<std[70759c8f55707aa4]::sys::backtrace::BacktraceLock>::print::DisplayBacktrace as core[df12db4294e9bfd3]::fmt::Display>::fmt
[INFO] [stdout]    1:     0x5be562b4987a - core[df12db4294e9bfd3]::fmt::write
[INFO] [stdout]    2:     0x5be562b37cfc - <alloc[2182bb758b4b3781]::vec::Vec<u8> as core[df12db4294e9bfd3]::io::write::Write>::write_fmt
[INFO] [stdout]    3:     0x5be562b0d566 - std[70759c8f55707aa4]::panicking::default_hook::{closure#0}
[INFO] [stdout]    4:     0x5be562b2acb9 - std[70759c8f55707aa4]::panicking::default_hook
[INFO] [stdout]    5:     0x5be5629e9440 - test[9d35eded1c95d3be]::test_main_inner::<test[9d35eded1c95d3be]::test_main_static::{closure#0}>::{closure#0}
[INFO] [stdout]    6:     0x5be562b2afe2 - std[70759c8f55707aa4]::panicking::panic_with_hook
[INFO] [stdout]    7:     0x5be562b0d612 - std[70759c8f55707aa4]::panicking::panic_handler::{closure#0}
[INFO] [stdout]    8:     0x5be562b05ce9 - std[70759c8f55707aa4]::sys::backtrace::__rust_end_short_backtrace::<std[70759c8f55707aa4]::panicking::panic_handler::{closure#0}, !>
[INFO] [stdout]    9:     0x5be562b0e31d - __rustc[8fa7c3cbc660c2b3]::rust_begin_unwind
[INFO] [stdout]   10:     0x5be562b49fac - core[df12db4294e9bfd3]::panicking::panic_fmt
[INFO] [stdout]   11:     0x5be5629d4581 - equivalence[daa2e1721ae9bf8e]::common::run
[INFO] [stdout]   12:     0x5be5629d3e80 - equivalence[daa2e1721ae9bf8e]::common::download_fixture
[INFO] [stdout]   13:     0x5be5629d8d3c - <std[70759c8f55707aa4]::sync::once::Once>::call_once_force::<<std[70759c8f55707aa4]::sync::once_lock::OnceLock<std[70759c8f55707aa4]::path::PathBuf>>::initialize<<std[70759c8f55707aa4]::sync::once_lock::OnceLock<std[70759c8f55707aa4]::path::PathBuf>>::get_or_init<equivalence[daa2e1721ae9bf8e]::common::crispat_dir::{closure#0}>::{closure#0}, !>::{closure#0}>::{closure#0}
[INFO] [stdout]   14:     0x5be562b13349 - <std[70759c8f55707aa4]::sys::sync::once::futex::Once>::call
[INFO] [stdout]   15:     0x5be5629d86e7 - <std[70759c8f55707aa4]::sync::once_lock::OnceLock<std[70759c8f55707aa4]::path::PathBuf>>::initialize::<<std[70759c8f55707aa4]::sync::once_lock::OnceLock<std[70759c8f55707aa4]::path::PathBuf>>::get_or_init<equivalence[daa2e1721ae9bf8e]::common::crispat_dir::{closure#0}>::{closure#0}, !>
[INFO] [stdout]   16:     0x5be5629d5c63 - equivalence[daa2e1721ae9bf8e]::load_input
[INFO] [stdout]   17:     0x5be5629d82dd - <equivalence[daa2e1721ae9bf8e]::neg_binomial_equivalence::{closure#0} as core[df12db4294e9bfd3]::ops::function::FnOnce<()>>::call_once
[INFO] [stdout]   18:     0x5be5629dc72b - test[9d35eded1c95d3be]::__rust_begin_short_backtrace::<core[df12db4294e9bfd3]::result::Result<(), alloc[2182bb758b4b3781]::string::String>, fn() -> core[df12db4294e9bfd3]::result::Result<(), alloc[2182bb758b4b3781]::string::String>>
[INFO] [stdout]   19:     0x5be5629e9d95 - test[9d35eded1c95d3be]::run_test::{closure#0}
[INFO] [stdout]   20:     0x5be5629e3654 - std[70759c8f55707aa4]::sys::backtrace::__rust_begin_short_backtrace::<test[9d35eded1c95d3be]::run_test::{closure#1}, ()>
[INFO] [stdout]   21:     0x5be5629ecef2 - <std[70759c8f55707aa4]::thread::lifecycle::spawn_unchecked<test[9d35eded1c95d3be]::run_test::{closure#1}, ()>::{closure#1} as core[df12db4294e9bfd3]::ops::function::FnOnce<()>>::call_once::{shim:vtable#0}
[INFO] [stdout]   22:     0x5be562b32769 - <std[70759c8f55707aa4]::sys::thread::unix::Thread>::new::thread_start
[INFO] [stdout]   23:     0x707e08f2edfa - <unknown>
[INFO] [stdout]   24:     0x707e08fc23d4 - clone
[INFO] [stdout]   25:                0x0 - <unknown>
[INFO] [stdout] 
[INFO] [stdout] ---- quantiles_equivalence stdout ----
[INFO] [stdout] 
[INFO] [stdout] thread 'quantiles_equivalence' (2684) panicked at tests/common/mod.rs:84:5:
[INFO] [stdout] `curl -fsSL https://github.com/velten-group/crispat/archive/refs/heads/main.tar.gz -o /opt/rustwide/tests/fixtures/crispat.tar.gz` failed
[INFO] [stdout] stack backtrace:
[INFO] [stdout]    0:     0x5be562b33091 - <<std[70759c8f55707aa4]::sys::backtrace::BacktraceLock>::print::DisplayBacktrace as core[df12db4294e9bfd3]::fmt::Display>::fmt
[INFO] [stdout]    1:     0x5be562b4987a - core[df12db4294e9bfd3]::fmt::write
[INFO] [stdout]    2:     0x5be562b37cfc - <alloc[2182bb758b4b3781]::vec::Vec<u8> as core[df12db4294e9bfd3]::io::write::Write>::write_fmt
[INFO] [stdout]    3:     0x5be562b0d566 - std[70759c8f55707aa4]::panicking::default_hook::{closure#0}
[INFO] [stdout]    4:     0x5be562b2acb9 - std[70759c8f55707aa4]::panicking::default_hook
[INFO] [stdout]    5:     0x5be5629e9440 - test[9d35eded1c95d3be]::test_main_inner::<test[9d35eded1c95d3be]::test_main_static::{closure#0}>::{closure#0}
[INFO] [stdout]    6:     0x5be562b2afe2 - std[70759c8f55707aa4]::panicking::panic_with_hook
[INFO] [stdout]    7:     0x5be562b0d612 - std[70759c8f55707aa4]::panicking::panic_handler::{closure#0}
[INFO] [stdout]    8:     0x5be562b05ce9 - std[70759c8f55707aa4]::sys::backtrace::__rust_end_short_backtrace::<std[70759c8f55707aa4]::panicking::panic_handler::{closure#0}, !>
[INFO] [stdout]    9:     0x5be562b0e31d - __rustc[8fa7c3cbc660c2b3]::rust_begin_unwind
[INFO] [stdout]   10:     0x5be562b49fac - core[df12db4294e9bfd3]::panicking::panic_fmt
[INFO] [stdout]   11:     0x5be5629d4581 - equivalence[daa2e1721ae9bf8e]::common::run
[INFO] [stdout]   12:     0x5be5629d3e80 - equivalence[daa2e1721ae9bf8e]::common::download_fixture
[INFO] [stdout]   13:     0x5be5629d8d3c - <std[70759c8f55707aa4]::sync::once::Once>::call_once_force::<<std[70759c8f55707aa4]::sync::once_lock::OnceLock<std[70759c8f55707aa4]::path::PathBuf>>::initialize<<std[70759c8f55707aa4]::sync::once_lock::OnceLock<std[70759c8f55707aa4]::path::PathBuf>>::get_or_init<equivalence[daa2e1721ae9bf8e]::common::crispat_dir::{closure#0}>::{closure#0}, !>::{closure#0}>::{closure#0}
[INFO] [stdout]   14:     0x5be562b13349 - <std[70759c8f55707aa4]::sys::sync::once::futex::Once>::call
[INFO] [stdout]   15:     0x5be5629d86e7 - <std[70759c8f55707aa4]::sync::once_lock::OnceLock<std[70759c8f55707aa4]::path::PathBuf>>::initialize::<<std[70759c8f55707aa4]::sync::once_lock::OnceLock<std[70759c8f55707aa4]::path::PathBuf>>::get_or_init<equivalence[daa2e1721ae9bf8e]::common::crispat_dir::{closure#0}>::{closure#0}, !>
[INFO] [stdout]   16:     0x5be5629d5c63 - equivalence[daa2e1721ae9bf8e]::load_input
[INFO] [stdout]   17:     0x5be5629d811d - <equivalence[daa2e1721ae9bf8e]::quantiles_equivalence::{closure#0} as core[df12db4294e9bfd3]::ops::function::FnOnce<()>>::call_once
[INFO] [stdout]   18:     0x5be5629dc72b - test[9d35eded1c95d3be]::__rust_begin_short_backtrace::<core[df12db4294e9bfd3]::result::Result<(), alloc[2182bb758b4b3781]::string::String>, fn() -> core[df12db4294e9bfd3]::result::Result<(), alloc[2182bb758b4b3781]::string::String>>
[INFO] [stdout]   19:     0x5be5629e9d95 - test[9d35eded1c95d3be]::run_test::{closure#0}
[INFO] [stdout]   20:     0x5be5629e3654 - std[70759c8f55707aa4]::sys::backtrace::__rust_begin_short_backtrace::<test[9d35eded1c95d3be]::run_test::{closure#1}, ()>
[INFO] [stdout]   21:     0x5be5629ecef2 - <std[70759c8f55707aa4]::thread::lifecycle::spawn_unchecked<test[9d35eded1c95d3be]::run_test::{closure#1}, ()>::{closure#1} as core[df12db4294e9bfd3]::ops::function::FnOnce<()>>::call_once::{shim:vtable#0}
[INFO] [stdout]   22:     0x5be562b32769 - <std[70759c8f55707aa4]::sys::thread::unix::Thread>::new::thread_start
[INFO] [stdout]   23:     0x707e08f2edfa - <unknown>
[INFO] [stdout]   24:     0x707e08fc23d4 - clone
[INFO] [stdout]   25:                0x0 - <unknown>
[INFO] [stdout] 
[INFO] [stdout] ---- beta2_equivalence stdout ----
[INFO] [stdout] 
[INFO] [stdout] thread 'beta2_equivalence' (2677) panicked at tests/common/mod.rs:84:5:
[INFO] [stdout] `curl -fsSL https://github.com/velten-group/crispat/archive/refs/heads/main.tar.gz -o /opt/rustwide/tests/fixtures/crispat.tar.gz` failed
[INFO] [stdout] stack backtrace:
[INFO] [stdout]    0:     0x5be562b33091 - <<std[70759c8f55707aa4]::sys::backtrace::BacktraceLock>::print::DisplayBacktrace as core[df12db4294e9bfd3]::fmt::Display>::fmt
[INFO] [stdout]    1:     0x5be562b4987a - core[df12db4294e9bfd3]::fmt::write
[INFO] [stdout]    2:     0x5be562b37cfc - <alloc[2182bb758b4b3781]::vec::Vec<u8> as core[df12db4294e9bfd3]::io::write::Write>::write_fmt
[INFO] [stdout]    3:     0x5be562b0d566 - std[70759c8f55707aa4]::panicking::default_hook::{closure#0}
[INFO] [stdout]    4:     0x5be562b2acb9 - std[70759c8f55707aa4]::panicking::default_hook
[INFO] [stdout]    5:     0x5be5629e9440 - test[9d35eded1c95d3be]::test_main_inner::<test[9d35eded1c95d3be]::test_main_static::{closure#0}>::{closure#0}
[INFO] [stdout]    6:     0x5be562b2afe2 - std[70759c8f55707aa4]::panicking::panic_with_hook
[INFO] [stdout]    7:     0x5be562b0d612 - std[70759c8f55707aa4]::panicking::panic_handler::{closure#0}
[INFO] [stdout]    8:     0x5be562b05ce9 - std[70759c8f55707aa4]::sys::backtrace::__rust_end_short_backtrace::<std[70759c8f55707aa4]::panicking::panic_handler::{closure#0}, !>
[INFO] [stdout]    9:     0x5be562b0e31d - __rustc[8fa7c3cbc660c2b3]::rust_begin_unwind
[INFO] [stdout]   10:     0x5be562b49fac - core[df12db4294e9bfd3]::panicking::panic_fmt
[INFO] [stdout]   11:     0x5be5629d4581 - equivalence[daa2e1721ae9bf8e]::common::run
[INFO] [stdout]   12:     0x5be5629d3e80 - equivalence[daa2e1721ae9bf8e]::common::download_fixture
[INFO] [stdout]   13:     0x5be5629d8d3c - <std[70759c8f55707aa4]::sync::once::Once>::call_once_force::<<std[70759c8f55707aa4]::sync::once_lock::OnceLock<std[70759c8f55707aa4]::path::PathBuf>>::initialize<<std[70759c8f55707aa4]::sync::once_lock::OnceLock<std[70759c8f55707aa4]::path::PathBuf>>::get_or_init<equivalence[daa2e1721ae9bf8e]::common::crispat_dir::{closure#0}>::{closure#0}, !>::{closure#0}>::{closure#0}
[INFO] [stdout]   14:     0x5be562b13349 - <std[70759c8f55707aa4]::sys::sync::once::futex::Once>::call
[INFO] [stdout]   15:     0x5be5629d86e7 - <std[70759c8f55707aa4]::sync::once_lock::OnceLock<std[70759c8f55707aa4]::path::PathBuf>>::initialize::<<std[70759c8f55707aa4]::sync::once_lock::OnceLock<std[70759c8f55707aa4]::path::PathBuf>>::get_or_init<equivalence[daa2e1721ae9bf8e]::common::crispat_dir::{closure#0}>::{closure#0}, !>
[INFO] [stdout]   16:     0x5be5629d5c63 - equivalence[daa2e1721ae9bf8e]::load_input
[INFO] [stdout]   17:     0x5be5629d77dd - <equivalence[daa2e1721ae9bf8e]::beta2_equivalence::{closure#0} as core[df12db4294e9bfd3]::ops::function::FnOnce<()>>::call_once
[INFO] [stdout]   18:     0x5be5629dc72b - test[9d35eded1c95d3be]::__rust_begin_short_backtrace::<core[df12db4294e9bfd3]::result::Result<(), alloc[2182bb758b4b3781]::string::String>, fn() -> core[df12db4294e9bfd3]::result::Result<(), alloc[2182bb758b4b3781]::string::String>>
[INFO] [stdout]   19:     0x5be5629e9d95 - test[9d35eded1c95d3be]::run_test::{closure#0}
[INFO] [stdout]   20:     0x5be5629e3654 - std[70759c8f55707aa4]::sys::backtrace::__rust_begin_short_backtrace::<test[9d35eded1c95d3be]::run_test::{closure#1}, ()>
[INFO] [stdout]   21:     0x5be5629ecef2 - <std[70759c8f55707aa4]::thread::lifecycle::spawn_unchecked<test[9d35eded1c95d3be]::run_test::{closure#1}, ()>::{closure#1} as core[df12db4294e9bfd3]::ops::function::FnOnce<()>>::call_once::{shim:vtable#0}
[INFO] [stdout]   22:     0x5be562b32769 - <std[70759c8f55707aa4]::sys::thread::unix::Thread>::new::thread_start
[INFO] [stdout]   23:     0x707e08f2edfa - <unknown>
[INFO] [stdout]   24:     0x707e08fc23d4 - clone
[INFO] [stdout]   25:                0x0 - <unknown>
[INFO] [stdout] 
[INFO] [stdout] ---- beta3_equivalence stdout ----
[INFO] [stdout] 
[INFO] [stdout] thread 'beta3_equivalence' (2678) panicked at tests/common/mod.rs:84:5:
[INFO] [stdout] `curl -fsSL https://github.com/velten-group/crispat/archive/refs/heads/main.tar.gz -o /opt/rustwide/tests/fixtures/crispat.tar.gz` failed
[INFO] [stdout] stack backtrace:
[INFO] [stdout]    0:     0x5be562b33091 - <<std[70759c8f55707aa4]::sys::backtrace::BacktraceLock>::print::DisplayBacktrace as core[df12db4294e9bfd3]::fmt::Display>::fmt
[INFO] [stdout]    1:     0x5be562b4987a - core[df12db4294e9bfd3]::fmt::write
[INFO] [stdout]    2:     0x5be562b37cfc - <alloc[2182bb758b4b3781]::vec::Vec<u8> as core[df12db4294e9bfd3]::io::write::Write>::write_fmt
[INFO] [stdout]    3:     0x5be562b0d566 - std[70759c8f55707aa4]::panicking::default_hook::{closure#0}
[INFO] [stdout]    4:     0x5be562b2acb9 - std[70759c8f55707aa4]::panicking::default_hook
[INFO] [stdout]    5:     0x5be5629e9440 - test[9d35eded1c95d3be]::test_main_inner::<test[9d35eded1c95d3be]::test_main_static::{closure#0}>::{closure#0}
[INFO] [stdout]    6:     0x5be562b2afe2 - std[70759c8f55707aa4]::panicking::panic_with_hook
[INFO] [stdout]    7:     0x5be562b0d612 - std[70759c8f55707aa4]::panicking::panic_handler::{closure#0}
[INFO] [stdout]    8:     0x5be562b05ce9 - std[70759c8f55707aa4]::sys::backtrace::__rust_end_short_backtrace::<std[70759c8f55707aa4]::panicking::panic_handler::{closure#0}, !>
[INFO] [stdout]    9:     0x5be562b0e31d - __rustc[8fa7c3cbc660c2b3]::rust_begin_unwind
[INFO] [stdout]   10:     0x5be562b49fac - core[df12db4294e9bfd3]::panicking::panic_fmt
[INFO] [stdout]   11:     0x5be5629d4581 - equivalence[daa2e1721ae9bf8e]::common::run
[INFO] [stdout]   12:     0x5be5629d3e80 - equivalence[daa2e1721ae9bf8e]::common::download_fixture
[INFO] [stdout]   13:     0x5be5629d8d3c - <std[70759c8f55707aa4]::sync::once::Once>::call_once_force::<<std[70759c8f55707aa4]::sync::once_lock::OnceLock<std[70759c8f55707aa4]::path::PathBuf>>::initialize<<std[70759c8f55707aa4]::sync::once_lock::OnceLock<std[70759c8f55707aa4]::path::PathBuf>>::get_or_init<equivalence[daa2e1721ae9bf8e]::common::crispat_dir::{closure#0}>::{closure#0}, !>::{closure#0}>::{closure#0}
[INFO] [stdout]   14:     0x5be562b13349 - <std[70759c8f55707aa4]::sys::sync::once::futex::Once>::call
[INFO] [stdout]   15:     0x5be5629d86e7 - <std[70759c8f55707aa4]::sync::once_lock::OnceLock<std[70759c8f55707aa4]::path::PathBuf>>::initialize::<<std[70759c8f55707aa4]::sync::once_lock::OnceLock<std[70759c8f55707aa4]::path::PathBuf>>::get_or_init<equivalence[daa2e1721ae9bf8e]::common::crispat_dir::{closure#0}>::{closure#0}, !>
[INFO] [stdout]   16:     0x5be5629d5c63 - equivalence[daa2e1721ae9bf8e]::load_input
[INFO] [stdout]   17:     0x5be5629d79bd - <equivalence[daa2e1721ae9bf8e]::beta3_equivalence::{closure#0} as core[df12db4294e9bfd3]::ops::function::FnOnce<()>>::call_once
[INFO] [stdout]   18:     0x5be5629dc72b - test[9d35eded1c95d3be]::__rust_begin_short_backtrace::<core[df12db4294e9bfd3]::result::Result<(), alloc[2182bb758b4b3781]::string::String>, fn() -> core[df12db4294e9bfd3]::result::Result<(), alloc[2182bb758b4b3781]::string::String>>
[INFO] [stdout]   19:     0x5be5629e9d95 - test[9d35eded1c95d3be]::run_test::{closure#0}
[INFO] [stdout]   20:     0x5be5629e3654 - std[70759c8f55707aa4]::sys::backtrace::__rust_begin_short_backtrace::<test[9d35eded1c95d3be]::run_test::{closure#1}, ()>
[INFO] [stdout]   21:     0x5be5629ecef2 - <std[70759c8f55707aa4]::thread::lifecycle::spawn_unchecked<test[9d35eded1c95d3be]::run_test::{closure#1}, ()>::{closure#1} as core[df12db4294e9bfd3]::ops::function::FnOnce<()>>::call_once::{shim:vtable#0}
[INFO] [stdout]   22:     0x5be562b32769 - <std[70759c8f55707aa4]::sys::thread::unix::Thread>::new::thread_start
[INFO] [stdout]   23:     0x707e08f2edfa - <unknown>
[INFO] [stdout]   24:     0x707e08fc23d4 - clone
[INFO] [stdout]   25:                0x0 - <unknown>
[INFO] [stdout] 
[INFO] [stdout] ---- umi_equivalence stdout ----
[INFO] [stdout] 
[INFO] [stdout] thread 'umi_equivalence' (2686) panicked at tests/common/mod.rs:84:5:
[INFO] [stdout] `curl -fsSL https://github.com/velten-group/crispat/archive/refs/heads/main.tar.gz -o /opt/rustwide/tests/fixtures/crispat.tar.gz` failed
[INFO] [stdout] stack backtrace:
[INFO] [stdout]    0:     0x5be562b33091 - <<std[70759c8f55707aa4]::sys::backtrace::BacktraceLock>::print::DisplayBacktrace as core[df12db4294e9bfd3]::fmt::Display>::fmt
[INFO] [stdout]    1:     0x5be562b4987a - core[df12db4294e9bfd3]::fmt::write
[INFO] [stdout]    2:     0x5be562b37cfc - <alloc[2182bb758b4b3781]::vec::Vec<u8> as core[df12db4294e9bfd3]::io::write::Write>::write_fmt
[INFO] [stdout]    3:     0x5be562b0d566 - std[70759c8f55707aa4]::panicking::default_hook::{closure#0}
[INFO] [stdout]    4:     0x5be562b2acb9 - std[70759c8f55707aa4]::panicking::default_hook
[INFO] [stdout]    5:     0x5be5629e9440 - test[9d35eded1c95d3be]::test_main_inner::<test[9d35eded1c95d3be]::test_main_static::{closure#0}>::{closure#0}
[INFO] [stdout]    6:     0x5be562b2afe2 - std[70759c8f55707aa4]::panicking::panic_with_hook
[INFO] [stdout]    7:     0x5be562b0d612 - std[70759c8f55707aa4]::panicking::panic_handler::{closure#0}
[INFO] [stdout]    8:     0x5be562b05ce9 - std[70759c8f55707aa4]::sys::backtrace::__rust_end_short_backtrace::<std[70759c8f55707aa4]::panicking::panic_handler::{closure#0}, !>
[INFO] [stdout]    9:     0x5be562b0e31d - __rustc[8fa7c3cbc660c2b3]::rust_begin_unwind
[INFO] [stdout]   10:     0x5be562b49fac - core[df12db4294e9bfd3]::panicking::panic_fmt
[INFO] [stdout]   11:     0x5be5629d4581 - equivalence[daa2e1721ae9bf8e]::common::run
[INFO] [stdout]   12:     0x5be5629d3e80 - equivalence[daa2e1721ae9bf8e]::common::download_fixture
[INFO] [stdout]   13:     0x5be5629d8d3c - <std[70759c8f55707aa4]::sync::once::Once>::call_once_force::<<std[70759c8f55707aa4]::sync::once_lock::OnceLock<std[70759c8f55707aa4]::path::PathBuf>>::initialize<<std[70759c8f55707aa4]::sync::once_lock::OnceLock<std[70759c8f55707aa4]::path::PathBuf>>::get_or_init<equivalence[daa2e1721ae9bf8e]::common::crispat_dir::{closure#0}>::{closure#0}, !>::{closure#0}>::{closure#0}
[INFO] [stdout]   14:     0x5be562b13349 - <std[70759c8f55707aa4]::sys::sync::once::futex::Once>::call
[INFO] [stdout]   15:     0x5be5629d86e7 - <std[70759c8f55707aa4]::sync::once_lock::OnceLock<std[70759c8f55707aa4]::path::PathBuf>>::initialize::<<std[70759c8f55707aa4]::sync::once_lock::OnceLock<std[70759c8f55707aa4]::path::PathBuf>>::get_or_init<equivalence[daa2e1721ae9bf8e]::common::crispat_dir::{closure#0}>::{closure#0}, !>
[INFO] [stdout]   16:     0x5be5629d5c63 - equivalence[daa2e1721ae9bf8e]::load_input
[INFO] [stdout]   17:     0x5be5629d761d - <equivalence[daa2e1721ae9bf8e]::umi_equivalence::{closure#0} as core[df12db4294e9bfd3]::ops::function::FnOnce<()>>::call_once
[INFO] [stdout]   18:     0x5be5629dc72b - test[9d35eded1c95d3be]::__rust_begin_short_backtrace::<core[df12db4294e9bfd3]::result::Result<(), alloc[2182bb758b4b3781]::string::String>, fn() -> core[df12db4294e9bfd3]::result::Result<(), alloc[2182bb758b4b3781]::string::String>>
[INFO] [stdout]   19:     0x5be5629e9d95 - test[9d35eded1c95d3be]::run_test::{closure#0}
[INFO] [stdout]   20:     0x5be5629e3654 - std[70759c8f55707aa4]::sys::backtrace::__rust_begin_short_backtrace::<test[9d35eded1c95d3be]::run_test::{closure#1}, ()>
[INFO] [stdout]   21:     0x5be5629ecef2 - <std[70759c8f55707aa4]::thread::lifecycle::spawn_unchecked<test[9d35eded1c95d3be]::run_test::{closure#1}, ()>::{closure#1} as core[df12db4294e9bfd3]::ops::function::FnOnce<()>>::call_once::{shim:vtable#0}
[INFO] [stdout]   22:     0x5be562b32769 - <std[70759c8f55707aa4]::sys::thread::unix::Thread>::new::thread_start
[INFO] [stdout]   23:     0x707e08f2edfa - <unknown>
[INFO] [stdout]   24:     0x707e08fc23d4 - clone
[INFO] [stdout]   25:                0x0 - <unknown>
[INFO] [stdout] 
[INFO] [stdout] ---- poisson_gauss_equivalence stdout ----
[INFO] [stdout] 
[INFO] [stdout] thread 'poisson_gauss_equivalence' (2683) panicked at tests/common/mod.rs:84:5:
[INFO] [stdout] `curl -fsSL https://github.com/velten-group/crispat/archive/refs/heads/main.tar.gz -o /opt/rustwide/tests/fixtures/crispat.tar.gz` failed
[INFO] [stdout] stack backtrace:
[INFO] [stdout]    0:     0x5be562b33091 - <<std[70759c8f55707aa4]::sys::backtrace::BacktraceLock>::print::DisplayBacktrace as core[df12db4294e9bfd3]::fmt::Display>::fmt
[INFO] [stdout]    1:     0x5be562b4987a - core[df12db4294e9bfd3]::fmt::write
[INFO] [stdout]    2:     0x5be562b37cfc - <alloc[2182bb758b4b3781]::vec::Vec<u8> as core[df12db4294e9bfd3]::io::write::Write>::write_fmt
[INFO] [stdout]    3:     0x5be562b0d566 - std[70759c8f55707aa4]::panicking::default_hook::{closure#0}
[INFO] [stdout]    4:     0x5be562b2acb9 - std[70759c8f55707aa4]::panicking::default_hook
[INFO] [stdout]    5:     0x5be5629e9440 - test[9d35eded1c95d3be]::test_main_inner::<test[9d35eded1c95d3be]::test_main_static::{closure#0}>::{closure#0}
[INFO] [stdout]    6:     0x5be562b2afe2 - std[70759c8f55707aa4]::panicking::panic_with_hook
[INFO] [stdout]    7:     0x5be562b0d612 - std[70759c8f55707aa4]::panicking::panic_handler::{closure#0}
[INFO] [stdout]    8:     0x5be562b05ce9 - std[70759c8f55707aa4]::sys::backtrace::__rust_end_short_backtrace::<std[70759c8f55707aa4]::panicking::panic_handler::{closure#0}, !>
[INFO] [stdout]    9:     0x5be562b0e31d - __rustc[8fa7c3cbc660c2b3]::rust_begin_unwind
[INFO] [stdout]   10:     0x5be562b49fac - core[df12db4294e9bfd3]::panicking::panic_fmt
[INFO] [stdout]   11:     0x5be5629d4581 - equivalence[daa2e1721ae9bf8e]::common::run
[INFO] [stdout]   12:     0x5be5629d3e80 - equivalence[daa2e1721ae9bf8e]::common::download_fixture
[INFO] [stdout]   13:     0x5be5629d8d3c - <std[70759c8f55707aa4]::sync::once::Once>::call_once_force::<<std[70759c8f55707aa4]::sync::once_lock::OnceLock<std[70759c8f55707aa4]::path::PathBuf>>::initialize<<std[70759c8f55707aa4]::sync::once_lock::OnceLock<std[70759c8f55707aa4]::path::PathBuf>>::get_or_init<equivalence[daa2e1721ae9bf8e]::common::crispat_dir::{closure#0}>::{closure#0}, !>::{closure#0}>::{closure#0}
[INFO] [stdout]   14:     0x5be562b13349 - <std[70759c8f55707aa4]::sys::sync::once::futex::Once>::call
[INFO] [stdout]   15:     0x5be5629d86e7 - <std[70759c8f55707aa4]::sync::once_lock::OnceLock<std[70759c8f55707aa4]::path::PathBuf>>::initialize::<<std[70759c8f55707aa4]::sync::once_lock::OnceLock<std[70759c8f55707aa4]::path::PathBuf>>::get_or_init<equivalence[daa2e1721ae9bf8e]::common::crispat_dir::{closure#0}>::{closure#0}, !>
[INFO] [stdout]   16:     0x5be5629d5c63 - equivalence[daa2e1721ae9bf8e]::load_input
[INFO] [stdout]   17:     0x5be5629d84cd - <equivalence[daa2e1721ae9bf8e]::poisson_gauss_equivalence::{closure#0} as core[df12db4294e9bfd3]::ops::function::FnOnce<()>>::call_once
[INFO] [stdout]   18:     0x5be5629dc72b - test[9d35eded1c95d3be]::__rust_begin_short_backtrace::<core[df12db4294e9bfd3]::result::Result<(), alloc[2182bb758b4b3781]::string::String>, fn() -> core[df12db4294e9bfd3]::result::Result<(), alloc[2182bb758b4b3781]::string::String>>
[INFO] [stdout]   19:     0x5be5629e9d95 - test[9d35eded1c95d3be]::run_test::{closure#0}
[INFO] [stdout]   20:     0x5be5629e3654 - std[70759c8f55707aa4]::sys::backtrace::__rust_begin_short_backtrace::<test[9d35eded1c95d3be]::run_test::{closure#1}, ()>
[INFO] [stdout]   21:     0x5be5629ecef2 - <std[70759c8f55707aa4]::thread::lifecycle::spawn_unchecked<test[9d35eded1c95d3be]::run_test::{closure#1}, ()>::{closure#1} as core[df12db4294e9bfd3]::ops::function::FnOnce<()>>::call_once::{shim:vtable#0}
[INFO] [stdout]   22:     0x5be562b32769 - <std[70759c8f55707aa4]::sys::thread::unix::Thread>::new::thread_start
[INFO] [stdout]   23:     0x707e08f2edfa - <unknown>
[INFO] [stdout]   24:     0x707e08fc23d4 - clone
[INFO] [stdout]   25:                0x0 - <unknown>
[INFO] [stdout] 
[INFO] [stdout] 
[INFO] [stdout] failures:
[INFO] [stdout]     beta2_equivalence
[INFO] [stdout]     beta3_equivalence
[INFO] [stdout]     binomial_equivalence
[INFO] [stdout]     max_equivalence
[INFO] [stdout]     neg_binomial_equivalence
[INFO] [stdout]     poisson_equivalence
[INFO] [stdout]     poisson_gauss_equivalence
[INFO] [stdout]     quantiles_equivalence
[INFO] [stdout]     ratio_equivalence
[INFO] [stdout]     umi_equivalence
[INFO] [stdout] 
[INFO] [stdout] test result: FAILED. 0 passed; 10 failed; 0 ignored; 0 measured; 0 filtered out; finished in 0.23s
[INFO] [stdout] 
[INFO] [stderr] error: test failed, to rerun pass `--test equivalence`
[INFO] running `Command { std: "docker" "inspect" "7e1d68af4af2182a77e4dd35c11a409b22afcd401f0a22baed296ad9347c5ad7", kill_on_drop: false }`
[INFO] running `Command { std: "docker" "rm" "-f" "7e1d68af4af2182a77e4dd35c11a409b22afcd401f0a22baed296ad9347c5ad7", kill_on_drop: false }`
[INFO] [stdout] 7e1d68af4af2182a77e4dd35c11a409b22afcd401f0a22baed296ad9347c5ad7
