[INFO] fetching crate hanzo-tools 1.1.23...
[INFO] testing hanzo-tools-1.1.23 against 1.99.0-beta.8+cargoflags=--release for beta-release-1.100-2
[INFO] extracting crate hanzo-tools 1.1.23 into /workspace/builds/worker-3-tc1/source
[INFO] started tweaking crates.io crate hanzo-tools 1.1.23
[INFO] finished tweaking crates.io crate hanzo-tools 1.1.23
[INFO] tweaked toml for crates.io crate hanzo-tools 1.1.23 written to /workspace/builds/worker-3-tc1/source/Cargo.toml
[INFO] validating manifest of crates.io crate hanzo-tools 1.1.23 on toolchain 1.99.0-beta.8
[INFO] running `Command { std: CARGO_HOME="/workspace/cargo-home" RUSTUP_HOME="/workspace/rustup-home" "/workspace/cargo-home/bin/cargo" "+1.99.0-beta.8" "metadata" "--manifest-path" "Cargo.toml" "--no-deps", kill_on_drop: false }`
[INFO] crate crates.io crate hanzo-tools 1.1.23 already has a lockfile, it will not be regenerated
[INFO] running `Command { std: CARGO_HOME="/workspace/cargo-home" RUSTUP_HOME="/workspace/rustup-home" "/workspace/cargo-home/bin/cargo" "+1.99.0-beta.8" "fetch" "--manifest-path" "Cargo.toml", kill_on_drop: false }`
[INFO] [stderr]     Updating crates.io index
[INFO] [stderr]  Downloading crates ...
[INFO] [stderr]   Downloaded sse-stream v0.2.0
[INFO] [stderr]   Downloaded dyn-clone v1.0.19
[INFO] [stderr]   Downloaded rmcp-macros v0.8.5
[INFO] [stderr]   Downloaded rmcp v0.8.5
[INFO] [stderr]   Downloaded process-wrap v8.2.1
[INFO] [stderr]   Downloaded hanzonet-mcp v1.1.23
[INFO] [stderr]   Downloaded hanzo-messages v1.1.15
[INFO] [stderr]   Downloaded rkyv_derive v0.7.45
[INFO] [stderr]   Downloaded rkyv v0.7.45
[INFO] [stderr]   Downloaded rust_decimal v1.37.1
[INFO] [stderr]   Downloaded os_path v0.8.0
[INFO] [stderr]   Downloaded chacha20poly1305 v0.7.1
[INFO] [stderr]   Downloaded universal-hash v0.4.0
[INFO] [stderr]   Downloaded windows v0.61.1
[INFO] [stderr]   Downloaded poly1305 v0.6.2
[INFO] [stderr]   Downloaded base64ct v1.7.3
[INFO] [stderr]   Downloaded chacha20 v0.6.0
[INFO] running `Command { std: "docker" "create" "-v" "/var/lib/crater-agent-workspace/builds/worker-3-tc1/source:/opt/rustwide/workdir:ro,Z" "-v" "/var/lib/crater-agent-workspace/builds/worker-3-tc1/target:/opt/rustwide/target:rw,Z" "-v" "/var/lib/crater-agent-workspace/cargo-home:/opt/rustwide/cargo-home:ro,Z" "-v" "/var/lib/crater-agent-workspace/rustup-home:/opt/rustwide/rustup-home:ro,Z" "-m" "1610612736" "--network" "none" "ghcr.io/rust-lang/crates-build-env/linux@sha256:77db811e55d90add9212f6832c23229e3de5f1c1f9905e8cb07319ea15df73ac" "sleep" "infinity", kill_on_drop: false }`
[INFO] [stdout] ac93abd6f0ff6f4f78f696990eae294f52e16f17318e0b517ca1cf2e4ac4ac24
[INFO] running `Command { std: "docker" "start" "ac93abd6f0ff6f4f78f696990eae294f52e16f17318e0b517ca1cf2e4ac4ac24", kill_on_drop: false }`
[INFO] running `Command { std: "docker" "inspect" "ac93abd6f0ff6f4f78f696990eae294f52e16f17318e0b517ca1cf2e4ac4ac24", kill_on_drop: false }`
[INFO] running `Command { std: "docker" "exec" "-e" "SOURCE_DIR=/opt/rustwide/workdir" "-e" "CARGO_HOME=/opt/rustwide/cargo-home" "-e" "RUSTUP_HOME=/opt/rustwide/rustup-home" "-e" "CARGO_TARGET_DIR=/opt/rustwide/target" "-w" "/opt/rustwide/workdir" "--user" "0:0" "ac93abd6f0ff6f4f78f696990eae294f52e16f17318e0b517ca1cf2e4ac4ac24" "/opt/rustwide/cargo-home/bin/cargo" "+1.99.0-beta.8" "metadata" "--no-deps" "--format-version=1", kill_on_drop: false }`
[INFO] running `Command { std: "docker" "inspect" "ac93abd6f0ff6f4f78f696990eae294f52e16f17318e0b517ca1cf2e4ac4ac24", kill_on_drop: false }`
[INFO] running `Command { std: "docker" "exec" "-e" "SOURCE_DIR=/opt/rustwide/workdir" "-e" "CARGO_HOME=/opt/rustwide/cargo-home" "-e" "RUSTUP_HOME=/opt/rustwide/rustup-home" "-e" "CARGO_TARGET_DIR=/opt/rustwide/target" "-e" "CARGO_INCREMENTAL=0" "-e" "RUST_BACKTRACE=full" "-e" "RUSTFLAGS=--cap-lints=warn" "-e" "RUSTDOCFLAGS=--cap-lints=warn" "-w" "/opt/rustwide/workdir" "--user" "0:0" "ac93abd6f0ff6f4f78f696990eae294f52e16f17318e0b517ca1cf2e4ac4ac24" "/opt/rustwide/cargo-home/bin/cargo" "+1.99.0-beta.8" "build" "--frozen" "--message-format=json" "--release", kill_on_drop: false }`
[INFO] [stderr]    Compiling libc v0.2.186
[INFO] [stderr]    Compiling autocfg v1.4.0
[INFO] [stderr]    Compiling quote v1.0.45
[INFO] [stderr]    Compiling smallvec v1.15.0
[INFO] [stderr]    Compiling litemap v0.8.0
[INFO] [stderr]    Compiling writeable v0.6.1
[INFO] [stderr]    Compiling http v1.4.0
[INFO] [stderr]    Compiling indexmap v2.13.0
[INFO] [stderr]    Compiling icu_properties_data v2.0.1
[INFO] [stderr]    Compiling icu_normalizer_data v2.0.0
[INFO] [stderr]    Compiling openssl-sys v0.9.108
[INFO] [stderr]    Compiling serde_json v1.0.149
[INFO] [stderr]    Compiling aho-corasick v1.1.3
[INFO] [stderr]    Compiling regex-syntax v0.8.9
[INFO] [stderr]    Compiling rustls v0.23.27
[INFO] [stderr]    Compiling proc-macro-error-attr v1.0.4
[INFO] [stderr]    Compiling zerocopy v0.8.39
[INFO] [stderr]    Compiling openssl v0.10.72
[INFO] [stderr]    Compiling syn v1.0.109
[INFO] [stderr]    Compiling serde_core v1.0.228
[INFO] [stderr]    Compiling http v0.2.12
[INFO] [stderr]    Compiling nix v0.30.1
[INFO] [stderr]    Compiling curve25519-dalek v4.1.3
[INFO] [stderr]    Compiling inout v0.1.4
[INFO] [stderr]    Compiling syn v2.0.115
[INFO] [stderr]    Compiling proc-macro-error v1.0.4
[INFO] [stderr]    Compiling slab v0.4.9
[INFO] [stderr]    Compiling num-traits v0.2.19
[INFO] [stderr]    Compiling iana-time-zone v0.1.63
[INFO] [stderr]    Compiling ref-cast v1.0.24
[INFO] [stderr]    Compiling native-tls v0.2.14
[INFO] [stderr]    Compiling memchr v2.7.4
[INFO] [stderr]    Compiling iri-string v0.7.8
[INFO] [stderr]    Compiling cipher v0.2.5
[INFO] [stderr]    Compiling universal-hash v0.4.0
[INFO] [stderr]    Compiling blake3 v1.8.2
[INFO] [stderr]    Compiling signature v2.2.0
[INFO] [stderr]    Compiling http-body v0.4.6
[INFO] [stderr]    Compiling dyn-clone v1.0.19
[INFO] [stderr]    Compiling cpuid-bool v0.2.0
[INFO] [stderr]    Compiling rust_decimal v1.37.1
[INFO] [stderr]    Compiling poly1305 v0.6.2
[INFO] [stderr]    Compiling http-body v1.0.1
[INFO] [stderr]    Compiling ed25519 v2.2.3
[INFO] [stderr]    Compiling http-body-util v0.1.3
[INFO] [stderr]    Compiling tracing-log v0.2.0
[INFO] [stderr]    Compiling aead v0.3.2
[INFO] [stderr]    Compiling thread_local v1.1.8
[INFO] [stderr]    Compiling vte v0.14.1
[INFO] [stderr]    Compiling strip-ansi-escapes v0.2.1
[INFO] [stderr]    Compiling encoding_rs v0.8.35
[INFO] [stderr]    Compiling home v0.5.11
[INFO] [stderr]    Compiling getrandom v0.2.16
[INFO] [stderr]    Compiling socket2 v0.6.0
[INFO] [stderr]    Compiling signal-hook-registry v1.4.5
[INFO] [stderr]    Compiling mio v1.0.4
[INFO] [stderr]    Compiling rand_core v0.6.4
[INFO] [stderr]    Compiling socket2 v0.5.10
[INFO] [stderr]    Compiling ring v0.17.14
[INFO] [stderr]    Compiling crypto-common v0.1.6
[INFO] [stderr]    Compiling regex-automata v0.4.14
[INFO] [stderr]    Compiling digest v0.10.7
[INFO] [stderr]    Compiling cipher v0.4.4
[INFO] [stderr]    Compiling universal-hash v0.5.1
[INFO] [stderr]    Compiling polyval v0.6.2
[INFO] [stderr]    Compiling sha2 v0.10.9
[INFO] [stderr]    Compiling ctr v0.9.2
[INFO] [stderr]    Compiling aes v0.8.4
[INFO] [stderr]    Compiling aead v0.5.2
[INFO] [stderr]    Compiling ghash v0.5.1
[INFO] [stderr]    Compiling aes-gcm v0.10.3
[INFO] [stderr]    Compiling synstructure v0.13.2
[INFO] [stderr]    Compiling darling_core v0.21.3
[INFO] [stderr]    Compiling serde_derive_internals v0.29.1
[INFO] [stderr]    Compiling tokio-macros v2.6.0
[INFO] [stderr]    Compiling zerofrom-derive v0.1.6
[INFO] [stderr]    Compiling yoke-derive v0.8.2
[INFO] [stderr]    Compiling futures-macro v0.3.31
[INFO] [stderr]    Compiling zeroize_derive v1.4.2
[INFO] [stderr]    Compiling zerovec-derive v0.11.1
[INFO] [stderr]    Compiling displaydoc v0.2.5
[INFO] [stderr]    Compiling serde_derive v1.0.228
[INFO] [stderr]    Compiling tracing-attributes v0.1.31
[INFO] [stderr]    Compiling openssl-macros v0.1.1
[INFO] [stderr]    Compiling ref-cast-impl v1.0.24
[INFO] [stderr]    Compiling thiserror-impl v2.0.18
[INFO] [stderr]    Compiling curve25519-dalek-derive v0.1.1
[INFO] [stderr]    Compiling ppv-lite86 v0.2.21
[INFO] [stderr]    Compiling schemars_derive v1.2.1
[INFO] [stderr]    Compiling zeroize v1.8.1
[INFO] [stderr]    Compiling async-trait v0.1.89
[INFO] [stderr]    Compiling utoipa-gen v4.3.1
[INFO] [stderr]    Compiling tokio v1.49.0
[INFO] [stderr]    Compiling rustls-pki-types v1.12.0
[INFO] [stderr]    Compiling futures-util v0.3.31
[INFO] [stderr]    Compiling rand_chacha v0.3.1
[INFO] [stderr]    Compiling zerofrom v0.1.6
[INFO] [stderr]    Compiling rustls-webpki v0.103.3
[INFO] [stderr]    Compiling webpki-roots v1.0.0
[INFO] [stderr]    Compiling yoke v0.8.2
[INFO] [stderr]    Compiling thiserror v2.0.18
[INFO] [stderr]    Compiling tracing v0.1.44
[INFO] [stderr]    Compiling chacha20 v0.6.0
[INFO] [stderr]    Compiling rand v0.8.5
[INFO] [stderr]    Compiling zerovec v0.11.2
[INFO] [stderr]    Compiling zerotrie v0.2.2
[INFO] [stderr]    Compiling chacha20poly1305 v0.7.1
[INFO] [stderr]    Compiling darling_macro v0.21.3
[INFO] [stderr]    Compiling darling v0.21.3
[INFO] [stderr]    Compiling rmcp-macros v0.8.5
[INFO] [stderr]    Compiling x25519-dalek v2.0.1
[INFO] [stderr]    Compiling ed25519-dalek v2.1.1
[INFO] [stderr]    Compiling regex v1.12.3
[INFO] [stderr]    Compiling matchers v0.2.0
[INFO] [stderr]    Compiling tracing-subscriber v0.3.23
[INFO] [stderr]    Compiling tinystr v0.8.1
[INFO] [stderr]    Compiling potential_utf v0.1.2
[INFO] [stderr]    Compiling icu_locale_core v2.0.0
[INFO] [stderr]    Compiling icu_collections v2.0.0
[INFO] [stderr]    Compiling serde v1.0.228
[INFO] [stderr]    Compiling futures-executor v0.3.31
[INFO] [stderr]    Compiling sse-stream v0.2.0
[INFO] [stderr]    Compiling icu_provider v2.0.0
[INFO] [stderr]    Compiling futures v0.3.31
[INFO] [stderr]    Compiling icu_normalizer v2.0.0
[INFO] [stderr]    Compiling icu_properties v2.0.1
[INFO] [stderr]    Compiling serde_urlencoded v0.7.1
[INFO] [stderr]    Compiling chrono v0.4.44
[INFO] [stderr]    Compiling serde_yaml v0.9.34+deprecated
[INFO] [stderr]    Compiling os_path v0.8.0
[INFO] [stderr]    Compiling idna_adapter v1.2.1
[INFO] [stderr]    Compiling idna v1.1.0
[INFO] [stderr]    Compiling url v2.5.8
[INFO] [stderr]    Compiling utoipa v4.2.3
[INFO] [stderr]    Compiling schemars v1.2.1
[INFO] [stderr]    Compiling tokio-util v0.7.15
[INFO] [stderr]    Compiling hyper v1.6.0
[INFO] [stderr]    Compiling tower v0.5.2
[INFO] [stderr]    Compiling tokio-rustls v0.26.2
[INFO] [stderr]    Compiling tokio-stream v0.1.17
[INFO] [stderr]    Compiling process-wrap v8.2.1
[INFO] [stderr]    Compiling tower-http v0.6.8
[INFO] [stderr]    Compiling tokio-native-tls v0.3.1
[INFO] [stderr]    Compiling hyper-util v0.1.13
[INFO] [stderr]    Compiling h2 v0.3.26
[INFO] [stderr]    Compiling hanzo-messages v1.1.15
[INFO] [stderr]    Compiling hyper-rustls v0.27.6
[INFO] [stderr]    Compiling reqwest v0.12.28
[INFO] [stderr]    Compiling rmcp v0.8.5
[INFO] [stderr]    Compiling hyper v0.14.32
[INFO] [stderr]    Compiling hyper-tls v0.5.0
[INFO] [stderr]    Compiling reqwest v0.11.27
[INFO] [stderr]    Compiling hanzonet-mcp v1.1.23
[INFO] [stderr]    Compiling hanzo-tools v1.1.23 (/opt/rustwide/workdir)
[INFO] [stderr]     Finished `release` profile [optimized] target(s) in 3m 17s
[INFO] running `Command { std: "docker" "inspect" "ac93abd6f0ff6f4f78f696990eae294f52e16f17318e0b517ca1cf2e4ac4ac24", kill_on_drop: false }`
[INFO] running `Command { std: "docker" "exec" "-e" "SOURCE_DIR=/opt/rustwide/workdir" "-e" "CARGO_HOME=/opt/rustwide/cargo-home" "-e" "RUSTUP_HOME=/opt/rustwide/rustup-home" "-e" "CARGO_TARGET_DIR=/opt/rustwide/target" "-e" "CARGO_INCREMENTAL=0" "-e" "RUST_BACKTRACE=full" "-e" "RUSTFLAGS=--cap-lints=warn" "-e" "RUSTDOCFLAGS=--cap-lints=warn" "-w" "/opt/rustwide/workdir" "--user" "0:0" "ac93abd6f0ff6f4f78f696990eae294f52e16f17318e0b517ca1cf2e4ac4ac24" "/opt/rustwide/cargo-home/bin/cargo" "+1.99.0-beta.8" "test" "--frozen" "--no-run" "--message-format=json" "--release", kill_on_drop: false }`
[INFO] [stderr]    Compiling hanzo-tools v1.1.23 (/opt/rustwide/workdir)
[INFO] [stdout] warning: unreachable pattern
[INFO] [stdout]    --> src/tools/deno_tools.rs:533:17
[INFO] [stdout]     |
[INFO] [stdout] 532 |                 ToolConfig::BasicConfig(bc) => bc.key_name == "imap_server",
[INFO] [stdout]     |                 --------------------------- matches all the relevant values
[INFO] [stdout] 533 |                 _ => false,
[INFO] [stdout]     |                 ^ no value can reach this
[INFO] [stdout]     |
[INFO] [stdout]     = note: `#[warn(unreachable_patterns)]` (part of `#[warn(unused)]`) on by default
[INFO] [stdout] 
[INFO] [stdout] 
[INFO] [stdout] warning: unreachable pattern
[INFO] [stdout]    --> src/tools/deno_tools.rs:547:17
[INFO] [stdout]     |
[INFO] [stdout] 546 |                 ToolConfig::BasicConfig(bc) => bc.key_name == "port",
[INFO] [stdout]     |                 --------------------------- matches all the relevant values
[INFO] [stdout] 547 |                 _ => false,
[INFO] [stdout]     |                 ^ no value can reach this
[INFO] [stdout] 
[INFO] [stdout] 
[INFO] [stdout] warning: unreachable pattern
[INFO] [stdout]    --> src/tools/tool_config.rs:283:17
[INFO] [stdout]     |
[INFO] [stdout] 271 |                 ToolConfig::BasicConfig(config) => {
[INFO] [stdout]     |                 ------------------------------- matches all the relevant values
[INFO] [stdout] ...
[INFO] [stdout] 283 |                 _ => panic!("Parsed ToolConfig is not a BasicConfig"),
[INFO] [stdout]     |                 ^ no value can reach this
[INFO] [stdout] 
[INFO] [stdout] 
[INFO] [stdout] warning: unreachable pattern
[INFO] [stdout]    --> src/tools/tool_config.rs:313:17
[INFO] [stdout]     |
[INFO] [stdout] 301 |                 ToolConfig::BasicConfig(config) => {
[INFO] [stdout]     |                 ------------------------------- matches all the relevant values
[INFO] [stdout] ...
[INFO] [stdout] 313 |                 _ => panic!("Parsed ToolConfig is not a BasicConfig"),
[INFO] [stdout]     |                 ^ no value can reach this
[INFO] [stdout] 
[INFO] [stdout] 
[INFO] [stdout] warning: irrefutable `if let` pattern
[INFO] [stdout]     --> src/tools/tool_playground.rs:1133:12
[INFO] [stdout]      |
[INFO] [stdout] 1133 |         if let ToolConfig::BasicConfig(bc) = string_prop {
[INFO] [stdout]      |            ^^^^^^^^^^^^^^^^^^^^^^^^^^^^^^^^^^^^^^^^^^^^^
[INFO] [stdout]      |
[INFO] [stdout]      = note: this pattern will always match, so the `if let` is useless
[INFO] [stdout]      = help: consider replacing the `if let` with a `let`
[INFO] [stdout]      = note: `#[warn(irrefutable_let_patterns)]` on by default
[INFO] [stdout] 
[INFO] [stdout] 
[INFO] [stdout] warning: irrefutable `if let` pattern
[INFO] [stdout]     --> src/tools/tool_playground.rs:1150:12
[INFO] [stdout]      |
[INFO] [stdout] 1150 |         if let ToolConfig::BasicConfig(bc) = number_prop {
[INFO] [stdout]      |            ^^^^^^^^^^^^^^^^^^^^^^^^^^^^^^^^^^^^^^^^^^^^^
[INFO] [stdout]      |
[INFO] [stdout]      = note: this pattern will always match, so the `if let` is useless
[INFO] [stdout]      = help: consider replacing the `if let` with a `let`
[INFO] [stdout] 
[INFO] [stdout] 
[INFO] [stdout] warning: irrefutable `if let` pattern
[INFO] [stdout]     --> src/tools/tool_playground.rs:1169:12
[INFO] [stdout]      |
[INFO] [stdout] 1169 |         if let ToolConfig::BasicConfig(bc) = required_prop {
[INFO] [stdout]      |            ^^^^^^^^^^^^^^^^^^^^^^^^^^^^^^^^^^^^^^^^^^^^^^^
[INFO] [stdout]      |
[INFO] [stdout]      = note: this pattern will always match, so the `if let` is useless
[INFO] [stdout]      = help: consider replacing the `if let` with a `let`
[INFO] [stdout] 
[INFO] [stdout] 
[INFO] [stdout] warning: irrefutable `if let` pattern
[INFO] [stdout]     --> src/tools/tool_playground.rs:1126:20
[INFO] [stdout]      |
[INFO] [stdout] 1126 |                 if let ToolConfig::BasicConfig(bc) = c {
[INFO] [stdout]      |                    ^^^^^^^^^^^^^^^^^^^^^^^^^^^^^^^^^^^
[INFO] [stdout]      |
[INFO] [stdout]      = note: this pattern will always match, so the `if let` is useless
[INFO] [stdout]      = help: consider replacing the `if let` with a `let`
[INFO] [stdout] 
[INFO] [stdout] 
[INFO] [stdout] warning: irrefutable `if let` pattern
[INFO] [stdout]     --> src/tools/tool_playground.rs:1143:20
[INFO] [stdout]      |
[INFO] [stdout] 1143 |                 if let ToolConfig::BasicConfig(bc) = c {
[INFO] [stdout]      |                    ^^^^^^^^^^^^^^^^^^^^^^^^^^^^^^^^^^^
[INFO] [stdout]      |
[INFO] [stdout]      = note: this pattern will always match, so the `if let` is useless
[INFO] [stdout]      = help: consider replacing the `if let` with a `let`
[INFO] [stdout] 
[INFO] [stdout] 
[INFO] [stdout] warning: irrefutable `if let` pattern
[INFO] [stdout]     --> src/tools/tool_playground.rs:1162:20
[INFO] [stdout]      |
[INFO] [stdout] 1162 |                 if let ToolConfig::BasicConfig(bc) = c {
[INFO] [stdout]      |                    ^^^^^^^^^^^^^^^^^^^^^^^^^^^^^^^^^^^
[INFO] [stdout]      |
[INFO] [stdout]      = note: this pattern will always match, so the `if let` is useless
[INFO] [stdout]      = help: consider replacing the `if let` with a `let`
[INFO] [stdout] 
[INFO] [stdout] 
[INFO] [stderr]     Finished `release` profile [optimized] target(s) in 36.86s
[INFO] running `Command { std: "docker" "inspect" "ac93abd6f0ff6f4f78f696990eae294f52e16f17318e0b517ca1cf2e4ac4ac24", kill_on_drop: false }`
[INFO] running `Command { std: "docker" "exec" "-e" "SOURCE_DIR=/opt/rustwide/workdir" "-e" "CARGO_HOME=/opt/rustwide/cargo-home" "-e" "RUSTUP_HOME=/opt/rustwide/rustup-home" "-e" "CARGO_TARGET_DIR=/opt/rustwide/target" "-e" "CARGO_INCREMENTAL=0" "-e" "RUST_BACKTRACE=full" "-e" "RUSTFLAGS=--cap-lints=warn" "-e" "RUSTDOCFLAGS=--cap-lints=warn" "-w" "/opt/rustwide/workdir" "--user" "0:0" "ac93abd6f0ff6f4f78f696990eae294f52e16f17318e0b517ca1cf2e4ac4ac24" "/opt/rustwide/cargo-home/bin/cargo" "+1.99.0-beta.8" "test" "--frozen" "--release", kill_on_drop: false }`
[INFO] [stderr] warning: unreachable pattern
[INFO] [stderr]    --> src/tools/deno_tools.rs:533:17
[INFO] [stderr]     |
[INFO] [stderr] 532 |                 ToolConfig::BasicConfig(bc) => bc.key_name == "imap_server",
[INFO] [stderr]     |                 --------------------------- matches all the relevant values
[INFO] [stderr] 533 |                 _ => false,
[INFO] [stderr]     |                 ^ no value can reach this
[INFO] [stderr]     |
[INFO] [stderr]     = note: `#[warn(unreachable_patterns)]` (part of `#[warn(unused)]`) on by default
[INFO] [stderr] 
[INFO] [stderr] warning: unreachable pattern
[INFO] [stderr]    --> src/tools/deno_tools.rs:547:17
[INFO] [stderr]     |
[INFO] [stderr] 546 |                 ToolConfig::BasicConfig(bc) => bc.key_name == "port",
[INFO] [stderr]     |                 --------------------------- matches all the relevant values
[INFO] [stderr] 547 |                 _ => false,
[INFO] [stderr]     |                 ^ no value can reach this
[INFO] [stderr] 
[INFO] [stderr] warning: unreachable pattern
[INFO] [stderr]    --> src/tools/tool_config.rs:283:17
[INFO] [stderr]     |
[INFO] [stderr] 271 |                 ToolConfig::BasicConfig(config) => {
[INFO] [stderr]     |                 ------------------------------- matches all the relevant values
[INFO] [stderr] ...
[INFO] [stderr] 283 |                 _ => panic!("Parsed ToolConfig is not a BasicConfig"),
[INFO] [stderr]     |                 ^ no value can reach this
[INFO] [stderr] 
[INFO] [stderr] warning: unreachable pattern
[INFO] [stderr]    --> src/tools/tool_config.rs:313:17
[INFO] [stderr]     |
[INFO] [stderr] 301 |                 ToolConfig::BasicConfig(config) => {
[INFO] [stderr]     |                 ------------------------------- matches all the relevant values
[INFO] [stderr] ...
[INFO] [stderr] 313 |                 _ => panic!("Parsed ToolConfig is not a BasicConfig"),
[INFO] [stderr]     |                 ^ no value can reach this
[INFO] [stderr] 
[INFO] [stderr] warning: irrefutable `if let` pattern
[INFO] [stderr]     --> src/tools/tool_playground.rs:1133:12
[INFO] [stderr]      |
[INFO] [stderr] 1133 |         if let ToolConfig::BasicConfig(bc) = string_prop {
[INFO] [stderr]      |            ^^^^^^^^^^^^^^^^^^^^^^^^^^^^^^^^^^^^^^^^^^^^^
[INFO] [stderr]      |
[INFO] [stderr]      = note: this pattern will always match, so the `if let` is useless
[INFO] [stderr]      = help: consider replacing the `if let` with a `let`
[INFO] [stderr]      = note: `#[warn(irrefutable_let_patterns)]` on by default
[INFO] [stderr] 
[INFO] [stderr] warning: irrefutable `if let` pattern
[INFO] [stderr]     --> src/tools/tool_playground.rs:1150:12
[INFO] [stderr]      |
[INFO] [stderr] 1150 |         if let ToolConfig::BasicConfig(bc) = number_prop {
[INFO] [stderr]      |            ^^^^^^^^^^^^^^^^^^^^^^^^^^^^^^^^^^^^^^^^^^^^^
[INFO] [stderr]      |
[INFO] [stderr]      = note: this pattern will always match, so the `if let` is useless
[INFO] [stderr]      = help: consider replacing the `if let` with a `let`
[INFO] [stderr] 
[INFO] [stderr] warning: irrefutable `if let` pattern
[INFO] [stderr]     --> src/tools/tool_playground.rs:1169:12
[INFO] [stderr]      |
[INFO] [stderr] 1169 |         if let ToolConfig::BasicConfig(bc) = required_prop {
[INFO] [stderr]      |            ^^^^^^^^^^^^^^^^^^^^^^^^^^^^^^^^^^^^^^^^^^^^^^^
[INFO] [stderr]      |
[INFO] [stderr]      = note: this pattern will always match, so the `if let` is useless
[INFO] [stderr]      = help: consider replacing the `if let` with a `let`
[INFO] [stderr] 
[INFO] [stderr] warning: irrefutable `if let` pattern
[INFO] [stderr]     --> src/tools/tool_playground.rs:1126:20
[INFO] [stderr]      |
[INFO] [stderr] 1126 |                 if let ToolConfig::BasicConfig(bc) = c {
[INFO] [stderr]      |                    ^^^^^^^^^^^^^^^^^^^^^^^^^^^^^^^^^^^
[INFO] [stderr]      |
[INFO] [stderr]      = note: this pattern will always match, so the `if let` is useless
[INFO] [stderr]      = help: consider replacing the `if let` with a `let`
[INFO] [stderr] 
[INFO] [stderr] warning: irrefutable `if let` pattern
[INFO] [stderr]     --> src/tools/tool_playground.rs:1143:20
[INFO] [stderr]      |
[INFO] [stderr] 1143 |                 if let ToolConfig::BasicConfig(bc) = c {
[INFO] [stderr]      |                    ^^^^^^^^^^^^^^^^^^^^^^^^^^^^^^^^^^^
[INFO] [stderr]      |
[INFO] [stderr]      = note: this pattern will always match, so the `if let` is useless
[INFO] [stderr]      = help: consider replacing the `if let` with a `let`
[INFO] [stderr] 
[INFO] [stderr] warning: irrefutable `if let` pattern
[INFO] [stderr]     --> src/tools/tool_playground.rs:1162:20
[INFO] [stderr]      |
[INFO] [stderr] 1162 |                 if let ToolConfig::BasicConfig(bc) = c {
[INFO] [stderr]      |                    ^^^^^^^^^^^^^^^^^^^^^^^^^^^^^^^^^^^
[INFO] [stderr]      |
[INFO] [stderr]      = note: this pattern will always match, so the `if let` is useless
[INFO] [stderr]      = help: consider replacing the `if let` with a `let`
[INFO] [stderr] 
[INFO] [stderr] warning: `hanzo-tools` (lib test) generated 10 warnings
[INFO] [stderr]     Finished `release` profile [optimized] target(s) in 0.30s
[INFO] [stderr]      Running unittests src/lib.rs (/opt/rustwide/target/release/deps/hanzo_tools-bc26ce5ff3d4ef1e)
[INFO] [stdout] 
[INFO] [stdout] running 51 tests
[INFO] [stdout] test tools::deno_tools::tests::test_deno_tool_operating_systems ... ok
[INFO] [stdout] test tools::deno_tools::tests::test_deserialize_deno_tool ... ok
[INFO] [stdout] test tools::deno_tools::tests::test_deserialize_jstool_result_with_hashmap_properties ... ok
[INFO] [stdout] test tools::hanzo_tool::tests::test_gen_router_key ... ok
[INFO] [stdout] test tools::hanzo_tool::tests::test_set_playground_tool ... ok
[INFO] [stdout] test tools::parameters::tests::test_array_property ... ok
[INFO] [stdout] test tools::parameters::tests::test_serialization_deserialization ... ok
[INFO] [stdout] test tools::parameters::tests::test_complex_array_property ... ok
[INFO] [stdout] test tools::hanzo_tool::tests::test_serialize_deserialize_agent_tool ... ok
[INFO] [stdout] test tools::deno_tools::tests::test_deno_tool_tool_set ... ok
[INFO] [stdout] test tools::deno_tools::tests::test_email_fetcher_tool_config ... ok
[INFO] [stdout] test tools::deno_tools::tests::test_deno_tool_runner_types ... ok
[INFO] [stdout] test tools::parameters::tests::test_deserialize_empty_json ... ok
[INFO] [stdout] test tools::tool_config::tests::test_oauth_from_value_with_defaults ... ok
[INFO] [stdout] test tools::tool_config::tests::test_from_value_parsing ... ok
[INFO] [stdout] test tools::tool_config::tests::test_oauth_from_value ... ok
[INFO] [stdout] test tools::tool_playground::tests::test_deserialize_playground_tool ... ok
[INFO] [stdout] test tools::tool_config::tests::test_basic_config_from_value_different_types ... ok
[INFO] [stdout] test tools::tool_playground::tests::test_deserialize_playground_tool_with_invalid_tools ... ok
[INFO] [stdout] test tools::tool_playground::tests::test_deserialize_playground_tool_with_sql ... ok
[INFO] [stdout] test tools::python_tools::tests::test_python_tool_with_tool_set ... ok
[INFO] [stdout] test tools::tool_playground::tests::test_deserialize_playground_tool_with_empty_tools ... ok
[INFO] [stdout] test tools::tool_playground::tests::test_serialize_configurations_empty ... ok
[INFO] [stdout] test tools::tool_playground::tests::test_deserialize_playground_tool_with_various_properties ... ok
[INFO] [stdout] test tools::tool_playground::tests::test_serialize_sql_components ... ok
[INFO] [stdout] test tools::tool_playground::tests::test_serialize_configurations_mixed ... ok
[INFO] [stdout] test tools::tool_playground::tests::test_deserialize_playground_tool_with_coinbase_data ... ok
[INFO] [stdout] test tools::parameters::tests::test_to_deprecated_arguments ... ok
[INFO] [stdout] test tools::parameters::tests::test_property_with_default ... ok
[INFO] [stdout] test tools::tool_playground::tests::test_serialize_tools_basic ... ok
[INFO] [stdout] test tools::tool_types::tests::test_helper_serialization ... ok
[INFO] [stdout] test tools::tool_types::tests::test_helper_from_json_string ... ok
[INFO] [stdout] test tools::hanzo_tool::tests::test_deserialize_hanzo_tool ... ok
[INFO] [stdout] test tools::parameters::tests::test_add_nested_property ... ok
[INFO] [stdout] test tools::tool_types::tests::test_invalid_operating_system ... ok
[INFO] [stdout] test tools::tool_types::tests::test_invalid_runner_type ... ok
[INFO] [stdout] test tools::tool_types::tests::test_operating_system_serialization ... ok
[INFO] [stdout] test tools::tool_types::tests::test_tool_result_from_json_string ... ok
[INFO] [stdout] test tools::tool_types::tests::test_tool_result_serialization ... ok
[INFO] [stdout] test tools::tool_types::tests::test_operating_system_from_json_string ... ok
[INFO] [stdout] test tools::tool_types::tests::test_runner_type_from_json_string ... ok
[INFO] [stdout] test tools::tool_types::tests::test_runner_type_serialization ... ok
[INFO] [stdout] test tools::parameters::tests::test_nested_properties ... ok
[INFO] [stdout] test tools::python_tools::tests::test_python_tool_serialization ... ok
[INFO] [stdout] test tools::python_tools::tests::test_python_tool_with_operating_systems ... ok
[INFO] [stdout] test tools::python_tools::tests::test_python_tool_with_runner_type ... ok
[INFO] [stdout] test tools::tool_config::tests::test_from_value_parsing_with_missing_fields ... ok
[INFO] [stdout] test tools::tool_playground::tests::test_deserialize_playground_tool_with_tools ... ok
[INFO] [stdout] test tools::tool_playground::tests::test_serialize_configurations_basic ... ok
[INFO] [stdout] test tools::tool_playground::tests::test_serialize_configurations_roundtrip ... ok
[INFO] [stderr] /bin/bash: line 1: npx: command not found
[INFO] [stdout] test tools::mcp_server_tool::tests::test_run_tool ... FAILED
[INFO] [stdout] 
[INFO] [stdout] failures:
[INFO] [stdout] 
[INFO] [stdout] ---- tools::mcp_server_tool::tests::test_run_tool stdout ----
[INFO] [stdout] part: npx
[INFO] [stdout] part: -y
[INFO] [stdout] part: @modelcontextprotocol/server-everything@2025.9.12
[INFO] [stdout] cmd_executable: npx
[INFO] [stdout] env_vars: {}
[INFO] [stderr] error: test failed, to rerun pass `--lib`
[INFO] [stdout] cmd_args: ["-y", "@modelcontextprotocol/server-everything@2025.9.12"]
[INFO] [stdout] error McpError { message: "connection closed: initialize response" }
[INFO] [stdout] 
[INFO] [stdout] thread 'tools::mcp_server_tool::tests::test_run_tool' (3455) panicked at src/tools/mcp_server_tool.rs:206:9:
[INFO] [stdout] assertion failed: result.is_ok()
[INFO] [stdout] stack backtrace:
[INFO] [stdout]    0:     0x5d929324b791 - <<std[70759c8f55707aa4]::sys::backtrace::BacktraceLock>::print::DisplayBacktrace as core[df12db4294e9bfd3]::fmt::Display>::fmt
[INFO] [stdout]    1:     0x5d9293263e5a - core[df12db4294e9bfd3]::fmt::write
[INFO] [stdout]    2:     0x5d929325062c - <alloc[2182bb758b4b3781]::vec::Vec<u8> as core[df12db4294e9bfd3]::io::write::Write>::write_fmt
[INFO] [stdout]    3:     0x5d92932254e6 - std[70759c8f55707aa4]::panicking::default_hook::{closure#0}
[INFO] [stdout]    4:     0x5d9293242889 - std[70759c8f55707aa4]::panicking::default_hook
[INFO] [stdout]    5:     0x5d9292ec7710 - test[9d35eded1c95d3be]::test_main_inner::<test[9d35eded1c95d3be]::test_main_static::{closure#0}>::{closure#0}
[INFO] [stdout]    6:     0x5d9293242bb2 - std[70759c8f55707aa4]::panicking::panic_with_hook
[INFO] [stdout]    7:     0x5d92932255c4 - std[70759c8f55707aa4]::panicking::panic_handler::{closure#0}
[INFO] [stdout]    8:     0x5d929321e0a9 - std[70759c8f55707aa4]::sys::backtrace::__rust_end_short_backtrace::<std[70759c8f55707aa4]::panicking::panic_handler::{closure#0}, !>
[INFO] [stdout]    9:     0x5d929322637d - __rustc[8fa7c3cbc660c2b3]::rust_begin_unwind
[INFO] [stdout]   10:     0x5d929326463c - core[df12db4294e9bfd3]::panicking::panic_fmt
[INFO] [stdout]   11:     0x5d9293264602 - core[df12db4294e9bfd3]::panicking::panic
[INFO] [stdout]   12:     0x5d9292d7f9af - hanzo_tools[371f8ba5805ff784]::tools::mcp_server_tool::tests::test_run_tool::{closure#0}
[INFO] [stdout]   13:     0x5d9292e37aeb - <tokio[7b22e2f1d3fa0ca8]::runtime::runtime::Runtime>::block_on::<core[df12db4294e9bfd3]::pin::Pin<&mut dyn core[df12db4294e9bfd3]::future::future::Future<Output = ()>>>
[INFO] [stdout]   14:     0x5d9292d82c3b - hanzo_tools[371f8ba5805ff784]::tools::mcp_server_tool::tests::test_run_tool
[INFO] [stdout]   15:     0x5d9292eba7e9 - <hanzo_tools[371f8ba5805ff784]::tools::mcp_server_tool::tests::test_run_tool::{closure#0} as core[df12db4294e9bfd3]::ops::function::FnOnce<()>>::call_once
[INFO] [stdout]   16:     0x5d9292eba9fb - test[9d35eded1c95d3be]::__rust_begin_short_backtrace::<core[df12db4294e9bfd3]::result::Result<(), alloc[2182bb758b4b3781]::string::String>, fn() -> core[df12db4294e9bfd3]::result::Result<(), alloc[2182bb758b4b3781]::string::String>>
[INFO] [stdout]   17:     0x5d9292ec8065 - test[9d35eded1c95d3be]::run_test::{closure#0}
[INFO] [stdout]   18:     0x5d9292ec1924 - std[70759c8f55707aa4]::sys::backtrace::__rust_begin_short_backtrace::<test[9d35eded1c95d3be]::run_test::{closure#1}, ()>
[INFO] [stdout]   19:     0x5d9292ecb1c2 - <std[70759c8f55707aa4]::thread::lifecycle::spawn_unchecked<test[9d35eded1c95d3be]::run_test::{closure#1}, ()>::{closure#1} as core[df12db4294e9bfd3]::ops::function::FnOnce<()>>::call_once::{shim:vtable#0}
[INFO] [stdout]   20:     0x5d929324a629 - <std[70759c8f55707aa4]::sys::thread::unix::Thread>::new::thread_start
[INFO] [stdout]   21:     0x719820d41dfa - <unknown>
[INFO] [stdout]   22:     0x719820dd53d4 - clone
[INFO] [stdout]   23:                0x0 - <unknown>
[INFO] [stdout] 
[INFO] [stdout] 
[INFO] [stdout] failures:
[INFO] [stdout]     tools::mcp_server_tool::tests::test_run_tool
[INFO] [stdout] 
[INFO] [stdout] test result: FAILED. 50 passed; 1 failed; 0 ignored; 0 measured; 0 filtered out; finished in 0.17s
[INFO] [stdout] 
[INFO] running `Command { std: "docker" "inspect" "ac93abd6f0ff6f4f78f696990eae294f52e16f17318e0b517ca1cf2e4ac4ac24", kill_on_drop: false }`
[INFO] running `Command { std: "docker" "rm" "-f" "ac93abd6f0ff6f4f78f696990eae294f52e16f17318e0b517ca1cf2e4ac4ac24", kill_on_drop: false }`
[INFO] [stdout] ac93abd6f0ff6f4f78f696990eae294f52e16f17318e0b517ca1cf2e4ac4ac24
