[INFO] fetching crate graph-http 3.0.0...
[INFO] testing graph-http-3.0.0 against 1.99.0-beta.8+cargoflags=--release for beta-release-1.100-2
[INFO] extracting crate graph-http 3.0.0 into /workspace/builds/worker-0-tc1/source
[INFO] removed /workspace/builds/worker-0-tc1/source/.cargo/config.toml
[INFO] started tweaking crates.io crate graph-http 3.0.0
[INFO] finished tweaking crates.io crate graph-http 3.0.0
[INFO] tweaked toml for crates.io crate graph-http 3.0.0 written to /workspace/builds/worker-0-tc1/source/Cargo.toml
[INFO] validating manifest of crates.io crate graph-http 3.0.0 on toolchain 1.99.0-beta.8
[INFO] running `Command { std: CARGO_HOME="/workspace/cargo-home" RUSTUP_HOME="/workspace/rustup-home" "/workspace/cargo-home/bin/cargo" "+1.99.0-beta.8" "metadata" "--manifest-path" "Cargo.toml" "--no-deps", kill_on_drop: false }`
[INFO] crate crates.io crate graph-http 3.0.0 already has a lockfile, it will not be regenerated
[INFO] running `Command { std: CARGO_HOME="/workspace/cargo-home" RUSTUP_HOME="/workspace/rustup-home" "/workspace/cargo-home/bin/cargo" "+1.99.0-beta.8" "fetch" "--manifest-path" "Cargo.toml", kill_on_drop: false }`
[INFO] [stderr]     Updating crates.io index
[INFO] [stderr]  Downloading crates ...
[INFO] [stderr]   Downloaded signal-hook-registry v1.4.4
[INFO] [stderr]   Downloaded tokio-socks v0.5.2
[INFO] [stderr]   Downloaded quinn-udp v0.5.11
[INFO] [stderr]   Downloaded async-compression v0.4.22
[INFO] [stderr]   Downloaded handlebars v2.0.4
[INFO] [stderr]   Downloaded pest_generator v2.8.0
[INFO] [stderr]   Downloaded graph-error v1.0.0
[INFO] [stderr]   Downloaded asn1-rs-impl v0.1.0
[INFO] [stderr]   Downloaded asn1-rs-derive v0.4.0
[INFO] [stderr]   Downloaded http-serde v1.1.3
[INFO] [stderr]   Downloaded pest_derive v2.8.0
[INFO] [stderr]   Downloaded pest_meta v2.8.0
[INFO] [stderr]   Downloaded oid-registry v0.6.1
[INFO] [stderr]   Downloaded strum v0.25.0
[INFO] [stderr]   Downloaded dyn-clone v1.0.19
[INFO] [stderr]   Downloaded simple_asn1 v0.6.3
[INFO] [stderr]   Downloaded pem v3.0.5
[INFO] [stderr]   Downloaded graph-core v3.0.0
[INFO] [stderr]   Downloaded remain v0.2.15
[INFO] [stderr]   Downloaded hashbrown v0.5.0
[INFO] [stderr]   Downloaded x509-parser v0.15.1
[INFO] [stderr]   Downloaded strum_macros v0.25.3
[INFO] [stderr]   Downloaded brotli-decompressor v4.0.3
[INFO] [stderr]   Downloaded asn1-rs v0.5.2
[INFO] [stderr]   Downloaded der-parser v8.2.0
[INFO] [stderr]   Downloaded pest v2.8.0
[INFO] [stderr]   Downloaded brotli v7.0.0
[INFO] running `Command { std: "docker" "create" "-v" "/var/lib/crater-agent-workspace/builds/worker-0-tc1/source:/opt/rustwide/workdir:ro,Z" "-v" "/var/lib/crater-agent-workspace/builds/worker-0-tc1/target:/opt/rustwide/target:rw,Z" "-v" "/var/lib/crater-agent-workspace/cargo-home:/opt/rustwide/cargo-home:ro,Z" "-v" "/var/lib/crater-agent-workspace/rustup-home:/opt/rustwide/rustup-home:ro,Z" "-m" "1610612736" "--network" "none" "ghcr.io/rust-lang/crates-build-env/linux@sha256:77db811e55d90add9212f6832c23229e3de5f1c1f9905e8cb07319ea15df73ac" "sleep" "infinity", kill_on_drop: false }`
[INFO] [stdout] 314253d657030a518575675225c6e5d1a09fb0721be2a9b9926eb742fadf37c5
[INFO] running `Command { std: "docker" "start" "314253d657030a518575675225c6e5d1a09fb0721be2a9b9926eb742fadf37c5", kill_on_drop: false }`
[INFO] running `Command { std: "docker" "inspect" "314253d657030a518575675225c6e5d1a09fb0721be2a9b9926eb742fadf37c5", kill_on_drop: false }`
[INFO] running `Command { std: "docker" "exec" "-e" "SOURCE_DIR=/opt/rustwide/workdir" "-e" "CARGO_HOME=/opt/rustwide/cargo-home" "-e" "RUSTUP_HOME=/opt/rustwide/rustup-home" "-e" "CARGO_TARGET_DIR=/opt/rustwide/target" "-w" "/opt/rustwide/workdir" "--user" "0:0" "314253d657030a518575675225c6e5d1a09fb0721be2a9b9926eb742fadf37c5" "/opt/rustwide/cargo-home/bin/cargo" "+1.99.0-beta.8" "metadata" "--no-deps" "--format-version=1", kill_on_drop: false }`
[INFO] running `Command { std: "docker" "inspect" "314253d657030a518575675225c6e5d1a09fb0721be2a9b9926eb742fadf37c5", kill_on_drop: false }`
[INFO] running `Command { std: "docker" "exec" "-e" "SOURCE_DIR=/opt/rustwide/workdir" "-e" "CARGO_HOME=/opt/rustwide/cargo-home" "-e" "RUSTUP_HOME=/opt/rustwide/rustup-home" "-e" "CARGO_TARGET_DIR=/opt/rustwide/target" "-e" "CARGO_INCREMENTAL=0" "-e" "RUST_BACKTRACE=full" "-e" "RUSTFLAGS=--cap-lints=warn" "-e" "RUSTDOCFLAGS=--cap-lints=warn" "-w" "/opt/rustwide/workdir" "--user" "0:0" "314253d657030a518575675225c6e5d1a09fb0721be2a9b9926eb742fadf37c5" "/opt/rustwide/cargo-home/bin/cargo" "+1.99.0-beta.8" "build" "--frozen" "--message-format=json" "--release", kill_on_drop: false }`
[INFO] [stderr]    Compiling proc-macro2 v1.0.95
[INFO] [stderr]    Compiling unicode-ident v1.0.18
[INFO] [stderr]    Compiling autocfg v1.4.0
[INFO] [stderr]    Compiling memchr v2.7.4
[INFO] [stderr]    Compiling libc v0.2.172
[INFO] [stderr]    Compiling serde v1.0.219
[INFO] [stderr]    Compiling itoa v1.0.15
[INFO] [stderr]    Compiling smallvec v1.15.0
[INFO] [stderr]    Compiling parking_lot_core v0.9.10
[INFO] [stderr]    Compiling stable_deref_trait v1.2.0
[INFO] [stderr]    Compiling thiserror v2.0.12
[INFO] [stderr]    Compiling cc v1.2.19
[INFO] [stderr]    Compiling pkg-config v0.3.32
[INFO] [stderr]    Compiling futures-channel v0.3.31
[INFO] [stderr]    Compiling futures-io v0.3.31
[INFO] [stderr]    Compiling futures-task v0.3.31
[INFO] [stderr]    Compiling litemap v0.7.5
[INFO] [stderr]    Compiling log v0.4.27
[INFO] [stderr]    Compiling num-conv v0.1.0
[INFO] [stderr]    Compiling time-core v0.1.4
[INFO] [stderr]    Compiling deranged v0.4.0
[INFO] [stderr]    Compiling minimal-lexical v0.2.1
[INFO] [stderr]    Compiling openssl v0.10.72
[INFO] [stderr]    Compiling foreign-types-shared v0.1.1
[INFO] [stderr]    Compiling adler2 v2.0.0
[INFO] [stderr]    Compiling time-macros v0.2.22
[INFO] [stderr]    Compiling miniz_oxide v0.8.8
[INFO] [stderr]    Compiling foreign-types v0.3.2
[INFO] [stderr]    Compiling tracing-core v0.1.33
[INFO] [stderr]    Compiling serde_json v1.0.140
[INFO] [stderr]    Compiling bitflags v2.9.0
[INFO] [stderr]    Compiling native-tls v0.2.14
[INFO] [stderr]    Compiling ryu v1.0.20
[INFO] [stderr]    Compiling percent-encoding v2.3.1
[INFO] [stderr]    Compiling lock_api v0.4.12
[INFO] [stderr]    Compiling slab v0.4.9
[INFO] [stderr]    Compiling num-traits v0.2.19
[INFO] [stderr]    Compiling signal-hook-registry v1.4.4
[INFO] [stderr]    Compiling mio v1.0.3
[INFO] [stderr]    Compiling socket2 v0.5.9
[INFO] [stderr]    Compiling nom v7.1.3
[INFO] [stderr]    Compiling parking_lot v0.12.3
[INFO] [stderr]    Compiling quote v1.0.40
[INFO] [stderr]    Compiling syn v2.0.100
[INFO] [stderr]    Compiling syn v1.0.109
[INFO] [stderr]    Compiling openssl-probe v0.1.6
[INFO] [stderr]    Compiling object v0.36.7
[INFO] [stderr]    Compiling once_cell v1.21.3
[INFO] [stderr]    Compiling openssl-sys v0.9.107
[INFO] [stderr]    Compiling ring v0.17.14
[INFO] [stderr]    Compiling form_urlencoded v1.2.1
[INFO] [stderr]    Compiling crc32fast v1.4.2
[INFO] [stderr]    Compiling time v0.3.41
[INFO] [stderr]    Compiling oid-registry v0.6.1
[INFO] [stderr]    Compiling gimli v0.31.1
[INFO] [stderr]    Compiling rustversion v1.0.20
[INFO] [stderr]    Compiling flate2 v1.1.1
[INFO] [stderr]    Compiling getrandom v0.2.15
[INFO] [stderr]    Compiling aho-corasick v1.1.3
[INFO] [stderr]    Compiling sync_wrapper v1.0.2
[INFO] [stderr]    Compiling rustc-demangle v0.1.24
[INFO] [stderr]    Compiling anyhow v1.0.98
[INFO] [stderr]    Compiling regex-syntax v0.8.5
[INFO] [stderr]    Compiling num-integer v0.1.46
[INFO] [stderr]    Compiling ucd-trie v0.1.7
[INFO] [stderr]    Compiling rustls-pki-types v1.11.0
[INFO] [stderr]    Compiling pem v3.0.5
[INFO] [stderr]    Compiling num-bigint v0.4.6
[INFO] [stderr]    Compiling rustls-pemfile v2.2.0
[INFO] [stderr]    Compiling ipnet v2.11.0
[INFO] [stderr]    Compiling data-encoding v2.9.0
[INFO] [stderr]    Compiling base64 v0.21.7
[INFO] [stderr]    Compiling uuid v1.16.0
[INFO] [stderr]    Compiling rusticata-macros v4.1.0
[INFO] [stderr]    Compiling dyn-clone v1.0.19
[INFO] [stderr]    Compiling addr2line v0.24.2
[INFO] [stderr]    Compiling regex-automata v0.4.9
[INFO] [stderr]    Compiling synstructure v0.12.6
[INFO] [stderr]    Compiling synstructure v0.13.1
[INFO] [stderr]    Compiling backtrace v0.3.74
[INFO] [stderr]    Compiling asn1-rs-derive v0.4.0
[INFO] [stderr]    Compiling asn1-rs-impl v0.1.0
[INFO] [stderr]    Compiling serde_derive v1.0.219
[INFO] [stderr]    Compiling displaydoc v0.2.5
[INFO] [stderr]    Compiling zerofrom-derive v0.1.6
[INFO] [stderr]    Compiling yoke-derive v0.7.5
[INFO] [stderr]    Compiling zerovec-derive v0.10.3
[INFO] [stderr]    Compiling tokio-macros v2.5.0
[INFO] [stderr]    Compiling thiserror-impl v2.0.12
[INFO] [stderr]    Compiling futures-macro v0.3.31
[INFO] [stderr]    Compiling icu_provider_macros v1.5.0
[INFO] [stderr]    Compiling openssl-macros v0.1.1
[INFO] [stderr]    Compiling tracing-attributes v0.1.28
[INFO] [stderr]    Compiling thiserror-impl v1.0.69
[INFO] [stderr]    Compiling pin-project-internal v1.1.10
[INFO] [stderr]    Compiling async-stream-impl v0.3.6
[INFO] [stderr]    Compiling strum_macros v0.25.3
[INFO] [stderr]    Compiling remain v0.2.15
[INFO] [stderr]    Compiling futures-util v0.3.31
[INFO] [stderr]    Compiling async-stream v0.3.6
[INFO] [stderr]    Compiling async-trait v0.1.88
[INFO] [stderr]    Compiling pin-project v1.1.10
[INFO] [stderr]    Compiling tracing v0.1.41
[INFO] [stderr]    Compiling thiserror v1.0.69
[INFO] [stderr]    Compiling asn1-rs v0.5.2
[INFO] [stderr]    Compiling zerofrom v0.1.6
[INFO] [stderr]    Compiling yoke v0.7.5
[INFO] [stderr]    Compiling pest v2.8.0
[INFO] [stderr]    Compiling simple_asn1 v0.6.3
[INFO] [stderr]    Compiling zerovec v0.10.4
[INFO] [stderr]    Compiling regex v1.11.1
[INFO] [stderr]    Compiling strum v0.25.0
[INFO] [stderr]    Compiling Inflector v0.11.4
[INFO] [stderr]    Compiling pest_meta v2.8.0
[INFO] [stderr]    Compiling der-parser v8.2.0
[INFO] [stderr]    Compiling tinystr v0.7.6
[INFO] [stderr]    Compiling icu_locid v1.5.0
[INFO] [stderr]    Compiling icu_collections v1.5.0
[INFO] [stderr]    Compiling pest_generator v2.8.0
[INFO] [stderr]    Compiling x509-parser v0.15.1
[INFO] [stderr]    Compiling icu_provider v1.5.0
[INFO] [stderr]    Compiling icu_locid_transform v1.5.0
[INFO] [stderr]    Compiling pest_derive v2.8.0
[INFO] [stderr]    Compiling futures-executor v0.3.31
[INFO] [stderr]    Compiling futures v0.3.31
[INFO] [stderr]    Compiling icu_properties v1.5.1
[INFO] [stderr]    Compiling bytes v1.10.1
[INFO] [stderr]    Compiling serde_urlencoded v0.7.1
[INFO] [stderr]    Compiling hashbrown v0.5.0
[INFO] [stderr]    Compiling icu_normalizer v1.5.0
[INFO] [stderr]    Compiling idna_adapter v1.2.0
[INFO] [stderr]    Compiling tokio v1.44.2
[INFO] [stderr]    Compiling http v1.3.1
[INFO] [stderr]    Compiling http v0.2.12
[INFO] [stderr]    Compiling idna v1.0.3
[INFO] [stderr]    Compiling handlebars v2.0.4
[INFO] [stderr]    Compiling jsonwebtoken v9.3.1
[INFO] [stderr]    Compiling http-body v1.0.1
[INFO] [stderr]    Compiling http-body-util v0.1.3
[INFO] [stderr]    Compiling url v2.5.4
[INFO] [stderr]    Compiling http-serde v1.1.3
[INFO] [stderr]    Compiling hyper v1.6.0
[INFO] [stderr]    Compiling tokio-native-tls v0.3.1
[INFO] [stderr]    Compiling tokio-util v0.7.14
[INFO] [stderr]    Compiling tower v0.5.2
[INFO] [stderr]    Compiling async-compression v0.4.22
[INFO] [stderr]    Compiling tower v0.4.13
[INFO] [stderr]    Compiling hyper-util v0.1.11
[INFO] [stderr]    Compiling hyper-tls v0.6.0
[INFO] [stderr]    Compiling reqwest v0.12.15
[INFO] [stderr]    Compiling graph-error v1.0.0
[INFO] [stderr]    Compiling graph-core v3.0.0
[INFO] [stderr]    Compiling graph-http v3.0.0 (/opt/rustwide/workdir)
[INFO] [stdout] warning: unnecessary parentheses around type
[INFO] [stdout]   --> src/tower_services.rs:15:50
[INFO] [stdout]    |
[INFO] [stdout] 15 | impl tower::retry::Policy<Request, Response, Box<(dyn std::error::Error + Send + Sync + 'static)>>
[INFO] [stdout]    |                                                  ^                                             ^
[INFO] [stdout]    |
[INFO] [stdout]    = note: `#[warn(unused_parens)]` (part of `#[warn(unused)]`) on by default
[INFO] [stdout] help: remove these parentheses
[INFO] [stdout]    |
[INFO] [stdout] 15 - impl tower::retry::Policy<Request, Response, Box<(dyn std::error::Error + Send + Sync + 'static)>>
[INFO] [stdout] 15 + impl tower::retry::Policy<Request, Response, Box<dyn std::error::Error + Send + Sync + 'static>>
[INFO] [stdout]    |
[INFO] [stdout] 
[INFO] [stdout] 
[INFO] [stdout] warning: unnecessary parentheses around type
[INFO] [stdout]   --> src/tower_services.rs:23:40
[INFO] [stdout]    |
[INFO] [stdout] 23 |         result: Result<&Response, &Box<(dyn std::error::Error + Send + Sync + 'static)>>,
[INFO] [stdout]    |                                        ^                                             ^
[INFO] [stdout]    |
[INFO] [stdout] help: remove these parentheses
[INFO] [stdout]    |
[INFO] [stdout] 23 -         result: Result<&Response, &Box<(dyn std::error::Error + Send + Sync + 'static)>>,
[INFO] [stdout] 23 +         result: Result<&Response, &Box<dyn std::error::Error + Send + Sync + 'static>>,
[INFO] [stdout]    |
[INFO] [stdout] 
[INFO] [stdout] 
[INFO] [stdout] warning: unnecessary parentheses around type
[INFO] [stdout]   --> src/tower_services.rs:50:50
[INFO] [stdout]    |
[INFO] [stdout] 50 | impl tower::retry::Policy<Request, Response, Box<(dyn std::error::Error + Send + Sync + 'static)>>
[INFO] [stdout]    |                                                  ^                                             ^
[INFO] [stdout]    |
[INFO] [stdout] help: remove these parentheses
[INFO] [stdout]    |
[INFO] [stdout] 50 - impl tower::retry::Policy<Request, Response, Box<(dyn std::error::Error + Send + Sync + 'static)>>
[INFO] [stdout] 50 + impl tower::retry::Policy<Request, Response, Box<dyn std::error::Error + Send + Sync + 'static>>
[INFO] [stdout]    |
[INFO] [stdout] 
[INFO] [stdout] 
[INFO] [stdout] warning: unnecessary parentheses around type
[INFO] [stdout]   --> src/tower_services.rs:58:40
[INFO] [stdout]    |
[INFO] [stdout] 58 |         result: Result<&Response, &Box<(dyn std::error::Error + Send + Sync + 'static)>>,
[INFO] [stdout]    |                                        ^                                             ^
[INFO] [stdout]    |
[INFO] [stdout] help: remove these parentheses
[INFO] [stdout]    |
[INFO] [stdout] 58 -         result: Result<&Response, &Box<(dyn std::error::Error + Send + Sync + 'static)>>,
[INFO] [stdout] 58 +         result: Result<&Response, &Box<dyn std::error::Error + Send + Sync + 'static>>,
[INFO] [stdout]    |
[INFO] [stdout] 
[INFO] [stdout] 
[INFO] [stdout] warning: hiding a lifetime that's elided elsewhere is confusing
[INFO] [stdout]   --> src/url/graphurl.rs:61:34
[INFO] [stdout]    |
[INFO] [stdout] 61 |     pub fn path_segments_mutable(&mut self) -> Result<PathSegmentsMut, ()> {
[INFO] [stdout]    |                                  ^^^^^^^^^            ^^^^^^^^^^^^^^^ the same lifetime is hidden here
[INFO] [stdout]    |                                  |
[INFO] [stdout]    |                                  the lifetime is elided here
[INFO] [stdout]    |
[INFO] [stdout]    = help: the same lifetime is referred to in inconsistent ways, making the signature confusing
[INFO] [stdout]    = note: `#[warn(mismatched_lifetime_syntaxes)]` on by default
[INFO] [stdout] help: use `'_` for type paths
[INFO] [stdout]    |
[INFO] [stdout] 61 |     pub fn path_segments_mutable(&mut self) -> Result<PathSegmentsMut<'_>, ()> {
[INFO] [stdout]    |                                                                      ++++
[INFO] [stdout] 
[INFO] [stdout] 
[INFO] [stdout] warning: hiding a lifetime that's elided elsewhere is confusing
[INFO] [stdout]   --> src/url/graphurl.rs:80:32
[INFO] [stdout]    |
[INFO] [stdout] 80 |     pub fn query_pairs_mutable(&mut self) -> Serializer<UrlQuery> {
[INFO] [stdout]    |                                ^^^^^^^^^     ^^^^^^^^^^^^^^^^^^^^
[INFO] [stdout]    |                                |             |          |
[INFO] [stdout]    |                                |             |          the same lifetime is hidden here
[INFO] [stdout]    |                                |             the same lifetime is hidden here
[INFO] [stdout]    |                                the lifetime is elided here
[INFO] [stdout]    |
[INFO] [stdout]    = help: the same lifetime is referred to in inconsistent ways, making the signature confusing
[INFO] [stdout] help: use `'_` for type paths
[INFO] [stdout]    |
[INFO] [stdout] 80 |     pub fn query_pairs_mutable(&mut self) -> Serializer<'_, UrlQuery<'_>> {
[INFO] [stdout]    |                                                         +++         ++++
[INFO] [stdout] 
[INFO] [stdout] 
[INFO] [stderr]     Finished `release` profile [optimized] target(s) in 2m 07s
[INFO] running `Command { std: "docker" "inspect" "314253d657030a518575675225c6e5d1a09fb0721be2a9b9926eb742fadf37c5", kill_on_drop: false }`
[INFO] running `Command { std: "docker" "exec" "-e" "SOURCE_DIR=/opt/rustwide/workdir" "-e" "CARGO_HOME=/opt/rustwide/cargo-home" "-e" "RUSTUP_HOME=/opt/rustwide/rustup-home" "-e" "CARGO_TARGET_DIR=/opt/rustwide/target" "-e" "CARGO_INCREMENTAL=0" "-e" "RUST_BACKTRACE=full" "-e" "RUSTFLAGS=--cap-lints=warn" "-e" "RUSTDOCFLAGS=--cap-lints=warn" "-w" "/opt/rustwide/workdir" "--user" "0:0" "314253d657030a518575675225c6e5d1a09fb0721be2a9b9926eb742fadf37c5" "/opt/rustwide/cargo-home/bin/cargo" "+1.99.0-beta.8" "test" "--frozen" "--no-run" "--message-format=json" "--release", kill_on_drop: false }`
[INFO] [stdout] warning: unnecessary parentheses around type
[INFO] [stdout]   --> src/tower_services.rs:15:50
[INFO] [stdout]    |
[INFO] [stdout] 15 | impl tower::retry::Policy<Request, Response, Box<(dyn std::error::Error + Send + Sync + 'static)>>
[INFO] [stdout]    |                                                  ^                                             ^
[INFO] [stdout]    |
[INFO] [stdout]    = note: `#[warn(unused_parens)]` (part of `#[warn(unused)]`) on by default
[INFO] [stdout] help: remove these parentheses
[INFO] [stdout]    |
[INFO] [stdout] 15 - impl tower::retry::Policy<Request, Response, Box<(dyn std::error::Error + Send + Sync + 'static)>>
[INFO] [stdout] 15 + impl tower::retry::Policy<Request, Response, Box<dyn std::error::Error + Send + Sync + 'static>>
[INFO] [stdout]    |
[INFO] [stdout] 
[INFO] [stdout] 
[INFO] [stdout] warning: unnecessary parentheses around type
[INFO] [stdout]   --> src/tower_services.rs:23:40
[INFO] [stdout]    |
[INFO] [stdout] 23 |         result: Result<&Response, &Box<(dyn std::error::Error + Send + Sync + 'static)>>,
[INFO] [stdout]    |                                        ^                                             ^
[INFO] [stdout]    |
[INFO] [stdout] help: remove these parentheses
[INFO] [stdout]    |
[INFO] [stdout] 23 -         result: Result<&Response, &Box<(dyn std::error::Error + Send + Sync + 'static)>>,
[INFO] [stdout] 23 +         result: Result<&Response, &Box<dyn std::error::Error + Send + Sync + 'static>>,
[INFO] [stdout]    |
[INFO] [stdout] 
[INFO] [stdout] 
[INFO] [stdout] warning: unnecessary parentheses around type
[INFO] [stdout]   --> src/tower_services.rs:50:50
[INFO] [stdout]    |
[INFO] [stdout] 50 | impl tower::retry::Policy<Request, Response, Box<(dyn std::error::Error + Send + Sync + 'static)>>
[INFO] [stdout]    |                                                  ^                                             ^
[INFO] [stdout]    |
[INFO] [stdout] help: remove these parentheses
[INFO] [stdout]    |
[INFO] [stdout] 50 - impl tower::retry::Policy<Request, Response, Box<(dyn std::error::Error + Send + Sync + 'static)>>
[INFO] [stdout] 50 + impl tower::retry::Policy<Request, Response, Box<dyn std::error::Error + Send + Sync + 'static>>
[INFO] [stdout]    |
[INFO] [stdout] 
[INFO] [stdout] 
[INFO] [stderr]    Compiling graph-http v3.0.0 (/opt/rustwide/workdir)
[INFO] [stdout] warning: unnecessary parentheses around type
[INFO] [stdout]   --> src/tower_services.rs:58:40
[INFO] [stdout]    |
[INFO] [stdout] 58 |         result: Result<&Response, &Box<(dyn std::error::Error + Send + Sync + 'static)>>,
[INFO] [stdout]    |                                        ^                                             ^
[INFO] [stdout]    |
[INFO] [stdout] help: remove these parentheses
[INFO] [stdout]    |
[INFO] [stdout] 58 -         result: Result<&Response, &Box<(dyn std::error::Error + Send + Sync + 'static)>>,
[INFO] [stdout] 58 +         result: Result<&Response, &Box<dyn std::error::Error + Send + Sync + 'static>>,
[INFO] [stdout]    |
[INFO] [stdout] 
[INFO] [stdout] 
[INFO] [stdout] warning: hiding a lifetime that's elided elsewhere is confusing
[INFO] [stdout]   --> src/url/graphurl.rs:61:34
[INFO] [stdout]    |
[INFO] [stdout] 61 |     pub fn path_segments_mutable(&mut self) -> Result<PathSegmentsMut, ()> {
[INFO] [stdout]    |                                  ^^^^^^^^^            ^^^^^^^^^^^^^^^ the same lifetime is hidden here
[INFO] [stdout]    |                                  |
[INFO] [stdout]    |                                  the lifetime is elided here
[INFO] [stdout]    |
[INFO] [stdout]    = help: the same lifetime is referred to in inconsistent ways, making the signature confusing
[INFO] [stdout]    = note: `#[warn(mismatched_lifetime_syntaxes)]` on by default
[INFO] [stdout] help: use `'_` for type paths
[INFO] [stdout]    |
[INFO] [stdout] 61 |     pub fn path_segments_mutable(&mut self) -> Result<PathSegmentsMut<'_>, ()> {
[INFO] [stdout]    |                                                                      ++++
[INFO] [stdout] 
[INFO] [stdout] 
[INFO] [stdout] warning: hiding a lifetime that's elided elsewhere is confusing
[INFO] [stdout]   --> src/url/graphurl.rs:80:32
[INFO] [stdout]    |
[INFO] [stdout] 80 |     pub fn query_pairs_mutable(&mut self) -> Serializer<UrlQuery> {
[INFO] [stdout]    |                                ^^^^^^^^^     ^^^^^^^^^^^^^^^^^^^^
[INFO] [stdout]    |                                |             |          |
[INFO] [stdout]    |                                |             |          the same lifetime is hidden here
[INFO] [stdout]    |                                |             the same lifetime is hidden here
[INFO] [stdout]    |                                the lifetime is elided here
[INFO] [stdout]    |
[INFO] [stdout]    = help: the same lifetime is referred to in inconsistent ways, making the signature confusing
[INFO] [stdout] help: use `'_` for type paths
[INFO] [stdout]    |
[INFO] [stdout] 80 |     pub fn query_pairs_mutable(&mut self) -> Serializer<'_, UrlQuery<'_>> {
[INFO] [stdout]    |                                                         +++         ++++
[INFO] [stdout] 
[INFO] [stdout] 
[INFO] [stdout] warning: unnecessary parentheses around type
[INFO] [stdout]   --> src/tower_services.rs:15:50
[INFO] [stdout]    |
[INFO] [stdout] 15 | impl tower::retry::Policy<Request, Response, Box<(dyn std::error::Error + Send + Sync + 'static)>>
[INFO] [stdout]    |                                                  ^                                             ^
[INFO] [stdout]    |
[INFO] [stdout]    = note: `#[warn(unused_parens)]` (part of `#[warn(unused)]`) on by default
[INFO] [stdout] help: remove these parentheses
[INFO] [stdout]    |
[INFO] [stdout] 15 - impl tower::retry::Policy<Request, Response, Box<(dyn std::error::Error + Send + Sync + 'static)>>
[INFO] [stdout] 15 + impl tower::retry::Policy<Request, Response, Box<dyn std::error::Error + Send + Sync + 'static>>
[INFO] [stdout]    |
[INFO] [stdout] 
[INFO] [stdout] 
[INFO] [stdout] warning: unnecessary parentheses around type
[INFO] [stdout]   --> src/tower_services.rs:23:40
[INFO] [stdout]    |
[INFO] [stdout] 23 |         result: Result<&Response, &Box<(dyn std::error::Error + Send + Sync + 'static)>>,
[INFO] [stdout]    |                                        ^                                             ^
[INFO] [stdout]    |
[INFO] [stdout] help: remove these parentheses
[INFO] [stdout]    |
[INFO] [stdout] 23 -         result: Result<&Response, &Box<(dyn std::error::Error + Send + Sync + 'static)>>,
[INFO] [stdout] 23 +         result: Result<&Response, &Box<dyn std::error::Error + Send + Sync + 'static>>,
[INFO] [stdout]    |
[INFO] [stdout] 
[INFO] [stdout] 
[INFO] [stdout] warning: unnecessary parentheses around type
[INFO] [stdout]   --> src/tower_services.rs:50:50
[INFO] [stdout]    |
[INFO] [stdout] 50 | impl tower::retry::Policy<Request, Response, Box<(dyn std::error::Error + Send + Sync + 'static)>>
[INFO] [stdout]    |                                                  ^                                             ^
[INFO] [stdout]    |
[INFO] [stdout] help: remove these parentheses
[INFO] [stdout]    |
[INFO] [stdout] 50 - impl tower::retry::Policy<Request, Response, Box<(dyn std::error::Error + Send + Sync + 'static)>>
[INFO] [stdout] 50 + impl tower::retry::Policy<Request, Response, Box<dyn std::error::Error + Send + Sync + 'static>>
[INFO] [stdout]    |
[INFO] [stdout] 
[INFO] [stdout] 
[INFO] [stdout] warning: unnecessary parentheses around type
[INFO] [stdout]   --> src/tower_services.rs:58:40
[INFO] [stdout]    |
[INFO] [stdout] 58 |         result: Result<&Response, &Box<(dyn std::error::Error + Send + Sync + 'static)>>,
[INFO] [stdout]    |                                        ^                                             ^
[INFO] [stdout]    |
[INFO] [stdout] help: remove these parentheses
[INFO] [stdout]    |
[INFO] [stdout] 58 -         result: Result<&Response, &Box<(dyn std::error::Error + Send + Sync + 'static)>>,
[INFO] [stdout] 58 +         result: Result<&Response, &Box<dyn std::error::Error + Send + Sync + 'static>>,
[INFO] [stdout]    |
[INFO] [stdout] 
[INFO] [stdout] 
[INFO] [stdout] warning: hiding a lifetime that's elided elsewhere is confusing
[INFO] [stdout]   --> src/url/graphurl.rs:61:34
[INFO] [stdout]    |
[INFO] [stdout] 61 |     pub fn path_segments_mutable(&mut self) -> Result<PathSegmentsMut, ()> {
[INFO] [stdout]    |                                  ^^^^^^^^^            ^^^^^^^^^^^^^^^ the same lifetime is hidden here
[INFO] [stdout]    |                                  |
[INFO] [stdout]    |                                  the lifetime is elided here
[INFO] [stdout]    |
[INFO] [stdout]    = help: the same lifetime is referred to in inconsistent ways, making the signature confusing
[INFO] [stdout]    = note: `#[warn(mismatched_lifetime_syntaxes)]` on by default
[INFO] [stdout] help: use `'_` for type paths
[INFO] [stdout]    |
[INFO] [stdout] 61 |     pub fn path_segments_mutable(&mut self) -> Result<PathSegmentsMut<'_>, ()> {
[INFO] [stdout]    |                                                                      ++++
[INFO] [stdout] 
[INFO] [stdout] 
[INFO] [stdout] warning: hiding a lifetime that's elided elsewhere is confusing
[INFO] [stdout]   --> src/url/graphurl.rs:80:32
[INFO] [stdout]    |
[INFO] [stdout] 80 |     pub fn query_pairs_mutable(&mut self) -> Serializer<UrlQuery> {
[INFO] [stdout]    |                                ^^^^^^^^^     ^^^^^^^^^^^^^^^^^^^^
[INFO] [stdout]    |                                |             |          |
[INFO] [stdout]    |                                |             |          the same lifetime is hidden here
[INFO] [stdout]    |                                |             the same lifetime is hidden here
[INFO] [stdout]    |                                the lifetime is elided here
[INFO] [stdout]    |
[INFO] [stdout]    = help: the same lifetime is referred to in inconsistent ways, making the signature confusing
[INFO] [stdout] help: use `'_` for type paths
[INFO] [stdout]    |
[INFO] [stdout] 80 |     pub fn query_pairs_mutable(&mut self) -> Serializer<'_, UrlQuery<'_>> {
[INFO] [stdout]    |                                                         +++         ++++
[INFO] [stdout] 
[INFO] [stdout] 
[INFO] [stderr]     Finished `release` profile [optimized] target(s) in 2.30s
[INFO] running `Command { std: "docker" "inspect" "314253d657030a518575675225c6e5d1a09fb0721be2a9b9926eb742fadf37c5", kill_on_drop: false }`
[INFO] running `Command { std: "docker" "exec" "-e" "SOURCE_DIR=/opt/rustwide/workdir" "-e" "CARGO_HOME=/opt/rustwide/cargo-home" "-e" "RUSTUP_HOME=/opt/rustwide/rustup-home" "-e" "CARGO_TARGET_DIR=/opt/rustwide/target" "-e" "CARGO_INCREMENTAL=0" "-e" "RUST_BACKTRACE=full" "-e" "RUSTFLAGS=--cap-lints=warn" "-e" "RUSTDOCFLAGS=--cap-lints=warn" "-w" "/opt/rustwide/workdir" "--user" "0:0" "314253d657030a518575675225c6e5d1a09fb0721be2a9b9926eb742fadf37c5" "/opt/rustwide/cargo-home/bin/cargo" "+1.99.0-beta.8" "test" "--frozen" "--release", kill_on_drop: false }`
[INFO] [stderr] warning: unnecessary parentheses around type
[INFO] [stderr]   --> src/tower_services.rs:15:50
[INFO] [stderr]    |
[INFO] [stderr] 15 | impl tower::retry::Policy<Request, Response, Box<(dyn std::error::Error + Send + Sync + 'static)>>
[INFO] [stderr]    |                                                  ^                                             ^
[INFO] [stderr]    |
[INFO] [stderr]    = note: `#[warn(unused_parens)]` (part of `#[warn(unused)]`) on by default
[INFO] [stderr] help: remove these parentheses
[INFO] [stderr]    |
[INFO] [stderr] 15 - impl tower::retry::Policy<Request, Response, Box<(dyn std::error::Error + Send + Sync + 'static)>>
[INFO] [stderr] 15 + impl tower::retry::Policy<Request, Response, Box<dyn std::error::Error + Send + Sync + 'static>>
[INFO] [stderr]    |
[INFO] [stderr] 
[INFO] [stderr] warning: unnecessary parentheses around type
[INFO] [stderr]   --> src/tower_services.rs:23:40
[INFO] [stderr]    |
[INFO] [stderr] 23 |         result: Result<&Response, &Box<(dyn std::error::Error + Send + Sync + 'static)>>,
[INFO] [stderr]    |                                        ^                                             ^
[INFO] [stderr]    |
[INFO] [stderr] help: remove these parentheses
[INFO] [stderr]    |
[INFO] [stderr] 23 -         result: Result<&Response, &Box<(dyn std::error::Error + Send + Sync + 'static)>>,
[INFO] [stderr] 23 +         result: Result<&Response, &Box<dyn std::error::Error + Send + Sync + 'static>>,
[INFO] [stderr]    |
[INFO] [stderr] 
[INFO] [stderr] warning: unnecessary parentheses around type
[INFO] [stderr]   --> src/tower_services.rs:50:50
[INFO] [stderr]    |
[INFO] [stderr] 50 | impl tower::retry::Policy<Request, Response, Box<(dyn std::error::Error + Send + Sync + 'static)>>
[INFO] [stderr]    |                                                  ^                                             ^
[INFO] [stderr]    |
[INFO] [stderr] help: remove these parentheses
[INFO] [stderr]    |
[INFO] [stderr] 50 - impl tower::retry::Policy<Request, Response, Box<(dyn std::error::Error + Send + Sync + 'static)>>
[INFO] [stderr] 50 + impl tower::retry::Policy<Request, Response, Box<dyn std::error::Error + Send + Sync + 'static>>
[INFO] [stderr]    |
[INFO] [stderr] 
[INFO] [stderr] warning: unnecessary parentheses around type
[INFO] [stderr]   --> src/tower_services.rs:58:40
[INFO] [stderr]    |
[INFO] [stderr] 58 |         result: Result<&Response, &Box<(dyn std::error::Error + Send + Sync + 'static)>>,
[INFO] [stderr]    |                                        ^                                             ^
[INFO] [stderr]    |
[INFO] [stderr] help: remove these parentheses
[INFO] [stderr]    |
[INFO] [stderr] 58 -         result: Result<&Response, &Box<(dyn std::error::Error + Send + Sync + 'static)>>,
[INFO] [stderr] 58 +         result: Result<&Response, &Box<dyn std::error::Error + Send + Sync + 'static>>,
[INFO] [stderr]    |
[INFO] [stderr] 
[INFO] [stderr] warning: hiding a lifetime that's elided elsewhere is confusing
[INFO] [stderr]   --> src/url/graphurl.rs:61:34
[INFO] [stderr]    |
[INFO] [stderr] 61 |     pub fn path_segments_mutable(&mut self) -> Result<PathSegmentsMut, ()> {
[INFO] [stderr]    |                                  ^^^^^^^^^            ^^^^^^^^^^^^^^^ the same lifetime is hidden here
[INFO] [stderr]    |                                  |
[INFO] [stderr]    |                                  the lifetime is elided here
[INFO] [stderr]    |
[INFO] [stderr]    = help: the same lifetime is referred to in inconsistent ways, making the signature confusing
[INFO] [stderr]    = note: `#[warn(mismatched_lifetime_syntaxes)]` on by default
[INFO] [stderr] help: use `'_` for type paths
[INFO] [stderr]    |
[INFO] [stderr] 61 |     pub fn path_segments_mutable(&mut self) -> Result<PathSegmentsMut<'_>, ()> {
[INFO] [stderr]    |                                                                      ++++
[INFO] [stderr] 
[INFO] [stderr] warning: hiding a lifetime that's elided elsewhere is confusing
[INFO] [stderr]   --> src/url/graphurl.rs:80:32
[INFO] [stderr]    |
[INFO] [stderr] 80 |     pub fn query_pairs_mutable(&mut self) -> Serializer<UrlQuery> {
[INFO] [stderr]    |                                ^^^^^^^^^     ^^^^^^^^^^^^^^^^^^^^
[INFO] [stderr]    |                                |             |          |
[INFO] [stderr]    |                                |             |          the same lifetime is hidden here
[INFO] [stderr]    |                                |             the same lifetime is hidden here
[INFO] [stderr]    |                                the lifetime is elided here
[INFO] [stderr]    |
[INFO] [stderr]    = help: the same lifetime is referred to in inconsistent ways, making the signature confusing
[INFO] [stderr] help: use `'_` for type paths
[INFO] [stderr]    |
[INFO] [stderr] 80 |     pub fn query_pairs_mutable(&mut self) -> Serializer<'_, UrlQuery<'_>> {
[INFO] [stderr]    |                                                         +++         ++++
[INFO] [stderr] 
[INFO] [stderr] warning: `graph-http` (lib) generated 6 warnings (run `cargo fix --lib -p graph-http` to apply 6 suggestions)
[INFO] [stderr] warning: `graph-http` (lib test) generated 6 warnings (6 duplicates)
[INFO] [stderr]     Finished `release` profile [optimized] target(s) in 0.24s
[INFO] [stderr]      Running unittests src/lib.rs (/opt/rustwide/target/release/deps/graph_http-7ca995fcb3cc6e47)
[INFO] [stdout] 
[INFO] [stdout] running 2 tests
[INFO] [stdout] test client::test::compile_time_user_agent_header ... FAILED
[INFO] [stdout] test client::test::update_user_agent_header ... ok
[INFO] [stdout] 
[INFO] [stdout] failures:
[INFO] [stdout] 
[INFO] [stdout] ---- client::test::compile_time_user_agent_header stdout ----
[INFO] [stdout] 
[INFO] [stdout] thread 'client::test::compile_time_user_agent_header' (3367) panicked at src/client.rs:502:9:
[INFO] [stdout] assertion failed: client.builder.config.headers.contains_key(USER_AGENT)
[INFO] [stdout] stack backtrace:
[INFO] [stdout]    0:     0x596a433dfa91 - <<std[70759c8f55707aa4]::sys::backtrace::BacktraceLock>::print::DisplayBacktrace as core[df12db4294e9bfd3]::fmt::Display>::fmt
[INFO] [stdout]    1:     0x596a433f545a - core[df12db4294e9bfd3]::fmt::write
[INFO] [stdout]    2:     0x596a433e443c - <alloc[2182bb758b4b3781]::vec::Vec<u8> as core[df12db4294e9bfd3]::io::write::Write>::write_fmt
[INFO] [stderr] error: test failed, to rerun pass `--lib`
[INFO] [stdout]    3:     0x596a433bb006 - std[70759c8f55707aa4]::panicking::default_hook::{closure#0}
[INFO] [stdout]    4:     0x596a433d7ab9 - std[70759c8f55707aa4]::panicking::default_hook
[INFO] [stdout]    5:     0x596a43308e10 - test[9d35eded1c95d3be]::test_main_inner::<test[9d35eded1c95d3be]::test_main_static::{closure#0}>::{closure#0}
[INFO] [stdout]    6:     0x596a433d7de2 - std[70759c8f55707aa4]::panicking::panic_with_hook
[INFO] [stdout]    7:     0x596a433bb0e4 - std[70759c8f55707aa4]::panicking::panic_handler::{closure#0}
[INFO] [stdout]    8:     0x596a433b3d59 - std[70759c8f55707aa4]::sys::backtrace::__rust_end_short_backtrace::<std[70759c8f55707aa4]::panicking::panic_handler::{closure#0}, !>
[INFO] [stdout]    9:     0x596a433bbe9d - __rustc[8fa7c3cbc660c2b3]::rust_begin_unwind
[INFO] [stdout]   10:     0x596a433f5bbc - core[df12db4294e9bfd3]::panicking::panic_fmt
[INFO] [stdout]   11:     0x596a433f5b82 - core[df12db4294e9bfd3]::panicking::panic
[INFO] [stdout]   12:     0x596a432fbb14 - graph_http[450ef1fd3981d838]::client::test::compile_time_user_agent_header
[INFO] [stdout]   13:     0x596a432f8f29 - <graph_http[450ef1fd3981d838]::client::test::compile_time_user_agent_header::{closure#0} as core[df12db4294e9bfd3]::ops::function::FnOnce<()>>::call_once
[INFO] [stdout]   14:     0x596a432fc0fb - test[9d35eded1c95d3be]::__rust_begin_short_backtrace::<core[df12db4294e9bfd3]::result::Result<(), alloc[2182bb758b4b3781]::string::String>, fn() -> core[df12db4294e9bfd3]::result::Result<(), alloc[2182bb758b4b3781]::string::String>>
[INFO] [stdout]   15:     0x596a43309765 - test[9d35eded1c95d3be]::run_test::{closure#0}
[INFO] [stdout]   16:     0x596a43303024 - std[70759c8f55707aa4]::sys::backtrace::__rust_begin_short_backtrace::<test[9d35eded1c95d3be]::run_test::{closure#1}, ()>
[INFO] [stdout]   17:     0x596a4330c8c2 - <std[70759c8f55707aa4]::thread::lifecycle::spawn_unchecked<test[9d35eded1c95d3be]::run_test::{closure#1}, ()>::{closure#1} as core[df12db4294e9bfd3]::ops::function::FnOnce<()>>::call_once::{shim:vtable#0}
[INFO] [stdout]   18:     0x596a433defb9 - <std[70759c8f55707aa4]::sys::thread::unix::Thread>::new::thread_start
[INFO] [stdout]   19:     0x72ccdb402dfa - <unknown>
[INFO] [stdout]   20:     0x72ccdb4963d4 - clone
[INFO] [stdout]   21:                0x0 - <unknown>
[INFO] [stdout] 
[INFO] [stdout] 
[INFO] [stdout] failures:
[INFO] [stdout]     client::test::compile_time_user_agent_header
[INFO] [stdout] 
[INFO] [stdout] test result: FAILED. 1 passed; 1 failed; 0 ignored; 0 measured; 0 filtered out; finished in 0.08s
[INFO] [stdout] 
[INFO] running `Command { std: "docker" "inspect" "314253d657030a518575675225c6e5d1a09fb0721be2a9b9926eb742fadf37c5", kill_on_drop: false }`
[INFO] running `Command { std: "docker" "rm" "-f" "314253d657030a518575675225c6e5d1a09fb0721be2a9b9926eb742fadf37c5", kill_on_drop: false }`
[INFO] [stdout] 314253d657030a518575675225c6e5d1a09fb0721be2a9b9926eb742fadf37c5
