[INFO] fetching crate gpt-model 0.1.0...
[INFO] testing gpt-model-0.1.0 against 1.99.0-beta.8+cargoflags=--release for beta-release-1.100-2
[INFO] extracting crate gpt-model 0.1.0 into /workspace/builds/worker-0-tc1/source
[INFO] started tweaking crates.io crate gpt-model 0.1.0
[INFO] finished tweaking crates.io crate gpt-model 0.1.0
[INFO] tweaked toml for crates.io crate gpt-model 0.1.0 written to /workspace/builds/worker-0-tc1/source/Cargo.toml
[INFO] validating manifest of crates.io crate gpt-model 0.1.0 on toolchain 1.99.0-beta.8
[INFO] running `Command { std: CARGO_HOME="/workspace/cargo-home" RUSTUP_HOME="/workspace/rustup-home" "/workspace/cargo-home/bin/cargo" "+1.99.0-beta.8" "metadata" "--manifest-path" "Cargo.toml" "--no-deps", kill_on_drop: false }`
[INFO] running `Command { std: CARGO_HOME="/workspace/cargo-home" RUSTUP_HOME="/workspace/rustup-home" "/workspace/cargo-home/bin/cargo" "+1.99.0-beta.8" "generate-lockfile" "--manifest-path" "Cargo.toml", kill_on_drop: false }`
[INFO] [stderr]     Updating crates.io index
[INFO] [stderr]      Locking 115 packages to highest compatible versions
[INFO] [stderr]       Adding fancy-regex v0.10.0 (available: v0.19.2)
[INFO] [stderr]       Adding ndarray v0.15.6 (available: v0.17.2)
[INFO] [stderr]       Adding psm v0.1.24 (available: v0.1.32)
[INFO] [stderr]       Adding rand v0.8.8 (available: v0.10.3)
[INFO] [stderr]       Adding tract-onnx v0.18.5 (available: v0.23.9)
[INFO] running `Command { std: CARGO_HOME="/workspace/cargo-home" RUSTUP_HOME="/workspace/rustup-home" "/workspace/cargo-home/bin/cargo" "+1.99.0-beta.8" "fetch" "--manifest-path" "Cargo.toml", kill_on_drop: false }`
[INFO] [stderr]  Downloading crates ...
[INFO] [stderr]   Downloaded tract-onnx-opl v0.18.5
[INFO] [stderr]   Downloaded tract-nnef v0.18.5
[INFO] [stderr]   Downloaded scan_fmt v0.2.6
[INFO] [stderr]   Downloaded liquid-derive v0.26.10
[INFO] [stderr]   Downloaded liquid v0.26.11
[INFO] [stderr]   Downloaded prost v0.11.9
[INFO] [stderr]   Downloaded prost-derive v0.11.9
[INFO] [stderr]   Downloaded tract-data v0.18.5
[INFO] [stderr]   Downloaded anymap2 v0.13.0
[INFO] [stderr]   Downloaded liquid-lib v0.26.11
[INFO] [stderr]   Downloaded liquid-core v0.26.11
[INFO] [stderr]   Downloaded tract-hir v0.18.5
[INFO] [stderr]   Downloaded fancy-regex v0.10.0
[INFO] [stderr]   Downloaded tract-onnx v0.18.5
[INFO] [stderr]   Downloaded tract-core v0.18.5
[INFO] [stderr]   Downloaded tract-linalg v0.18.5
[INFO] running `Command { std: "docker" "create" "-v" "/var/lib/crater-agent-workspace/builds/worker-0-tc1/source:/opt/rustwide/workdir:ro,Z" "-v" "/var/lib/crater-agent-workspace/builds/worker-0-tc1/target:/opt/rustwide/target:rw,Z" "-v" "/var/lib/crater-agent-workspace/cargo-home:/opt/rustwide/cargo-home:ro,Z" "-v" "/var/lib/crater-agent-workspace/rustup-home:/opt/rustwide/rustup-home:ro,Z" "-m" "1610612736" "--network" "none" "ghcr.io/rust-lang/crates-build-env/linux@sha256:77db811e55d90add9212f6832c23229e3de5f1c1f9905e8cb07319ea15df73ac" "sleep" "infinity", kill_on_drop: false }`
[INFO] [stdout] 9b59ee8645cb95db0ee0c5fd90bfd9adc25aed9e761c3e5b7616934284496f56
[INFO] running `Command { std: "docker" "start" "9b59ee8645cb95db0ee0c5fd90bfd9adc25aed9e761c3e5b7616934284496f56", kill_on_drop: false }`
[INFO] running `Command { std: "docker" "inspect" "9b59ee8645cb95db0ee0c5fd90bfd9adc25aed9e761c3e5b7616934284496f56", kill_on_drop: false }`
[INFO] running `Command { std: "docker" "exec" "-e" "SOURCE_DIR=/opt/rustwide/workdir" "-e" "CARGO_HOME=/opt/rustwide/cargo-home" "-e" "RUSTUP_HOME=/opt/rustwide/rustup-home" "-e" "CARGO_TARGET_DIR=/opt/rustwide/target" "-w" "/opt/rustwide/workdir" "--user" "0:0" "9b59ee8645cb95db0ee0c5fd90bfd9adc25aed9e761c3e5b7616934284496f56" "/opt/rustwide/cargo-home/bin/cargo" "+1.99.0-beta.8" "metadata" "--no-deps" "--format-version=1", kill_on_drop: false }`
[INFO] running `Command { std: "docker" "inspect" "9b59ee8645cb95db0ee0c5fd90bfd9adc25aed9e761c3e5b7616934284496f56", kill_on_drop: false }`
[INFO] running `Command { std: "docker" "exec" "-e" "SOURCE_DIR=/opt/rustwide/workdir" "-e" "CARGO_HOME=/opt/rustwide/cargo-home" "-e" "RUSTUP_HOME=/opt/rustwide/rustup-home" "-e" "CARGO_TARGET_DIR=/opt/rustwide/target" "-e" "CARGO_INCREMENTAL=0" "-e" "RUST_BACKTRACE=full" "-e" "RUSTFLAGS=--cap-lints=warn" "-e" "RUSTDOCFLAGS=--cap-lints=warn" "-w" "/opt/rustwide/workdir" "--user" "0:0" "9b59ee8645cb95db0ee0c5fd90bfd9adc25aed9e761c3e5b7616934284496f56" "/opt/rustwide/cargo-home/bin/cargo" "+1.99.0-beta.8" "build" "--frozen" "--message-format=json" "--release", kill_on_drop: false }`
[INFO] [stderr]    Compiling syn v2.0.119
[INFO] [stderr]    Compiling zerocopy v0.8.63
[INFO] [stderr]    Compiling syn v3.0.9
[INFO] [stderr]    Compiling either v1.19.0
[INFO] [stderr]    Compiling aho-corasick v1.1.5
[INFO] [stderr]    Compiling regex-syntax v0.8.11
[INFO] [stderr]    Compiling syn v1.0.109
[INFO] [stderr]    Compiling num-traits v0.2.19
[INFO] [stderr]    Compiling psm v0.1.24
[INFO] [stderr]    Compiling stacker v0.1.25
[INFO] [stderr]    Compiling time-macros v0.2.32
[INFO] [stderr]    Compiling static_assertions v1.1.0
[INFO] [stderr]    Compiling powerfmt v0.2.1
[INFO] [stderr]    Compiling deranged v0.5.9
[INFO] [stderr]    Compiling anymap2 v0.13.0
[INFO] [stderr]    Compiling matrixmultiply v0.3.11
[INFO] [stderr]    Compiling tinyvec v1.13.3
[INFO] [stderr]    Compiling num-complex v0.4.6
[INFO] [stderr]    Compiling itertools v0.14.0
[INFO] [stderr]    Compiling num-integer v0.1.47
[INFO] [stderr]    Compiling pest v2.9.4
[INFO] [stderr]    Compiling unicode-normalization v0.1.26
[INFO] [stderr]    Compiling smallvec v1.16.3
[INFO] [stderr]    Compiling itertools v0.10.5
[INFO] [stderr]    Compiling maplit v1.0.2
[INFO] [stderr]    Compiling bit-vec v0.6.3
[INFO] [stderr]    Compiling rustix v1.1.5
[INFO] [stderr]    Compiling num-bigint v0.4.8
[INFO] [stderr]    Compiling bit-set v0.5.3
[INFO] [stderr]    Compiling ndarray v0.15.6
[INFO] [stderr]    Compiling pest_meta v2.9.4
[INFO] [stderr]    Compiling getrandom v0.2.17
[INFO] [stderr]    Compiling crc32fast v1.5.2
[INFO] [stderr]    Compiling time v0.3.55
[INFO] [stderr]    Compiling regex-automata v0.4.18
[INFO] [stderr]    Compiling rand_core v0.6.4
[INFO] [stderr]    Compiling filetime v0.2.29
[INFO] [stderr]    Compiling nom v7.1.3
[INFO] [stderr]    Compiling flate2 v1.1.10
[INFO] [stderr]    Compiling memmap2 v0.5.10
[INFO] [stderr]    Compiling pest_generator v2.9.4
[INFO] [stderr]    Compiling serde_derive v1.0.229
[INFO] [stderr]    Compiling xattr v1.6.1
[INFO] [stderr]    Compiling pest_derive v2.9.4
[INFO] [stderr]    Compiling tar v0.4.46
[INFO] [stderr]    Compiling zerocopy-derive v0.8.63
[INFO] [stderr]    Compiling liquid-derive v0.26.10
[INFO] [stderr]    Compiling regex v1.13.1
[INFO] [stderr]    Compiling enum-ordinalize v3.1.15
[INFO] [stderr]    Compiling educe v0.4.23
[INFO] [stderr]    Compiling derive-new v0.5.9
[INFO] [stderr]    Compiling prost-derive v0.11.9
[INFO] [stderr]    Compiling serde v1.0.229
[INFO] [stderr]    Compiling kstring v2.0.5
[INFO] [stderr]    Compiling liquid-core v0.26.11
[INFO] [stderr]    Compiling scan_fmt v0.2.6
[INFO] [stderr]    Compiling fancy-regex v0.10.0
[INFO] [stderr]    Compiling prost v0.11.9
[INFO] [stderr]    Compiling liquid-lib v0.26.11
[INFO] [stderr]    Compiling half v2.7.1
[INFO] [stderr]    Compiling liquid v0.26.11
[INFO] [stderr]    Compiling tract-linalg v0.18.5
[INFO] [stderr]    Compiling ppv-lite86 v0.2.21
[INFO] [stderr]    Compiling rand_chacha v0.3.1
[INFO] [stderr]    Compiling rand v0.8.8
[INFO] [stderr]    Compiling tract-data v0.18.5
[INFO] [stderr]    Compiling tract-core v0.18.5
[INFO] [stderr]    Compiling tract-nnef v0.18.5
[INFO] [stderr]    Compiling tract-hir v0.18.5
[INFO] [stderr]    Compiling tract-onnx-opl v0.18.5
[INFO] [stderr]    Compiling tract-onnx v0.18.5
[INFO] [stderr]    Compiling gpt-model v0.1.0 (/opt/rustwide/workdir)
[INFO] [stderr]     Finished `release` profile [optimized] target(s) in 4m 20s
[INFO] running `Command { std: "docker" "inspect" "9b59ee8645cb95db0ee0c5fd90bfd9adc25aed9e761c3e5b7616934284496f56", kill_on_drop: false }`
[INFO] running `Command { std: "docker" "exec" "-e" "SOURCE_DIR=/opt/rustwide/workdir" "-e" "CARGO_HOME=/opt/rustwide/cargo-home" "-e" "RUSTUP_HOME=/opt/rustwide/rustup-home" "-e" "CARGO_TARGET_DIR=/opt/rustwide/target" "-e" "CARGO_INCREMENTAL=0" "-e" "RUST_BACKTRACE=full" "-e" "RUSTFLAGS=--cap-lints=warn" "-e" "RUSTDOCFLAGS=--cap-lints=warn" "-w" "/opt/rustwide/workdir" "--user" "0:0" "9b59ee8645cb95db0ee0c5fd90bfd9adc25aed9e761c3e5b7616934284496f56" "/opt/rustwide/cargo-home/bin/cargo" "+1.99.0-beta.8" "test" "--frozen" "--no-run" "--message-format=json" "--release", kill_on_drop: false }`
[INFO] [stderr]    Compiling gpt-model v0.1.0 (/opt/rustwide/workdir)
[INFO] [stderr]     Finished `release` profile [optimized] target(s) in 5.27s
[INFO] running `Command { std: "docker" "inspect" "9b59ee8645cb95db0ee0c5fd90bfd9adc25aed9e761c3e5b7616934284496f56", kill_on_drop: false }`
[INFO] running `Command { std: "docker" "exec" "-e" "SOURCE_DIR=/opt/rustwide/workdir" "-e" "CARGO_HOME=/opt/rustwide/cargo-home" "-e" "RUSTUP_HOME=/opt/rustwide/rustup-home" "-e" "CARGO_TARGET_DIR=/opt/rustwide/target" "-e" "CARGO_INCREMENTAL=0" "-e" "RUST_BACKTRACE=full" "-e" "RUSTFLAGS=--cap-lints=warn" "-e" "RUSTDOCFLAGS=--cap-lints=warn" "-w" "/opt/rustwide/workdir" "--user" "0:0" "9b59ee8645cb95db0ee0c5fd90bfd9adc25aed9e761c3e5b7616934284496f56" "/opt/rustwide/cargo-home/bin/cargo" "+1.99.0-beta.8" "test" "--frozen" "--release", kill_on_drop: false }`
[INFO] [stderr]     Finished `release` profile [optimized] target(s) in 0.12s
[INFO] [stderr]      Running unittests src/lib.rs (/opt/rustwide/target/release/deps/gpt_model-c3be9a873deccfcf)
[INFO] [stdout] 
[INFO] [stdout] running 3 tests
[INFO] [stdout] test model::test::infers_and_samples_sentence ... FAILED
[INFO] [stdout] test tokenizer::test::encode ... FAILED
[INFO] [stdout] test tokenizer::test::decode ... FAILED
[INFO] [stdout] 
[INFO] [stdout] failures:
[INFO] [stdout] 
[INFO] [stdout] ---- model::test::infers_and_samples_sentence stdout ----
[INFO] [stdout] 
[INFO] [stdout] thread 'model::test::infers_and_samples_sentence' (1870) panicked at src/model.rs:548:77:
[INFO] [stdout] load failed: No such file or directory (os error 2)
[INFO] [stdout] 
[INFO] [stdout] Stack backtrace:
[INFO] [stdout]    0: <anyhow::Error as core::convert::From<core::io::error::Error>>::from
[INFO] [stdout]    1: <tract_onnx::model::Onnx as tract_core::framework::Framework<tract_onnx::pb::ModelProto, tract_core::model::graph::Graph<tract_hir::infer::fact::InferenceFact, alloc::boxed::Box<dyn tract_hir::infer::ops::InferenceOp>>>>::model_for_path::<&str>
[INFO] [stdout]    2: gpt_model::model::test::infers_and_samples_sentence
[INFO] [stdout]    3: <gpt_model::model::test::infers_and_samples_sentence::{closure#0} as core::ops::function::FnOnce<()>>::call_once
[INFO] [stdout]    4: test::__rust_begin_short_backtrace::<core::result::Result<(), alloc::string::String>, fn() -> core::result::Result<(), alloc::string::String>>
[INFO] [stdout]    5: test::run_test::{closure#0}
[INFO] [stdout]    6: std::sys::backtrace::__rust_begin_short_backtrace::<test::run_test::{closure#1}, ()>
[INFO] [stdout]    7: <std::thread::lifecycle::spawn_unchecked<test::run_test::{closure#1}, ()>::{closure#1} as core::ops::function::FnOnce<()>>::call_once::{shim:vtable#0}
[INFO] [stdout]    8: <std::sys::thread::unix::Thread>::new::thread_start
[INFO] [stdout]    9: <unknown>
[INFO] [stdout]   10: clone
[INFO] [stdout] stack backtrace:
[INFO] [stdout]    0:     0x5ad95ff67261 - <<std[70759c8f55707aa4]::sys::backtrace::BacktraceLock>::print::DisplayBacktrace as core[df12db4294e9bfd3]::fmt::Display>::fmt
[INFO] [stdout]    1:     0x5ad95ff7ec1a - core[df12db4294e9bfd3]::fmt::write
[INFO] [stdout]    2:     0x5ad95ff6bcac - <alloc[2182bb758b4b3781]::vec::Vec<u8> as core[df12db4294e9bfd3]::io::write::Write>::write_fmt
[INFO] [stdout]    3:     0x5ad95ff42ce6 - std[70759c8f55707aa4]::panicking::default_hook::{closure#0}
[INFO] [stdout]    4:     0x5ad95ff5f589 - std[70759c8f55707aa4]::panicking::default_hook
[INFO] [stdout]    5:     0x5ad95f44de40 - test[9d35eded1c95d3be]::test_main_inner::<test[9d35eded1c95d3be]::test_main_static::{closure#0}>::{closure#0}
[INFO] [stdout]    6:     0x5ad95ff5f742 - std[70759c8f55707aa4]::panicking::panic_with_hook
[INFO] [stdout]    7:     0x5ad95ff42d92 - std[70759c8f55707aa4]::panicking::panic_handler::{closure#0}
[INFO] [stdout]    8:     0x5ad95ff3b3c9 - std[70759c8f55707aa4]::sys::backtrace::__rust_end_short_backtrace::<std[70759c8f55707aa4]::panicking::panic_handler::{closure#0}, !>
[INFO] [stdout]    9:     0x5ad95ff43a9d - __rustc[8fa7c3cbc660c2b3]::rust_begin_unwind
[INFO] [stdout]   10:     0x5ad95ff7f3fc - core[df12db4294e9bfd3]::panicking::panic_fmt
[INFO] [stdout]   11:     0x5ad95ff7f1d2 - core[df12db4294e9bfd3]::result::unwrap_failed
[INFO] [stdout]   12:     0x5ad95f41b74a - gpt_model[cd72b1442ce6b266]::model::test::infers_and_samples_sentence
[INFO] [stdout]   13:     0x5ad95f430429 - <gpt_model[cd72b1442ce6b266]::model::test::infers_and_samples_sentence::{closure#0} as core[df12db4294e9bfd3]::ops::function::FnOnce<()>>::call_once
[INFO] [stdout]   14:     0x5ad95f44112b - test[9d35eded1c95d3be]::__rust_begin_short_backtrace::<core[df12db4294e9bfd3]::result::Result<(), alloc[2182bb758b4b3781]::string::String>, fn() -> core[df12db4294e9bfd3]::result::Result<(), alloc[2182bb758b4b3781]::string::String>>
[INFO] [stdout]   15:     0x5ad95f44e795 - test[9d35eded1c95d3be]::run_test::{closure#0}
[INFO] [stdout]   16:     0x5ad95f448054 - std[70759c8f55707aa4]::sys::backtrace::__rust_begin_short_backtrace::<test[9d35eded1c95d3be]::run_test::{closure#1}, ()>
[INFO] [stdout]   17:     0x5ad95f4518f2 - <std[70759c8f55707aa4]::thread::lifecycle::spawn_unchecked<test[9d35eded1c95d3be]::run_test::{closure#1}, ()>::{closure#1} as core[df12db4294e9bfd3]::ops::function::FnOnce<()>>::call_once::{shim:vtable#0}
[INFO] [stdout]   18:     0x5ad95ff667c9 - <std[70759c8f55707aa4]::sys::thread::unix::Thread>::new::thread_start
[INFO] [stdout]   19:     0x75f19d4eddfa - <unknown>
[INFO] [stdout]   20:     0x75f19d5813d4 - clone
[INFO] [stdout]   21:                0x0 - <unknown>
[INFO] [stdout] 
[INFO] [stdout] ---- tokenizer::test::encode stdout ----
[INFO] [stdout] 
[INFO] [stdout] thread 'tokenizer::test::encode' (1872) panicked at src/tokenizer.rs:66:52:
[INFO] [stdout] wah: Os { code: 2, kind: NotFound, message: "No such file or directory" }
[INFO] [stdout] stack backtrace:
[INFO] [stdout]    0:     0x5ad95ff67261 - <<std[70759c8f55707aa4]::sys::backtrace::BacktraceLock>::print::DisplayBacktrace as core[df12db4294e9bfd3]::fmt::Display>::fmt
[INFO] [stdout]    1:     0x5ad95ff7ec1a - core[df12db4294e9bfd3]::fmt::write
[INFO] [stdout]    2:     0x5ad95ff6bcac - <alloc[2182bb758b4b3781]::vec::Vec<u8> as core[df12db4294e9bfd3]::io::write::Write>::write_fmt
[INFO] [stdout]    3:     0x5ad95ff42ce6 - std[70759c8f55707aa4]::panicking::default_hook::{closure#0}
[INFO] [stdout]    4:     0x5ad95ff5f589 - std[70759c8f55707aa4]::panicking::default_hook
[INFO] [stdout]    5:     0x5ad95f44de40 - test[9d35eded1c95d3be]::test_main_inner::<test[9d35eded1c95d3be]::test_main_static::{closure#0}>::{closure#0}
[INFO] [stdout]    6:     0x5ad95ff5f742 - std[70759c8f55707aa4]::panicking::panic_with_hook
[INFO] [stdout]    7:     0x5ad95ff42d92 - std[70759c8f55707aa4]::panicking::panic_handler::{closure#0}
[INFO] [stdout]    8:     0x5ad95ff3b3c9 - std[70759c8f55707aa4]::sys::backtrace::__rust_end_short_backtrace::<std[70759c8f55707aa4]::panicking::panic_handler::{closure#0}, !>
[INFO] [stdout]    9:     0x5ad95ff43a9d - __rustc[8fa7c3cbc660c2b3]::rust_begin_unwind
[INFO] [stdout]   10:     0x5ad95ff7f3fc - core[df12db4294e9bfd3]::panicking::panic_fmt
[INFO] [stdout]   11:     0x5ad95ff7f1d2 - core[df12db4294e9bfd3]::result::unwrap_failed
[INFO] [stdout]   12:     0x5ad95f40c50e - <gpt_model[cd72b1442ce6b266]::tokenizer::Tokenizer>::new
[INFO] [stdout]   13:     0x5ad95f41c120 - gpt_model[cd72b1442ce6b266]::tokenizer::test::encode
[INFO] [stdout]   14:     0x5ad95f430469 - <gpt_model[cd72b1442ce6b266]::tokenizer::test::encode::{closure#0} as core[df12db4294e9bfd3]::ops::function::FnOnce<()>>::call_once
[INFO] [stdout]   15:     0x5ad95f44112b - test[9d35eded1c95d3be]::__rust_begin_short_backtrace::<core[df12db4294e9bfd3]::result::Result<(), alloc[2182bb758b4b3781]::string::String>, fn() -> core[df12db4294e9bfd3]::result::Result<(), alloc[2182bb758b4b3781]::string::String>>
[INFO] [stdout]   16:     0x5ad95f44e795 - test[9d35eded1c95d3be]::run_test::{closure#0}
[INFO] [stdout]   17:     0x5ad95f448054 - std[70759c8f55707aa4]::sys::backtrace::__rust_begin_short_backtrace::<test[9d35eded1c95d3be]::run_test::{closure#1}, ()>
[INFO] [stdout]   18:     0x5ad95f4518f2 - <std[70759c8f55707aa4]::thread::lifecycle::spawn_unchecked<test[9d35eded1c95d3be]::run_test::{closure#1}, ()>::{closure#1} as core[df12db4294e9bfd3]::ops::function::FnOnce<()>>::call_once::{shim:vtable#0}
[INFO] [stdout]   19:     0x5ad95ff667c9 - <std[70759c8f55707aa4]::sys::thread::unix::Thread>::new::thread_start
[INFO] [stdout]   20:     0x75f19d4eddfa - <unknown>
[INFO] [stdout]   21:     0x75f19d5813d4 - clone
[INFO] [stdout]   22:                0x0 - <unknown>
[INFO] [stdout] 
[INFO] [stdout] ---- tokenizer::test::decode stdout ----
[INFO] [stdout] 
[INFO] [stdout] thread 'tokenizer::test::decode' (1871) panicked at src/tokenizer.rs:66:52:
[INFO] [stdout] wah: Os { code: 2, kind: NotFound, message: "No such file or directory" }
[INFO] [stdout] stack backtrace:
[INFO] [stdout]    0:     0x5ad95ff67261 - <<std[70759c8f55707aa4]::sys::backtrace::BacktraceLock>::print::DisplayBacktrace as core[df12db4294e9bfd3]::fmt::Display>::fmt
[INFO] [stdout]    1:     0x5ad95ff7ec1a - core[df12db4294e9bfd3]::fmt::write
[INFO] [stdout]    2:     0x5ad95ff6bcac - <alloc[2182bb758b4b3781]::vec::Vec<u8> as core[df12db4294e9bfd3]::io::write::Write>::write_fmt
[INFO] [stdout]    3:     0x5ad95ff42ce6 - std[70759c8f55707aa4]::panicking::default_hook::{closure#0}
[INFO] [stdout]    4:     0x5ad95ff5f589 - std[70759c8f55707aa4]::panicking::default_hook
[INFO] [stdout]    5:     0x5ad95f44de40 - test[9d35eded1c95d3be]::test_main_inner::<test[9d35eded1c95d3be]::test_main_static::{closure#0}>::{closure#0}
[INFO] [stdout]    6:     0x5ad95ff5f742 - std[70759c8f55707aa4]::panicking::panic_with_hook
[INFO] [stdout]    7:     0x5ad95ff42d92 - std[70759c8f55707aa4]::panicking::panic_handler::{closure#0}
[INFO] [stdout]    8:     0x5ad95ff3b3c9 - std[70759c8f55707aa4]::sys::backtrace::__rust_end_short_backtrace::<std[70759c8f55707aa4]::panicking::panic_handler::{closure#0}, !>
[INFO] [stdout]    9:     0x5ad95ff43a9d - __rustc[8fa7c3cbc660c2b3]::rust_begin_unwind
[INFO] [stdout]   10:     0x5ad95ff7f3fc - core[df12db4294e9bfd3]::panicking::panic_fmt
[INFO] [stdout]   11:     0x5ad95ff7f1d2 - core[df12db4294e9bfd3]::result::unwrap_failed
[INFO] [stdout]   12:     0x5ad95f40c50e - <gpt_model[cd72b1442ce6b266]::tokenizer::Tokenizer>::new
[INFO] [stdout]   13:     0x5ad95f41be2f - gpt_model[cd72b1442ce6b266]::tokenizer::test::decode
[INFO] [stdout]   14:     0x5ad95f430449 - <gpt_model[cd72b1442ce6b266]::tokenizer::test::decode::{closure#0} as core[df12db4294e9bfd3]::ops::function::FnOnce<()>>::call_once
[INFO] [stdout]   15:     0x5ad95f44112b - test[9d35eded1c95d3be]::__rust_begin_short_backtrace::<core[df12db4294e9bfd3]::result::Result<(), alloc[2182bb758b4b3781]::string::String>, fn() -> core[df12db4294e9bfd3]::result::Result<(), alloc[2182bb758b4b3781]::string::String>>
[INFO] [stdout]   16:     0x5ad95f44e795 - test[9d35eded1c95d3be]::run_test::{closure#0}
[INFO] [stdout]   17:     0x5ad95f448054 - std[70759c8f55707aa4]::sys::backtrace::__rust_begin_short_backtrace::<test[9d35eded1c95d3be]::run_test::{closure#1}, ()>
[INFO] [stdout]   18:     0x5ad95f4518f2 - <std[70759c8f55707aa4]::thread::lifecycle::spawn_unchecked<test[9d35eded1c95d3be]::run_test::{closure#1}, ()>::{closure#1} as core[df12db4294e9bfd3]::ops::function::FnOnce<()>>::call_once::{shim:vtable#0}
[INFO] [stdout]   19:     0x5ad95ff667c9 - <std[70759c8f55707aa4]::sys::thread::unix::Thread>::new::thread_start
[INFO] [stdout]   20:     0x75f19d4eddfa - <unknown>
[INFO] [stdout]   21:     0x75f19d5813d4 - clone
[INFO] [stdout]   22:                0x0 - <unknown>
[INFO] [stdout] 
[INFO] [stdout] 
[INFO] [stdout] failures:
[INFO] [stdout]     model::test::infers_and_samples_sentence
[INFO] [stdout]     tokenizer::test::decode
[INFO] [stdout]     tokenizer::test::encode
[INFO] [stdout] 
[INFO] [stdout] test result: FAILED. 0 passed; 3 failed; 0 ignored; 0 measured; 0 filtered out; finished in 0.01s
[INFO] [stdout] 
[INFO] [stderr] error: test failed, to rerun pass `--lib`
[INFO] running `Command { std: "docker" "inspect" "9b59ee8645cb95db0ee0c5fd90bfd9adc25aed9e761c3e5b7616934284496f56", kill_on_drop: false }`
[INFO] running `Command { std: "docker" "rm" "-f" "9b59ee8645cb95db0ee0c5fd90bfd9adc25aed9e761c3e5b7616934284496f56", kill_on_drop: false }`
[INFO] [stdout] 9b59ee8645cb95db0ee0c5fd90bfd9adc25aed9e761c3e5b7616934284496f56
