[INFO] fetching crate ghidrai 0.8.3...
[INFO] testing ghidrai-0.8.3 against 1.99.0-beta.8+cargoflags=--release for beta-release-1.100-2
[INFO] extracting crate ghidrai 0.8.3 into /workspace/builds/worker-5-tc1/source
[INFO] started tweaking crates.io crate ghidrai 0.8.3
[INFO] finished tweaking crates.io crate ghidrai 0.8.3
[INFO] tweaked toml for crates.io crate ghidrai 0.8.3 written to /workspace/builds/worker-5-tc1/source/Cargo.toml
[INFO] validating manifest of crates.io crate ghidrai 0.8.3 on toolchain 1.99.0-beta.8
[INFO] running `Command { std: CARGO_HOME="/workspace/cargo-home" RUSTUP_HOME="/workspace/rustup-home" "/workspace/cargo-home/bin/cargo" "+1.99.0-beta.8" "metadata" "--manifest-path" "Cargo.toml" "--no-deps", kill_on_drop: false }`
[INFO] crate crates.io crate ghidrai 0.8.3 already has a lockfile, it will not be regenerated
[INFO] running `Command { std: CARGO_HOME="/workspace/cargo-home" RUSTUP_HOME="/workspace/rustup-home" "/workspace/cargo-home/bin/cargo" "+1.99.0-beta.8" "fetch" "--manifest-path" "Cargo.toml", kill_on_drop: false }`
[INFO] [stderr]     Updating crates.io index
[INFO] [stderr]  Downloading crates ...
[INFO] [stderr]   Downloaded lru v0.18.0
[INFO] [stderr]   Downloaded ratatui-termwiz v0.1.1
[INFO] [stderr]   Downloaded ratatui-macros v0.7.1
[INFO] [stderr]   Downloaded ratatui-crossterm v0.1.1
[INFO] [stderr]   Downloaded termsize v0.1.9
[INFO] [stderr]   Downloaded ratatui v0.30.1
[INFO] [stderr]   Downloaded ratatui-widgets v0.3.1
[INFO] [stderr]   Downloaded ratatui-core v0.1.1
[INFO] [stderr]   Downloaded entropy v0.4.3
[INFO] [stderr]   Downloaded crc32-v2 v0.0.4
[INFO] [stderr]   Downloaded binwalk v3.1.0
[INFO] [stderr]   Downloaded iced-x86 v1.21.0
[INFO] running `Command { std: "docker" "create" "-v" "/var/lib/crater-agent-workspace/builds/worker-5-tc1/source:/opt/rustwide/workdir:ro,Z" "-v" "/var/lib/crater-agent-workspace/builds/worker-5-tc1/target:/opt/rustwide/target:rw,Z" "-v" "/var/lib/crater-agent-workspace/cargo-home:/opt/rustwide/cargo-home:ro,Z" "-v" "/var/lib/crater-agent-workspace/rustup-home:/opt/rustwide/rustup-home:ro,Z" "-m" "1610612736" "--network" "none" "ghcr.io/rust-lang/crates-build-env/linux@sha256:77db811e55d90add9212f6832c23229e3de5f1c1f9905e8cb07319ea15df73ac" "sleep" "infinity", kill_on_drop: false }`
[INFO] [stdout] 56a4c289664b3044bff9fa308411e88329a7e731f00ffce6974ee93cc294ae12
[INFO] running `Command { std: "docker" "start" "56a4c289664b3044bff9fa308411e88329a7e731f00ffce6974ee93cc294ae12", kill_on_drop: false }`
[INFO] running `Command { std: "docker" "inspect" "56a4c289664b3044bff9fa308411e88329a7e731f00ffce6974ee93cc294ae12", kill_on_drop: false }`
[INFO] running `Command { std: "docker" "exec" "-e" "SOURCE_DIR=/opt/rustwide/workdir" "-e" "CARGO_HOME=/opt/rustwide/cargo-home" "-e" "RUSTUP_HOME=/opt/rustwide/rustup-home" "-e" "CARGO_TARGET_DIR=/opt/rustwide/target" "-w" "/opt/rustwide/workdir" "--user" "0:0" "56a4c289664b3044bff9fa308411e88329a7e731f00ffce6974ee93cc294ae12" "/opt/rustwide/cargo-home/bin/cargo" "+1.99.0-beta.8" "metadata" "--no-deps" "--format-version=1", kill_on_drop: false }`
[INFO] running `Command { std: "docker" "inspect" "56a4c289664b3044bff9fa308411e88329a7e731f00ffce6974ee93cc294ae12", kill_on_drop: false }`
[INFO] running `Command { std: "docker" "exec" "-e" "SOURCE_DIR=/opt/rustwide/workdir" "-e" "CARGO_HOME=/opt/rustwide/cargo-home" "-e" "RUSTUP_HOME=/opt/rustwide/rustup-home" "-e" "CARGO_TARGET_DIR=/opt/rustwide/target" "-e" "CARGO_INCREMENTAL=0" "-e" "RUST_BACKTRACE=full" "-e" "RUSTFLAGS=--cap-lints=warn" "-e" "RUSTDOCFLAGS=--cap-lints=warn" "-w" "/opt/rustwide/workdir" "--user" "0:0" "56a4c289664b3044bff9fa308411e88329a7e731f00ffce6974ee93cc294ae12" "/opt/rustwide/cargo-home/bin/cargo" "+1.99.0-beta.8" "build" "--frozen" "--message-format=json" "--release", kill_on_drop: false }`
[INFO] [stderr]    Compiling log v0.4.32
[INFO] [stderr]    Compiling bitflags v2.12.1
[INFO] [stderr]    Compiling cc v1.2.63
[INFO] [stderr]    Compiling http v1.4.1
[INFO] [stderr]    Compiling thiserror-impl v2.0.18
[INFO] [stderr]    Compiling darling_core v0.23.0
[INFO] [stderr]    Compiling deranged v0.5.8
[INFO] [stderr]    Compiling indexmap v2.14.0
[INFO] [stderr]    Compiling mio v1.2.1
[INFO] [stderr]    Compiling either v1.16.0
[INFO] [stderr]    Compiling num_threads v0.1.7
[INFO] [stderr]    Compiling tokio v1.52.3
[INFO] [stderr]    Compiling itertools v0.14.0
[INFO] [stderr]    Compiling http-body v1.0.1
[INFO] [stderr]    Compiling castaway v0.2.4
[INFO] [stderr]    Compiling strum_macros v0.28.0
[INFO] [stderr]    Compiling thiserror v2.0.18
[INFO] [stderr]    Compiling pathfinder_simd v0.5.6
[INFO] [stderr]    Compiling futures-macro v0.3.32
[INFO] [stderr]    Compiling openssl-sys v0.9.116
[INFO] [stderr]    Compiling freetype-sys v0.20.1
[INFO] [stderr]    Compiling zstd-sys v2.0.16+zstd.1.5.7
[INFO] [stderr]    Compiling time v0.3.47
[INFO] [stderr]    Compiling yeslogic-fontconfig-sys v6.0.1
[INFO] [stderr]    Compiling indoc v2.0.7
[INFO] [stderr]    Compiling instability v0.3.12
[INFO] [stderr]    Compiling openssl v0.10.80
[INFO] [stderr]    Compiling compact_str v0.9.1
[INFO] [stderr]    Compiling futures-util v0.3.32
[INFO] [stderr]    Compiling darling_macro v0.23.0
[INFO] [stderr]    Compiling darling v0.23.0
[INFO] [stderr]    Compiling kasuari v0.4.12
[INFO] [stderr]    Compiling unicode-truncate v2.0.1
[INFO] [stderr]    Compiling bzip2-sys v0.1.13+1.0.8
[INFO] [stderr]    Compiling strum v0.28.0
[INFO] [stderr]    Compiling icu_normalizer v2.2.0
[INFO] [stderr]    Compiling aho-corasick v1.1.4
[INFO] [stderr]    Compiling lru v0.18.0
[INFO] [stderr]    Compiling libloading v0.8.9
[INFO] [stderr]    Compiling color_quant v1.1.0
[INFO] [stderr]    Compiling critical-section v1.2.0
[INFO] [stderr]    Compiling getrandom v0.4.2
[INFO] [stderr]    Compiling option-ext v0.2.0
[INFO] [stderr]    Compiling dirs-sys v0.5.0
[INFO] [stderr]    Compiling native-tls v0.2.18
[INFO] [stderr]    Compiling ratatui-core v0.1.1
[INFO] [stderr]    Compiling idna_adapter v1.2.2
[INFO] [stderr]    Compiling regex-automata v0.4.14
[INFO] [stderr]    Compiling dlib v0.5.3
[INFO] [stderr]    Compiling signal-hook v0.3.18
[INFO] [stderr]    Compiling derive_more-impl v2.1.1
[INFO] [stderr]    Compiling lzma-sys v0.1.20
[INFO] [stderr]    Compiling onig_sys v69.9.3
[INFO] [stderr]    Compiling weezl v0.1.12
[INFO] [stderr]    Compiling tokio-util v0.7.18
[INFO] [stderr]    Compiling h2 v0.4.14
[INFO] [stderr]    Compiling cpufeatures v0.3.0
[INFO] [stderr]    Compiling zstd-safe v5.0.2+zstd.1.5.2
[INFO] [stderr]    Compiling jpeg-decoder v0.3.2
[INFO] [stderr]    Compiling bytemuck v1.25.0
[INFO] [stderr]    Compiling font-kit v0.14.3
[INFO] [stderr]    Compiling image v0.24.9
[INFO] [stderr]    Compiling chacha20 v0.10.0
[INFO] [stderr]    Compiling rustix v1.1.4
[INFO] [stderr]    Compiling regex v1.12.3
[INFO] [stderr]    Compiling hyper v1.10.1
[INFO] [stderr]    Compiling gif v0.12.0
[INFO] [stderr]    Compiling derive_more v2.1.1
[INFO] [stderr]    Compiling signal-hook-mio v0.2.5
[INFO] [stderr]    Compiling pathfinder_geometry v0.5.1
[INFO] [stderr]    Compiling idna v1.1.0
[INFO] [stderr]    Compiling dirs v6.0.0
[INFO] [stderr]    Compiling line-clipping v0.3.7
[INFO] [stderr]    Compiling crc32c v0.6.8
[INFO] [stderr]    Compiling inout v0.1.4
[INFO] [stderr]    Compiling base64ct v1.8.3
[INFO] [stderr]    Compiling float-ord v0.3.2
[INFO] [stderr]    Compiling rand_core v0.6.4
[INFO] [stderr]    Compiling crc32-v2 v0.0.4
[INFO] [stderr]    Compiling chrono v0.4.45
[INFO] [stderr]    Compiling password-hash v0.4.2
[INFO] [stderr]    Compiling tower v0.5.3
[INFO] [stderr]    Compiling cipher v0.4.4
[INFO] [stderr]    Compiling hyper-util v0.1.20
[INFO] [stderr]    Compiling ratatui-widgets v0.3.1
[INFO] [stderr]    Compiling rand v0.10.1
[INFO] [stderr]    Compiling serde_json v1.0.150
[INFO] [stderr]    Compiling url v2.5.8
[INFO] [stderr]    Compiling bzip2 v0.4.4
[INFO] [stderr]    Compiling crossterm v0.29.0
[INFO] [stderr]    Compiling plotters-bitmap v0.3.7
[INFO] [stderr]    Compiling env_filter v1.0.1
[INFO] [stderr]    Compiling tokio-native-tls v0.3.1
[INFO] [stderr]    Compiling sha2 v0.10.9
[INFO] [stderr]    Compiling hmac v0.12.1
[INFO] [stderr]    Compiling http-body-util v0.1.3
[INFO] [stderr]    Compiling quick-xml v0.39.4
[INFO] [stderr]    Compiling clap_derive v4.6.1
[INFO] [stderr]    Compiling scroll_derive v0.13.1
[INFO] [stderr]    Compiling num_cpus v1.17.0
[INFO] [stderr]    Compiling jiff v0.2.28
[INFO] [stderr]    Compiling ttf-parser v0.20.0
[INFO] [stderr]    Compiling clap v4.6.1
[INFO] [stderr]    Compiling threadpool v1.8.1
[INFO] [stderr]    Compiling plist v1.9.0
[INFO] [stderr]    Compiling rustls-pki-types v1.14.1
[INFO] [stderr]    Compiling scroll v0.13.0
[INFO] [stderr]    Compiling hyper-tls v0.6.0
[INFO] [stderr]    Compiling pbkdf2 v0.11.0
[INFO] [stderr]    Compiling ratatui-crossterm v0.1.1
[INFO] [stderr]    Compiling xz2 v0.1.7
[INFO] [stderr]    Compiling tower-http v0.6.11
[INFO] [stderr]    Compiling ratatui-macros v0.7.1
[INFO] [stderr]    Compiling uuid v1.23.2
[INFO] [stderr]    Compiling plotters v0.3.7
[INFO] [stderr]    Compiling onig v6.5.3
[INFO] [stderr]    Compiling aes v0.8.4
[INFO] [stderr]    Compiling sha1 v0.10.6
[INFO] [stderr]    Compiling colored v2.2.0
[INFO] [stderr]    Compiling env_logger v0.11.10
[INFO] [stderr]    Compiling bincode v1.3.3
[INFO] [stderr]    Compiling termsize v0.1.9
[INFO] [stderr]    Compiling xxhash-rust v0.8.15
[INFO] [stderr]    Compiling entropy v0.4.3
[INFO] [stderr]    Compiling constant_time_eq v0.1.5
[INFO] [stderr]    Compiling plain v0.2.3
[INFO] [stderr]    Compiling reqwest v0.12.28
[INFO] [stderr]    Compiling goblin v0.10.7
[INFO] [stderr]    Compiling syntect v5.3.0
[INFO] [stderr]    Compiling binwalk v3.1.0
[INFO] [stderr]    Compiling ratatui v0.30.1
[INFO] [stderr]    Compiling iced-x86 v1.21.0
[INFO] [stderr]    Compiling memmap2 v0.9.10
[INFO] [stderr]    Compiling zstd v0.11.2+zstd.1.5.2
[INFO] [stderr]    Compiling zip v0.6.6
[INFO] [stderr]    Compiling ghidrai v0.8.3 (/opt/rustwide/workdir)
[INFO] [stdout] warning: function `build_tool_list` is never used
[INFO] [stdout]   --> src/mcp/tools.rs:44:8
[INFO] [stdout]    |
[INFO] [stdout] 44 | pub fn build_tool_list() -> Value {
[INFO] [stdout]    |        ^^^^^^^^^^^^^^^
[INFO] [stdout]    |
[INFO] [stdout]    = note: `#[warn(dead_code)]` (part of `#[warn(unused)]`) on by default
[INFO] [stdout] 
[INFO] [stdout] 
[INFO] [stderr]     Finished `release` profile [optimized] target(s) in 7m 02s
[INFO] running `Command { std: "docker" "inspect" "56a4c289664b3044bff9fa308411e88329a7e731f00ffce6974ee93cc294ae12", kill_on_drop: false }`
[INFO] running `Command { std: "docker" "exec" "-e" "SOURCE_DIR=/opt/rustwide/workdir" "-e" "CARGO_HOME=/opt/rustwide/cargo-home" "-e" "RUSTUP_HOME=/opt/rustwide/rustup-home" "-e" "CARGO_TARGET_DIR=/opt/rustwide/target" "-e" "CARGO_INCREMENTAL=0" "-e" "RUST_BACKTRACE=full" "-e" "RUSTFLAGS=--cap-lints=warn" "-e" "RUSTDOCFLAGS=--cap-lints=warn" "-w" "/opt/rustwide/workdir" "--user" "0:0" "56a4c289664b3044bff9fa308411e88329a7e731f00ffce6974ee93cc294ae12" "/opt/rustwide/cargo-home/bin/cargo" "+1.99.0-beta.8" "test" "--frozen" "--no-run" "--message-format=json" "--release", kill_on_drop: false }`
[INFO] [stderr]    Compiling ghidrai v0.8.3 (/opt/rustwide/workdir)
[INFO] [stdout] warning: function `build_tool_list` is never used
[INFO] [stdout]   --> src/mcp/tools.rs:44:8
[INFO] [stdout]    |
[INFO] [stdout] 44 | pub fn build_tool_list() -> Value {
[INFO] [stdout]    |        ^^^^^^^^^^^^^^^
[INFO] [stdout]    |
[INFO] [stdout]    = note: `#[warn(dead_code)]` (part of `#[warn(unused)]`) on by default
[INFO] [stdout] 
[INFO] [stdout] 
[INFO] [stderr]     Finished `release` profile [optimized] target(s) in 23.57s
[INFO] running `Command { std: "docker" "inspect" "56a4c289664b3044bff9fa308411e88329a7e731f00ffce6974ee93cc294ae12", kill_on_drop: false }`
[INFO] running `Command { std: "docker" "exec" "-e" "SOURCE_DIR=/opt/rustwide/workdir" "-e" "CARGO_HOME=/opt/rustwide/cargo-home" "-e" "RUSTUP_HOME=/opt/rustwide/rustup-home" "-e" "CARGO_TARGET_DIR=/opt/rustwide/target" "-e" "CARGO_INCREMENTAL=0" "-e" "RUST_BACKTRACE=full" "-e" "RUSTFLAGS=--cap-lints=warn" "-e" "RUSTDOCFLAGS=--cap-lints=warn" "-w" "/opt/rustwide/workdir" "--user" "0:0" "56a4c289664b3044bff9fa308411e88329a7e731f00ffce6974ee93cc294ae12" "/opt/rustwide/cargo-home/bin/cargo" "+1.99.0-beta.8" "test" "--frozen" "--release", kill_on_drop: false }`
[INFO] [stderr] warning: function `build_tool_list` is never used
[INFO] [stderr]   --> src/mcp/tools.rs:44:8
[INFO] [stderr]    |
[INFO] [stderr] 44 | pub fn build_tool_list() -> Value {
[INFO] [stderr]    |        ^^^^^^^^^^^^^^^
[INFO] [stderr]    |
[INFO] [stderr]    = note: `#[warn(dead_code)]` (part of `#[warn(unused)]`) on by default
[INFO] [stderr] 
[INFO] [stderr] warning: `ghidrai` (lib) generated 1 warning
[INFO] [stderr]     Finished `release` profile [optimized] target(s) in 0.32s
[INFO] [stderr]      Running unittests src/lib.rs (/opt/rustwide/target/release/deps/ghidrai-2c2a832567ba0344)
[INFO] [stdout] 
[INFO] [stdout] running 81 tests
[INFO] [stdout] test adapter::ghidra::tests::maps_decompile_to_event_with_raw_code ... ok
[INFO] [stdout] test adapter::ghidra::tests::maps_functions_to_events ... ok
[INFO] [stdout] test mcp::tests::bridge_passthrough_strips_port_arg ... ok
[INFO] [stdout] test adapter::ghidra::tests::falls_back_to_raw_event ... ok
[INFO] [stdout] test mcp::tests::external_and_legacy_backend_aliases_are_recognized ... ok
[INFO] [stdout] test adapter::process::tests::kills_process_when_cancelled ... ok
[INFO] [stdout] test mcp::tests::resolve_external_command_supports_interpreter_and_script_modes ... ok
[INFO] [stdout] test mcp::tests::resolve_port_rejects_out_of_range_value ... ok
[INFO] [stdout] test mcp::tests::resolves_ghidra_alias_tools ... ok
[INFO] [stdout] test mcp::tests::split_external_args_falls_back_to_whitespace ... ok
[INFO] [stdout] test mcp::tests::get_version_tool_is_local ... ok
[INFO] [stdout] test mcp::tests::unknown_tool_has_no_alias ... ok
[INFO] [stdout] test mcp::tests::split_external_args_supports_json_arrays ... ok
[INFO] [stdout] test toolkit::binwalk::tests::binwalk_adapter_reports_capabilities ... ok
[INFO] [stdout] test adapter::process::tests::captures_stdout_and_stderr ... ok
[INFO] [stdout] test toolkit::binwalk::tests::binwalk_adapter_returns_events_for_fixture ... FAILED
[INFO] [stdout] test mcp::tests::all_declared_tools_return_dispatch_results ... ok
[INFO] [stdout] test toolkit::checksec::tests::checksec_adapter_reports_capabilities ... ok
[INFO] [stdout] test toolkit::checksec::tests::macho_pie_flag_is_correct ... ok
[INFO] [stdout] test toolkit::checksec::tests::format_feature_output ... ok
[INFO] [stdout] test toolkit::checksec::tests::pe_dll_characteristics_flags_are_correct ... ok
[INFO] [stdout] test toolkit::checksec::tests::checksec_adapter_returns_feature_events ... ok
[INFO] [stdout] test toolkit::checksec::tests::analyzes_elf_fixture ... ok
[INFO] [stdout] test mcp::tools::tests::exposes_expected_core_tools ... ok
[INFO] [stdout] test toolkit::cwe::tests::cwe_adapter_reports_capabilities ... ok
[INFO] [stdout] test toolkit::cwe::tests::finding_events_have_structured_data ... ok
[INFO] [stdout] test toolkit::cwe::tests::finds_credential_like_strings_in_fixture ... ok
[INFO] [stdout] test toolkit::disasm::tests::disasm_adapter_reports_capabilities ... ok
[INFO] [stdout] test toolkit::cwe::tests::scans_crackme_for_findings ... ok
[INFO] [stdout] test toolkit::disasm::tests::disassembles_crackme_fixture ... ok
[INFO] [stdout] test toolkit::entropy::tests::shannon_entropy_handles_empty_and_uniform_data ... ok
[INFO] [stdout] test toolkit::disasm::tests::instruction_message_format ... ok
[INFO] [stdout] test toolkit::entropy::tests::high_entropy_region_produces_finding ... ok
[INFO] [stdout] test toolkit::entropy::tests::shannon_entropy_detects_high_entropy_distribution ... ok
[INFO] [stdout] test toolkit::disasm::tests::disasm_adapter_run_returns_instruction_events ... ok
[INFO] [stdout] test toolkit::gdb::tests::gdb_adapter_reports_capabilities ... ok
[INFO] [stdout] test toolkit::entropy::tests::entropy_adapter_reports_capabilities ... ok
[INFO] [stdout] test toolkit::gdb::tests::gdb_mi_adapter_reports_capabilities ... ok
[INFO] [stdout] test toolkit::gdb::tests::parses_function_line ... ok
[INFO] [stdout] test toolkit::gdb::tests::parses_gdb_mi_console_output ... ok
[INFO] [stdout] test toolkit::entropy::tests::scans_crackme_sections ... ok
[INFO] [stdout] test toolkit::gdb::tests::parses_gdb_batch_output ... ok
[INFO] [stdout] test toolkit::lief::tests::lief_adapter_reports_capabilities ... ok
[INFO] [stdout] test toolkit::lief::tests::maps_common_machine_names ... ok
[INFO] [stdout] test toolkit::rizin::tests::builds_disasm_command_with_query ... ok
[INFO] [stdout] test toolkit::lief::tests::adapter_run_returns_events ... ok
[INFO] [stdout] test toolkit::gdb::tests::parses_section_line ... ok
[INFO] [stdout] test toolkit::lief::tests::emits_text_section_for_fixture ... ok
[INFO] [stdout] test toolkit::lief::tests::inspects_elf_fixture ... ok
[INFO] [stdout] test toolkit::rizin::tests::parses_function_list ... ok
[INFO] [stdout] test toolkit::rop::tests::rop_gadgets_use_virtual_addresses_for_elf ... ok
[INFO] [stdout] test toolkit::rop::tests::rop_adapter_returns_events_for_fixture ... ok
[INFO] [stdout] test toolkit::rizin::tests::parses_strings ... ok
[INFO] [stdout] test toolkit::rop::tests::detect_bitness_reads_elf64 ... ok
[INFO] [stdout] test toolkit::rop::tests::detect_bitness_defaults_to_64_for_unknown ... ok
[INFO] [stdout] test toolkit::strings::tests::adapter_run_returns_string_hit_events ... ok
[INFO] [stdout] test toolkit::rop::tests::rop_adapter_reports_capabilities ... ok
[INFO] [stdout] test toolkit::strings::tests::data_field_has_string_hit_json ... ok
[INFO] [stdout] test toolkit::strings::tests::strings_adapter_reports_capabilities ... ok
[INFO] [stdout] test toolkit::strings::tests::respects_minimum_length ... ok
[INFO] [stdout] test toolkit::volatility::tests::finds_credential_like_blob_strings ... ok
[INFO] [stdout] test toolkit::volatility::tests::adapter_run_returns_events ... ok
[INFO] [stdout] test toolkit::volatility::tests::scans_crackme_as_blob ... ok
[INFO] [stdout] test toolkit::strings::tests::extracts_strings_from_crackme ... ok
[INFO] [stdout] test toolkit::strings::tests::output_capped_at_max ... ok
[INFO] [stdout] test tui::commands::tests::suggests_query_commands ... ok
[INFO] [stdout] test toolkit::volatility::tests::volatility_adapter_reports_capabilities ... ok
[INFO] [stdout] test tui::commands::tests::ghost_text_falls_back_to_suggestions ... ok
[INFO] [stdout] test tui::commands::tests::suggests_toolkit_subcommands ... ok
[INFO] [stdout] test tui::commands::tests::ghost_text_prefers_history ... ok
[INFO] [stdout] test tui::commands::tests::accept_completion_appends_space ... ok
[INFO] [stdout] test tui::events::tests::raw_view_uses_tool_event_raw_payload ... ok
[INFO] [stdout] test tui::tests::sidebar_index_from_click_hits_scrolled_rows ... ok
[INFO] [stdout] test tui::events::tests::raw_view_keeps_all_lines ... ok
[INFO] [stdout] test tui::tests::sidebar_index_from_click_ignores_border_lines ... ok
[INFO] [stdout] test tui::events::tests::structured_view_filters_plain_raw_lines ... ok
[INFO] [stdout] test tui::events::tests::structured_view_formats_tool_event ... ok
[INFO] [stdout] test tui::tests::tab_from_click_matches_tab_positions ... ok
[INFO] [stdout] test tui::tests::recognizes_left_mouse_click_variants ... ok
[INFO] [stdout] test tui::runner::tests::help_command_pushes_event_json ... ok
[INFO] [stderr] error: test failed, to rerun pass `--lib`
[INFO] [stdout] test adapter::process::tests::kills_process_on_timeout ... ok
[INFO] [stdout] 
[INFO] [stdout] failures:
[INFO] [stdout] 
[INFO] [stdout] ---- toolkit::binwalk::tests::binwalk_adapter_returns_events_for_fixture stdout ----
[INFO] [stdout] 
[INFO] [stdout] thread 'toolkit::binwalk::tests::binwalk_adapter_returns_events_for_fixture' (3042) panicked at src/toolkit/binwalk.rs:105:14:
[INFO] [stdout] binwalk fixture should scan: Other("IO error: read binwalk target - No such file or directory (os error 2)")
[INFO] [stdout] stack backtrace:
[INFO] [stdout]    0:     0x63795670cf11 - <<std[70759c8f55707aa4]::sys::backtrace::BacktraceLock>::print::DisplayBacktrace as core[df12db4294e9bfd3]::fmt::Display>::fmt
[INFO] [stdout]    1:     0x63795672527a - core[df12db4294e9bfd3]::fmt::write
[INFO] [stdout]    2:     0x6379567119ac - <alloc[2182bb758b4b3781]::vec::Vec<u8> as core[df12db4294e9bfd3]::io::write::Write>::write_fmt
[INFO] [stdout]    3:     0x6379566e6346 - std[70759c8f55707aa4]::panicking::default_hook::{closure#0}
[INFO] [stdout]    4:     0x637956703fb9 - std[70759c8f55707aa4]::panicking::default_hook
[INFO] [stdout]    5:     0x6379565fc740 - test[9d35eded1c95d3be]::test_main_inner::<test[9d35eded1c95d3be]::test_main_static::{closure#0}>::{closure#0}
[INFO] [stdout]    6:     0x637956704172 - std[70759c8f55707aa4]::panicking::panic_with_hook
[INFO] [stdout]    7:     0x6379566e63f2 - std[70759c8f55707aa4]::panicking::panic_handler::{closure#0}
[INFO] [stdout]    8:     0x6379566dedb9 - std[70759c8f55707aa4]::sys::backtrace::__rust_end_short_backtrace::<std[70759c8f55707aa4]::panicking::panic_handler::{closure#0}, !>
[INFO] [stdout]    9:     0x6379566e738d - __rustc[8fa7c3cbc660c2b3]::rust_begin_unwind
[INFO] [stdout]   10:     0x637956725a5c - core[df12db4294e9bfd3]::panicking::panic_fmt
[INFO] [stdout]   11:     0x637956725832 - core[df12db4294e9bfd3]::result::unwrap_failed
[INFO] [stdout]   12:     0x637956507de1 - ghidrai[56a42007064fdd84]::toolkit::binwalk::tests::binwalk_adapter_returns_events_for_fixture
[INFO] [stdout]   13:     0x6379565275f9 - <ghidrai[56a42007064fdd84]::toolkit::binwalk::tests::binwalk_adapter_returns_events_for_fixture::{closure#0} as core[df12db4294e9bfd3]::ops::function::FnOnce<()>>::call_once
[INFO] [stdout]   14:     0x6379565efa2b - test[9d35eded1c95d3be]::__rust_begin_short_backtrace::<core[df12db4294e9bfd3]::result::Result<(), alloc[2182bb758b4b3781]::string::String>, fn() -> core[df12db4294e9bfd3]::result::Result<(), alloc[2182bb758b4b3781]::string::String>>
[INFO] [stdout]   15:     0x6379565fd095 - test[9d35eded1c95d3be]::run_test::{closure#0}
[INFO] [stdout]   16:     0x6379565f6954 - std[70759c8f55707aa4]::sys::backtrace::__rust_begin_short_backtrace::<test[9d35eded1c95d3be]::run_test::{closure#1}, ()>
[INFO] [stdout]   17:     0x6379566001f2 - <std[70759c8f55707aa4]::thread::lifecycle::spawn_unchecked<test[9d35eded1c95d3be]::run_test::{closure#1}, ()>::{closure#1} as core[df12db4294e9bfd3]::ops::function::FnOnce<()>>::call_once::{shim:vtable#0}
[INFO] [stdout]   18:     0x63795670bbf9 - <std[70759c8f55707aa4]::sys::thread::unix::Thread>::new::thread_start
[INFO] [stdout]   19:     0x7d7f65962dfa - <unknown>
[INFO] [stdout]   20:     0x7d7f659f63d4 - clone
[INFO] [stdout]   21:                0x0 - <unknown>
[INFO] [stdout] 
[INFO] [stdout] 
[INFO] [stdout] failures:
[INFO] [stdout]     toolkit::binwalk::tests::binwalk_adapter_returns_events_for_fixture
[INFO] [stdout] 
[INFO] [stdout] test result: FAILED. 80 passed; 1 failed; 0 ignored; 0 measured; 0 filtered out; finished in 1.02s
[INFO] [stdout] 
[INFO] running `Command { std: "docker" "inspect" "56a4c289664b3044bff9fa308411e88329a7e731f00ffce6974ee93cc294ae12", kill_on_drop: false }`
[INFO] running `Command { std: "docker" "rm" "-f" "56a4c289664b3044bff9fa308411e88329a7e731f00ffce6974ee93cc294ae12", kill_on_drop: false }`
[INFO] [stdout] 56a4c289664b3044bff9fa308411e88329a7e731f00ffce6974ee93cc294ae12
