[INFO] fetching crate gemachain-streamer 1.8.0...
[INFO] testing gemachain-streamer-1.8.0 against 1.99.0-beta.8+cargoflags=--release for beta-release-1.100-2
[INFO] extracting crate gemachain-streamer 1.8.0 into /workspace/builds/worker-5-tc1/source
[INFO] started tweaking crates.io crate gemachain-streamer 1.8.0
[INFO] finished tweaking crates.io crate gemachain-streamer 1.8.0
[INFO] tweaked toml for crates.io crate gemachain-streamer 1.8.0 written to /workspace/builds/worker-5-tc1/source/Cargo.toml
[INFO] validating manifest of crates.io crate gemachain-streamer 1.8.0 on toolchain 1.99.0-beta.8
[INFO] running `Command { std: CARGO_HOME="/workspace/cargo-home" RUSTUP_HOME="/workspace/rustup-home" "/workspace/cargo-home/bin/cargo" "+1.99.0-beta.8" "metadata" "--manifest-path" "Cargo.toml" "--no-deps", kill_on_drop: false }`
[INFO] running `Command { std: CARGO_HOME="/workspace/cargo-home" RUSTUP_HOME="/workspace/rustup-home" "/workspace/cargo-home/bin/cargo" "+1.99.0-beta.8" "generate-lockfile" "--manifest-path" "Cargo.toml", kill_on_drop: false }`
[INFO] [stderr]     Updating crates.io index
[INFO] [stderr]      Locking 290 packages to highest compatible versions
[INFO] [stderr]       Adding gemachain-crate-features v1.8.0 (available: v1.8.2)
[INFO] [stderr]       Adding gemachain-frozen-abi v1.8.0 (available: v1.8.2)
[INFO] [stderr]       Adding gemachain-frozen-abi-macro v1.8.0 (available: v1.8.2)
[INFO] [stderr]       Adding gemachain-logger v1.8.0 (available: v1.8.2)
[INFO] [stderr]       Adding gemachain-metrics v1.8.0 (available: v1.8.2)
[INFO] [stderr]       Adding gemachain-program v1.8.0 (available: v1.8.2)
[INFO] [stderr]       Adding gemachain-rayon-threadlimit v1.8.0 (available: v1.8.2)
[INFO] [stderr]       Adding gemachain-sdk v1.8.0 (available: v1.8.2)
[INFO] [stderr]       Adding gemachain-sdk-macro v1.8.0 (available: v1.8.2)
[INFO] [stderr]       Adding itertools v0.10.5 (available: v0.15.0)
[INFO] [stderr]       Adding nix v0.20.0 (available: v0.20.2)
[INFO] [stderr]       Adding subtle v2.4.1 (available: v2.6.1)
[INFO] [stderr]       Adding thiserror v1.0.69 (available: v2.0.21)
[INFO] [stderr]       Adding zeroize v1.3.0 (available: v1.9.1)
[INFO] running `Command { std: CARGO_HOME="/workspace/cargo-home" RUSTUP_HOME="/workspace/rustup-home" "/workspace/cargo-home/bin/cargo" "+1.99.0-beta.8" "fetch" "--manifest-path" "Cargo.toml", kill_on_drop: false }`
[INFO] [stderr]  Downloading crates ...
[INFO] [stderr]   Downloaded uriparse v0.6.4
[INFO] [stderr]   Downloaded qstring v0.7.2
[INFO] [stderr]   Downloaded gemachain-sdk-macro v1.8.0
[INFO] [stderr]   Downloaded gemachain-frozen-abi-macro v1.8.0
[INFO] [stderr]   Downloaded gemachain-crate-features v1.8.0
[INFO] [stderr]   Downloaded pbkdf2 v0.9.0
[INFO] [stderr]   Downloaded gemachain-logger v1.8.0
[INFO] [stderr]   Downloaded ed25519-dalek-bip32 v0.1.1
[INFO] [stderr]   Downloaded derivation-path v0.1.3
[INFO] [stderr]   Downloaded gemachain-sdk v1.8.0
[INFO] [stderr]   Downloaded gemachain-frozen-abi v1.8.0
[INFO] [stderr]   Downloaded hmac v0.9.0
[INFO] [stderr]   Downloaded gemachain-program v1.8.0
[INFO] [stderr]   Downloaded crypto-mac v0.9.1
[INFO] [stderr]   Downloaded gemachain-rayon-threadlimit v1.8.0
[INFO] [stderr]   Downloaded gemachain-metrics v1.8.0
[INFO] [stderr]   Downloaded dlopen_derive v0.1.4
[INFO] [stderr]   Downloaded dlopen v0.1.8
[INFO] [stderr]   Downloaded gemachain-perf v1.8.0
[INFO] [stderr]   Downloaded blake3 v1.8.7
[INFO] [stderr]   Downloaded nix v0.20.0
[INFO] running `Command { std: "docker" "create" "-v" "/var/lib/crater-agent-workspace/builds/worker-5-tc1/source:/opt/rustwide/workdir:ro,Z" "-v" "/var/lib/crater-agent-workspace/builds/worker-5-tc1/target:/opt/rustwide/target:rw,Z" "-v" "/var/lib/crater-agent-workspace/cargo-home:/opt/rustwide/cargo-home:ro,Z" "-v" "/var/lib/crater-agent-workspace/rustup-home:/opt/rustwide/rustup-home:ro,Z" "-m" "1610612736" "--network" "none" "ghcr.io/rust-lang/crates-build-env/linux@sha256:77db811e55d90add9212f6832c23229e3de5f1c1f9905e8cb07319ea15df73ac" "sleep" "infinity", kill_on_drop: false }`
[INFO] [stdout] d58332b46df09db6f6e918e7883dd5887e7e8f59f54c0a389021a78768a94ea1
[INFO] running `Command { std: "docker" "start" "d58332b46df09db6f6e918e7883dd5887e7e8f59f54c0a389021a78768a94ea1", kill_on_drop: false }`
[INFO] running `Command { std: "docker" "inspect" "d58332b46df09db6f6e918e7883dd5887e7e8f59f54c0a389021a78768a94ea1", kill_on_drop: false }`
[INFO] running `Command { std: "docker" "exec" "-e" "SOURCE_DIR=/opt/rustwide/workdir" "-e" "CARGO_HOME=/opt/rustwide/cargo-home" "-e" "RUSTUP_HOME=/opt/rustwide/rustup-home" "-e" "CARGO_TARGET_DIR=/opt/rustwide/target" "-w" "/opt/rustwide/workdir" "--user" "0:0" "d58332b46df09db6f6e918e7883dd5887e7e8f59f54c0a389021a78768a94ea1" "/opt/rustwide/cargo-home/bin/cargo" "+1.99.0-beta.8" "metadata" "--no-deps" "--format-version=1", kill_on_drop: false }`
[INFO] running `Command { std: "docker" "inspect" "d58332b46df09db6f6e918e7883dd5887e7e8f59f54c0a389021a78768a94ea1", kill_on_drop: false }`
[INFO] running `Command { std: "docker" "exec" "-e" "SOURCE_DIR=/opt/rustwide/workdir" "-e" "CARGO_HOME=/opt/rustwide/cargo-home" "-e" "RUSTUP_HOME=/opt/rustwide/rustup-home" "-e" "CARGO_TARGET_DIR=/opt/rustwide/target" "-e" "CARGO_INCREMENTAL=0" "-e" "RUST_BACKTRACE=full" "-e" "RUSTFLAGS=--cap-lints=warn" "-e" "RUSTDOCFLAGS=--cap-lints=warn" "-w" "/opt/rustwide/workdir" "--user" "0:0" "d58332b46df09db6f6e918e7883dd5887e7e8f59f54c0a389021a78768a94ea1" "/opt/rustwide/cargo-home/bin/cargo" "+1.99.0-beta.8" "build" "--frozen" "--message-format=json" "--release", kill_on_drop: false }`
[INFO] [stderr]    Compiling libc v0.2.191
[INFO] [stderr]    Compiling serde_core v1.0.229
[INFO] [stderr]    Compiling typenum v1.20.1
[INFO] [stderr]    Compiling generic-array v0.14.9
[INFO] [stderr]    Compiling syn v1.0.109
[INFO] [stderr]    Compiling syn v3.0.9
[INFO] [stderr]    Compiling cc v1.8.0
[INFO] [stderr]    Compiling crunchy v0.2.4
[INFO] [stderr]    Compiling proc-macro2 v0.4.30
[INFO] [stderr]    Compiling getrandom v0.1.16
[INFO] [stderr]    Compiling syn v2.0.119
[INFO] [stderr]    Compiling zerocopy v0.8.63
[INFO] [stderr]    Compiling spin v0.9.9
[INFO] [stderr]    Compiling lazy_static v1.5.1
[INFO] [stderr]    Compiling ring v0.17.14
[INFO] [stderr]    Compiling digest v0.9.0
[INFO] [stderr]    Compiling serde v1.0.229
[INFO] [stderr]    Compiling libsecp256k1-core v0.2.2
[INFO] [stderr]    Compiling getrandom v0.2.17
[INFO] [stderr]    Compiling synstructure v0.14.0
[INFO] [stderr]    Compiling rand_core v0.5.1
[INFO] [stderr]    Compiling mio v1.2.4
[INFO] [stderr]    Compiling socket2 v0.6.5
[INFO] [stderr]    Compiling serde_derive v1.0.229
[INFO] [stderr]    Compiling zerofrom-derive v0.1.8
[INFO] [stderr]    Compiling zerofrom v0.1.8
[INFO] [stderr]    Compiling yoke-derive v0.8.4
[INFO] [stderr]    Compiling zerovec-derive v0.11.6
[INFO] [stderr]    Compiling displaydoc v0.2.7
[INFO] [stderr]    Compiling ppv-lite86 v0.2.21
[INFO] [stderr]    Compiling tokio v1.53.3
[INFO] [stderr]    Compiling rand_chacha v0.2.2
[INFO] [stderr]    Compiling yoke v0.8.3
[INFO] [stderr]    Compiling zerovec v0.11.8
[INFO] [stderr]    Compiling zerotrie v0.2.5
[INFO] [stderr]    Compiling zeroize_derive v1.5.0
[INFO] [stderr]    Compiling http v0.2.12
[INFO] [stderr]    Compiling rustls v0.21.12
[INFO] [stderr]    Compiling byteorder v1.5.0
[INFO] [stderr]    Compiling equivalent v1.0.3
[INFO] [stderr]    Compiling smallvec v1.16.3
[INFO] [stderr]    Compiling indexmap v2.14.2
[INFO] [stderr]    Compiling futures-util v0.3.34
[INFO] [stderr]    Compiling zeroize v1.3.0
[INFO] [stderr]    Compiling regex-automata v0.4.18
[INFO] [stderr]    Compiling tinystr v0.8.4
[INFO] [stderr]    Compiling icu_locale_core v2.3.0
[INFO] [stderr]    Compiling potential_utf v0.1.6
[INFO] [stderr]    Compiling icu_collections v2.3.0
[INFO] [stderr]    Compiling tracing v0.1.44
[INFO] [stderr]    Compiling block-buffer v0.9.0
[INFO] [stderr]    Compiling icu_provider v2.3.1
[INFO] [stderr]    Compiling rand v0.7.3
[INFO] [stderr]    Compiling sha2 v0.9.9
[INFO] [stderr]    Compiling icu_properties v2.3.0
[INFO] [stderr]    Compiling icu_normalizer v2.3.0
[INFO] [stderr]    Compiling object v0.37.3
[INFO] [stderr]    Compiling hybrid-array v0.4.15
[INFO] [stderr]    Compiling ahash v0.7.8
[INFO] [stderr]    Compiling either v1.19.0
[INFO] [stderr]    Compiling tokio-util v0.7.20
[INFO] [stderr]    Compiling rustc-demangle v0.1.28
[INFO] [stderr]    Compiling failure_derive v0.1.8
[INFO] [stderr]    Compiling proc-macro2 v1.0.107
[INFO] [stderr]    Compiling want v0.3.2
[INFO] [stderr]    Compiling synstructure v0.12.6
[INFO] [stderr]    Compiling idna_adapter v1.2.2
[INFO] [stderr]    Compiling toml v0.5.11
[INFO] [stderr]    Compiling h2 v0.3.27
[INFO] [stderr]    Compiling regex v1.13.1
[INFO] [stderr]    Compiling curve25519-dalek v3.2.1
[INFO] [stderr]    Compiling crypto-mac v0.8.0
[INFO] [stderr]    Compiling http-body v0.4.6
[INFO] [stderr]    Compiling serde_bytes v0.11.19
[INFO] [stderr]    Compiling atty v0.2.14
[INFO] [stderr]    Compiling socket2 v0.5.10
[INFO] [stderr]    Compiling sct v0.7.1
[INFO] [stderr]    Compiling rustls-webpki v0.101.7
[INFO] [stderr]    Compiling libsecp256k1-gen-genmult v0.2.1
[INFO] [stderr]    Compiling libsecp256k1-gen-ecmult v0.2.1
[INFO] [stderr]    Compiling backtrace v0.3.76
[INFO] [stderr]    Compiling encoding_rs v0.8.42
[INFO] [stderr]    Compiling futures-channel v0.3.34
[INFO] [stderr]    Compiling gemachain-frozen-abi-macro v1.8.0
[INFO] [stderr]    Compiling serde_json v1.0.154
[INFO] [stderr]    Compiling unicode-xid v0.1.0
[INFO] [stderr]    Compiling quote v1.0.47
[INFO] [stderr]    Compiling cmov v0.5.4
[INFO] [stderr]    Compiling humantime v2.4.0
[INFO] [stderr]    Compiling signature v1.6.4
[INFO] [stderr]    Compiling ed25519 v1.5.3
[INFO] [stderr]    Compiling ctutils v0.4.3
[INFO] [stderr]    Compiling env_logger v0.9.3
[INFO] [stderr]    Compiling hyper v0.14.32
[INFO] [stderr]    Compiling tokio-rustls v0.24.1
[INFO] [stderr]    Compiling libsecp256k1 v0.6.0
[INFO] [stderr]    Compiling hmac v0.8.1
[INFO] [stderr]    Compiling proc-macro-crate v0.1.5
[INFO] [stderr]    Compiling idna v1.1.0
[INFO] [stderr]    Compiling crypto-common v0.2.2
[INFO] [stderr]    Compiling block-buffer v0.12.1
[INFO] [stderr]    Compiling thiserror-impl v1.0.69
[INFO] [stderr]    Compiling borsh-derive-internal v0.9.3
[INFO] [stderr]    Compiling borsh-schema-derive-internal v0.9.3
[INFO] [stderr]    Compiling ring v0.16.20
[INFO] [stderr]    Compiling blake3 v1.8.7
[INFO] [stderr]    Compiling gemachain-frozen-abi v1.8.0
[INFO] [stderr]    Compiling core_detect v1.0.0
[INFO] [stderr]    Compiling multiversion_no_op v1.0.0
[INFO] [stderr]    Compiling simdutf8 v0.1.5
[INFO] [stderr]    Compiling winapi v0.3.9
[INFO] [stderr]    Compiling syn v0.15.44
[INFO] [stderr]    Compiling thiserror v1.0.69
[INFO] [stderr]    Compiling serde_urlencoded v0.7.1
[INFO] [stderr]    Compiling borsh-derive v0.9.3
[INFO] [stderr]    Compiling digest v0.11.3
[INFO] [stderr]    Compiling bv v0.11.1
[INFO] [stderr]    Compiling hashbrown v0.11.2
[INFO] [stderr]    Compiling url v2.5.8
[INFO] [stderr]    Compiling failure v0.1.8
[INFO] [stderr]    Compiling hyper-rustls v0.24.2
[INFO] [stderr]    Compiling hmac-drbg v0.3.0
[INFO] [stderr]    Compiling quote v0.6.13
[INFO] [stderr]    Compiling gemachain-logger v1.8.0
[INFO] [stderr]    Compiling ed25519-dalek v1.0.1
[INFO] [stderr]    Compiling crypto-mac v0.9.1
[INFO] [stderr]    Compiling crypto-mac v0.11.1
[INFO] [stderr]    Compiling iovec v0.1.4
[INFO] [stderr]    Compiling memmap2 v0.5.10
[INFO] [stderr]    Compiling jobserver v0.1.35
[INFO] [stderr]    Compiling gemachain-program v1.8.0
[INFO] [stderr]    Compiling find-msvc-tools v0.1.14
[INFO] [stderr]    Compiling webpki-roots v0.25.4
[INFO] [stderr]    Compiling shlex v2.0.1
[INFO] [stderr]    Compiling spin v0.5.2
[INFO] [stderr]    Compiling keccak v0.1.6
[INFO] [stderr]    Compiling cpufeatures v0.3.1
[INFO] [stderr]    Compiling sync_wrapper v0.1.2
[INFO] [stderr]    Compiling reqwest v0.11.27
[INFO] [stderr]    Compiling sha3 v0.9.1
[INFO] [stderr]    Compiling gemachain-sdk-macro v1.8.0
[INFO] [stderr]    Compiling bytes v0.4.12
[INFO] [stderr]    Compiling hmac v0.9.0
[INFO] [stderr]    Compiling derivation-path v0.1.3
[INFO] [stderr]    Compiling borsh v0.9.3
[INFO] [stderr]    Compiling itertools v0.10.5
[INFO] [stderr]    Compiling bincode v1.3.3
[INFO] [stderr]    Compiling num-derive v0.3.3
[INFO] [stderr]    Compiling bytemuck_derive v1.12.1
[INFO] [stderr]    Compiling gemachain-sdk v1.8.0
[INFO] [stderr]    Compiling base64 v0.13.1
[INFO] [stderr]    Compiling regex-syntax v0.6.29
[INFO] [stderr]    Compiling chrono v0.4.45
[INFO] [stderr]    Compiling bytemuck v1.25.2
[INFO] [stderr]    Compiling gemachain-crate-features v1.8.0
[INFO] [stderr]    Compiling ed25519-dalek-bip32 v0.1.1
[INFO] [stderr]    Compiling hmac v0.11.0
[INFO] [stderr]    Compiling pbkdf2 v0.9.0
[INFO] [stderr]    Compiling qstring v0.7.2
[INFO] [stderr]    Compiling uriparse v0.6.4
[INFO] [stderr]    Compiling assert_matches v1.5.0
[INFO] [stderr]    Compiling dlopen_derive v0.1.4
[INFO] [stderr]    Compiling num_cpus v1.17.0
[INFO] [stderr]    Compiling gethostname v0.2.3
[INFO] [stderr]    Compiling gemachain-rayon-threadlimit v1.8.0
[INFO] [stderr]    Compiling rayon v1.12.0
[INFO] [stderr]    Compiling dlopen v0.1.8
[INFO] [stderr]    Compiling nix v0.20.0
[INFO] [stderr]    Compiling gemachain-metrics v1.8.0
[INFO] [stderr]    Compiling gemachain-perf v1.8.0
[INFO] [stderr]    Compiling gemachain-streamer v1.8.0 (/opt/rustwide/workdir)
[INFO] [stdout] warning: the type `[iovec; 128]` does not permit being left uninitialized
[INFO] [stdout]   --> src/recvmmsg.rs:74:52
[INFO] [stdout]    |
[INFO] [stdout] 74 |     let mut iovs: [iovec; NUM_RCVMMSGS] = unsafe { mem::MaybeUninit::uninit().assume_init() };
[INFO] [stdout]    |                                                    ^^^^^^^^^^^^^^^^^^^^^^^^^^^^^^^^^^^^^^^^
[INFO] [stdout]    |                                                    |
[INFO] [stdout]    |                                                    this code causes undefined behavior when executed
[INFO] [stdout]    |                                                    help: use `MaybeUninit<T>` instead, and only call `assume_init` after initialization is done
[INFO] [stdout]    |
[INFO] [stdout]    = note: raw pointers must be initialized
[INFO] [stdout]    = note: `#[warn(invalid_value)]` on by default
[INFO] [stdout] 
[INFO] [stdout] 
[INFO] [stdout] warning: the type `iovec` does not permit being left uninitialized
[INFO] [stdout]    --> src/sendmmsg.rs:127:34
[INFO] [stdout]     |
[INFO] [stdout] 127 |     let mut iovs = vec![unsafe { std::mem::MaybeUninit::uninit().assume_init() }; size];
[INFO] [stdout]     |                                  ^^^^^^^^^^^^^^^^^^^^^^^^^^^^^^^^^^^^^^^^^^^^^
[INFO] [stdout]     |                                  |
[INFO] [stdout]     |                                  this code causes undefined behavior when executed
[INFO] [stdout]     |                                  help: use `MaybeUninit<T>` instead, and only call `assume_init` after initialization is done
[INFO] [stdout]     |
[INFO] [stdout]     = note: raw pointers must be initialized
[INFO] [stdout] 
[INFO] [stdout] 
[INFO] [stderr]     Finished `release` profile [optimized] target(s) in 4m 36s
[INFO] running `Command { std: "docker" "inspect" "d58332b46df09db6f6e918e7883dd5887e7e8f59f54c0a389021a78768a94ea1", kill_on_drop: false }`
[INFO] running `Command { std: "docker" "exec" "-e" "SOURCE_DIR=/opt/rustwide/workdir" "-e" "CARGO_HOME=/opt/rustwide/cargo-home" "-e" "RUSTUP_HOME=/opt/rustwide/rustup-home" "-e" "CARGO_TARGET_DIR=/opt/rustwide/target" "-e" "CARGO_INCREMENTAL=0" "-e" "RUST_BACKTRACE=full" "-e" "RUSTFLAGS=--cap-lints=warn" "-e" "RUSTDOCFLAGS=--cap-lints=warn" "-w" "/opt/rustwide/workdir" "--user" "0:0" "d58332b46df09db6f6e918e7883dd5887e7e8f59f54c0a389021a78768a94ea1" "/opt/rustwide/cargo-home/bin/cargo" "+1.99.0-beta.8" "test" "--frozen" "--no-run" "--message-format=json" "--release", kill_on_drop: false }`
[INFO] [stdout] warning: the type `[iovec; 128]` does not permit being left uninitialized
[INFO] [stdout]   --> src/recvmmsg.rs:74:52
[INFO] [stdout]    |
[INFO] [stdout] 74 |     let mut iovs: [iovec; NUM_RCVMMSGS] = unsafe { mem::MaybeUninit::uninit().assume_init() };
[INFO] [stdout]    |                                                    ^^^^^^^^^^^^^^^^^^^^^^^^^^^^^^^^^^^^^^^^
[INFO] [stdout]    |                                                    |
[INFO] [stdout]    |                                                    this code causes undefined behavior when executed
[INFO] [stdout]    |                                                    help: use `MaybeUninit<T>` instead, and only call `assume_init` after initialization is done
[INFO] [stdout]    |
[INFO] [stdout]    = note: raw pointers must be initialized
[INFO] [stdout]    = note: `#[warn(invalid_value)]` on by default
[INFO] [stdout] 
[INFO] [stdout] 
[INFO] [stdout] warning: the type `iovec` does not permit being left uninitialized
[INFO] [stdout]    --> src/sendmmsg.rs:127:34
[INFO] [stdout]     |
[INFO] [stdout] 127 |     let mut iovs = vec![unsafe { std::mem::MaybeUninit::uninit().assume_init() }; size];
[INFO] [stdout]     |                                  ^^^^^^^^^^^^^^^^^^^^^^^^^^^^^^^^^^^^^^^^^^^^^
[INFO] [stdout]     |                                  |
[INFO] [stdout]     |                                  this code causes undefined behavior when executed
[INFO] [stdout]     |                                  help: use `MaybeUninit<T>` instead, and only call `assume_init` after initialization is done
[INFO] [stdout]     |
[INFO] [stdout]     = note: raw pointers must be initialized
[INFO] [stdout] 
[INFO] [stdout] 
[INFO] [stderr]    Compiling gemachain-streamer v1.8.0 (/opt/rustwide/workdir)
[INFO] [stdout] warning: the type `[iovec; 128]` does not permit being left uninitialized
[INFO] [stdout]   --> src/recvmmsg.rs:74:52
[INFO] [stdout]    |
[INFO] [stdout] 74 |     let mut iovs: [iovec; NUM_RCVMMSGS] = unsafe { mem::MaybeUninit::uninit().assume_init() };
[INFO] [stdout]    |                                                    ^^^^^^^^^^^^^^^^^^^^^^^^^^^^^^^^^^^^^^^^
[INFO] [stdout]    |                                                    |
[INFO] [stdout]    |                                                    this code causes undefined behavior when executed
[INFO] [stdout]    |                                                    help: use `MaybeUninit<T>` instead, and only call `assume_init` after initialization is done
[INFO] [stdout]    |
[INFO] [stdout]    = note: raw pointers must be initialized
[INFO] [stdout]    = note: `#[warn(invalid_value)]` on by default
[INFO] [stdout] 
[INFO] [stdout] 
[INFO] [stdout] warning: the type `iovec` does not permit being left uninitialized
[INFO] [stdout]    --> src/sendmmsg.rs:127:34
[INFO] [stdout]     |
[INFO] [stdout] 127 |     let mut iovs = vec![unsafe { std::mem::MaybeUninit::uninit().assume_init() }; size];
[INFO] [stdout]     |                                  ^^^^^^^^^^^^^^^^^^^^^^^^^^^^^^^^^^^^^^^^^^^^^
[INFO] [stdout]     |                                  |
[INFO] [stdout]     |                                  this code causes undefined behavior when executed
[INFO] [stdout]     |                                  help: use `MaybeUninit<T>` instead, and only call `assume_init` after initialization is done
[INFO] [stdout]     |
[INFO] [stdout]     = note: raw pointers must be initialized
[INFO] [stdout] 
[INFO] [stdout] 
[INFO] [stderr]     Finished `release` profile [optimized] target(s) in 3.51s
[INFO] running `Command { std: "docker" "inspect" "d58332b46df09db6f6e918e7883dd5887e7e8f59f54c0a389021a78768a94ea1", kill_on_drop: false }`
[INFO] running `Command { std: "docker" "exec" "-e" "SOURCE_DIR=/opt/rustwide/workdir" "-e" "CARGO_HOME=/opt/rustwide/cargo-home" "-e" "RUSTUP_HOME=/opt/rustwide/rustup-home" "-e" "CARGO_TARGET_DIR=/opt/rustwide/target" "-e" "CARGO_INCREMENTAL=0" "-e" "RUST_BACKTRACE=full" "-e" "RUSTFLAGS=--cap-lints=warn" "-e" "RUSTDOCFLAGS=--cap-lints=warn" "-w" "/opt/rustwide/workdir" "--user" "0:0" "d58332b46df09db6f6e918e7883dd5887e7e8f59f54c0a389021a78768a94ea1" "/opt/rustwide/cargo-home/bin/cargo" "+1.99.0-beta.8" "test" "--frozen" "--release", kill_on_drop: false }`
[INFO] [stderr] warning: the type `[iovec; 128]` does not permit being left uninitialized
[INFO] [stderr]   --> src/recvmmsg.rs:74:52
[INFO] [stderr]    |
[INFO] [stderr] 74 |     let mut iovs: [iovec; NUM_RCVMMSGS] = unsafe { mem::MaybeUninit::uninit().assume_init() };
[INFO] [stderr]    |                                                    ^^^^^^^^^^^^^^^^^^^^^^^^^^^^^^^^^^^^^^^^
[INFO] [stderr]    |                                                    |
[INFO] [stderr]    |                                                    this code causes undefined behavior when executed
[INFO] [stderr]    |                                                    help: use `MaybeUninit<T>` instead, and only call `assume_init` after initialization is done
[INFO] [stderr]    |
[INFO] [stderr]    = note: raw pointers must be initialized
[INFO] [stderr]    = note: `#[warn(invalid_value)]` on by default
[INFO] [stderr] 
[INFO] [stderr] warning: the type `iovec` does not permit being left uninitialized
[INFO] [stderr]    --> src/sendmmsg.rs:127:34
[INFO] [stderr]     |
[INFO] [stderr] 127 |     let mut iovs = vec![unsafe { std::mem::MaybeUninit::uninit().assume_init() }; size];
[INFO] [stderr]     |                                  ^^^^^^^^^^^^^^^^^^^^^^^^^^^^^^^^^^^^^^^^^^^^^
[INFO] [stderr]     |                                  |
[INFO] [stderr]     |                                  this code causes undefined behavior when executed
[INFO] [stderr]     |                                  help: use `MaybeUninit<T>` instead, and only call `assume_init` after initialization is done
[INFO] [stderr]     |
[INFO] [stderr]     = note: raw pointers must be initialized
[INFO] [stderr] 
[INFO] [stderr] warning: `gemachain-streamer` (lib) generated 2 warnings
[INFO] [stderr] warning: `gemachain-streamer` (lib test) generated 2 warnings (2 duplicates)
[INFO] [stderr]     Finished `release` profile [optimized] target(s) in 0.23s
[INFO] [stderr]      Running unittests src/lib.rs (/opt/rustwide/target/release/deps/gemachain_streamer-4b5b4a08e92924bf)
[INFO] [stdout] 
[INFO] [stdout] running 16 tests
[INFO] [stdout] test recvmmsg::tests::test_recv_mmsg_multi_iter_timeout ... ok
[INFO] [stdout] test recvmmsg::tests::test_recv_mmsg_multi_iter ... ok
[INFO] [stdout] test packet::tests::test_packet_partial_eq ... ok
[INFO] [stdout] test packet::tests::packet_send_recv ... ok
[INFO] [stdout] test packet::tests::debug_trait ... ok
[INFO] [stdout] test recvmmsg::tests::test_recv_mmsg_multi_addrs ... ok
[INFO] [stdout] test packet::tests::test_packets_set_addr ... ok
[INFO] [stdout] test sendmmsg::tests::test_intermediate_failures_mismatched_bind ... ok
[INFO] [stdout] test packet::tests::test_packet_resize ... ok
[INFO] [stdout] test sendmmsg::tests::test_intermediate_failures_unreachable_address ... FAILED
[INFO] [stdout] test recvmmsg::tests::test_recv_mmsg_one_iter ... ok
[INFO] [stdout] test sendmmsg::tests::test_multicast_msg ... ok
[INFO] [stdout] test sendmmsg::tests::test_send_mmsg_multi_dest ... ok
[INFO] [stdout] test sendmmsg::tests::test_send_mmsg_one_dest ... ok
[INFO] [stdout] test streamer::test::streamer_debug ... ok
[INFO] [stdout] test streamer::test::streamer_send_test ... ok
[INFO] [stdout] 
[INFO] [stdout] failures:
[INFO] [stdout] 
[INFO] [stdout] ---- sendmmsg::tests::test_intermediate_failures_unreachable_address stdout ----
[INFO] [stdout] 
[INFO] [stdout] thread 'sendmmsg::tests::test_intermediate_failures_unreachable_address' (3740) panicked at src/sendmmsg.rs:297:13:
[INFO] [stdout] assertion failed: matches!(ioerror.kind(), ErrorKind::PermissionDenied)
[INFO] [stdout] stack backtrace:
[INFO] [stdout]    0:     0x616769259c61 - <<std[70759c8f55707aa4]::sys::backtrace::BacktraceLock>::print::DisplayBacktrace as core[df12db4294e9bfd3]::fmt::Display>::fmt
[INFO] [stdout]    1:     0x616769270f8a - core[df12db4294e9bfd3]::fmt::write
[INFO] [stdout]    2:     0x61676925f03c - <alloc[2182bb758b4b3781]::vec::Vec<u8> as core[df12db4294e9bfd3]::io::write::Write>::write_fmt
[INFO] [stdout]    3:     0x616769234256 - std[70759c8f55707aa4]::panicking::default_hook::{closure#0}
[INFO] [stdout]    4:     0x6167692516a9 - std[70759c8f55707aa4]::panicking::default_hook
[INFO] [stdout]    5:     0x616768fd1d00 - test[9d35eded1c95d3be]::test_main_inner::<test[9d35eded1c95d3be]::test_main_static::{closure#0}>::{closure#0}
[INFO] [stdout]    6:     0x6167692519d2 - std[70759c8f55707aa4]::panicking::panic_with_hook
[INFO] [stdout]    7:     0x616769234334 - std[70759c8f55707aa4]::panicking::panic_handler::{closure#0}
[INFO] [stdout]    8:     0x61676922ccc9 - std[70759c8f55707aa4]::sys::backtrace::__rust_end_short_backtrace::<std[70759c8f55707aa4]::panicking::panic_handler::{closure#0}, !>
[INFO] [stdout]    9:     0x61676923518d - __rustc[8fa7c3cbc660c2b3]::rust_begin_unwind
[INFO] [stdout]   10:     0x61676927176c - core[df12db4294e9bfd3]::panicking::panic_fmt
[INFO] [stdout]   11:     0x616769271732 - core[df12db4294e9bfd3]::panicking::panic
[INFO] [stdout]   12:     0x616768ee7f16 - gemachain_streamer[eebfc1570e78dd22]::sendmmsg::tests::test_intermediate_failures_unreachable_address
[INFO] [stdout]   13:     0x616768eeb619 - <gemachain_streamer[eebfc1570e78dd22]::sendmmsg::tests::test_intermediate_failures_unreachable_address::{closure#0} as core[df12db4294e9bfd3]::ops::function::FnOnce<()>>::call_once
[INFO] [stdout]   14:     0x616768fc4feb - test[9d35eded1c95d3be]::__rust_begin_short_backtrace::<core[df12db4294e9bfd3]::result::Result<(), alloc[2182bb758b4b3781]::string::String>, fn() -> core[df12db4294e9bfd3]::result::Result<(), alloc[2182bb758b4b3781]::string::String>>
[INFO] [stdout]   15:     0x616768fd2655 - test[9d35eded1c95d3be]::run_test::{closure#0}
[INFO] [stdout]   16:     0x616768fcbf14 - std[70759c8f55707aa4]::sys::backtrace::__rust_begin_short_backtrace::<test[9d35eded1c95d3be]::run_test::{closure#1}, ()>
[INFO] [stdout]   17:     0x616768fd57b2 - <std[70759c8f55707aa4]::thread::lifecycle::spawn_unchecked<test[9d35eded1c95d3be]::run_test::{closure#1}, ()>::{closure#1} as core[df12db4294e9bfd3]::ops::function::FnOnce<()>>::call_once::{shim:vtable#0}
[INFO] [stdout]   18:     0x616769259019 - <std[70759c8f55707aa4]::sys::thread::unix::Thread>::new::thread_start
[INFO] [stdout]   19:     0x7e5fd126fdfa - <unknown>
[INFO] [stdout]   20:     0x7e5fd13033d4 - clone
[INFO] [stdout]   21:                0x0 - <unknown>
[INFO] [stdout] 
[INFO] [stdout] 
[INFO] [stdout] failures:
[INFO] [stdout]     sendmmsg::tests::test_intermediate_failures_unreachable_address
[INFO] [stdout] 
[INFO] [stdout] test result: FAILED. 15 passed; 1 failed; 0 ignored; 0 measured; 0 filtered out; finished in 1.04s
[INFO] [stdout] 
[INFO] [stderr] error: test failed, to rerun pass `--lib`
[INFO] running `Command { std: "docker" "inspect" "d58332b46df09db6f6e918e7883dd5887e7e8f59f54c0a389021a78768a94ea1", kill_on_drop: false }`
[INFO] running `Command { std: "docker" "rm" "-f" "d58332b46df09db6f6e918e7883dd5887e7e8f59f54c0a389021a78768a94ea1", kill_on_drop: false }`
[INFO] [stdout] d58332b46df09db6f6e918e7883dd5887e7e8f59f54c0a389021a78768a94ea1
