[INFO] fetching crate gelx_core 0.8.5...
[INFO] testing gelx_core-0.8.5 against 1.99.0-beta.8+cargoflags=--release for beta-release-1.100-2
[INFO] extracting crate gelx_core 0.8.5 into /workspace/builds/worker-3-tc1/source
[INFO] started tweaking crates.io crate gelx_core 0.8.5
[INFO] finished tweaking crates.io crate gelx_core 0.8.5
[INFO] tweaked toml for crates.io crate gelx_core 0.8.5 written to /workspace/builds/worker-3-tc1/source/Cargo.toml
[INFO] validating manifest of crates.io crate gelx_core 0.8.5 on toolchain 1.99.0-beta.8
[INFO] running `Command { std: CARGO_HOME="/workspace/cargo-home" RUSTUP_HOME="/workspace/rustup-home" "/workspace/cargo-home/bin/cargo" "+1.99.0-beta.8" "metadata" "--manifest-path" "Cargo.toml" "--no-deps", kill_on_drop: false }`
[INFO] crate crates.io crate gelx_core 0.8.5 already has a lockfile, it will not be regenerated
[INFO] running `Command { std: CARGO_HOME="/workspace/cargo-home" RUSTUP_HOME="/workspace/rustup-home" "/workspace/cargo-home/bin/cargo" "+1.99.0-beta.8" "fetch" "--manifest-path" "Cargo.toml", kill_on_drop: false }`
[INFO] [stderr] warning: Cargo.toml: `lints.clippy.tabs-in-doc-comments` is deprecated in favor of `lints.clippy.tabs_in_doc_comments` and will not work in a future edition
[INFO] [stderr] warning: `gelx_core` (manifest) generated 1 warning
[INFO] [stderr]     Updating crates.io index
[INFO] [stderr]  Downloading crates ...
[INFO] [stderr]   Downloaded typed-builder v0.21.0
[INFO] [stderr]   Downloaded rustversion v1.0.21
[INFO] [stderr]   Downloaded toml v0.9.4
[INFO] [stderr]   Downloaded tokio-macros v2.5.0
[INFO] [stderr]   Downloaded ref-cast v1.0.24
[INFO] [stderr]   Downloaded ref-cast-impl v1.0.24
[INFO] [stderr]   Downloaded typed-builder-macro v0.21.0
[INFO] [stderr]   Downloaded toml_edit v0.23.2
[INFO] [stderr]   Downloaded slab v0.4.10
[INFO] [stderr]   Downloaded serde_with_macros v3.14.0
[INFO] [stderr]   Downloaded console v0.15.11
[INFO] [stderr]   Downloaded rustls-pemfile v2.2.0
[INFO] [stderr]   Downloaded gel-tokio v0.11.0
[INFO] [stderr]   Downloaded rstest_macros v0.26.1
[INFO] [stderr]   Downloaded rstest v0.26.1
[INFO] [stderr]   Downloaded prettyplease v0.2.36
[INFO] [stderr]   Downloaded schemars v1.0.4
[INFO] [stderr]   Downloaded io-uring v0.7.9
[INFO] [stderr]   Downloaded cc v1.2.31
[INFO] [stderr]   Downloaded insta v1.43.1
[INFO] [stderr]   Downloaded gel-stream v0.4.5
[INFO] [stderr]   Downloaded webpki v0.22.4
[INFO] [stderr]   Downloaded webpki-root-certs v0.26.11
[INFO] [stderr]   Downloaded rustls-native-certs v0.8.1
[INFO] [stderr]   Downloaded serde_with v3.14.0
[INFO] [stderr]   Downloaded security-framework-sys v2.14.0
[INFO] [stderr]   Downloaded security-framework v3.2.0
[INFO] [stderr]   Downloaded rustls-tokio-stream v0.6.0
[INFO] [stderr]   Downloaded rustls-webpki v0.103.4
[INFO] [stderr]   Downloaded rustls-platform-verifier v0.5.3
[INFO] [stderr]   Downloaded webpki-roots v1.0.2
[INFO] [stderr]   Downloaded webpki-root-certs v1.0.2
[INFO] [stderr]   Downloaded rustls v0.23.31
[INFO] [stderr]   Downloaded tokio v1.47.1
[INFO] [stderr]   Downloaded tracing-attributes v0.1.30
[INFO] [stderr]   Downloaded data-encoding v2.9.0
[INFO] [stderr]   Downloaded derive-io-macros v0.5.0
[INFO] [stderr]   Downloaded gel-errors v0.5.4
[INFO] [stderr]   Downloaded gel-db-protocol v0.2.0
[INFO] [stderr]   Downloaded derive-io v0.5.0
[INFO] [stderr]   Downloaded gel-protocol v0.9.2
[INFO] [stderr]   Downloaded gel-protogen v0.1.2
[INFO] [stderr]   Downloaded type-mapper v0.1.2
[INFO] [stderr]   Downloaded gel-protogen-proc-macros v0.1.2
[INFO] [stderr]   Downloaded const-str v0.6.4
[INFO] [stderr]   Downloaded whoami v1.6.0
[INFO] [stderr]   Downloaded bigdecimal v0.4.8
[INFO] [stderr]   Downloaded gel-dsn v0.2.16
[INFO] [stderr]   Downloaded crc16 v0.4.0
[INFO] [stderr]   Downloaded gel-auth v0.1.7
[INFO] [stderr]   Downloaded trybuild v1.0.110
[INFO] [stderr]   Downloaded gel-derive v0.7.4
[INFO] [stderr]   Downloaded roaring v0.10.12
[INFO] [stderr]   Downloaded check_keyword v0.4.1
[INFO] [stderr]   Downloaded assert2-macros v0.3.16
[INFO] [stderr]   Downloaded assert2 v0.3.16
[INFO] [stderr]   Downloaded anyhow v1.0.98
[INFO] running `Command { std: "docker" "create" "-v" "/var/lib/crater-agent-workspace/builds/worker-3-tc1/source:/opt/rustwide/workdir:ro,Z" "-v" "/var/lib/crater-agent-workspace/builds/worker-3-tc1/target:/opt/rustwide/target:rw,Z" "-v" "/var/lib/crater-agent-workspace/cargo-home:/opt/rustwide/cargo-home:ro,Z" "-v" "/var/lib/crater-agent-workspace/rustup-home:/opt/rustwide/rustup-home:ro,Z" "-m" "1610612736" "--network" "none" "ghcr.io/rust-lang/crates-build-env/linux@sha256:77db811e55d90add9212f6832c23229e3de5f1c1f9905e8cb07319ea15df73ac" "sleep" "infinity", kill_on_drop: false }`
[INFO] [stdout] 1d1e92372f031d57d23d5a068e267f4acd03aa43f88db6cf7fe3bf95a69c4509
[INFO] running `Command { std: "docker" "start" "1d1e92372f031d57d23d5a068e267f4acd03aa43f88db6cf7fe3bf95a69c4509", kill_on_drop: false }`
[INFO] running `Command { std: "docker" "inspect" "1d1e92372f031d57d23d5a068e267f4acd03aa43f88db6cf7fe3bf95a69c4509", kill_on_drop: false }`
[INFO] running `Command { std: "docker" "exec" "-e" "SOURCE_DIR=/opt/rustwide/workdir" "-e" "CARGO_HOME=/opt/rustwide/cargo-home" "-e" "RUSTUP_HOME=/opt/rustwide/rustup-home" "-e" "CARGO_TARGET_DIR=/opt/rustwide/target" "-w" "/opt/rustwide/workdir" "--user" "0:0" "1d1e92372f031d57d23d5a068e267f4acd03aa43f88db6cf7fe3bf95a69c4509" "/opt/rustwide/cargo-home/bin/cargo" "+1.99.0-beta.8" "metadata" "--no-deps" "--format-version=1", kill_on_drop: false }`
[INFO] running `Command { std: "docker" "inspect" "1d1e92372f031d57d23d5a068e267f4acd03aa43f88db6cf7fe3bf95a69c4509", kill_on_drop: false }`
[INFO] running `Command { std: "docker" "exec" "-e" "SOURCE_DIR=/opt/rustwide/workdir" "-e" "CARGO_HOME=/opt/rustwide/cargo-home" "-e" "RUSTUP_HOME=/opt/rustwide/rustup-home" "-e" "CARGO_TARGET_DIR=/opt/rustwide/target" "-e" "CARGO_INCREMENTAL=0" "-e" "RUST_BACKTRACE=full" "-e" "RUSTFLAGS=--cap-lints=warn" "-e" "RUSTDOCFLAGS=--cap-lints=warn" "-w" "/opt/rustwide/workdir" "--user" "0:0" "1d1e92372f031d57d23d5a068e267f4acd03aa43f88db6cf7fe3bf95a69c4509" "/opt/rustwide/cargo-home/bin/cargo" "+1.99.0-beta.8" "build" "--frozen" "--message-format=json" "--release", kill_on_drop: false }`
[INFO] [stderr] warning: Cargo.toml: `lints.clippy.tabs-in-doc-comments` is deprecated in favor of `lints.clippy.tabs_in_doc_comments` and will not work in a future edition
[INFO] [stderr] warning: `gelx_core` (manifest) generated 1 warning
[INFO] [stderr]    Compiling proc-macro2 v1.0.95
[INFO] [stderr]    Compiling unicode-ident v1.0.18
[INFO] [stderr]    Compiling libc v0.2.174
[INFO] [stderr]    Compiling cfg-if v1.0.1
[INFO] [stderr]    Compiling stable_deref_trait v1.2.0
[INFO] [stderr]    Compiling serde v1.0.219
[INFO] [stderr]    Compiling memchr v2.7.5
[INFO] [stderr]    Compiling getrandom v0.3.3
[INFO] [stderr]    Compiling portable-atomic v1.11.1
[INFO] [stderr]    Compiling typenum v1.18.0
[INFO] [stderr]    Compiling litemap v0.8.0
[INFO] [stderr]    Compiling smallvec v1.15.1
[INFO] [stderr]    Compiling writeable v0.6.1
[INFO] [stderr]    Compiling cc v1.2.31
[INFO] [stderr]    Compiling critical-section v1.2.0
[INFO] [stderr]    Compiling subtle v2.6.1
[INFO] [stderr]    Compiling zeroize v1.8.1
[INFO] [stderr]    Compiling zerocopy v0.8.26
[INFO] [stderr]    Compiling icu_normalizer_data v2.0.0
[INFO] [stderr]    Compiling icu_properties_data v2.0.1
[INFO] [stderr]    Compiling bytes v1.10.1
[INFO] [stderr]    Compiling futures-core v0.3.31
[INFO] [stderr]    Compiling rustls-pki-types v1.12.0
[INFO] [stderr]    Compiling slab v0.4.10
[INFO] [stderr]    Compiling unicode-xid v0.2.6
[INFO] [stderr]    Compiling serde_json v1.0.142
[INFO] [stderr]    Compiling futures-channel v0.3.31
[INFO] [stderr]    Compiling futures-io v0.3.31
[INFO] [stderr]    Compiling num-traits v0.2.19
[INFO] [stderr]    Compiling lock_api v0.4.13
[INFO] [stderr]    Compiling parking_lot_core v0.9.11
[INFO] [stderr]    Compiling tinyvec v1.9.0
[INFO] [stderr]    Compiling percent-encoding v2.3.1
[INFO] [stderr]    Compiling thiserror v2.0.12
[INFO] [stderr]    Compiling rustls v0.23.31
[INFO] [stderr]    Compiling form_urlencoded v1.2.1
[INFO] [stderr]    Compiling moka v0.12.10
[INFO] [stderr]    Compiling object v0.36.7
[INFO] [stderr]    Compiling log v0.4.27
[INFO] [stderr]    Compiling crossbeam-channel v0.5.15
[INFO] [stderr]    Compiling crossbeam-epoch v0.9.18
[INFO] [stderr]    Compiling quote v1.0.40
[INFO] [stderr]    Compiling generic-array v0.14.7
[INFO] [stderr]    Compiling target-triple v0.1.4
[INFO] [stderr]    Compiling winnow v0.7.12
[INFO] [stderr]    Compiling syn v2.0.104
[INFO] [stderr]    Compiling once_cell v1.21.3
[INFO] [stderr]    Compiling getrandom v0.2.16
[INFO] [stderr]    Compiling socket2 v0.6.0
[INFO] [stderr]    Compiling rand_core v0.9.3
[INFO] [stderr]    Compiling signal-hook-registry v1.4.5
[INFO] [stderr]    Compiling mio v1.0.4
[INFO] [stderr]    Compiling tracing-core v0.1.34
[INFO] [stderr]    Compiling openssl-probe v0.1.6
[INFO] [stderr]    Compiling data-encoding v2.9.0
[INFO] [stderr]    Compiling block-buffer v0.10.4
[INFO] [stderr]    Compiling crypto-common v0.1.6
[INFO] [stderr]    Compiling parking_lot v0.12.4
[INFO] [stderr]    Compiling ipnet v2.11.0
[INFO] [stderr]    Compiling gimli v0.31.1
[INFO] [stderr]    Compiling ring v0.17.14
[INFO] [stderr]    Compiling digest v0.10.7
[INFO] [stderr]    Compiling tagptr v0.2.0
[INFO] [stderr]    Compiling libm v0.2.15
[INFO] [stderr]    Compiling rand_core v0.6.4
[INFO] [stderr]    Compiling num-integer v0.1.46
[INFO] [stderr]    Compiling rustls-native-certs v0.8.1
[INFO] [stderr]    Compiling socket2 v0.5.10
[INFO] [stderr]    Compiling rand v0.8.5
[INFO] [stderr]    Compiling derive-io-macros v0.5.0
[INFO] [stderr]    Compiling phf_shared v0.11.3
[INFO] [stderr]    Compiling bigdecimal v0.4.8
[INFO] [stderr]    Compiling crc16 v0.4.0
[INFO] [stderr]    Compiling rustc-demangle v0.1.26
[INFO] [stderr]    Compiling const-str v0.6.4
[INFO] [stderr]    Compiling option-ext v0.2.0
[INFO] [stderr]    Compiling resolv-conf v0.7.4
[INFO] [stderr]    Compiling ppv-lite86 v0.2.21
[INFO] [stderr]    Compiling toml_writer v1.0.2
[INFO] [stderr]    Compiling rand_chacha v0.9.0
[INFO] [stderr]    Compiling phf_generator v0.11.3
[INFO] [stderr]    Compiling toml_parser v1.0.1
[INFO] [stderr]    Compiling dirs-sys v0.5.0
[INFO] [stderr]    Compiling rand v0.9.2
[INFO] [stderr]    Compiling num-bigint v0.4.6
[INFO] [stderr]    Compiling gel-errors v0.5.4
[INFO] [stderr]    Compiling webpki-roots v1.0.2
[INFO] [stderr]    Compiling anyhow v1.0.98
[INFO] [stderr]    Compiling bytemuck v1.23.1
[INFO] [stderr]    Compiling termcolor v1.4.1
[INFO] [stderr]    Compiling glob v0.3.2
[INFO] [stderr]    Compiling roaring v0.10.12
[INFO] [stderr]    Compiling dirs v6.0.0
[INFO] [stderr]    Compiling sha2 v0.10.9
[INFO] [stderr]    Compiling hmac v0.12.1
[INFO] [stderr]    Compiling sha1 v0.10.6
[INFO] [stderr]    Compiling toml_datetime v0.7.0
[INFO] [stderr]    Compiling serde_spanned v1.0.0
[INFO] [stderr]    Compiling chrono v0.4.41
[INFO] [stderr]    Compiling toml v0.9.4
[INFO] [stderr]    Compiling addr2line v0.24.2
[INFO] [stderr]    Compiling unicode-normalization v0.1.24
[INFO] [stderr]    Compiling aho-corasick v1.1.3
[INFO] [stderr]    Compiling rustls-pemfile v2.2.0
[INFO] [stderr]    Compiling dunce v1.0.5
[INFO] [stderr]    Compiling prettyplease v0.2.36
[INFO] [stderr]    Compiling constant_time_eq v0.4.2
[INFO] [stderr]    Compiling hashbrown v0.15.4
[INFO] [stderr]    Compiling whoami v1.6.0
[INFO] [stderr]    Compiling bitflags v2.9.1
[INFO] [stderr]    Compiling regex-syntax v0.8.5
[INFO] [stderr]    Compiling md5 v0.7.0
[INFO] [stderr]    Compiling base16ct v0.2.0
[INFO] [stderr]    Compiling synstructure v0.13.2
[INFO] [stderr]    Compiling darling_core v0.20.11
[INFO] [stderr]    Compiling arc-swap v1.7.1
[INFO] [stderr]    Compiling heck v0.5.0
[INFO] [stderr]    Compiling backtrace v0.3.75
[INFO] [stderr]    Compiling serde_derive v1.0.219
[INFO] [stderr]    Compiling zerofrom-derive v0.1.6
[INFO] [stderr]    Compiling yoke-derive v0.8.0
[INFO] [stderr]    Compiling zerovec-derive v0.11.1
[INFO] [stderr]    Compiling displaydoc v0.2.5
[INFO] [stderr]    Compiling futures-macro v0.3.31
[INFO] [stderr]    Compiling tokio-macros v2.5.0
[INFO] [stderr]    Compiling derive_more-impl v2.0.1
[INFO] [stderr]    Compiling tracing-attributes v0.1.30
[INFO] [stderr]    Compiling thiserror-impl v2.0.12
[INFO] [stderr]    Compiling thiserror-impl v1.0.69
[INFO] [stderr]    Compiling enum-as-inner v0.6.1
[INFO] [stderr]    Compiling tokio v1.47.1
[INFO] [stderr]    Compiling zerofrom v0.1.6
[INFO] [stderr]    Compiling async-trait v0.1.88
[INFO] [stderr]    Compiling yoke v0.8.0
[INFO] [stderr]    Compiling type-mapper v0.1.2
[INFO] [stderr]    Compiling gel-protogen-proc-macros v0.1.2
[INFO] [stderr]    Compiling futures-util v0.3.31
[INFO] [stderr]    Compiling darling_macro v0.20.11
[INFO] [stderr]    Compiling zerovec v0.11.2
[INFO] [stderr]    Compiling zerotrie v0.2.2
[INFO] [stderr]    Compiling thiserror v1.0.69
[INFO] [stderr]    Compiling snafu-derive v0.8.6
[INFO] [stderr]    Compiling darling v0.20.11
[INFO] [stderr]    Compiling tracing v0.1.41
[INFO] [stderr]    Compiling phf_macros v0.11.3
[INFO] [stderr]    Compiling serde_with_macros v3.14.0
[INFO] [stderr]    Compiling regex-automata v0.4.9
[INFO] [stderr]    Compiling strum_macros v0.27.2
[INFO] [stderr]    Compiling phf v0.11.3
[INFO] [stderr]    Compiling typed-builder-macro v0.21.0
[INFO] [stderr]    Compiling check_keyword v0.4.1
[INFO] [stderr]    Compiling tinystr v0.8.1
[INFO] [stderr]    Compiling icu_locale_core v2.0.0
[INFO] [stderr]    Compiling potential_utf v0.1.2
[INFO] [stderr]    Compiling icu_collections v2.0.0
[INFO] [stderr]    Compiling typed-builder v0.21.0
[INFO] [stderr]    Compiling snafu v0.8.6
[INFO] [stderr]    Compiling icu_provider v2.0.0
[INFO] [stderr]    Compiling trybuild v1.0.110
[INFO] [stderr]    Compiling strum v0.27.2
[INFO] [stderr]    Compiling icu_properties v2.0.1
[INFO] [stderr]    Compiling icu_normalizer v2.0.0
[INFO] [stderr]    Compiling derive_more v2.0.1
[INFO] [stderr]    Compiling gel-auth v0.1.7
[INFO] [stderr]    Compiling futures-executor v0.3.31
[INFO] [stderr]    Compiling regex v1.11.1
[INFO] [stderr]    Compiling futures v0.3.31
[INFO] [stderr]    Compiling idna_adapter v1.2.1
[INFO] [stderr]    Compiling idna v1.0.3
[INFO] [stderr]    Compiling url v2.5.4
[INFO] [stderr]    Compiling gel-derive v0.7.4
[INFO] [stderr]    Compiling uuid v1.17.0
[INFO] [stderr]    Compiling rustls-webpki v0.103.4
[INFO] [stderr]    Compiling hickory-proto v0.25.2
[INFO] [stderr]    Compiling gel-protogen v0.1.2
[INFO] [stderr]    Compiling webpki v0.22.4
[INFO] [stderr]    Compiling derive-io v0.5.0
[INFO] [stderr]    Compiling indexmap v2.10.0
[INFO] [stderr]    Compiling serde_with v3.14.0
[INFO] [stderr]    Compiling toml_edit v0.23.2
[INFO] [stderr]    Compiling hickory-resolver v0.25.2
[INFO] [stderr]    Compiling gel-db-protocol v0.2.0
[INFO] [stderr]    Compiling rustls-tokio-stream v0.6.0
[INFO] [stderr]    Compiling gel-protocol v0.9.2
[INFO] [stderr]    Compiling rustls-platform-verifier v0.5.3
[INFO] [stderr]    Compiling gel-stream v0.4.5
[INFO] [stderr]    Compiling gel-dsn v0.2.16
[INFO] [stderr]    Compiling gel-tokio v0.11.0
[INFO] [stderr]    Compiling gelx_core v0.8.5 (/opt/rustwide/workdir)
[INFO] [stderr]     Finished `release` profile [optimized] target(s) in 3m 13s
[INFO] running `Command { std: "docker" "inspect" "1d1e92372f031d57d23d5a068e267f4acd03aa43f88db6cf7fe3bf95a69c4509", kill_on_drop: false }`
[INFO] running `Command { std: "docker" "exec" "-e" "SOURCE_DIR=/opt/rustwide/workdir" "-e" "CARGO_HOME=/opt/rustwide/cargo-home" "-e" "RUSTUP_HOME=/opt/rustwide/rustup-home" "-e" "CARGO_TARGET_DIR=/opt/rustwide/target" "-e" "CARGO_INCREMENTAL=0" "-e" "RUST_BACKTRACE=full" "-e" "RUSTFLAGS=--cap-lints=warn" "-e" "RUSTDOCFLAGS=--cap-lints=warn" "-w" "/opt/rustwide/workdir" "--user" "0:0" "1d1e92372f031d57d23d5a068e267f4acd03aa43f88db6cf7fe3bf95a69c4509" "/opt/rustwide/cargo-home/bin/cargo" "+1.99.0-beta.8" "test" "--frozen" "--no-run" "--message-format=json" "--release", kill_on_drop: false }`
[INFO] [stderr] warning: Cargo.toml: `lints.clippy.tabs-in-doc-comments` is deprecated in favor of `lints.clippy.tabs_in_doc_comments` and will not work in a future edition
[INFO] [stderr] warning: `gelx_core` (manifest) generated 1 warning
[INFO] [stderr]    Compiling semver v1.0.26
[INFO] [stderr]    Compiling tokio v1.47.1
[INFO] [stderr]    Compiling aho-corasick v1.1.3
[INFO] [stderr]    Compiling regex-syntax v0.8.5
[INFO] [stderr]    Compiling relative-path v1.9.3
[INFO] [stderr]    Compiling cfg-if v1.0.1
[INFO] [stderr]    Compiling console v0.15.11
[INFO] [stderr]    Compiling similar v2.7.0
[INFO] [stderr]    Compiling rustc_version v0.4.1
[INFO] [stderr]    Compiling insta v1.43.1
[INFO] [stderr]    Compiling rstest_macros v0.26.1
[INFO] [stderr]    Compiling assert2-macros v0.3.16
[INFO] [stderr]    Compiling assert2 v0.3.16
[INFO] [stderr]    Compiling regex-automata v0.4.9
[INFO] [stderr]    Compiling regex v1.11.1
[INFO] [stderr]    Compiling hickory-proto v0.25.2
[INFO] [stderr]    Compiling rustls-tokio-stream v0.6.0
[INFO] [stderr]    Compiling derive-io v0.5.0
[INFO] [stderr]    Compiling rstest v0.26.1
[INFO] [stderr]    Compiling hickory-resolver v0.25.2
[INFO] [stderr]    Compiling gel-stream v0.4.5
[INFO] [stderr]    Compiling gel-dsn v0.2.16
[INFO] [stderr]    Compiling gel-tokio v0.11.0
[INFO] [stderr]    Compiling gelx_core v0.8.5 (/opt/rustwide/workdir)
[INFO] [stderr]     Finished `release` profile [optimized] target(s) in 1m 16s
[INFO] running `Command { std: "docker" "inspect" "1d1e92372f031d57d23d5a068e267f4acd03aa43f88db6cf7fe3bf95a69c4509", kill_on_drop: false }`
[INFO] running `Command { std: "docker" "exec" "-e" "SOURCE_DIR=/opt/rustwide/workdir" "-e" "CARGO_HOME=/opt/rustwide/cargo-home" "-e" "RUSTUP_HOME=/opt/rustwide/rustup-home" "-e" "CARGO_TARGET_DIR=/opt/rustwide/target" "-e" "CARGO_INCREMENTAL=0" "-e" "RUST_BACKTRACE=full" "-e" "RUSTFLAGS=--cap-lints=warn" "-e" "RUSTDOCFLAGS=--cap-lints=warn" "-w" "/opt/rustwide/workdir" "--user" "0:0" "1d1e92372f031d57d23d5a068e267f4acd03aa43f88db6cf7fe3bf95a69c4509" "/opt/rustwide/cargo-home/bin/cargo" "+1.99.0-beta.8" "test" "--frozen" "--release", kill_on_drop: false }`
[INFO] [stderr] warning: Cargo.toml: `lints.clippy.tabs-in-doc-comments` is deprecated in favor of `lints.clippy.tabs_in_doc_comments` and will not work in a future edition
[INFO] [stderr] warning: `gelx_core` (manifest) generated 1 warning
[INFO] [stderr]     Finished `release` profile [optimized] target(s) in 0.26s
[INFO] [stderr]      Running unittests src/lib.rs (/opt/rustwide/target/release/deps/gelx_core-fd0c63801fe69545)
[INFO] [stdout] 
[INFO] [stdout] running 62 tests
[INFO] [stdout] test codegen::tests::test_module_name ... ok
[INFO] [stdout] test utils::tests::error_when_formatting_invalid_rust ... ok
[INFO] [stdout] test metadata::tests::test_try_from_base64 ... ok
[INFO] [stdout] test utils::tests::test_maybe_uuid_to_import::case_08_std_float64 ... ok
[INFO] [stdout] test utils::tests::test_maybe_uuid_to_import::case_03_std_bytes ... ok
[INFO] [stdout] test codegen::tests::test_generate_enum ... FAILED
[INFO] [stdout] test utils::tests::test_maybe_uuid_to_import::case_01_std_uuid ... ok
[INFO] [stdout] test utils::tests::test_maybe_uuid_to_import::case_04_std_int16 ... ok
[INFO] [stdout] test metadata::tests::test_gel_config ... FAILED
[INFO] [stdout] test utils::tests::test_maybe_uuid_to_import::case_02_std_str ... ok
[INFO] [stdout] test utils::tests::test_maybe_uuid_to_import::case_12_std_pg_timestamptz ... ok
[INFO] [stdout] test utils::tests::test_maybe_uuid_to_import::case_05_std_int32 ... ok
[INFO] [stdout] test utils::tests::test_maybe_uuid_to_import::case_15_cal_local_date ... ok
[INFO] [stdout] test utils::tests::test_maybe_uuid_to_import::case_14_std_pg_timestamp ... ok
[INFO] [stdout] test utils::tests::test_maybe_uuid_to_import::case_06_std_int64 ... ok
[INFO] [stdout] test utils::tests::test_maybe_uuid_to_import::case_17_cal_local_time ... ok
[INFO] [stdout] test utils::tests::test_maybe_uuid_to_import::case_20_cal_date_duration ... ok
[INFO] [stdout] test utils::tests::test_maybe_uuid_to_import::case_24_cfg_memory ... ok
[INFO] [stdout] test utils::tests::test_maybe_uuid_to_import::case_25_pgvector_vector ... ok
[INFO] [stdout] test utils::tests::test_maybe_uuid_to_import::case_26_postgis_geometry ... ok
[INFO] [stdout] test utils::tests::test_maybe_uuid_to_token_name::case_01_std_uuid ... ok
[INFO] [stdout] test utils::tests::test_maybe_uuid_to_import::case_18_std_duration ... ok
[INFO] [stdout] test utils::tests::test_maybe_uuid_to_import::case_19_cal_relative_duration ... ok
[INFO] [stdout] test utils::tests::test_maybe_uuid_to_import::case_27_postgis_geography ... ok
[INFO] [stdout] test utils::tests::test_maybe_uuid_to_import::case_23_std_bigint ... ok
[INFO] [stdout] test utils::tests::test_maybe_uuid_to_import_none ... ok
[INFO] [stdout] test utils::tests::test_maybe_uuid_to_import::case_07_std_float32 ... ok
[INFO] [stdout] test utils::tests::test_maybe_uuid_to_token_name::case_04_std_int16 ... ok
[INFO] [stdout] test utils::tests::test_maybe_uuid_to_import::case_11_std_datetime ... ok
[INFO] [stdout] test utils::tests::test_maybe_uuid_to_import::case_16_std_pg_date ... ok
[INFO] [stdout] test utils::tests::test_maybe_uuid_to_import::case_09_std_decimal ... ok
[INFO] [stdout] test utils::tests::test_maybe_uuid_to_import::case_10_std_bool ... ok
[INFO] [stdout] test utils::tests::test_maybe_uuid_to_import::case_13_cal_local_datetime ... ok
[INFO] [stdout] test utils::tests::test_maybe_uuid_to_token_name::case_02_std_str ... ok
[INFO] [stdout] test utils::tests::test_maybe_uuid_to_import::case_21_std_json ... ok
[INFO] [stdout] test utils::tests::test_maybe_uuid_to_token_name::case_03_std_bytes ... ok
[INFO] [stdout] test utils::tests::test_maybe_uuid_to_token_name::case_07_std_float32 ... ok
[INFO] [stdout] test utils::tests::test_maybe_uuid_to_token_name::case_13_cal_local_datetime ... ok
[INFO] [stdout] test utils::tests::test_maybe_uuid_to_import::case_22_std_pg_json ... ok
[INFO] [stdout] test utils::tests::test_maybe_uuid_to_token_name::case_05_std_int32 ... ok
[INFO] [stdout] test utils::tests::test_maybe_uuid_to_token_name::case_14_std_pg_timestamp ... ok
[INFO] [stdout] test utils::tests::test_maybe_uuid_to_token_name::case_18_std_duration ... ok
[INFO] [stdout] test utils::tests::test_maybe_uuid_to_token_name::case_11_std_datetime ... ok
[INFO] [stdout] test utils::tests::test_maybe_uuid_to_token_name::case_19_cal_relative_duration ... ok
[INFO] [stdout] test utils::tests::test_maybe_uuid_to_token_name::case_21_std_json ... ok
[INFO] [stdout] test utils::tests::test_maybe_uuid_to_token_name::case_15_cal_local_date ... ok
[INFO] [stdout] test utils::tests::test_maybe_uuid_to_token_name::case_16_std_pg_date ... ok
[INFO] [stdout] test utils::tests::test_maybe_uuid_to_token_name::case_20_cal_date_duration ... ok
[INFO] [stdout] test utils::tests::test_maybe_uuid_to_token_name::case_08_std_float64 ... ok
[INFO] [stdout] test utils::tests::test_maybe_uuid_to_token_name::case_17_cal_local_time ... ok
[INFO] [stdout] test utils::tests::test_maybe_uuid_to_token_name::case_12_std_pg_timestamptz ... ok
[INFO] [stdout] test utils::tests::test_maybe_uuid_to_token_name::case_06_std_int64 ... ok
[INFO] [stdout] test utils::tests::test_maybe_uuid_to_token_name::case_27_postgis_geography ... ok
[INFO] [stdout] test utils::tests::test_maybe_uuid_to_token_name::case_22_std_pg_json ... ok
[INFO] [stdout] test utils::tests::test_maybe_uuid_to_token_name_none ... ok
[INFO] [stdout] test utils::tests::test_maybe_uuid_to_token_name::case_24_cfg_memory ... ok
[INFO] [stdout] test utils::tests::test_maybe_uuid_to_token_name::case_25_pgvector_vector ... ok
[INFO] [stdout] test utils::tests::test_maybe_uuid_to_token_name::case_09_std_decimal ... ok
[INFO] [stdout] test utils::tests::test_maybe_uuid_to_token_name::case_10_std_bool ... ok
[INFO] [stdout] test utils::tests::test_maybe_uuid_to_token_name::case_26_postgis_geometry ... ok
[INFO] [stdout] test utils::tests::test_maybe_uuid_to_token_name::case_23_std_bigint ... ok
[INFO] [stdout] test utils::tests::can_format_file ... ok
[INFO] [stdout] 
[INFO] [stdout] failures:
[INFO] [stdout] 
[INFO] [stdout] ---- codegen::tests::test_generate_enum stdout ----
[INFO] [stdout] Error: Gel(Error(Inner { code: 4278256127, messages: [], error: Some(NoOptionsOrToml), headers: {}, annotations: {}, fields: {} }))
[INFO] [stdout] 
[INFO] [stdout] ---- metadata::tests::test_gel_config stdout ----
[INFO] [stdout] 
[INFO] [stdout] thread 'metadata::tests::test_gel_config' (4940) panicked at src/metadata.rs:610:31:
[INFO] [stdout] called `Result::unwrap()` on an `Err` value: Gel(Error(Inner { code: 4278321411, messages: [], error: Some(CredentialsFileNotFound), headers: {}, annotations: {}, fields: {} }))
[INFO] [stdout] stack backtrace:
[INFO] [stdout]    0:     0x5581a29c1a31 - <<std[70759c8f55707aa4]::sys::backtrace::BacktraceLock>::print::DisplayBacktrace as core[df12db4294e9bfd3]::fmt::Display>::fmt
[INFO] [stdout]    1:     0x5581a29db37a - core[df12db4294e9bfd3]::fmt::write
[INFO] [stdout]    2:     0x5581a29c6bcc - <alloc[2182bb758b4b3781]::vec::Vec<u8> as core[df12db4294e9bfd3]::io::write::Write>::write_fmt
[INFO] [stdout]    3:     0x5581a29993f6 - std[70759c8f55707aa4]::panicking::default_hook::{closure#0}
[INFO] [stdout]    4:     0x5581a29b85c9 - std[70759c8f55707aa4]::panicking::default_hook
[INFO] [stdout]    5:     0x5581a24d5540 - test[9d35eded1c95d3be]::test_main_inner::<test[9d35eded1c95d3be]::test_main_static::{closure#0}>::{closure#0}
[INFO] [stdout]    6:     0x5581a29b88f2 - std[70759c8f55707aa4]::panicking::panic_with_hook
[INFO] [stdout]    7:     0x5581a29994a2 - std[70759c8f55707aa4]::panicking::panic_handler::{closure#0}
[INFO] [stdout]    8:     0x5581a2991729 - std[70759c8f55707aa4]::sys::backtrace::__rust_end_short_backtrace::<std[70759c8f55707aa4]::panicking::panic_handler::{closure#0}, !>
[INFO] [stdout]    9:     0x5581a299a27d - __rustc[8fa7c3cbc660c2b3]::rust_begin_unwind
[INFO] [stdout]   10:     0x5581a29dbb9c - core[df12db4294e9bfd3]::panicking::panic_fmt
[INFO] [stdout]   11:     0x5581a29db972 - core[df12db4294e9bfd3]::result::unwrap_failed
[INFO] [stdout]   12:     0x5581a231b8ae - gelx_core[e557ef271c91fa3b]::metadata::tests::test_gel_config
[INFO] [stdout]   13:     0x5581a233d3d9 - <gelx_core[e557ef271c91fa3b]::metadata::tests::test_gel_config::{closure#0} as core[df12db4294e9bfd3]::ops::function::FnOnce<()>>::call_once
[INFO] [stdout]   14:     0x5581a24c882b - test[9d35eded1c95d3be]::__rust_begin_short_backtrace::<core[df12db4294e9bfd3]::result::Result<(), alloc[2182bb758b4b3781]::string::String>, fn() -> core[df12db4294e9bfd3]::result::Result<(), alloc[2182bb758b4b3781]::string::String>>
[INFO] [stdout]   15:     0x5581a24d5e95 - test[9d35eded1c95d3be]::run_test::{closure#0}
[INFO] [stdout]   16:     0x5581a24cf754 - std[70759c8f55707aa4]::sys::backtrace::__rust_begin_short_backtrace::<test[9d35eded1c95d3be]::run_test::{closure#1}, ()>
[INFO] [stdout]   17:     0x5581a24d8ff2 - <std[70759c8f55707aa4]::thread::lifecycle::spawn_unchecked<test[9d35eded1c95d3be]::run_test::{closure#1}, ()>::{closure#1} as core[df12db4294e9bfd3]::ops::function::FnOnce<()>>::call_once::{shim:vtable#0}
[INFO] [stdout]   18:     0x5581a29c0899 - <std[70759c8f55707aa4]::sys::thread::unix::Thread>::new::thread_start
[INFO] [stdout]   19:     0x715868b41dfa - <unknown>
[INFO] [stdout]   20:     0x715868bd53d4 - clone
[INFO] [stdout]   21:                0x0 - <unknown>
[INFO] [stdout] 
[INFO] [stdout] 
[INFO] [stdout] failures:
[INFO] [stdout]     codegen::tests::test_generate_enum
[INFO] [stdout]     metadata::tests::test_gel_config
[INFO] [stdout] 
[INFO] [stdout] test result: FAILED. 60 passed; 2 failed; 0 ignored; 0 measured; 0 filtered out; finished in 0.04s
[INFO] [stdout] 
[INFO] [stderr] error: test failed, to rerun pass `--lib`
[INFO] running `Command { std: "docker" "inspect" "1d1e92372f031d57d23d5a068e267f4acd03aa43f88db6cf7fe3bf95a69c4509", kill_on_drop: false }`
[INFO] running `Command { std: "docker" "rm" "-f" "1d1e92372f031d57d23d5a068e267f4acd03aa43f88db6cf7fe3bf95a69c4509", kill_on_drop: false }`
[INFO] [stdout] 1d1e92372f031d57d23d5a068e267f4acd03aa43f88db6cf7fe3bf95a69c4509
