[INFO] fetching crate exr 1.74.2...
[INFO] testing exr-1.74.2 against 1.99.0-beta.8+cargoflags=--release for beta-release-1.100-2
[INFO] extracting crate exr 1.74.2 into /workspace/builds/worker-7-tc1/source
[INFO] started tweaking crates.io crate exr 1.74.2
[INFO] removed 0 missing examples
[INFO] removed 0 missing tests
[INFO] finished tweaking crates.io crate exr 1.74.2
[INFO] tweaked toml for crates.io crate exr 1.74.2 written to /workspace/builds/worker-7-tc1/source/Cargo.toml
[INFO] validating manifest of crates.io crate exr 1.74.2 on toolchain 1.99.0-beta.8
[INFO] running `Command { std: CARGO_HOME="/workspace/cargo-home" RUSTUP_HOME="/workspace/rustup-home" "/workspace/cargo-home/bin/cargo" "+1.99.0-beta.8" "metadata" "--manifest-path" "Cargo.toml" "--no-deps", kill_on_drop: false }`
[INFO] crate crates.io crate exr 1.74.2 already has a lockfile, it will not be regenerated
[INFO] running `Command { std: CARGO_HOME="/workspace/cargo-home" RUSTUP_HOME="/workspace/rustup-home" "/workspace/cargo-home/bin/cargo" "+1.99.0-beta.8" "fetch" "--manifest-path" "Cargo.toml", kill_on_drop: false }`
[INFO] [stderr]     Updating crates.io index
[INFO] [stderr]  Downloading crates ...
[INFO] [stderr]   Downloaded bencher v0.1.5
[INFO] [stderr]   Downloaded zerocopy-derive v0.8.53
[INFO] [stderr]   Downloaded zerocopy v0.8.53
[INFO] running `Command { std: "docker" "create" "-v" "/var/lib/crater-agent-workspace/builds/worker-7-tc1/source:/opt/rustwide/workdir:ro,Z" "-v" "/var/lib/crater-agent-workspace/builds/worker-7-tc1/target:/opt/rustwide/target:rw,Z" "-v" "/var/lib/crater-agent-workspace/cargo-home:/opt/rustwide/cargo-home:ro,Z" "-v" "/var/lib/crater-agent-workspace/rustup-home:/opt/rustwide/rustup-home:ro,Z" "-m" "1610612736" "--network" "none" "ghcr.io/rust-lang/crates-build-env/linux@sha256:77db811e55d90add9212f6832c23229e3de5f1c1f9905e8cb07319ea15df73ac" "sleep" "infinity", kill_on_drop: false }`
[INFO] [stdout] ef3ad03f995ddd498850037c00018a140f2ef5c6480930989a7f4283c2ddea4d
[INFO] running `Command { std: "docker" "start" "ef3ad03f995ddd498850037c00018a140f2ef5c6480930989a7f4283c2ddea4d", kill_on_drop: false }`
[INFO] running `Command { std: "docker" "inspect" "ef3ad03f995ddd498850037c00018a140f2ef5c6480930989a7f4283c2ddea4d", kill_on_drop: false }`
[INFO] running `Command { std: "docker" "exec" "-e" "SOURCE_DIR=/opt/rustwide/workdir" "-e" "CARGO_HOME=/opt/rustwide/cargo-home" "-e" "RUSTUP_HOME=/opt/rustwide/rustup-home" "-e" "CARGO_TARGET_DIR=/opt/rustwide/target" "-w" "/opt/rustwide/workdir" "--user" "0:0" "ef3ad03f995ddd498850037c00018a140f2ef5c6480930989a7f4283c2ddea4d" "/opt/rustwide/cargo-home/bin/cargo" "+1.99.0-beta.8" "metadata" "--no-deps" "--format-version=1", kill_on_drop: false }`
[INFO] running `Command { std: "docker" "inspect" "ef3ad03f995ddd498850037c00018a140f2ef5c6480930989a7f4283c2ddea4d", kill_on_drop: false }`
[INFO] running `Command { std: "docker" "exec" "-e" "SOURCE_DIR=/opt/rustwide/workdir" "-e" "CARGO_HOME=/opt/rustwide/cargo-home" "-e" "RUSTUP_HOME=/opt/rustwide/rustup-home" "-e" "CARGO_TARGET_DIR=/opt/rustwide/target" "-e" "CARGO_INCREMENTAL=0" "-e" "RUST_BACKTRACE=full" "-e" "RUSTFLAGS=--cap-lints=warn" "-e" "RUSTDOCFLAGS=--cap-lints=warn" "-w" "/opt/rustwide/workdir" "--user" "0:0" "ef3ad03f995ddd498850037c00018a140f2ef5c6480930989a7f4283c2ddea4d" "/opt/rustwide/cargo-home/bin/cargo" "+1.99.0-beta.8" "build" "--frozen" "--message-format=json" "--release", kill_on_drop: false }`
[INFO] [stderr]    Compiling proc-macro2 v1.0.106
[INFO] [stderr]    Compiling quote v1.0.46
[INFO] [stderr]    Compiling unicode-ident v1.0.24
[INFO] [stderr]    Compiling crossbeam-utils v0.8.22
[INFO] [stderr]    Compiling autocfg v1.5.1
[INFO] [stderr]    Compiling crossbeam-epoch v0.9.20
[INFO] [stderr]    Compiling crossbeam-deque v0.8.7
[INFO] [stderr]    Compiling libm v0.2.16
[INFO] [stderr]    Compiling version_check v0.9.5
[INFO] [stderr]    Compiling zerocopy v0.8.53
[INFO] [stderr]    Compiling paste v1.0.15
[INFO] [stderr]    Compiling bitflags v2.13.0
[INFO] [stderr]    Compiling simd-adler32 v0.3.9
[INFO] [stderr]    Compiling rayon-core v1.13.0
[INFO] [stderr]    Compiling cfg-if v1.0.4
[INFO] [stderr]    Compiling bytemuck v1.25.0
[INFO] [stderr]    Compiling num-traits v0.2.19
[INFO] [stderr]    Compiling raw-cpuid v11.6.0
[INFO] [stderr]    Compiling pulp v0.22.3
[INFO] [stderr]    Compiling pulp-wasm-simd-flag v0.1.1
[INFO] [stderr]    Compiling reborrow v0.5.5
[INFO] [stderr]    Compiling adler2 v2.0.1
[INFO] [stderr]    Compiling zune-inflate v0.2.54
[INFO] [stderr]    Compiling miniz_oxide v0.8.9
[INFO] [stderr]    Compiling smallvec v1.15.2
[INFO] [stderr]    Compiling syn v2.0.118
[INFO] [stderr]    Compiling lebe v0.5.3
[INFO] [stderr]    Compiling bit_field v0.10.3
[INFO] [stderr]    Compiling num-complex v0.4.6
[INFO] [stderr]    Compiling zerocopy-derive v0.8.53
[INFO] [stderr]    Compiling half v2.7.1
[INFO] [stderr]    Compiling exr v1.74.2 (/opt/rustwide/workdir)
[INFO] [stderr]     Finished `release` profile [optimized] target(s) in 35.06s
[INFO] running `Command { std: "docker" "inspect" "ef3ad03f995ddd498850037c00018a140f2ef5c6480930989a7f4283c2ddea4d", kill_on_drop: false }`
[INFO] running `Command { std: "docker" "exec" "-e" "SOURCE_DIR=/opt/rustwide/workdir" "-e" "CARGO_HOME=/opt/rustwide/cargo-home" "-e" "RUSTUP_HOME=/opt/rustwide/rustup-home" "-e" "CARGO_TARGET_DIR=/opt/rustwide/target" "-e" "CARGO_INCREMENTAL=0" "-e" "RUST_BACKTRACE=full" "-e" "RUSTFLAGS=--cap-lints=warn" "-e" "RUSTDOCFLAGS=--cap-lints=warn" "-w" "/opt/rustwide/workdir" "--user" "0:0" "ef3ad03f995ddd498850037c00018a140f2ef5c6480930989a7f4283c2ddea4d" "/opt/rustwide/cargo-home/bin/cargo" "+1.99.0-beta.8" "test" "--frozen" "--no-run" "--message-format=json" "--release", kill_on_drop: false }`
[INFO] [stderr]    Compiling libc v0.2.186
[INFO] [stderr]    Compiling crc32fast v1.5.0
[INFO] [stderr]    Compiling ppv-lite86 v0.2.21
[INFO] [stderr]    Compiling fdeflate v0.3.7
[INFO] [stderr]    Compiling pxfm v0.1.30
[INFO] [stderr]    Compiling either v1.16.0
[INFO] [stderr]    Compiling same-file v1.0.6
[INFO] [stderr]    Compiling byteorder-lite v0.1.0
[INFO] [stderr]    Compiling walkdir v2.5.0
[INFO] [stderr]    Compiling rayon v1.12.0
[INFO] [stderr]    Compiling flate2 v1.1.9
[INFO] [stderr]    Compiling bencher v0.1.5
[INFO] [stderr]    Compiling png v0.18.1
[INFO] [stderr]    Compiling getrandom v0.2.17
[INFO] [stderr]    Compiling rand_core v0.6.4
[INFO] [stderr]    Compiling rand_chacha v0.3.1
[INFO] [stderr]    Compiling rand v0.8.6
[INFO] [stderr]    Compiling moxcms v0.8.1
[INFO] [stderr]    Compiling image v0.25.10
[INFO] [stderr]    Compiling exr v1.74.2 (/opt/rustwide/workdir)
[INFO] [stderr]     Finished `release` profile [optimized] target(s) in 7m 36s
[INFO] running `Command { std: "docker" "inspect" "ef3ad03f995ddd498850037c00018a140f2ef5c6480930989a7f4283c2ddea4d", kill_on_drop: false }`
[INFO] running `Command { std: "docker" "exec" "-e" "SOURCE_DIR=/opt/rustwide/workdir" "-e" "CARGO_HOME=/opt/rustwide/cargo-home" "-e" "RUSTUP_HOME=/opt/rustwide/rustup-home" "-e" "CARGO_TARGET_DIR=/opt/rustwide/target" "-e" "CARGO_INCREMENTAL=0" "-e" "RUST_BACKTRACE=full" "-e" "RUSTFLAGS=--cap-lints=warn" "-e" "RUSTDOCFLAGS=--cap-lints=warn" "-w" "/opt/rustwide/workdir" "--user" "0:0" "ef3ad03f995ddd498850037c00018a140f2ef5c6480930989a7f4283c2ddea4d" "/opt/rustwide/cargo-home/bin/cargo" "+1.99.0-beta.8" "test" "--frozen" "--release", kill_on_drop: false }`
[INFO] [stderr]     Finished `release` profile [optimized] target(s) in 0.19s
[INFO] [stderr]      Running unittests src/lib.rs (/opt/rustwide/target/release/deps/exr-ccd2ec10aba4873b)
[INFO] [stdout] 
[INFO] [stdout] running 65 tests
[INFO] [stdout] test compression::b44::test::roundtrip_noise_f32_tiny ... ok
[INFO] [stdout] test compression::b44::test::roundtrip_noise_mix_f32_f16_u32_tiny ... ok
[INFO] [stdout] test compression::b44::test::roundtrip_noise_f16_tiny ... ok
[INFO] [stdout] test compression::b44::test::border_on_multiview ... FAILED
[INFO] [stdout] test compression::dwa::channel_layout::test::pack_split_rle_roundtrip ... ok
[INFO] [stdout] test compression::b44::test::roundtrip_noise_u32_tiny ... ok
[INFO] [stdout] test compression::b44::test::test_convert_from_to_linear ... ok
[INFO] [stdout] test compression::dwa::channel_layout::test::byte_planes_roundtrip ... ok
[INFO] [stdout] test compression::dwa::channel_layout::test::pack_split_unknown_roundtrip ... ok
[INFO] [stdout] test compression::dwa::channel_rules::test::relevant_rules_block_roundtrip ... ok
[INFO] [stdout] test compression::dwa::channel_rules::test::single_rule_write_parse_roundtrip ... ok
[INFO] [stdout] test compression::dwa::chunk_header::test::header_zeroed_roundtrip ... ok
[INFO] [stdout] test compression::dwa::chunk_header::test::header_write_parse_roundtrip ... ok
[INFO] [stdout] test compression::dwa::discrete_cosine_transform::test::roundtrip_tests::batch_forward_inverse_is_identity ... ok
[INFO] [stdout] test compression::dwa::discrete_cosine_transform::test::roundtrip_tests::autovectorized_forward_inverse_is_identity ... ok
[INFO] [stdout] test compression::dwa::lossy_dct::quantization::test::ac_run_length_roundtrip_hardcoded ... ok
[INFO] [stdout] test compression::dwa::lossy_dct::quantization::test::ac_run_length_roundtrip_seeded ... ok
[INFO] [stdout] test compression::dwa::lossy_dct::test::csc_roundtrip_hardcoded ... ok
[INFO] [stdout] test compression::dwa::lossy_dct::test::csc_roundtrip_seeded ... ok
[INFO] [stdout] test compression::dwa::section_stream::test::zip_deconstruct_reconstruct_roundtrip ... ok
[INFO] [stdout] test compression::dwa::lossy_dct::transfer_curve::test::transfer_curve_roundtrip_scalar ... ok
[INFO] [stdout] test compression::dwa::lossy_dct::transfer_curve::test::transfer_curve_roundtrip_tables ... ok
[INFO] [stdout] test compression::dwa::tests::compress_decompress_rgb_lossy_chunk_is_valid ... ok
[INFO] [stdout] test compression::optimize_bytes::test::roundtrip_derive ... ok
[INFO] [stdout] test compression::optimize_bytes::test::roundtrip_interleave ... ok
[INFO] [stdout] test compression::dwa::tests::compress_decompress_rle_only_is_lossless ... ok
[INFO] [stdout] test compression::piz::huffman::test::compression_comparation ... ok
[INFO] [stdout] test compression::piz::huffman::test::test_zeroes ... ok
[INFO] [stdout] test compression::piz::huffman::test::repetitions_special ... ok
[INFO] [stdout] test compression::b44::test::roundtrip_noise_u32 ... ok
[INFO] [stdout] test compression::b44::test::roundtrip_noise_f32 ... ok
[INFO] [stdout] test compression::b44::test::roundtrip_noise_f16 ... ok
[INFO] [stdout] test compression::piz::huffman::test::round_trip ... ok
[INFO] [stdout] test compression::piz::wavelet::test::roundtrip_14_bit_values ... ok
[INFO] [stdout] test compression::piz::wavelet::test::roundtrip_14bit_image ... ok
[INFO] [stdout] test compression::piz::wavelet::test::roundtrip_16bit_image ... ok
[INFO] [stdout] test compression::piz::wavelet::test::roundtrip_16_bit_values ... ok
[INFO] [stdout] test compression::test::roundtrip_endianness_mixed_channels ... ok
[INFO] [stdout] test image::crop::test::find_no_bounds ... ok
[INFO] [stdout] test image::read::specific_channels::test::equals_naive_f32 ... ok
[INFO] [stdout] test image::crop::test::find_bounds ... ok
[INFO] [stdout] test image::validate_results::test_value_result::test_compiles ... ok
[INFO] [stdout] test image::validate_results::test_value_result::test_error ... FAILED
[INFO] [stdout] test image::validate_results::test_value_result::test_f32 ... ok
[INFO] [stdout] test image::validate_results::test_value_result::test_nan ... ok
[INFO] [stdout] test image::validate_results::test_value_result::test_uncompressed ... ok
[INFO] [stdout] test image::write::channels::test::compiles ... ok
[INFO] [stdout] test io::test::peek ... ok
[INFO] [stdout] test meta::attribute::test::attribute_write_read_roundtrip_and_byte_size ... ok
[INFO] [stdout] test meta::attribute::test::rounding_down ... ok
[INFO] [stdout] test meta::attribute::test::rounding_up ... ok
[INFO] [stdout] test meta::attribute::test::text_ord ... ok
[INFO] [stdout] test meta::attribute::test::tile_description_write_read_roundtrip ... ok
[INFO] [stdout] test meta::attribute::test::time_code_pack ... ok
[INFO] [stdout] test meta::test::infer_high_requirements ... ok
[INFO] [stdout] test meta::test::infer_low_requirements ... ok
[INFO] [stdout] test image::validate_results::test_nan_compression_attribute ... ok
[INFO] [stdout] test meta::test::round_trip_requirements ... ok
[INFO] [stdout] test meta::test::round_trip ... ok
[INFO] [stdout] test compression::b44::test::roundtrip_noise_mix_f32_f16_u32 ... ok
[INFO] [stdout] test compression::piz::test::roundtrip_seven_channels ... ok
[INFO] [stdout] test compression::piz::test::roundtrip_two_channels ... ok
[INFO] [stdout] test compression::piz::wavelet::test::ground_truth ... ok
[INFO] [stdout] test compression::piz::test::roundtrip_any_sample_type ... ok
[INFO] [stdout] test compression::piz::huffman::test::round_trip100 ... ok
[INFO] [stdout] 
[INFO] [stdout] failures:
[INFO] [stdout] 
[INFO] [stdout] ---- compression::b44::test::border_on_multiview stdout ----
[INFO] [stdout] 
[INFO] [stdout] thread 'compression::b44::test::border_on_multiview' (1253) panicked at src/compression/b44/mod.rs:995:56:
[INFO] [stdout] called `Result::unwrap()` on an `Err` value: Io(Os { code: 2, kind: NotFound, message: "No such file or directory" })
[INFO] [stdout] stack backtrace:
[INFO] [stdout]    0:     0x58b114ee1287 - <<std[70759c8f55707aa4]::sys::backtrace::BacktraceLock>::print::DisplayBacktrace as core[df12db4294e9bfd3]::fmt::Display>::fmt
[INFO] [stdout]    1:     0x58b114eba84a - core[df12db4294e9bfd3]::fmt::write
[INFO] [stdout]    2:     0x58b114ee083b - <alloc[2182bb758b4b3781]::vec::Vec<u8> as core[df12db4294e9bfd3]::io::write::Write>::write_fmt
[INFO] [stdout]    3:     0x58b114ee031f - std[70759c8f55707aa4]::panicking::default_hook::{closure#0}
[INFO] [stdout]    4:     0x58b114edff4a - std[70759c8f55707aa4]::panicking::default_hook
[INFO] [stdout]    5:     0x58b114edfa82 - std[70759c8f55707aa4]::panicking::panic_with_hook
[INFO] [stdout]    6:     0x58b114f06ea1 - std[70759c8f55707aa4]::panicking::panic_handler::{closure#0}
[INFO] [stdout]    7:     0x58b114f06e59 - std[70759c8f55707aa4]::sys::backtrace::__rust_end_short_backtrace::<std[70759c8f55707aa4]::panicking::panic_handler::{closure#0}, !>
[INFO] [stdout]    8:     0x58b114f0736c - __rustc[8fa7c3cbc660c2b3]::rust_begin_unwind
[INFO] [stdout]    9:     0x58b114eba6db - core[df12db4294e9bfd3]::panicking::panic_fmt
[INFO] [stdout]   10:     0x58b114ebe101 - core[df12db4294e9bfd3]::result::unwrap_failed
[INFO] [stdout]   11:     0x58b114e30840 - exr[8f5b475fc9005b9e]::compression::b44::test::border_on_multiview::{closure#0}
[INFO] [stdout]   12:     0x58b114ea7969 - <exr[8f5b475fc9005b9e]::compression::b44::test::border_on_multiview::{closure#0} as core[df12db4294e9bfd3]::ops::function::FnOnce<()>>::call_once
[INFO] [stdout]   13:     0x58b114f2166b - test[9d35eded1c95d3be]::__rust_begin_short_backtrace::<core[df12db4294e9bfd3]::result::Result<(), alloc[2182bb758b4b3781]::string::String>, fn() -> core[df12db4294e9bfd3]::result::Result<(), alloc[2182bb758b4b3781]::string::String>>
[INFO] [stdout]   14:     0x58b114f1cc7f - test[9d35eded1c95d3be]::run_test::{closure#0}
[INFO] [stdout]   15:     0x58b114f1c6fc - std[70759c8f55707aa4]::sys::backtrace::__rust_begin_short_backtrace::<test[9d35eded1c95d3be]::run_test::{closure#1}, ()>
[INFO] [stdout]   16:     0x58b114f3758c - <std[70759c8f55707aa4]::thread::lifecycle::spawn_unchecked<test[9d35eded1c95d3be]::run_test::{closure#1}, ()>::{closure#1} as core[df12db4294e9bfd3]::ops::function::FnOnce<()>>::call_once::{shim:vtable#0}
[INFO] [stdout]   17:     0x58b114f087c2 - <std[70759c8f55707aa4]::sys::thread::unix::Thread>::new::thread_start
[INFO] [stdout]   18:     0x79cedfd3bdfa - <unknown>
[INFO] [stdout]   19:     0x79cedfdcf3d4 - clone
[INFO] [stdout]   20:                0x0 - <unknown>
[INFO] [stdout] 
[INFO] [stdout] ---- image::validate_results::test_value_result::test_error stdout ----
[INFO] [stdout] message:  element [2] of 3: expected exactly NaN, found 0
[INFO] [stdout] message: : expected ~2, found 1 (adaptive tolerance 0.17999999)
[INFO] [stdout] message: : expected exactly 2, found 1
[INFO] [stdout] message:  > f32 samples element [1] of 2: expected exactly 0.1, found 0.2
[INFO] [stdout] message: : samples type mismatch. expected U32, found F32
[INFO] [stdout] 
[INFO] [stdout] thread 'image::validate_results::test_value_result::test_error' (1345) panicked at src/image/mod.rs:1703:18:
[INFO] [stdout] called `Result::unwrap()` on an `Err` value: Io(Os { code: 2, kind: NotFound, message: "No such file or directory" })
[INFO] [stdout] stack backtrace:
[INFO] [stdout]    0:     0x58b114ee1287 - <<std[70759c8f55707aa4]::sys::backtrace::BacktraceLock>::print::DisplayBacktrace as core[df12db4294e9bfd3]::fmt::Display>::fmt
[INFO] [stdout]    1:     0x58b114eba84a - core[df12db4294e9bfd3]::fmt::write
[INFO] [stdout]    2:     0x58b114ee083b - <alloc[2182bb758b4b3781]::vec::Vec<u8> as core[df12db4294e9bfd3]::io::write::Write>::write_fmt
[INFO] [stdout]    3:     0x58b114ee031f - std[70759c8f55707aa4]::panicking::default_hook::{closure#0}
[INFO] [stdout]    4:     0x58b114edff4a - std[70759c8f55707aa4]::panicking::default_hook
[INFO] [stdout]    5:     0x58b114edfa82 - std[70759c8f55707aa4]::panicking::panic_with_hook
[INFO] [stdout]    6:     0x58b114f06ea1 - std[70759c8f55707aa4]::panicking::panic_handler::{closure#0}
[INFO] [stdout]    7:     0x58b114f06e59 - std[70759c8f55707aa4]::sys::backtrace::__rust_end_short_backtrace::<std[70759c8f55707aa4]::panicking::panic_handler::{closure#0}, !>
[INFO] [stdout]    8:     0x58b114f0736c - __rustc[8fa7c3cbc660c2b3]::rust_begin_unwind
[INFO] [stdout]    9:     0x58b114eba6db - core[df12db4294e9bfd3]::panicking::panic_fmt
[INFO] [stdout]   10:     0x58b114ebe101 - core[df12db4294e9bfd3]::result::unwrap_failed
[INFO] [stdout]   11:     0x58b114ead3b4 - <exr[8f5b475fc9005b9e]::image::validate_results::test_value_result::test_error::{closure#0} as core[df12db4294e9bfd3]::ops::function::FnOnce<()>>::call_once
[INFO] [stdout]   12:     0x58b114f2166b - test[9d35eded1c95d3be]::__rust_begin_short_backtrace::<core[df12db4294e9bfd3]::result::Result<(), alloc[2182bb758b4b3781]::string::String>, fn() -> core[df12db4294e9bfd3]::result::Result<(), alloc[2182bb758b4b3781]::string::String>>
[INFO] [stdout]   13:     0x58b114f1cc7f - test[9d35eded1c95d3be]::run_test::{closure#0}
[INFO] [stdout]   14:     0x58b114f1c6fc - std[70759c8f55707aa4]::sys::backtrace::__rust_begin_short_backtrace::<test[9d35eded1c95d3be]::run_test::{closure#1}, ()>
[INFO] [stdout]   15:     0x58b114f3758c - <std[70759c8f55707aa4]::thread::lifecycle::spawn_unchecked<test[9d35eded1c95d3be]::run_test::{closure#1}, ()>::{closure#1} as core[df12db4294e9bfd3]::ops::function::FnOnce<()>>::call_once::{shim:vtable#0}
[INFO] [stdout]   16:     0x58b114f087c2 - <std[70759c8f55707aa4]::sys::thread::unix::Thread>::new::thread_start
[INFO] [stdout]   17:     0x79cedfd3bdfa - <unknown>
[INFO] [stdout]   18:     0x79cedfdcf3d4 - clone
[INFO] [stdout]   19:                0x0 - <unknown>
[INFO] [stdout] 
[INFO] [stdout] 
[INFO] [stdout] failures:
[INFO] [stdout]     compression::b44::test::border_on_multiview
[INFO] [stdout]     image::validate_results::test_value_result::test_error
[INFO] [stdout] 
[INFO] [stdout] test result: FAILED. 63 passed; 2 failed; 0 ignored; 0 measured; 0 filtered out; finished in 1.26s
[INFO] [stdout] 
[INFO] [stderr] error: test failed, to rerun pass `--lib`
[INFO] running `Command { std: "docker" "inspect" "ef3ad03f995ddd498850037c00018a140f2ef5c6480930989a7f4283c2ddea4d", kill_on_drop: false }`
[INFO] running `Command { std: "docker" "rm" "-f" "ef3ad03f995ddd498850037c00018a140f2ef5c6480930989a7f4283c2ddea4d", kill_on_drop: false }`
[INFO] [stdout] ef3ad03f995ddd498850037c00018a140f2ef5c6480930989a7f4283c2ddea4d
