[INFO] fetching crate docsite-to-md 0.1.2...
[INFO] testing docsite-to-md-0.1.2 against 1.99.0-beta.8+cargoflags=--release for beta-release-1.100-2
[INFO] extracting crate docsite-to-md 0.1.2 into /workspace/builds/worker-7-tc1/source
[INFO] started tweaking crates.io crate docsite-to-md 0.1.2
[INFO] removed 0 missing tests
[INFO] finished tweaking crates.io crate docsite-to-md 0.1.2
[INFO] tweaked toml for crates.io crate docsite-to-md 0.1.2 written to /workspace/builds/worker-7-tc1/source/Cargo.toml
[INFO] validating manifest of crates.io crate docsite-to-md 0.1.2 on toolchain 1.99.0-beta.8
[INFO] running `Command { std: CARGO_HOME="/workspace/cargo-home" RUSTUP_HOME="/workspace/rustup-home" "/workspace/cargo-home/bin/cargo" "+1.99.0-beta.8" "metadata" "--manifest-path" "Cargo.toml" "--no-deps", kill_on_drop: false }`
[INFO] crate crates.io crate docsite-to-md 0.1.2 already has a lockfile, it will not be regenerated
[INFO] running `Command { std: CARGO_HOME="/workspace/cargo-home" RUSTUP_HOME="/workspace/rustup-home" "/workspace/cargo-home/bin/cargo" "+1.99.0-beta.8" "fetch" "--manifest-path" "Cargo.toml", kill_on_drop: false }`
[INFO] [stderr]     Updating crates.io index
[INFO] [stderr]  Downloading crates ...
[INFO] [stderr]   Downloaded deadpool-runtime v0.1.4
[INFO] [stderr]   Downloaded wiremock v0.6.5
[INFO] [stderr]   Downloaded deadpool v0.12.3
[INFO] [stderr]   Downloaded scraper v0.21.0
[INFO] [stderr]   Downloaded fastrand v2.4.1
[INFO] [stderr]   Downloaded servo_arc v0.4.3
[INFO] [stderr]   Downloaded selectors v0.26.0
[INFO] [stderr]   Downloaded phf_macros v0.11.3
[INFO] [stderr]   Downloaded cssparser v0.34.0
[INFO] [stderr]   Downloaded ego-tree v0.9.0
[INFO] [stderr]   Downloaded wasm-bindgen-macro-support v0.2.118
[INFO] [stderr]   Downloaded wasm-bindgen-macro v0.2.118
[INFO] [stderr]   Downloaded js-sys v0.3.95
[INFO] [stderr]   Downloaded wasm-bindgen v0.2.118
[INFO] [stderr]   Downloaded wasm-bindgen-shared v0.2.118
[INFO] [stderr]   Downloaded wasm-bindgen-futures v0.4.68
[INFO] [stderr]   Downloaded webpki-roots v1.0.7
[INFO] [stderr]   Downloaded rustls-webpki v0.103.12
[INFO] [stderr]   Downloaded rustls v0.23.38
[INFO] [stderr]   Downloaded openssl-sys v0.9.113
[INFO] [stderr]   Downloaded openssl v0.10.77
[INFO] [stderr]   Downloaded web-sys v0.3.95
[INFO] [stderr]   Downloaded aws-lc-rs v1.16.3
[INFO] [stderr]   Downloaded markup5ever_rcdom v0.3.0
[INFO] [stderr]   Downloaded xml5ever v0.18.1
[INFO] [stderr]   Downloaded markup5ever v0.12.1
[INFO] [stderr]   Downloaded html5ever v0.27.0
[INFO] [stderr]   Downloaded html2md v0.2.15
[INFO] [stderr]   Downloaded jni v0.19.0
[INFO] [stderr]   Downloaded fantoccini v0.21.5
[INFO] [stderr]   Downloaded webdriver v0.50.0
[INFO] [stderr]   Downloaded clap_derive v4.6.1
[INFO] [stderr]   Downloaded clap v4.6.1
[INFO] [stderr]   Downloaded aws-lc-sys v0.40.0
[INFO] running `Command { std: "docker" "create" "-v" "/var/lib/crater-agent-workspace/builds/worker-7-tc1/source:/opt/rustwide/workdir:ro,Z" "-v" "/var/lib/crater-agent-workspace/builds/worker-7-tc1/target:/opt/rustwide/target:rw,Z" "-v" "/var/lib/crater-agent-workspace/cargo-home:/opt/rustwide/cargo-home:ro,Z" "-v" "/var/lib/crater-agent-workspace/rustup-home:/opt/rustwide/rustup-home:ro,Z" "-m" "1610612736" "--network" "none" "ghcr.io/rust-lang/crates-build-env/linux@sha256:77db811e55d90add9212f6832c23229e3de5f1c1f9905e8cb07319ea15df73ac" "sleep" "infinity", kill_on_drop: false }`
[INFO] [stdout] a4f7816567ea3c8f7104eadc43093f5922bd0ca0d392552001ac6b04a40f55df
[INFO] running `Command { std: "docker" "start" "a4f7816567ea3c8f7104eadc43093f5922bd0ca0d392552001ac6b04a40f55df", kill_on_drop: false }`
[INFO] running `Command { std: "docker" "inspect" "a4f7816567ea3c8f7104eadc43093f5922bd0ca0d392552001ac6b04a40f55df", kill_on_drop: false }`
[INFO] running `Command { std: "docker" "exec" "-e" "SOURCE_DIR=/opt/rustwide/workdir" "-e" "CARGO_HOME=/opt/rustwide/cargo-home" "-e" "RUSTUP_HOME=/opt/rustwide/rustup-home" "-e" "CARGO_TARGET_DIR=/opt/rustwide/target" "-w" "/opt/rustwide/workdir" "--user" "0:0" "a4f7816567ea3c8f7104eadc43093f5922bd0ca0d392552001ac6b04a40f55df" "/opt/rustwide/cargo-home/bin/cargo" "+1.99.0-beta.8" "metadata" "--no-deps" "--format-version=1", kill_on_drop: false }`
[INFO] running `Command { std: "docker" "inspect" "a4f7816567ea3c8f7104eadc43093f5922bd0ca0d392552001ac6b04a40f55df", kill_on_drop: false }`
[INFO] running `Command { std: "docker" "exec" "-e" "SOURCE_DIR=/opt/rustwide/workdir" "-e" "CARGO_HOME=/opt/rustwide/cargo-home" "-e" "RUSTUP_HOME=/opt/rustwide/rustup-home" "-e" "CARGO_TARGET_DIR=/opt/rustwide/target" "-e" "CARGO_INCREMENTAL=0" "-e" "RUST_BACKTRACE=full" "-e" "RUSTFLAGS=--cap-lints=warn" "-e" "RUSTDOCFLAGS=--cap-lints=warn" "-w" "/opt/rustwide/workdir" "--user" "0:0" "a4f7816567ea3c8f7104eadc43093f5922bd0ca0d392552001ac6b04a40f55df" "/opt/rustwide/cargo-home/bin/cargo" "+1.99.0-beta.8" "build" "--frozen" "--message-format=json" "--release", kill_on_drop: false }`
[INFO] [stderr]    Compiling libc v0.2.185
[INFO] [stderr]    Compiling smallvec v1.15.1
[INFO] [stderr]    Compiling rand_core v0.6.4
[INFO] [stderr]    Compiling siphasher v1.0.2
[INFO] [stderr]    Compiling shlex v1.3.0
[INFO] [stderr]    Compiling stable_deref_trait v1.2.1
[INFO] [stderr]    Compiling bytes v1.11.1
[INFO] [stderr]    Compiling futures-core v0.3.32
[INFO] [stderr]    Compiling serde_core v1.0.228
[INFO] [stderr]    Compiling memchr v2.8.0
[INFO] [stderr]    Compiling log v0.4.29
[INFO] [stderr]    Compiling serde v1.0.228
[INFO] [stderr]    Compiling futures-sink v0.3.32
[INFO] [stderr]    Compiling syn v2.0.117
[INFO] [stderr]    Compiling precomputed-hash v0.1.1
[INFO] [stderr]    Compiling bitflags v2.11.1
[INFO] [stderr]    Compiling mac v0.1.1
[INFO] [stderr]    Compiling futures-io v0.3.32
[INFO] [stderr]    Compiling futures-channel v0.3.32
[INFO] [stderr]    Compiling phf_shared v0.11.3
[INFO] [stderr]    Compiling cc v1.2.60
[INFO] [stderr]    Compiling rand v0.8.5
[INFO] [stderr]    Compiling futf v0.1.5
[INFO] [stderr]    Compiling futures-task v0.3.32
[INFO] [stderr]    Compiling typenum v1.19.0
[INFO] [stderr]    Compiling zeroize v1.8.2
[INFO] [stderr]    Compiling tendril v0.4.3
[INFO] [stderr]    Compiling hashbrown v0.17.0
[INFO] [stderr]    Compiling tracing v0.1.44
[INFO] [stderr]    Compiling untrusted v0.9.0
[INFO] [stderr]    Compiling rustls-pki-types v1.14.0
[INFO] [stderr]    Compiling openssl v0.10.77
[INFO] [stderr]    Compiling rustls v0.23.38
[INFO] [stderr]    Compiling subtle v2.6.1
[INFO] [stderr]    Compiling getrandom v0.3.4
[INFO] [stderr]    Compiling utf8parse v0.2.2
[INFO] [stderr]    Compiling dtoa v1.0.11
[INFO] [stderr]    Compiling zerocopy v0.8.48
[INFO] [stderr]    Compiling anstyle-parse v1.0.0
[INFO] [stderr]    Compiling sync_wrapper v1.0.2
[INFO] [stderr]    Compiling dtoa-short v0.3.5
[INFO] [stderr]    Compiling ahash v0.8.12
[INFO] [stderr]    Compiling anstyle v1.0.14
[INFO] [stderr]    Compiling getrandom v0.4.2
[INFO] [stderr]    Compiling rustix v1.1.4
[INFO] [stderr]    Compiling anstyle-query v1.1.5
[INFO] [stderr]    Compiling serde_json v1.0.149
[INFO] [stderr]    Compiling regex-syntax v0.8.10
[INFO] [stderr]    Compiling is_terminal_polyfill v1.70.2
[INFO] [stderr]    Compiling aho-corasick v1.1.4
[INFO] [stderr]    Compiling colorchoice v1.0.5
[INFO] [stderr]    Compiling anstream v1.0.0
[INFO] [stderr]    Compiling http v1.4.0
[INFO] [stderr]    Compiling phf_generator v0.11.3
[INFO] [stderr]    Compiling fxhash v0.2.1
[INFO] [stderr]    Compiling phf_codegen v0.11.3
[INFO] [stderr]    Compiling string_cache_codegen v0.5.4
[INFO] [stderr]    Compiling webpki-roots v1.0.7
[INFO] [stderr]    Compiling selectors v0.26.0
[INFO] [stderr]    Compiling servo_arc v0.4.3
[INFO] [stderr]    Compiling generic-array v0.14.7
[INFO] [stderr]    Compiling unicode-width v0.2.2
[INFO] [stderr]    Compiling indexmap v2.14.0
[INFO] [stderr]    Compiling socket2 v0.6.3
[INFO] [stderr]    Compiling mio v1.2.0
[INFO] [stderr]    Compiling parking_lot_core v0.9.12
[INFO] [stderr]    Compiling getrandom v0.2.17
[INFO] [stderr]    Compiling markup5ever v0.12.1
[INFO] [stderr]    Compiling parking_lot v0.12.5
[INFO] [stderr]    Compiling markup5ever v0.14.1
[INFO] [stderr]    Compiling openssl-sys v0.9.113
[INFO] [stderr]    Compiling ring v0.17.14
[INFO] [stderr]    Compiling block-buffer v0.10.4
[INFO] [stderr]    Compiling crypto-common v0.1.7
[INFO] [stderr]    Compiling iri-string v0.7.12
[INFO] [stderr]    Compiling clap_lex v1.1.0
[INFO] [stderr]    Compiling http-body v1.0.1
[INFO] [stderr]    Compiling http-body-util v0.1.3
[INFO] [stderr]    Compiling heck v0.5.0
[INFO] [stderr]    Compiling native-tls v0.2.18
[INFO] [stderr]    Compiling strsim v0.11.1
[INFO] [stderr]    Compiling digest v0.10.7
[INFO] [stderr]    Compiling getopts v0.2.24
[INFO] [stderr]    Compiling clap_builder v4.6.0
[INFO] [stderr]    Compiling lazy_static v1.5.0
[INFO] [stderr]    Compiling ego-tree v0.9.0
[INFO] [stderr]    Compiling fastrand v2.4.1
[INFO] [stderr]    Compiling sha2 v0.10.9
[INFO] [stderr]    Compiling regex-automata v0.4.14
[INFO] [stderr]    Compiling tempfile v3.27.0
[INFO] [stderr]    Compiling synstructure v0.13.2
[INFO] [stderr]    Compiling zerofrom-derive v0.1.7
[INFO] [stderr]    Compiling yoke-derive v0.8.2
[INFO] [stderr]    Compiling tokio-macros v2.7.0
[INFO] [stderr]    Compiling zerovec-derive v0.11.3
[INFO] [stderr]    Compiling serde_derive v1.0.228
[INFO] [stderr]    Compiling displaydoc v0.2.5
[INFO] [stderr]    Compiling phf_macros v0.11.3
[INFO] [stderr]    Compiling futures-macro v0.3.32
[INFO] [stderr]    Compiling openssl-macros v0.1.1
[INFO] [stderr]    Compiling html5ever v0.27.0
[INFO] [stderr]    Compiling cssparser-macros v0.6.1
[INFO] [stderr]    Compiling derive_more v0.99.20
[INFO] [stderr]    Compiling match_token v0.1.0
[INFO] [stderr]    Compiling tokio v1.52.1
[INFO] [stderr]    Compiling phf v0.11.3
[INFO] [stderr]    Compiling futures-util v0.3.32
[INFO] [stderr]    Compiling cssparser v0.34.0
[INFO] [stderr]    Compiling clap_derive v4.6.1
[INFO] [stderr]    Compiling thiserror-impl v2.0.18
[INFO] [stderr]    Compiling zerofrom v0.1.7
[INFO] [stderr]    Compiling yoke v0.8.2
[INFO] [stderr]    Compiling zerotrie v0.2.4
[INFO] [stderr]    Compiling zerovec v0.11.6
[INFO] [stderr]    Compiling regex v1.12.3
[INFO] [stderr]    Compiling tinystr v0.8.3
[INFO] [stderr]    Compiling icu_locale_core v2.2.0
[INFO] [stderr]    Compiling potential_utf v0.1.5
[INFO] [stderr]    Compiling icu_collections v2.2.0
[INFO] [stderr]    Compiling thiserror v2.0.18
[INFO] [stderr]    Compiling clap v4.6.1
[INFO] [stderr]    Compiling icu_provider v2.2.0
[INFO] [stderr]    Compiling futures-executor v0.3.32
[INFO] [stderr]    Compiling icu_properties v2.2.0
[INFO] [stderr]    Compiling icu_normalizer v2.2.0
[INFO] [stderr]    Compiling string_cache v0.8.9
[INFO] [stderr]    Compiling serde_urlencoded v0.7.1
[INFO] [stderr]    Compiling futures v0.3.32
[INFO] [stderr]    Compiling html5ever v0.29.1
[INFO] [stderr]    Compiling xml5ever v0.18.1
[INFO] [stderr]    Compiling idna_adapter v1.2.1
[INFO] [stderr]    Compiling idna v1.1.0
[INFO] [stderr]    Compiling tokio-util v0.7.18
[INFO] [stderr]    Compiling tower v0.5.3
[INFO] [stderr]    Compiling tokio-native-tls v0.3.1
[INFO] [stderr]    Compiling scraper v0.21.0
[INFO] [stderr]    Compiling url v2.5.8
[INFO] [stderr]    Compiling markup5ever_rcdom v0.3.0
[INFO] [stderr]    Compiling tower-http v0.6.8
[INFO] [stderr]    Compiling h2 v0.4.13
[INFO] [stderr]    Compiling html2md v0.2.15
[INFO] [stderr]    Compiling rustls-webpki v0.103.12
[INFO] [stderr]    Compiling hyper v1.9.0
[INFO] [stderr]    Compiling hyper-util v0.1.20
[INFO] [stderr]    Compiling hyper-tls v0.6.0
[INFO] [stderr]    Compiling tokio-rustls v0.26.4
[INFO] [stderr]    Compiling hyper-rustls v0.27.9
[INFO] [stderr]    Compiling reqwest v0.12.28
[INFO] [stderr]    Compiling docsite-to-md v0.1.2 (/opt/rustwide/workdir)
[INFO] [stderr]     Finished `release` profile [optimized] target(s) in 2m 35s
[INFO] running `Command { std: "docker" "inspect" "a4f7816567ea3c8f7104eadc43093f5922bd0ca0d392552001ac6b04a40f55df", kill_on_drop: false }`
[INFO] running `Command { std: "docker" "exec" "-e" "SOURCE_DIR=/opt/rustwide/workdir" "-e" "CARGO_HOME=/opt/rustwide/cargo-home" "-e" "RUSTUP_HOME=/opt/rustwide/rustup-home" "-e" "CARGO_TARGET_DIR=/opt/rustwide/target" "-e" "CARGO_INCREMENTAL=0" "-e" "RUST_BACKTRACE=full" "-e" "RUSTFLAGS=--cap-lints=warn" "-e" "RUSTDOCFLAGS=--cap-lints=warn" "-w" "/opt/rustwide/workdir" "--user" "0:0" "a4f7816567ea3c8f7104eadc43093f5922bd0ca0d392552001ac6b04a40f55df" "/opt/rustwide/cargo-home/bin/cargo" "+1.99.0-beta.8" "test" "--frozen" "--no-run" "--message-format=json" "--release", kill_on_drop: false }`
[INFO] [stderr]    Compiling serde v1.0.228
[INFO] [stderr]    Compiling zerocopy v0.8.48
[INFO] [stderr]    Compiling zerocopy-derive v0.8.48
[INFO] [stderr]    Compiling serde_json v1.0.149
[INFO] [stderr]    Compiling hyper v1.9.0
[INFO] [stderr]    Compiling crossbeam-utils v0.8.21
[INFO] [stderr]    Compiling num-traits v0.2.19
[INFO] [stderr]    Compiling either v1.15.0
[INFO] [stderr]    Compiling plotters-backend v0.3.7
[INFO] [stderr]    Compiling ciborium-io v0.2.2
[INFO] [stderr]    Compiling num_cpus v1.17.0
[INFO] [stderr]    Compiling cast v0.3.0
[INFO] [stderr]    Compiling deadpool-runtime v0.1.4
[INFO] [stderr]    Compiling is-terminal v0.4.17
[INFO] [stderr]    Compiling anes v0.1.6
[INFO] [stderr]    Compiling oorandom v11.1.5
[INFO] [stderr]    Compiling deadpool v0.12.3
[INFO] [stderr]    Compiling itertools v0.10.5
[INFO] [stderr]    Compiling plotters-svg v0.3.7
[INFO] [stderr]    Compiling crossbeam-epoch v0.9.18
[INFO] [stderr]    Compiling string_cache v0.8.9
[INFO] [stderr]    Compiling serde_urlencoded v0.7.1
[INFO] [stderr]    Compiling markup5ever v0.12.1
[INFO] [stderr]    Compiling markup5ever v0.14.1
[INFO] [stderr]    Compiling crossbeam-deque v0.8.6
[INFO] [stderr]    Compiling rayon-core v1.13.0
[INFO] [stderr]    Compiling plotters v0.3.7
[INFO] [stderr]    Compiling tinytemplate v1.2.1
[INFO] [stderr]    Compiling assert-json-diff v2.0.2
[INFO] [stderr]    Compiling html5ever v0.29.1
[INFO] [stderr]    Compiling criterion-plot v0.5.0
[INFO] [stderr]    Compiling xml5ever v0.18.1
[INFO] [stderr]    Compiling html5ever v0.27.0
[INFO] [stderr]    Compiling rayon v1.12.0
[INFO] [stderr]    Compiling hyper-util v0.1.20
[INFO] [stderr]    Compiling markup5ever_rcdom v0.3.0
[INFO] [stderr]    Compiling html2md v0.2.15
[INFO] [stderr]    Compiling hyper-rustls v0.27.9
[INFO] [stderr]    Compiling hyper-tls v0.6.0
[INFO] [stderr]    Compiling wiremock v0.6.5
[INFO] [stderr]    Compiling reqwest v0.12.28
[INFO] [stderr]    Compiling ahash v0.8.12
[INFO] [stderr]    Compiling half v2.7.1
[INFO] [stderr]    Compiling ciborium-ll v0.2.2
[INFO] [stderr]    Compiling scraper v0.21.0
[INFO] [stderr]    Compiling ciborium v0.2.2
[INFO] [stderr]    Compiling docsite-to-md v0.1.2 (/opt/rustwide/workdir)
[INFO] [stderr]    Compiling criterion v0.5.1
[INFO] [stderr]     Finished `release` profile [optimized] target(s) in 1m 26s
[INFO] running `Command { std: "docker" "inspect" "a4f7816567ea3c8f7104eadc43093f5922bd0ca0d392552001ac6b04a40f55df", kill_on_drop: false }`
[INFO] running `Command { std: "docker" "exec" "-e" "SOURCE_DIR=/opt/rustwide/workdir" "-e" "CARGO_HOME=/opt/rustwide/cargo-home" "-e" "RUSTUP_HOME=/opt/rustwide/rustup-home" "-e" "CARGO_TARGET_DIR=/opt/rustwide/target" "-e" "CARGO_INCREMENTAL=0" "-e" "RUST_BACKTRACE=full" "-e" "RUSTFLAGS=--cap-lints=warn" "-e" "RUSTDOCFLAGS=--cap-lints=warn" "-w" "/opt/rustwide/workdir" "--user" "0:0" "a4f7816567ea3c8f7104eadc43093f5922bd0ca0d392552001ac6b04a40f55df" "/opt/rustwide/cargo-home/bin/cargo" "+1.99.0-beta.8" "test" "--frozen" "--release", kill_on_drop: false }`
[INFO] [stderr]     Finished `release` profile [optimized] target(s) in 0.27s
[INFO] [stderr]      Running unittests src/lib.rs (/opt/rustwide/target/release/deps/docsite_to_md-a001a4b7eaad1cdb)
[INFO] [stderr]      Running unittests src/main.rs (/opt/rustwide/target/release/deps/docsite_to_md-c75760ab28dfbba0)
[INFO] [stdout] 
[INFO] [stdout] running 0 tests
[INFO] [stdout] 
[INFO] [stdout] test result: ok. 0 passed; 0 failed; 0 ignored; 0 measured; 0 filtered out; finished in 0.00s
[INFO] [stdout] 
[INFO] [stdout] 
[INFO] [stderr]      Running tests/integration.rs (/opt/rustwide/target/release/deps/integration-1d4654d8f7e2b701)
[INFO] [stdout] running 0 tests
[INFO] [stdout] 
[INFO] [stdout] test result: ok. 0 passed; 0 failed; 0 ignored; 0 measured; 0 filtered out; finished in 0.00s
[INFO] [stdout] 
[INFO] [stdout] 
[INFO] [stdout] running 21 tests
[INFO] [stdout] test live_acceptance_docusaurus ... ignored, live acceptance test
[INFO] [stdout] test live_acceptance_gitbook_official ... ignored, live acceptance test
[INFO] [stdout] test live_acceptance_mkdocs_material ... ignored, live acceptance test
[INFO] [stdout] test live_acceptance_nextra ... ignored, live acceptance test
[INFO] [stdout] test live_acceptance_vitepress ... ignored, live acceptance test
[INFO] [stdout] test detects_vitepress ... FAILED
[INFO] [stdout] test detects_nextra ... FAILED
[INFO] [stdout] test crawl_manifest_respects_scope_and_excludes ... FAILED
[INFO] [stdout] test bundle_command_writes_single_file ... FAILED
[INFO] [stdout] test detects_docusaurus ... FAILED
[INFO] [stdout] test detects_mkdocs_material ... FAILED
[INFO] [stdout] test classic_gitbook_detects_and_exports_markdown ... FAILED
[INFO] [stdout] test exports_docusaurus_with_cleanup ... FAILED
[INFO] [stdout] test exports_vitepress_with_container_cleanup ... FAILED
[INFO] [stdout] test exports_nextra_and_marks_no_browser_when_not_used ... FAILED
[INFO] [stdout] test export_deduplicates_same_content ... FAILED
[INFO] [stdout] test exports_mkdocs_material_with_tabs_and_tables ... FAILED
[INFO] [stdout] test detects_modern_gitbook ... FAILED
[INFO] [stdout] test export_creates_mirror_tree_and_manifest ... FAILED
[INFO] [stdout] test retries_flaky_route ... FAILED
[INFO] [stdout] test vitepress_prefers_core_docs_over_locale_variants_in_small_crawls ... ok
[INFO] [stdout] 
[INFO] [stdout] failures:
[INFO] [stdout] 
[INFO] [stdout] ---- detects_vitepress stdout ----
[INFO] [stdout] 
[INFO] [stdout] thread 'detects_vitepress' (4242) panicked at tests/integration.rs:15:6:
[INFO] [stdout] fixture should exist: Os { code: 2, kind: NotFound, message: "No such file or directory" }
[INFO] [stdout] stack backtrace:
[INFO] [stdout]    0:     0x6110b9de3a81 - <<std[70759c8f55707aa4]::sys::backtrace::BacktraceLock>::print::DisplayBacktrace as core[df12db4294e9bfd3]::fmt::Display>::fmt
[INFO] [stdout]    1:     0x6110b9dfcb7a - core[df12db4294e9bfd3]::fmt::write
[INFO] [stdout]    2:     0x6110b9de8c6c - <alloc[2182bb758b4b3781]::vec::Vec<u8> as core[df12db4294e9bfd3]::io::write::Write>::write_fmt
[INFO] [stdout]    3:     0x6110b9dbca06 - std[70759c8f55707aa4]::panicking::default_hook::{closure#0}
[INFO] [stdout]    4:     0x6110b9ddaaf9 - std[70759c8f55707aa4]::panicking::default_hook
[INFO] [stdout]    5:     0x6110b9967a10 - test[9d35eded1c95d3be]::test_main_inner::<test[9d35eded1c95d3be]::test_main_static::{closure#0}>::{closure#0}
[INFO] [stdout]    6:     0x6110b9ddae22 - std[70759c8f55707aa4]::panicking::panic_with_hook
[INFO] [stdout]    7:     0x6110b9dbcab2 - std[70759c8f55707aa4]::panicking::panic_handler::{closure#0}
[INFO] [stdout]    8:     0x6110b9db54a9 - std[70759c8f55707aa4]::sys::backtrace::__rust_end_short_backtrace::<std[70759c8f55707aa4]::panicking::panic_handler::{closure#0}, !>
[INFO] [stdout]    9:     0x6110b9dbd89d - __rustc[8fa7c3cbc660c2b3]::rust_begin_unwind
[INFO] [stdout]   10:     0x6110b9dfd35c - core[df12db4294e9bfd3]::panicking::panic_fmt
[INFO] [stdout]   11:     0x6110b9dfd132 - core[df12db4294e9bfd3]::result::unwrap_failed
[INFO] [stdout]   12:     0x6110b98dbdee - integration[8b8ad454e35edfa7]::fixture
[INFO] [stdout]   13:     0x6110b98cbd1f - integration[8b8ad454e35edfa7]::detects_vitepress::{closure#0}
[INFO] [stdout]   14:     0x6110b9932993 - <tokio[4ef139f2c2dbb0b6]::runtime::scheduler::current_thread::Context>::enter::<core[df12db4294e9bfd3]::task::poll::Poll<()>, <tokio[4ef139f2c2dbb0b6]::runtime::scheduler::current_thread::CoreGuard>::block_on<core[df12db4294e9bfd3]::pin::Pin<&mut core[df12db4294e9bfd3]::pin::Pin<&mut dyn core[df12db4294e9bfd3]::future::future::Future<Output = ()>>>>::{closure#0}::{closure#0}>
[INFO] [stdout]   15:     0x6110b994835c - <tokio[4ef139f2c2dbb0b6]::runtime::context::scoped::Scoped<tokio[4ef139f2c2dbb0b6]::runtime::scheduler::Context>>::set::<<tokio[4ef139f2c2dbb0b6]::runtime::scheduler::current_thread::CoreGuard>::enter<<tokio[4ef139f2c2dbb0b6]::runtime::scheduler::current_thread::CoreGuard>::block_on<core[df12db4294e9bfd3]::pin::Pin<&mut core[df12db4294e9bfd3]::pin::Pin<&mut dyn core[df12db4294e9bfd3]::future::future::Future<Output = ()>>>>::{closure#0}, core[df12db4294e9bfd3]::option::Option<()>>::{closure#0}, (alloc[2182bb758b4b3781]::boxed::Box<tokio[4ef139f2c2dbb0b6]::runtime::scheduler::current_thread::Core>, core[df12db4294e9bfd3]::option::Option<()>)>
[INFO] [stdout]   16:     0x6110b9933177 - <tokio[4ef139f2c2dbb0b6]::runtime::scheduler::current_thread::CoreGuard>::block_on::<core[df12db4294e9bfd3]::pin::Pin<&mut core[df12db4294e9bfd3]::pin::Pin<&mut dyn core[df12db4294e9bfd3]::future::future::Future<Output = ()>>>>
[INFO] [stdout]   17:     0x6110b993014d - tokio[4ef139f2c2dbb0b6]::runtime::context::runtime::enter_runtime::<<tokio[4ef139f2c2dbb0b6]::runtime::scheduler::current_thread::CurrentThread>::block_on<core[df12db4294e9bfd3]::pin::Pin<&mut dyn core[df12db4294e9bfd3]::future::future::Future<Output = ()>>>::{closure#0}, ()>
[INFO] [stdout]   18:     0x6110b990a555 - <tokio[4ef139f2c2dbb0b6]::runtime::runtime::Runtime>::block_on::<core[df12db4294e9bfd3]::pin::Pin<&mut dyn core[df12db4294e9bfd3]::future::future::Future<Output = ()>>>
[INFO] [stdout]   19:     0x6110b98dc51e - <integration[8b8ad454e35edfa7]::detects_vitepress::{closure#0} as core[df12db4294e9bfd3]::ops::function::FnOnce<()>>::call_once
[INFO] [stdout]   20:     0x6110b995acfb - test[9d35eded1c95d3be]::__rust_begin_short_backtrace::<core[df12db4294e9bfd3]::result::Result<(), alloc[2182bb758b4b3781]::string::String>, fn() -> core[df12db4294e9bfd3]::result::Result<(), alloc[2182bb758b4b3781]::string::String>>
[INFO] [stdout]   21:     0x6110b9968365 - test[9d35eded1c95d3be]::run_test::{closure#0}
[INFO] [stdout]   22:     0x6110b9961c24 - std[70759c8f55707aa4]::sys::backtrace::__rust_begin_short_backtrace::<test[9d35eded1c95d3be]::run_test::{closure#1}, ()>
[INFO] [stdout]   23:     0x6110b996b4c2 - <std[70759c8f55707aa4]::thread::lifecycle::spawn_unchecked<test[9d35eded1c95d3be]::run_test::{closure#1}, ()>::{closure#1} as core[df12db4294e9bfd3]::ops::function::FnOnce<()>>::call_once::{shim:vtable#0}
[INFO] [stdout]   24:     0x6110b9de27f9 - <std[70759c8f55707aa4]::sys::thread::unix::Thread>::new::thread_start
[INFO] [stdout]   25:     0x7f0f1f8d1dfa - <unknown>
[INFO] [stdout]   26:     0x7f0f1f9653d4 - clone
[INFO] [stdout]   27:                0x0 - <unknown>
[INFO] [stdout] 
[INFO] [stdout] ---- detects_nextra stdout ----
[INFO] [stdout] 
[INFO] [stdout] thread 'detects_nextra' (4241) panicked at tests/integration.rs:15:6:
[INFO] [stdout] fixture should exist: Os { code: 2, kind: NotFound, message: "No such file or directory" }
[INFO] [stdout] stack backtrace:
[INFO] [stdout]    0:     0x6110b9de3a81 - <<std[70759c8f55707aa4]::sys::backtrace::BacktraceLock>::print::DisplayBacktrace as core[df12db4294e9bfd3]::fmt::Display>::fmt
[INFO] [stdout]    1:     0x6110b9dfcb7a - core[df12db4294e9bfd3]::fmt::write
[INFO] [stdout]    2:     0x6110b9de8c6c - <alloc[2182bb758b4b3781]::vec::Vec<u8> as core[df12db4294e9bfd3]::io::write::Write>::write_fmt
[INFO] [stdout]    3:     0x6110b9dbca06 - std[70759c8f55707aa4]::panicking::default_hook::{closure#0}
[INFO] [stdout]    4:     0x6110b9ddaaf9 - std[70759c8f55707aa4]::panicking::default_hook
[INFO] [stdout]    5:     0x6110b9967a10 - test[9d35eded1c95d3be]::test_main_inner::<test[9d35eded1c95d3be]::test_main_static::{closure#0}>::{closure#0}
[INFO] [stdout]    6:     0x6110b9ddae22 - std[70759c8f55707aa4]::panicking::panic_with_hook
[INFO] [stdout]    7:     0x6110b9dbcab2 - std[70759c8f55707aa4]::panicking::panic_handler::{closure#0}
[INFO] [stdout]    8:     0x6110b9db54a9 - std[70759c8f55707aa4]::sys::backtrace::__rust_end_short_backtrace::<std[70759c8f55707aa4]::panicking::panic_handler::{closure#0}, !>
[INFO] [stdout]    9:     0x6110b9dbd89d - __rustc[8fa7c3cbc660c2b3]::rust_begin_unwind
[INFO] [stdout]   10:     0x6110b9dfd35c - core[df12db4294e9bfd3]::panicking::panic_fmt
[INFO] [stdout]   11:     0x6110b9dfd132 - core[df12db4294e9bfd3]::result::unwrap_failed
[INFO] [stdout]   12:     0x6110b98dbdee - integration[8b8ad454e35edfa7]::fixture
[INFO] [stdout]   13:     0x6110b98cb8bf - integration[8b8ad454e35edfa7]::detects_nextra::{closure#0}
[INFO] [stdout]   14:     0x6110b9932993 - <tokio[4ef139f2c2dbb0b6]::runtime::scheduler::current_thread::Context>::enter::<core[df12db4294e9bfd3]::task::poll::Poll<()>, <tokio[4ef139f2c2dbb0b6]::runtime::scheduler::current_thread::CoreGuard>::block_on<core[df12db4294e9bfd3]::pin::Pin<&mut core[df12db4294e9bfd3]::pin::Pin<&mut dyn core[df12db4294e9bfd3]::future::future::Future<Output = ()>>>>::{closure#0}::{closure#0}>
[INFO] [stdout]   15:     0x6110b994835c - <tokio[4ef139f2c2dbb0b6]::runtime::context::scoped::Scoped<tokio[4ef139f2c2dbb0b6]::runtime::scheduler::Context>>::set::<<tokio[4ef139f2c2dbb0b6]::runtime::scheduler::current_thread::CoreGuard>::enter<<tokio[4ef139f2c2dbb0b6]::runtime::scheduler::current_thread::CoreGuard>::block_on<core[df12db4294e9bfd3]::pin::Pin<&mut core[df12db4294e9bfd3]::pin::Pin<&mut dyn core[df12db4294e9bfd3]::future::future::Future<Output = ()>>>>::{closure#0}, core[df12db4294e9bfd3]::option::Option<()>>::{closure#0}, (alloc[2182bb758b4b3781]::boxed::Box<tokio[4ef139f2c2dbb0b6]::runtime::scheduler::current_thread::Core>, core[df12db4294e9bfd3]::option::Option<()>)>
[INFO] [stdout]   16:     0x6110b9933177 - <tokio[4ef139f2c2dbb0b6]::runtime::scheduler::current_thread::CoreGuard>::block_on::<core[df12db4294e9bfd3]::pin::Pin<&mut core[df12db4294e9bfd3]::pin::Pin<&mut dyn core[df12db4294e9bfd3]::future::future::Future<Output = ()>>>>
[INFO] [stdout]   17:     0x6110b993014d - tokio[4ef139f2c2dbb0b6]::runtime::context::runtime::enter_runtime::<<tokio[4ef139f2c2dbb0b6]::runtime::scheduler::current_thread::CurrentThread>::block_on<core[df12db4294e9bfd3]::pin::Pin<&mut dyn core[df12db4294e9bfd3]::future::future::Future<Output = ()>>>::{closure#0}, ()>
[INFO] [stdout]   18:     0x6110b990a555 - <tokio[4ef139f2c2dbb0b6]::runtime::runtime::Runtime>::block_on::<core[df12db4294e9bfd3]::pin::Pin<&mut dyn core[df12db4294e9bfd3]::future::future::Future<Output = ()>>>
[INFO] [stdout]   19:     0x6110b98dc3be - <integration[8b8ad454e35edfa7]::detects_nextra::{closure#0} as core[df12db4294e9bfd3]::ops::function::FnOnce<()>>::call_once
[INFO] [stdout]   20:     0x6110b995acfb - test[9d35eded1c95d3be]::__rust_begin_short_backtrace::<core[df12db4294e9bfd3]::result::Result<(), alloc[2182bb758b4b3781]::string::String>, fn() -> core[df12db4294e9bfd3]::result::Result<(), alloc[2182bb758b4b3781]::string::String>>
[INFO] [stdout]   21:     0x6110b9968365 - test[9d35eded1c95d3be]::run_test::{closure#0}
[INFO] [stdout]   22:     0x6110b9961c24 - std[70759c8f55707aa4]::sys::backtrace::__rust_begin_short_backtrace::<test[9d35eded1c95d3be]::run_test::{closure#1}, ()>
[INFO] [stdout]   23:     0x6110b996b4c2 - <std[70759c8f55707aa4]::thread::lifecycle::spawn_unchecked<test[9d35eded1c95d3be]::run_test::{closure#1}, ()>::{closure#1} as core[df12db4294e9bfd3]::ops::function::FnOnce<()>>::call_once::{shim:vtable#0}
[INFO] [stdout]   24:     0x6110b9de27f9 - <std[70759c8f55707aa4]::sys::thread::unix::Thread>::new::thread_start
[INFO] [stdout]   25:     0x7f0f1f8d1dfa - <unknown>
[INFO] [stdout]   26:     0x7f0f1f9653d4 - clone
[INFO] [stdout]   27:                0x0 - <unknown>
[INFO] [stdout] 
[INFO] [stdout] ---- crawl_manifest_respects_scope_and_excludes stdout ----
[INFO] [stdout] 
[INFO] [stdout] thread 'crawl_manifest_respects_scope_and_excludes' (4237) panicked at tests/integration.rs:15:6:
[INFO] [stdout] fixture should exist: Os { code: 2, kind: NotFound, message: "No such file or directory" }
[INFO] [stdout] stack backtrace:
[INFO] [stdout]    0:     0x6110b9de3a81 - <<std[70759c8f55707aa4]::sys::backtrace::BacktraceLock>::print::DisplayBacktrace as core[df12db4294e9bfd3]::fmt::Display>::fmt
[INFO] [stdout]    1:     0x6110b9dfcb7a - core[df12db4294e9bfd3]::fmt::write
[INFO] [stdout]    2:     0x6110b9de8c6c - <alloc[2182bb758b4b3781]::vec::Vec<u8> as core[df12db4294e9bfd3]::io::write::Write>::write_fmt
[INFO] [stdout]    3:     0x6110b9dbca06 - std[70759c8f55707aa4]::panicking::default_hook::{closure#0}
[INFO] [stdout]    4:     0x6110b9ddaaf9 - std[70759c8f55707aa4]::panicking::default_hook
[INFO] [stdout]    5:     0x6110b9967a10 - test[9d35eded1c95d3be]::test_main_inner::<test[9d35eded1c95d3be]::test_main_static::{closure#0}>::{closure#0}
[INFO] [stdout]    6:     0x6110b9ddae22 - std[70759c8f55707aa4]::panicking::panic_with_hook
[INFO] [stdout]    7:     0x6110b9dbcab2 - std[70759c8f55707aa4]::panicking::panic_handler::{closure#0}
[INFO] [stdout]    8:     0x6110b9db54a9 - std[70759c8f55707aa4]::sys::backtrace::__rust_end_short_backtrace::<std[70759c8f55707aa4]::panicking::panic_handler::{closure#0}, !>
[INFO] [stdout]    9:     0x6110b9dbd89d - __rustc[8fa7c3cbc660c2b3]::rust_begin_unwind
[INFO] [stdout]   10:     0x6110b9dfd35c - core[df12db4294e9bfd3]::panicking::panic_fmt
[INFO] [stdout]   11:     0x6110b9dfd132 - core[df12db4294e9bfd3]::result::unwrap_failed
[INFO] [stdout]   12:     0x6110b98dbdee - integration[8b8ad454e35edfa7]::fixture
[INFO] [stdout]   13:     0x6110b98d3475 - integration[8b8ad454e35edfa7]::crawl_manifest_respects_scope_and_excludes::{closure#0}
[INFO] [stdout]   14:     0x6110b9932993 - <tokio[4ef139f2c2dbb0b6]::runtime::scheduler::current_thread::Context>::enter::<core[df12db4294e9bfd3]::task::poll::Poll<()>, <tokio[4ef139f2c2dbb0b6]::runtime::scheduler::current_thread::CoreGuard>::block_on<core[df12db4294e9bfd3]::pin::Pin<&mut core[df12db4294e9bfd3]::pin::Pin<&mut dyn core[df12db4294e9bfd3]::future::future::Future<Output = ()>>>>::{closure#0}::{closure#0}>
[INFO] [stdout]   15:     0x6110b994835c - <tokio[4ef139f2c2dbb0b6]::runtime::context::scoped::Scoped<tokio[4ef139f2c2dbb0b6]::runtime::scheduler::Context>>::set::<<tokio[4ef139f2c2dbb0b6]::runtime::scheduler::current_thread::CoreGuard>::enter<<tokio[4ef139f2c2dbb0b6]::runtime::scheduler::current_thread::CoreGuard>::block_on<core[df12db4294e9bfd3]::pin::Pin<&mut core[df12db4294e9bfd3]::pin::Pin<&mut dyn core[df12db4294e9bfd3]::future::future::Future<Output = ()>>>>::{closure#0}, core[df12db4294e9bfd3]::option::Option<()>>::{closure#0}, (alloc[2182bb758b4b3781]::boxed::Box<tokio[4ef139f2c2dbb0b6]::runtime::scheduler::current_thread::Core>, core[df12db4294e9bfd3]::option::Option<()>)>
[INFO] [stdout]   16:     0x6110b9933177 - <tokio[4ef139f2c2dbb0b6]::runtime::scheduler::current_thread::CoreGuard>::block_on::<core[df12db4294e9bfd3]::pin::Pin<&mut core[df12db4294e9bfd3]::pin::Pin<&mut dyn core[df12db4294e9bfd3]::future::future::Future<Output = ()>>>>
[INFO] [stdout]   17:     0x6110b993014d - tokio[4ef139f2c2dbb0b6]::runtime::context::runtime::enter_runtime::<<tokio[4ef139f2c2dbb0b6]::runtime::scheduler::current_thread::CurrentThread>::block_on<core[df12db4294e9bfd3]::pin::Pin<&mut dyn core[df12db4294e9bfd3]::future::future::Future<Output = ()>>>::{closure#0}, ()>
[INFO] [stdout]   18:     0x6110b990a555 - <tokio[4ef139f2c2dbb0b6]::runtime::runtime::Runtime>::block_on::<core[df12db4294e9bfd3]::pin::Pin<&mut dyn core[df12db4294e9bfd3]::future::future::Future<Output = ()>>>
[INFO] [stdout]   19:     0x6110b98dda0e - <integration[8b8ad454e35edfa7]::crawl_manifest_respects_scope_and_excludes::{closure#0} as core[df12db4294e9bfd3]::ops::function::FnOnce<()>>::call_once
[INFO] [stdout]   20:     0x6110b995acfb - test[9d35eded1c95d3be]::__rust_begin_short_backtrace::<core[df12db4294e9bfd3]::result::Result<(), alloc[2182bb758b4b3781]::string::String>, fn() -> core[df12db4294e9bfd3]::result::Result<(), alloc[2182bb758b4b3781]::string::String>>
[INFO] [stdout]   21:     0x6110b9968365 - test[9d35eded1c95d3be]::run_test::{closure#0}
[INFO] [stdout]   22:     0x6110b9961c24 - std[70759c8f55707aa4]::sys::backtrace::__rust_begin_short_backtrace::<test[9d35eded1c95d3be]::run_test::{closure#1}, ()>
[INFO] [stdout]   23:     0x6110b996b4c2 - <std[70759c8f55707aa4]::thread::lifecycle::spawn_unchecked<test[9d35eded1c95d3be]::run_test::{closure#1}, ()>::{closure#1} as core[df12db4294e9bfd3]::ops::function::FnOnce<()>>::call_once::{shim:vtable#0}
[INFO] [stdout]   24:     0x6110b9de27f9 - <std[70759c8f55707aa4]::sys::thread::unix::Thread>::new::thread_start
[INFO] [stdout]   25:     0x7f0f1f8d1dfa - <unknown>
[INFO] [stdout]   26:     0x7f0f1f9653d4 - clone
[INFO] [stdout]   27:                0x0 - <unknown>
[INFO] [stdout] 
[INFO] [stdout] ---- bundle_command_writes_single_file stdout ----
[INFO] [stdout] 
[INFO] [stdout] thread 'bundle_command_writes_single_file' (4235) panicked at tests/integration.rs:15:6:
[INFO] [stdout] fixture should exist: Os { code: 2, kind: NotFound, message: "No such file or directory" }
[INFO] [stdout] stack backtrace:
[INFO] [stdout]    0:     0x6110b9de3a81 - <<std[70759c8f55707aa4]::sys::backtrace::BacktraceLock>::print::DisplayBacktrace as core[df12db4294e9bfd3]::fmt::Display>::fmt
[INFO] [stdout]    1:     0x6110b9dfcb7a - core[df12db4294e9bfd3]::fmt::write
[INFO] [stdout]    2:     0x6110b9de8c6c - <alloc[2182bb758b4b3781]::vec::Vec<u8> as core[df12db4294e9bfd3]::io::write::Write>::write_fmt
[INFO] [stdout]    3:     0x6110b9dbca06 - std[70759c8f55707aa4]::panicking::default_hook::{closure#0}
[INFO] [stdout]    4:     0x6110b9ddaaf9 - std[70759c8f55707aa4]::panicking::default_hook
[INFO] [stdout]    5:     0x6110b9967a10 - test[9d35eded1c95d3be]::test_main_inner::<test[9d35eded1c95d3be]::test_main_static::{closure#0}>::{closure#0}
[INFO] [stdout]    6:     0x6110b9ddae22 - std[70759c8f55707aa4]::panicking::panic_with_hook
[INFO] [stdout]    7:     0x6110b9dbcab2 - std[70759c8f55707aa4]::panicking::panic_handler::{closure#0}
[INFO] [stdout]    8:     0x6110b9db54a9 - std[70759c8f55707aa4]::sys::backtrace::__rust_end_short_backtrace::<std[70759c8f55707aa4]::panicking::panic_handler::{closure#0}, !>
[INFO] [stdout]    9:     0x6110b9dbd89d - __rustc[8fa7c3cbc660c2b3]::rust_begin_unwind
[INFO] [stdout]   10:     0x6110b9dfd35c - core[df12db4294e9bfd3]::panicking::panic_fmt
[INFO] [stdout]   11:     0x6110b9dfd132 - core[df12db4294e9bfd3]::result::unwrap_failed
[INFO] [stdout]   12:     0x6110b98dbdee - integration[8b8ad454e35edfa7]::fixture
[INFO] [stdout]   13:     0x6110b98d0800 - integration[8b8ad454e35edfa7]::bundle_command_writes_single_file::{closure#0}
[INFO] [stdout]   14:     0x6110b9932993 - <tokio[4ef139f2c2dbb0b6]::runtime::scheduler::current_thread::Context>::enter::<core[df12db4294e9bfd3]::task::poll::Poll<()>, <tokio[4ef139f2c2dbb0b6]::runtime::scheduler::current_thread::CoreGuard>::block_on<core[df12db4294e9bfd3]::pin::Pin<&mut core[df12db4294e9bfd3]::pin::Pin<&mut dyn core[df12db4294e9bfd3]::future::future::Future<Output = ()>>>>::{closure#0}::{closure#0}>
[INFO] [stdout]   15:     0x6110b994835c - <tokio[4ef139f2c2dbb0b6]::runtime::context::scoped::Scoped<tokio[4ef139f2c2dbb0b6]::runtime::scheduler::Context>>::set::<<tokio[4ef139f2c2dbb0b6]::runtime::scheduler::current_thread::CoreGuard>::enter<<tokio[4ef139f2c2dbb0b6]::runtime::scheduler::current_thread::CoreGuard>::block_on<core[df12db4294e9bfd3]::pin::Pin<&mut core[df12db4294e9bfd3]::pin::Pin<&mut dyn core[df12db4294e9bfd3]::future::future::Future<Output = ()>>>>::{closure#0}, core[df12db4294e9bfd3]::option::Option<()>>::{closure#0}, (alloc[2182bb758b4b3781]::boxed::Box<tokio[4ef139f2c2dbb0b6]::runtime::scheduler::current_thread::Core>, core[df12db4294e9bfd3]::option::Option<()>)>
[INFO] [stdout]   16:     0x6110b9933177 - <tokio[4ef139f2c2dbb0b6]::runtime::scheduler::current_thread::CoreGuard>::block_on::<core[df12db4294e9bfd3]::pin::Pin<&mut core[df12db4294e9bfd3]::pin::Pin<&mut dyn core[df12db4294e9bfd3]::future::future::Future<Output = ()>>>>
[INFO] [stdout]   17:     0x6110b993014d - tokio[4ef139f2c2dbb0b6]::runtime::context::runtime::enter_runtime::<<tokio[4ef139f2c2dbb0b6]::runtime::scheduler::current_thread::CurrentThread>::block_on<core[df12db4294e9bfd3]::pin::Pin<&mut dyn core[df12db4294e9bfd3]::future::future::Future<Output = ()>>>::{closure#0}, ()>
[INFO] [stdout]   18:     0x6110b990a555 - <tokio[4ef139f2c2dbb0b6]::runtime::runtime::Runtime>::block_on::<core[df12db4294e9bfd3]::pin::Pin<&mut dyn core[df12db4294e9bfd3]::future::future::Future<Output = ()>>>
[INFO] [stdout]   19:     0x6110b98dd5ee - <integration[8b8ad454e35edfa7]::bundle_command_writes_single_file::{closure#0} as core[df12db4294e9bfd3]::ops::function::FnOnce<()>>::call_once
[INFO] [stdout]   20:     0x6110b995acfb - test[9d35eded1c95d3be]::__rust_begin_short_backtrace::<core[df12db4294e9bfd3]::result::Result<(), alloc[2182bb758b4b3781]::string::String>, fn() -> core[df12db4294e9bfd3]::result::Result<(), alloc[2182bb758b4b3781]::string::String>>
[INFO] [stdout]   21:     0x6110b9968365 - test[9d35eded1c95d3be]::run_test::{closure#0}
[INFO] [stdout]   22:     0x6110b9961c24 - std[70759c8f55707aa4]::sys::backtrace::__rust_begin_short_backtrace::<test[9d35eded1c95d3be]::run_test::{closure#1}, ()>
[INFO] [stdout]   23:     0x6110b996b4c2 - <std[70759c8f55707aa4]::thread::lifecycle::spawn_unchecked<test[9d35eded1c95d3be]::run_test::{closure#1}, ()>::{closure#1} as core[df12db4294e9bfd3]::ops::function::FnOnce<()>>::call_once::{shim:vtable#0}
[INFO] [stdout]   24:     0x6110b9de27f9 - <std[70759c8f55707aa4]::sys::thread::unix::Thread>::new::thread_start
[INFO] [stdout]   25:     0x7f0f1f8d1dfa - <unknown>
[INFO] [stdout]   26:     0x7f0f1f9653d4 - clone
[INFO] [stdout]   27:                0x0 - <unknown>
[INFO] [stdout] 
[INFO] [stdout] ---- detects_docusaurus stdout ----
[INFO] [stdout] 
[INFO] [stdout] thread 'detects_docusaurus' (4238) panicked at tests/integration.rs:15:6:
[INFO] [stdout] fixture should exist: Os { code: 2, kind: NotFound, message: "No such file or directory" }
[INFO] [stdout] stack backtrace:
[INFO] [stdout]    0:     0x6110b9de3a81 - <<std[70759c8f55707aa4]::sys::backtrace::BacktraceLock>::print::DisplayBacktrace as core[df12db4294e9bfd3]::fmt::Display>::fmt
[INFO] [stdout]    1:     0x6110b9dfcb7a - core[df12db4294e9bfd3]::fmt::write
[INFO] [stdout]    2:     0x6110b9de8c6c - <alloc[2182bb758b4b3781]::vec::Vec<u8> as core[df12db4294e9bfd3]::io::write::Write>::write_fmt
[INFO] [stdout]    3:     0x6110b9dbca06 - std[70759c8f55707aa4]::panicking::default_hook::{closure#0}
[INFO] [stdout]    4:     0x6110b9ddaaf9 - std[70759c8f55707aa4]::panicking::default_hook
[INFO] [stdout]    5:     0x6110b9967a10 - test[9d35eded1c95d3be]::test_main_inner::<test[9d35eded1c95d3be]::test_main_static::{closure#0}>::{closure#0}
[INFO] [stdout]    6:     0x6110b9ddae22 - std[70759c8f55707aa4]::panicking::panic_with_hook
[INFO] [stdout]    7:     0x6110b9dbcab2 - std[70759c8f55707aa4]::panicking::panic_handler::{closure#0}
[INFO] [stdout]    8:     0x6110b9db54a9 - std[70759c8f55707aa4]::sys::backtrace::__rust_end_short_backtrace::<std[70759c8f55707aa4]::panicking::panic_handler::{closure#0}, !>
[INFO] [stdout]    9:     0x6110b9dbd89d - __rustc[8fa7c3cbc660c2b3]::rust_begin_unwind
[INFO] [stdout]   10:     0x6110b9dfd35c - core[df12db4294e9bfd3]::panicking::panic_fmt
[INFO] [stdout]   11:     0x6110b9dfd132 - core[df12db4294e9bfd3]::result::unwrap_failed
[INFO] [stdout]   12:     0x6110b98dbdee - integration[8b8ad454e35edfa7]::fixture
[INFO] [stdout]   13:     0x6110b98cc17f - integration[8b8ad454e35edfa7]::detects_docusaurus::{closure#0}
[INFO] [stdout]   14:     0x6110b9932993 - <tokio[4ef139f2c2dbb0b6]::runtime::scheduler::current_thread::Context>::enter::<core[df12db4294e9bfd3]::task::poll::Poll<()>, <tokio[4ef139f2c2dbb0b6]::runtime::scheduler::current_thread::CoreGuard>::block_on<core[df12db4294e9bfd3]::pin::Pin<&mut core[df12db4294e9bfd3]::pin::Pin<&mut dyn core[df12db4294e9bfd3]::future::future::Future<Output = ()>>>>::{closure#0}::{closure#0}>
[INFO] [stdout]   15:     0x6110b994835c - <tokio[4ef139f2c2dbb0b6]::runtime::context::scoped::Scoped<tokio[4ef139f2c2dbb0b6]::runtime::scheduler::Context>>::set::<<tokio[4ef139f2c2dbb0b6]::runtime::scheduler::current_thread::CoreGuard>::enter<<tokio[4ef139f2c2dbb0b6]::runtime::scheduler::current_thread::CoreGuard>::block_on<core[df12db4294e9bfd3]::pin::Pin<&mut core[df12db4294e9bfd3]::pin::Pin<&mut dyn core[df12db4294e9bfd3]::future::future::Future<Output = ()>>>>::{closure#0}, core[df12db4294e9bfd3]::option::Option<()>>::{closure#0}, (alloc[2182bb758b4b3781]::boxed::Box<tokio[4ef139f2c2dbb0b6]::runtime::scheduler::current_thread::Core>, core[df12db4294e9bfd3]::option::Option<()>)>
[INFO] [stdout]   16:     0x6110b9933177 - <tokio[4ef139f2c2dbb0b6]::runtime::scheduler::current_thread::CoreGuard>::block_on::<core[df12db4294e9bfd3]::pin::Pin<&mut core[df12db4294e9bfd3]::pin::Pin<&mut dyn core[df12db4294e9bfd3]::future::future::Future<Output = ()>>>>
[INFO] [stdout]   17:     0x6110b993014d - tokio[4ef139f2c2dbb0b6]::runtime::context::runtime::enter_runtime::<<tokio[4ef139f2c2dbb0b6]::runtime::scheduler::current_thread::CurrentThread>::block_on<core[df12db4294e9bfd3]::pin::Pin<&mut dyn core[df12db4294e9bfd3]::future::future::Future<Output = ()>>>::{closure#0}, ()>
[INFO] [stdout]   18:     0x6110b990a555 - <tokio[4ef139f2c2dbb0b6]::runtime::runtime::Runtime>::block_on::<core[df12db4294e9bfd3]::pin::Pin<&mut dyn core[df12db4294e9bfd3]::future::future::Future<Output = ()>>>
[INFO] [stdout]   19:     0x6110b98dc67e - <integration[8b8ad454e35edfa7]::detects_docusaurus::{closure#0} as core[df12db4294e9bfd3]::ops::function::FnOnce<()>>::call_once
[INFO] [stdout]   20:     0x6110b995acfb - test[9d35eded1c95d3be]::__rust_begin_short_backtrace::<core[df12db4294e9bfd3]::result::Result<(), alloc[2182bb758b4b3781]::string::String>, fn() -> core[df12db4294e9bfd3]::result::Result<(), alloc[2182bb758b4b3781]::string::String>>
[INFO] [stdout]   21:     0x6110b9968365 - test[9d35eded1c95d3be]::run_test::{closure#0}
[INFO] [stdout]   22:     0x6110b9961c24 - std[70759c8f55707aa4]::sys::backtrace::__rust_begin_short_backtrace::<test[9d35eded1c95d3be]::run_test::{closure#1}, ()>
[INFO] [stdout]   23:     0x6110b996b4c2 - <std[70759c8f55707aa4]::thread::lifecycle::spawn_unchecked<test[9d35eded1c95d3be]::run_test::{closure#1}, ()>::{closure#1} as core[df12db4294e9bfd3]::ops::function::FnOnce<()>>::call_once::{shim:vtable#0}
[INFO] [stdout]   24:     0x6110b9de27f9 - <std[70759c8f55707aa4]::sys::thread::unix::Thread>::new::thread_start
[INFO] [stdout]   25:     0x7f0f1f8d1dfa - <unknown>
[INFO] [stdout]   26:     0x7f0f1f9653d4 - clone
[INFO] [stdout]   27:                0x0 - <unknown>
[INFO] [stdout] 
[INFO] [stdout] ---- detects_mkdocs_material stdout ----
[INFO] [stdout] 
[INFO] [stdout] thread 'detects_mkdocs_material' (4239) panicked at tests/integration.rs:15:6:
[INFO] [stdout] fixture should exist: Os { code: 2, kind: NotFound, message: "No such file or directory" }
[INFO] [stdout] stack backtrace:
[INFO] [stdout]    0:     0x6110b9de3a81 - <<std[70759c8f55707aa4]::sys::backtrace::BacktraceLock>::print::DisplayBacktrace as core[df12db4294e9bfd3]::fmt::Display>::fmt
[INFO] [stdout]    1:     0x6110b9dfcb7a - core[df12db4294e9bfd3]::fmt::write
[INFO] [stdout]    2:     0x6110b9de8c6c - <alloc[2182bb758b4b3781]::vec::Vec<u8> as core[df12db4294e9bfd3]::io::write::Write>::write_fmt
[INFO] [stdout]    3:     0x6110b9dbca06 - std[70759c8f55707aa4]::panicking::default_hook::{closure#0}
[INFO] [stdout]    4:     0x6110b9ddaaf9 - std[70759c8f55707aa4]::panicking::default_hook
[INFO] [stdout]    5:     0x6110b9967a10 - test[9d35eded1c95d3be]::test_main_inner::<test[9d35eded1c95d3be]::test_main_static::{closure#0}>::{closure#0}
[INFO] [stdout]    6:     0x6110b9ddae22 - std[70759c8f55707aa4]::panicking::panic_with_hook
[INFO] [stdout]    7:     0x6110b9dbcab2 - std[70759c8f55707aa4]::panicking::panic_handler::{closure#0}
[INFO] [stdout]    8:     0x6110b9db54a9 - std[70759c8f55707aa4]::sys::backtrace::__rust_end_short_backtrace::<std[70759c8f55707aa4]::panicking::panic_handler::{closure#0}, !>
[INFO] [stdout]    9:     0x6110b9dbd89d - __rustc[8fa7c3cbc660c2b3]::rust_begin_unwind
[INFO] [stdout]   10:     0x6110b9dfd35c - core[df12db4294e9bfd3]::panicking::panic_fmt
[INFO] [stdout]   11:     0x6110b9dfd132 - core[df12db4294e9bfd3]::result::unwrap_failed
[INFO] [stdout]   12:     0x6110b98dbdee - integration[8b8ad454e35edfa7]::fixture
[INFO] [stdout]   13:     0x6110b98ce61f - integration[8b8ad454e35edfa7]::detects_mkdocs_material::{closure#0}
[INFO] [stdout]   14:     0x6110b9932993 - <tokio[4ef139f2c2dbb0b6]::runtime::scheduler::current_thread::Context>::enter::<core[df12db4294e9bfd3]::task::poll::Poll<()>, <tokio[4ef139f2c2dbb0b6]::runtime::scheduler::current_thread::CoreGuard>::block_on<core[df12db4294e9bfd3]::pin::Pin<&mut core[df12db4294e9bfd3]::pin::Pin<&mut dyn core[df12db4294e9bfd3]::future::future::Future<Output = ()>>>>::{closure#0}::{closure#0}>
[INFO] [stdout]   15:     0x6110b994835c - <tokio[4ef139f2c2dbb0b6]::runtime::context::scoped::Scoped<tokio[4ef139f2c2dbb0b6]::runtime::scheduler::Context>>::set::<<tokio[4ef139f2c2dbb0b6]::runtime::scheduler::current_thread::CoreGuard>::enter<<tokio[4ef139f2c2dbb0b6]::runtime::scheduler::current_thread::CoreGuard>::block_on<core[df12db4294e9bfd3]::pin::Pin<&mut core[df12db4294e9bfd3]::pin::Pin<&mut dyn core[df12db4294e9bfd3]::future::future::Future<Output = ()>>>>::{closure#0}, core[df12db4294e9bfd3]::option::Option<()>>::{closure#0}, (alloc[2182bb758b4b3781]::boxed::Box<tokio[4ef139f2c2dbb0b6]::runtime::scheduler::current_thread::Core>, core[df12db4294e9bfd3]::option::Option<()>)>
[INFO] [stdout]   16:     0x6110b9933177 - <tokio[4ef139f2c2dbb0b6]::runtime::scheduler::current_thread::CoreGuard>::block_on::<core[df12db4294e9bfd3]::pin::Pin<&mut core[df12db4294e9bfd3]::pin::Pin<&mut dyn core[df12db4294e9bfd3]::future::future::Future<Output = ()>>>>
[INFO] [stdout]   17:     0x6110b993014d - tokio[4ef139f2c2dbb0b6]::runtime::context::runtime::enter_runtime::<<tokio[4ef139f2c2dbb0b6]::runtime::scheduler::current_thread::CurrentThread>::block_on<core[df12db4294e9bfd3]::pin::Pin<&mut dyn core[df12db4294e9bfd3]::future::future::Future<Output = ()>>>::{closure#0}, ()>
[INFO] [stdout]   18:     0x6110b990a555 - <tokio[4ef139f2c2dbb0b6]::runtime::runtime::Runtime>::block_on::<core[df12db4294e9bfd3]::pin::Pin<&mut dyn core[df12db4294e9bfd3]::future::future::Future<Output = ()>>>
[INFO] [stdout]   19:     0x6110b98dcc0e - <integration[8b8ad454e35edfa7]::detects_mkdocs_material::{closure#0} as core[df12db4294e9bfd3]::ops::function::FnOnce<()>>::call_once
[INFO] [stdout]   20:     0x6110b995acfb - test[9d35eded1c95d3be]::__rust_begin_short_backtrace::<core[df12db4294e9bfd3]::result::Result<(), alloc[2182bb758b4b3781]::string::String>, fn() -> core[df12db4294e9bfd3]::result::Result<(), alloc[2182bb758b4b3781]::string::String>>
[INFO] [stdout]   21:     0x6110b9968365 - test[9d35eded1c95d3be]::run_test::{closure#0}
[INFO] [stdout]   22:     0x6110b9961c24 - std[70759c8f55707aa4]::sys::backtrace::__rust_begin_short_backtrace::<test[9d35eded1c95d3be]::run_test::{closure#1}, ()>
[INFO] [stdout]   23:     0x6110b996b4c2 - <std[70759c8f55707aa4]::thread::lifecycle::spawn_unchecked<test[9d35eded1c95d3be]::run_test::{closure#1}, ()>::{closure#1} as core[df12db4294e9bfd3]::ops::function::FnOnce<()>>::call_once::{shim:vtable#0}
[INFO] [stdout]   24:     0x6110b9de27f9 - <std[70759c8f55707aa4]::sys::thread::unix::Thread>::new::thread_start
[INFO] [stdout]   25:     0x7f0f1f8d1dfa - <unknown>
[INFO] [stdout]   26:     0x7f0f1f9653d4 - clone
[INFO] [stdout]   27:                0x0 - <unknown>
[INFO] [stdout] 
[INFO] [stdout] ---- classic_gitbook_detects_and_exports_markdown stdout ----
[INFO] [stdout] 
[INFO] [stdout] thread 'classic_gitbook_detects_and_exports_markdown' (4236) panicked at tests/integration.rs:15:6:
[INFO] [stdout] fixture should exist: Os { code: 2, kind: NotFound, message: "No such file or directory" }
[INFO] [stdout] stack backtrace:
[INFO] [stdout]    0:     0x6110b9de3a81 - <<std[70759c8f55707aa4]::sys::backtrace::BacktraceLock>::print::DisplayBacktrace as core[df12db4294e9bfd3]::fmt::Display>::fmt
[INFO] [stdout]    1:     0x6110b9dfcb7a - core[df12db4294e9bfd3]::fmt::write
[INFO] [stdout]    2:     0x6110b9de8c6c - <alloc[2182bb758b4b3781]::vec::Vec<u8> as core[df12db4294e9bfd3]::io::write::Write>::write_fmt
[INFO] [stdout]    3:     0x6110b9dbca06 - std[70759c8f55707aa4]::panicking::default_hook::{closure#0}
[INFO] [stdout]    4:     0x6110b9ddaaf9 - std[70759c8f55707aa4]::panicking::default_hook
[INFO] [stdout]    5:     0x6110b9967a10 - test[9d35eded1c95d3be]::test_main_inner::<test[9d35eded1c95d3be]::test_main_static::{closure#0}>::{closure#0}
[INFO] [stdout]    6:     0x6110b9ddae22 - std[70759c8f55707aa4]::panicking::panic_with_hook
[INFO] [stdout]    7:     0x6110b9dbcab2 - std[70759c8f55707aa4]::panicking::panic_handler::{closure#0}
[INFO] [stdout]    8:     0x6110b9db54a9 - std[70759c8f55707aa4]::sys::backtrace::__rust_end_short_backtrace::<std[70759c8f55707aa4]::panicking::panic_handler::{closure#0}, !>
[INFO] [stdout]    9:     0x6110b9dbd89d - __rustc[8fa7c3cbc660c2b3]::rust_begin_unwind
[INFO] [stdout]   10:     0x6110b9dfd35c - core[df12db4294e9bfd3]::panicking::panic_fmt
[INFO] [stdout]   11:     0x6110b9dfd132 - core[df12db4294e9bfd3]::result::unwrap_failed
[INFO] [stdout]   12:     0x6110b98dbdee - integration[8b8ad454e35edfa7]::fixture
[INFO] [stdout]   13:     0x6110b98d3ed0 - integration[8b8ad454e35edfa7]::classic_gitbook_detects_and_exports_markdown::{closure#0}
[INFO] [stdout]   14:     0x6110b9932993 - <tokio[4ef139f2c2dbb0b6]::runtime::scheduler::current_thread::Context>::enter::<core[df12db4294e9bfd3]::task::poll::Poll<()>, <tokio[4ef139f2c2dbb0b6]::runtime::scheduler::current_thread::CoreGuard>::block_on<core[df12db4294e9bfd3]::pin::Pin<&mut core[df12db4294e9bfd3]::pin::Pin<&mut dyn core[df12db4294e9bfd3]::future::future::Future<Output = ()>>>>::{closure#0}::{closure#0}>
[INFO] [stdout]   15:     0x6110b994835c - <tokio[4ef139f2c2dbb0b6]::runtime::context::scoped::Scoped<tokio[4ef139f2c2dbb0b6]::runtime::scheduler::Context>>::set::<<tokio[4ef139f2c2dbb0b6]::runtime::scheduler::current_thread::CoreGuard>::enter<<tokio[4ef139f2c2dbb0b6]::runtime::scheduler::current_thread::CoreGuard>::block_on<core[df12db4294e9bfd3]::pin::Pin<&mut core[df12db4294e9bfd3]::pin::Pin<&mut dyn core[df12db4294e9bfd3]::future::future::Future<Output = ()>>>>::{closure#0}, core[df12db4294e9bfd3]::option::Option<()>>::{closure#0}, (alloc[2182bb758b4b3781]::boxed::Box<tokio[4ef139f2c2dbb0b6]::runtime::scheduler::current_thread::Core>, core[df12db4294e9bfd3]::option::Option<()>)>
[INFO] [stdout]   16:     0x6110b9933177 - <tokio[4ef139f2c2dbb0b6]::runtime::scheduler::current_thread::CoreGuard>::block_on::<core[df12db4294e9bfd3]::pin::Pin<&mut core[df12db4294e9bfd3]::pin::Pin<&mut dyn core[df12db4294e9bfd3]::future::future::Future<Output = ()>>>>
[INFO] [stdout]   17:     0x6110b993014d - tokio[4ef139f2c2dbb0b6]::runtime::context::runtime::enter_runtime::<<tokio[4ef139f2c2dbb0b6]::runtime::scheduler::current_thread::CurrentThread>::block_on<core[df12db4294e9bfd3]::pin::Pin<&mut dyn core[df12db4294e9bfd3]::future::future::Future<Output = ()>>>::{closure#0}, ()>
[INFO] [stdout]   18:     0x6110b990a555 - <tokio[4ef139f2c2dbb0b6]::runtime::runtime::Runtime>::block_on::<core[df12db4294e9bfd3]::pin::Pin<&mut dyn core[df12db4294e9bfd3]::future::future::Future<Output = ()>>>
[INFO] [stdout]   19:     0x6110b98ddb6e - <integration[8b8ad454e35edfa7]::classic_gitbook_detects_and_exports_markdown::{closure#0} as core[df12db4294e9bfd3]::ops::function::FnOnce<()>>::call_once
[INFO] [stdout]   20:     0x6110b995acfb - test[9d35eded1c95d3be]::__rust_begin_short_backtrace::<core[df12db4294e9bfd3]::result::Result<(), alloc[2182bb758b4b3781]::string::String>, fn() -> core[df12db4294e9bfd3]::result::Result<(), alloc[2182bb758b4b3781]::string::String>>
[INFO] [stdout]   21:     0x6110b9968365 - test[9d35eded1c95d3be]::run_test::{closure#0}
[INFO] [stdout]   22:     0x6110b9961c24 - std[70759c8f55707aa4]::sys::backtrace::__rust_begin_short_backtrace::<test[9d35eded1c95d3be]::run_test::{closure#1}, ()>
[INFO] [stdout]   23:     0x6110b996b4c2 - <std[70759c8f55707aa4]::thread::lifecycle::spawn_unchecked<test[9d35eded1c95d3be]::run_test::{closure#1}, ()>::{closure#1} as core[df12db4294e9bfd3]::ops::function::FnOnce<()>>::call_once::{shim:vtable#0}
[INFO] [stdout]   24:     0x6110b9de27f9 - <std[70759c8f55707aa4]::sys::thread::unix::Thread>::new::thread_start
[INFO] [stdout]   25:     0x7f0f1f8d1dfa - <unknown>
[INFO] [stdout]   26:     0x7f0f1f9653d4 - clone
[INFO] [stdout]   27:                0x0 - <unknown>
[INFO] [stdout] 
[INFO] [stdout] ---- exports_docusaurus_with_cleanup stdout ----
[INFO] [stdout] 
[INFO] [stdout] thread 'exports_docusaurus_with_cleanup' (4245) panicked at tests/integration.rs:15:6:
[INFO] [stdout] fixture should exist: Os { code: 2, kind: NotFound, message: "No such file or directory" }
[INFO] [stdout] stack backtrace:
[INFO] [stdout]    0:     0x6110b9de3a81 - <<std[70759c8f55707aa4]::sys::backtrace::BacktraceLock>::print::DisplayBacktrace as core[df12db4294e9bfd3]::fmt::Display>::fmt
[INFO] [stdout]    1:     0x6110b9dfcb7a - core[df12db4294e9bfd3]::fmt::write
[INFO] [stdout]    2:     0x6110b9de8c6c - <alloc[2182bb758b4b3781]::vec::Vec<u8> as core[df12db4294e9bfd3]::io::write::Write>::write_fmt
[INFO] [stdout]    3:     0x6110b9dbca06 - std[70759c8f55707aa4]::panicking::default_hook::{closure#0}
[INFO] [stdout]    4:     0x6110b9ddaaf9 - std[70759c8f55707aa4]::panicking::default_hook
[INFO] [stdout]    5:     0x6110b9967a10 - test[9d35eded1c95d3be]::test_main_inner::<test[9d35eded1c95d3be]::test_main_static::{closure#0}>::{closure#0}
[INFO] [stdout]    6:     0x6110b9ddae22 - std[70759c8f55707aa4]::panicking::panic_with_hook
[INFO] [stdout]    7:     0x6110b9dbcab2 - std[70759c8f55707aa4]::panicking::panic_handler::{closure#0}
[INFO] [stdout]    8:     0x6110b9db54a9 - std[70759c8f55707aa4]::sys::backtrace::__rust_end_short_backtrace::<std[70759c8f55707aa4]::panicking::panic_handler::{closure#0}, !>
[INFO] [stdout]    9:     0x6110b9dbd89d - __rustc[8fa7c3cbc660c2b3]::rust_begin_unwind
[INFO] [stdout]   10:     0x6110b9dfd35c - core[df12db4294e9bfd3]::panicking::panic_fmt
[INFO] [stdout]   11:     0x6110b9dfd132 - core[df12db4294e9bfd3]::result::unwrap_failed
[INFO] [stdout]   12:     0x6110b98dbdee - integration[8b8ad454e35edfa7]::fixture
[INFO] [stdout]   13:     0x6110b98cefe0 - integration[8b8ad454e35edfa7]::exports_docusaurus_with_cleanup::{closure#0}
[INFO] [stdout]   14:     0x6110b9932993 - <tokio[4ef139f2c2dbb0b6]::runtime::scheduler::current_thread::Context>::enter::<core[df12db4294e9bfd3]::task::poll::Poll<()>, <tokio[4ef139f2c2dbb0b6]::runtime::scheduler::current_thread::CoreGuard>::block_on<core[df12db4294e9bfd3]::pin::Pin<&mut core[df12db4294e9bfd3]::pin::Pin<&mut dyn core[df12db4294e9bfd3]::future::future::Future<Output = ()>>>>::{closure#0}::{closure#0}>
[INFO] [stdout]   15:     0x6110b994835c - <tokio[4ef139f2c2dbb0b6]::runtime::context::scoped::Scoped<tokio[4ef139f2c2dbb0b6]::runtime::scheduler::Context>>::set::<<tokio[4ef139f2c2dbb0b6]::runtime::scheduler::current_thread::CoreGuard>::enter<<tokio[4ef139f2c2dbb0b6]::runtime::scheduler::current_thread::CoreGuard>::block_on<core[df12db4294e9bfd3]::pin::Pin<&mut core[df12db4294e9bfd3]::pin::Pin<&mut dyn core[df12db4294e9bfd3]::future::future::Future<Output = ()>>>>::{closure#0}, core[df12db4294e9bfd3]::option::Option<()>>::{closure#0}, (alloc[2182bb758b4b3781]::boxed::Box<tokio[4ef139f2c2dbb0b6]::runtime::scheduler::current_thread::Core>, core[df12db4294e9bfd3]::option::Option<()>)>
[INFO] [stdout]   16:     0x6110b9933177 - <tokio[4ef139f2c2dbb0b6]::runtime::scheduler::current_thread::CoreGuard>::block_on::<core[df12db4294e9bfd3]::pin::Pin<&mut core[df12db4294e9bfd3]::pin::Pin<&mut dyn core[df12db4294e9bfd3]::future::future::Future<Output = ()>>>>
[INFO] [stdout]   17:     0x6110b993014d - tokio[4ef139f2c2dbb0b6]::runtime::context::runtime::enter_runtime::<<tokio[4ef139f2c2dbb0b6]::runtime::scheduler::current_thread::CurrentThread>::block_on<core[df12db4294e9bfd3]::pin::Pin<&mut dyn core[df12db4294e9bfd3]::future::future::Future<Output = ()>>>::{closure#0}, ()>
[INFO] [stdout]   18:     0x6110b990a555 - <tokio[4ef139f2c2dbb0b6]::runtime::runtime::Runtime>::block_on::<core[df12db4294e9bfd3]::pin::Pin<&mut dyn core[df12db4294e9bfd3]::future::future::Future<Output = ()>>>
[INFO] [stdout]   19:     0x6110b98dd04e - <integration[8b8ad454e35edfa7]::exports_docusaurus_with_cleanup::{closure#0} as core[df12db4294e9bfd3]::ops::function::FnOnce<()>>::call_once
[INFO] [stdout]   20:     0x6110b995acfb - test[9d35eded1c95d3be]::__rust_begin_short_backtrace::<core[df12db4294e9bfd3]::result::Result<(), alloc[2182bb758b4b3781]::string::String>, fn() -> core[df12db4294e9bfd3]::result::Result<(), alloc[2182bb758b4b3781]::string::String>>
[INFO] [stdout]   21:     0x6110b9968365 - test[9d35eded1c95d3be]::run_test::{closure#0}
[INFO] [stdout]   22:     0x6110b9961c24 - std[70759c8f55707aa4]::sys::backtrace::__rust_begin_short_backtrace::<test[9d35eded1c95d3be]::run_test::{closure#1}, ()>
[INFO] [stdout]   23:     0x6110b996b4c2 - <std[70759c8f55707aa4]::thread::lifecycle::spawn_unchecked<test[9d35eded1c95d3be]::run_test::{closure#1}, ()>::{closure#1} as core[df12db4294e9bfd3]::ops::function::FnOnce<()>>::call_once::{shim:vtable#0}
[INFO] [stdout]   24:     0x6110b9de27f9 - <std[70759c8f55707aa4]::sys::thread::unix::Thread>::new::thread_start
[INFO] [stdout]   25:     0x7f0f1f8d1dfa - <unknown>
[INFO] [stdout]   26:     0x7f0f1f9653d4 - clone
[INFO] [stdout]   27:                0x0 - <unknown>
[INFO] [stdout] 
[INFO] [stdout] ---- exports_vitepress_with_container_cleanup stdout ----
[INFO] [stdout] 
[INFO] [stdout] thread 'exports_vitepress_with_container_cleanup' (4248) panicked at tests/integration.rs:15:6:
[INFO] [stdout] fixture should exist: Os { code: 2, kind: NotFound, message: "No such file or directory" }
[INFO] [stdout] stack backtrace:
[INFO] [stdout]    0:     0x6110b9de3a81 - <<std[70759c8f55707aa4]::sys::backtrace::BacktraceLock>::print::DisplayBacktrace as core[df12db4294e9bfd3]::fmt::Display>::fmt
[INFO] [stdout]    1:     0x6110b9dfcb7a - core[df12db4294e9bfd3]::fmt::write
[INFO] [stdout]    2:     0x6110b9de8c6c - <alloc[2182bb758b4b3781]::vec::Vec<u8> as core[df12db4294e9bfd3]::io::write::Write>::write_fmt
[INFO] [stdout]    3:     0x6110b9dbca06 - std[70759c8f55707aa4]::panicking::default_hook::{closure#0}
[INFO] [stdout]    4:     0x6110b9ddaaf9 - std[70759c8f55707aa4]::panicking::default_hook
[INFO] [stdout]    5:     0x6110b9967a10 - test[9d35eded1c95d3be]::test_main_inner::<test[9d35eded1c95d3be]::test_main_static::{closure#0}>::{closure#0}
[INFO] [stdout]    6:     0x6110b9ddae22 - std[70759c8f55707aa4]::panicking::panic_with_hook
[INFO] [stdout]    7:     0x6110b9dbcab2 - std[70759c8f55707aa4]::panicking::panic_handler::{closure#0}
[INFO] [stdout]    8:     0x6110b9db54a9 - std[70759c8f55707aa4]::sys::backtrace::__rust_end_short_backtrace::<std[70759c8f55707aa4]::panicking::panic_handler::{closure#0}, !>
[INFO] [stdout]    9:     0x6110b9dbd89d - __rustc[8fa7c3cbc660c2b3]::rust_begin_unwind
[INFO] [stdout]   10:     0x6110b9dfd35c - core[df12db4294e9bfd3]::panicking::panic_fmt
[INFO] [stdout]   11:     0x6110b9dfd132 - core[df12db4294e9bfd3]::result::unwrap_failed
[INFO] [stdout]   12:     0x6110b98dbdee - integration[8b8ad454e35edfa7]::fixture
[INFO] [stdout]   13:     0x6110b98d2bf0 - integration[8b8ad454e35edfa7]::exports_vitepress_with_container_cleanup::{closure#0}
[INFO] [stdout]   14:     0x6110b9932993 - <tokio[4ef139f2c2dbb0b6]::runtime::scheduler::current_thread::Context>::enter::<core[df12db4294e9bfd3]::task::poll::Poll<()>, <tokio[4ef139f2c2dbb0b6]::runtime::scheduler::current_thread::CoreGuard>::block_on<core[df12db4294e9bfd3]::pin::Pin<&mut core[df12db4294e9bfd3]::pin::Pin<&mut dyn core[df12db4294e9bfd3]::future::future::Future<Output = ()>>>>::{closure#0}::{closure#0}>
[INFO] [stdout]   15:     0x6110b994835c - <tokio[4ef139f2c2dbb0b6]::runtime::context::scoped::Scoped<tokio[4ef139f2c2dbb0b6]::runtime::scheduler::Context>>::set::<<tokio[4ef139f2c2dbb0b6]::runtime::scheduler::current_thread::CoreGuard>::enter<<tokio[4ef139f2c2dbb0b6]::runtime::scheduler::current_thread::CoreGuard>::block_on<core[df12db4294e9bfd3]::pin::Pin<&mut core[df12db4294e9bfd3]::pin::Pin<&mut dyn core[df12db4294e9bfd3]::future::future::Future<Output = ()>>>>::{closure#0}, core[df12db4294e9bfd3]::option::Option<()>>::{closure#0}, (alloc[2182bb758b4b3781]::boxed::Box<tokio[4ef139f2c2dbb0b6]::runtime::scheduler::current_thread::Core>, core[df12db4294e9bfd3]::option::Option<()>)>
[INFO] [stdout]   16:     0x6110b9933177 - <tokio[4ef139f2c2dbb0b6]::runtime::scheduler::current_thread::CoreGuard>::block_on::<core[df12db4294e9bfd3]::pin::Pin<&mut core[df12db4294e9bfd3]::pin::Pin<&mut dyn core[df12db4294e9bfd3]::future::future::Future<Output = ()>>>>
[INFO] [stdout]   17:     0x6110b993014d - tokio[4ef139f2c2dbb0b6]::runtime::context::runtime::enter_runtime::<<tokio[4ef139f2c2dbb0b6]::runtime::scheduler::current_thread::CurrentThread>::block_on<core[df12db4294e9bfd3]::pin::Pin<&mut dyn core[df12db4294e9bfd3]::future::future::Future<Output = ()>>>::{closure#0}, ()>
[INFO] [stdout]   18:     0x6110b990a555 - <tokio[4ef139f2c2dbb0b6]::runtime::runtime::Runtime>::block_on::<core[df12db4294e9bfd3]::pin::Pin<&mut dyn core[df12db4294e9bfd3]::future::future::Future<Output = ()>>>
[INFO] [stdout]   19:     0x6110b98dd8ae - <integration[8b8ad454e35edfa7]::exports_vitepress_with_container_cleanup::{closure#0} as core[df12db4294e9bfd3]::ops::function::FnOnce<()>>::call_once
[INFO] [stdout]   20:     0x6110b995acfb - test[9d35eded1c95d3be]::__rust_begin_short_backtrace::<core[df12db4294e9bfd3]::result::Result<(), alloc[2182bb758b4b3781]::string::String>, fn() -> core[df12db4294e9bfd3]::result::Result<(), alloc[2182bb758b4b3781]::string::String>>
[INFO] [stdout]   21:     0x6110b9968365 - test[9d35eded1c95d3be]::run_test::{closure#0}
[INFO] [stdout]   22:     0x6110b9961c24 - std[70759c8f55707aa4]::sys::backtrace::__rust_begin_short_backtrace::<test[9d35eded1c95d3be]::run_test::{closure#1}, ()>
[INFO] [stdout]   23:     0x6110b996b4c2 - <std[70759c8f55707aa4]::thread::lifecycle::spawn_unchecked<test[9d35eded1c95d3be]::run_test::{closure#1}, ()>::{closure#1} as core[df12db4294e9bfd3]::ops::function::FnOnce<()>>::call_once::{shim:vtable#0}
[INFO] [stdout]   24:     0x6110b9de27f9 - <std[70759c8f55707aa4]::sys::thread::unix::Thread>::new::thread_start
[INFO] [stdout]   25:     0x7f0f1f8d1dfa - <unknown>
[INFO] [stdout]   26:     0x7f0f1f9653d4 - clone
[INFO] [stdout]   27:                0x0 - <unknown>
[INFO] [stdout] 
[INFO] [stdout] ---- exports_nextra_and_marks_no_browser_when_not_used stdout ----
[INFO] [stdout] 
[INFO] [stdout] thread 'exports_nextra_and_marks_no_browser_when_not_used' (4247) panicked at tests/integration.rs:15:6:
[INFO] [stdout] fixture should exist: Os { code: 2, kind: NotFound, message: "No such file or directory" }
[INFO] [stdout] stack backtrace:
[INFO] [stdout]    0:     0x6110b9de3a81 - <<std[70759c8f55707aa4]::sys::backtrace::BacktraceLock>::print::DisplayBacktrace as core[df12db4294e9bfd3]::fmt::Display>::fmt
[INFO] [stdout]    1:     0x6110b9dfcb7a - core[df12db4294e9bfd3]::fmt::write
[INFO] [stdout]    2:     0x6110b9de8c6c - <alloc[2182bb758b4b3781]::vec::Vec<u8> as core[df12db4294e9bfd3]::io::write::Write>::write_fmt
[INFO] [stdout]    3:     0x6110b9dbca06 - std[70759c8f55707aa4]::panicking::default_hook::{closure#0}
[INFO] [stdout]    4:     0x6110b9ddaaf9 - std[70759c8f55707aa4]::panicking::default_hook
[INFO] [stdout]    5:     0x6110b9967a10 - test[9d35eded1c95d3be]::test_main_inner::<test[9d35eded1c95d3be]::test_main_static::{closure#0}>::{closure#0}
[INFO] [stdout]    6:     0x6110b9ddae22 - std[70759c8f55707aa4]::panicking::panic_with_hook
[INFO] [stdout]    7:     0x6110b9dbcab2 - std[70759c8f55707aa4]::panicking::panic_handler::{closure#0}
[INFO] [stdout]    8:     0x6110b9db54a9 - std[70759c8f55707aa4]::sys::backtrace::__rust_end_short_backtrace::<std[70759c8f55707aa4]::panicking::panic_handler::{closure#0}, !>
[INFO] [stdout]    9:     0x6110b9dbd89d - __rustc[8fa7c3cbc660c2b3]::rust_begin_unwind
[INFO] [stdout]   10:     0x6110b9dfd35c - core[df12db4294e9bfd3]::panicking::panic_fmt
[INFO] [stdout]   11:     0x6110b9dfd132 - core[df12db4294e9bfd3]::result::unwrap_failed
[INFO] [stdout]   12:     0x6110b98dbdee - integration[8b8ad454e35edfa7]::fixture
[INFO] [stdout]   13:     0x6110b98d4f50 - integration[8b8ad454e35edfa7]::exports_nextra_and_marks_no_browser_when_not_used::{closure#0}
[INFO] [stdout]   14:     0x6110b9932993 - <tokio[4ef139f2c2dbb0b6]::runtime::scheduler::current_thread::Context>::enter::<core[df12db4294e9bfd3]::task::poll::Poll<()>, <tokio[4ef139f2c2dbb0b6]::runtime::scheduler::current_thread::CoreGuard>::block_on<core[df12db4294e9bfd3]::pin::Pin<&mut core[df12db4294e9bfd3]::pin::Pin<&mut dyn core[df12db4294e9bfd3]::future::future::Future<Output = ()>>>>::{closure#0}::{closure#0}>
[INFO] [stdout]   15:     0x6110b994835c - <tokio[4ef139f2c2dbb0b6]::runtime::context::scoped::Scoped<tokio[4ef139f2c2dbb0b6]::runtime::scheduler::Context>>::set::<<tokio[4ef139f2c2dbb0b6]::runtime::scheduler::current_thread::CoreGuard>::enter<<tokio[4ef139f2c2dbb0b6]::runtime::scheduler::current_thread::CoreGuard>::block_on<core[df12db4294e9bfd3]::pin::Pin<&mut core[df12db4294e9bfd3]::pin::Pin<&mut dyn core[df12db4294e9bfd3]::future::future::Future<Output = ()>>>>::{closure#0}, core[df12db4294e9bfd3]::option::Option<()>>::{closure#0}, (alloc[2182bb758b4b3781]::boxed::Box<tokio[4ef139f2c2dbb0b6]::runtime::scheduler::current_thread::Core>, core[df12db4294e9bfd3]::option::Option<()>)>
[INFO] [stdout]   16:     0x6110b9933177 - <tokio[4ef139f2c2dbb0b6]::runtime::scheduler::current_thread::CoreGuard>::block_on::<core[df12db4294e9bfd3]::pin::Pin<&mut core[df12db4294e9bfd3]::pin::Pin<&mut dyn core[df12db4294e9bfd3]::future::future::Future<Output = ()>>>>
[INFO] [stdout]   17:     0x6110b993014d - tokio[4ef139f2c2dbb0b6]::runtime::context::runtime::enter_runtime::<<tokio[4ef139f2c2dbb0b6]::runtime::scheduler::current_thread::CurrentThread>::block_on<core[df12db4294e9bfd3]::pin::Pin<&mut dyn core[df12db4294e9bfd3]::future::future::Future<Output = ()>>>::{closure#0}, ()>
[INFO] [stdout]   18:     0x6110b990a555 - <tokio[4ef139f2c2dbb0b6]::runtime::runtime::Runtime>::block_on::<core[df12db4294e9bfd3]::pin::Pin<&mut dyn core[df12db4294e9bfd3]::future::future::Future<Output = ()>>>
[INFO] [stdout]   19:     0x6110b98dde2e - <integration[8b8ad454e35edfa7]::exports_nextra_and_marks_no_browser_when_not_used::{closure#0} as core[df12db4294e9bfd3]::ops::function::FnOnce<()>>::call_once
[INFO] [stdout]   20:     0x6110b995acfb - test[9d35eded1c95d3be]::__rust_begin_short_backtrace::<core[df12db4294e9bfd3]::result::Result<(), alloc[2182bb758b4b3781]::string::String>, fn() -> core[df12db4294e9bfd3]::result::Result<(), alloc[2182bb758b4b3781]::string::String>>
[INFO] [stdout]   21:     0x6110b9968365 - test[9d35eded1c95d3be]::run_test::{closure#0}
[INFO] [stdout]   22:     0x6110b9961c24 - std[70759c8f55707aa4]::sys::backtrace::__rust_begin_short_backtrace::<test[9d35eded1c95d3be]::run_test::{closure#1}, ()>
[INFO] [stdout]   23:     0x6110b996b4c2 - <std[70759c8f55707aa4]::thread::lifecycle::spawn_unchecked<test[9d35eded1c95d3be]::run_test::{closure#1}, ()>::{closure#1} as core[df12db4294e9bfd3]::ops::function::FnOnce<()>>::call_once::{shim:vtable#0}
[INFO] [stdout]   24:     0x6110b9de27f9 - <std[70759c8f55707aa4]::sys::thread::unix::Thread>::new::thread_start
[INFO] [stdout]   25:     0x7f0f1f8d1dfa - <unknown>
[INFO] [stdout]   26:     0x7f0f1f9653d4 - clone
[INFO] [stdout]   27:                0x0 - <unknown>
[INFO] [stdout] 
[INFO] [stdout] ---- export_deduplicates_same_content stdout ----
[INFO] [stdout] 
[INFO] [stdout] thread 'export_deduplicates_same_content' (4244) panicked at tests/integration.rs:15:6:
[INFO] [stdout] fixture should exist: Os { code: 2, kind: NotFound, message: "No such file or directory" }
[INFO] [stdout] stack backtrace:
[INFO] [stdout]    0:     0x6110b9de3a81 - <<std[70759c8f55707aa4]::sys::backtrace::BacktraceLock>::print::DisplayBacktrace as core[df12db4294e9bfd3]::fmt::Display>::fmt
[INFO] [stdout]    1:     0x6110b9dfcb7a - core[df12db4294e9bfd3]::fmt::write
[INFO] [stdout]    2:     0x6110b9de8c6c - <alloc[2182bb758b4b3781]::vec::Vec<u8> as core[df12db4294e9bfd3]::io::write::Write>::write_fmt
[INFO] [stdout]    3:     0x6110b9dbca06 - std[70759c8f55707aa4]::panicking::default_hook::{closure#0}
[INFO] [stdout]    4:     0x6110b9ddaaf9 - std[70759c8f55707aa4]::panicking::default_hook
[INFO] [stdout]    5:     0x6110b9967a10 - test[9d35eded1c95d3be]::test_main_inner::<test[9d35eded1c95d3be]::test_main_static::{closure#0}>::{closure#0}
[INFO] [stdout]    6:     0x6110b9ddae22 - std[70759c8f55707aa4]::panicking::panic_with_hook
[INFO] [stdout]    7:     0x6110b9dbcab2 - std[70759c8f55707aa4]::panicking::panic_handler::{closure#0}
[INFO] [stdout]    8:     0x6110b9db54a9 - std[70759c8f55707aa4]::sys::backtrace::__rust_end_short_backtrace::<std[70759c8f55707aa4]::panicking::panic_handler::{closure#0}, !>
[INFO] [stdout]    9:     0x6110b9dbd89d - __rustc[8fa7c3cbc660c2b3]::rust_begin_unwind
[INFO] [stdout]   10:     0x6110b9dfd35c - core[df12db4294e9bfd3]::panicking::panic_fmt
[INFO] [stdout]   11:     0x6110b9dfd132 - core[df12db4294e9bfd3]::result::unwrap_failed
[INFO] [stdout]   12:     0x6110b98dbdee - integration[8b8ad454e35edfa7]::fixture
[INFO] [stdout]   13:     0x6110b98cfb10 - integration[8b8ad454e35edfa7]::export_deduplicates_same_content::{closure#0}
[INFO] [stdout]   14:     0x6110b9932993 - <tokio[4ef139f2c2dbb0b6]::runtime::scheduler::current_thread::Context>::enter::<core[df12db4294e9bfd3]::task::poll::Poll<()>, <tokio[4ef139f2c2dbb0b6]::runtime::scheduler::current_thread::CoreGuard>::block_on<core[df12db4294e9bfd3]::pin::Pin<&mut core[df12db4294e9bfd3]::pin::Pin<&mut dyn core[df12db4294e9bfd3]::future::future::Future<Output = ()>>>>::{closure#0}::{closure#0}>
[INFO] [stdout]   15:     0x6110b994835c - <tokio[4ef139f2c2dbb0b6]::runtime::context::scoped::Scoped<tokio[4ef139f2c2dbb0b6]::runtime::scheduler::Context>>::set::<<tokio[4ef139f2c2dbb0b6]::runtime::scheduler::current_thread::CoreGuard>::enter<<tokio[4ef139f2c2dbb0b6]::runtime::scheduler::current_thread::CoreGuard>::block_on<core[df12db4294e9bfd3]::pin::Pin<&mut core[df12db4294e9bfd3]::pin::Pin<&mut dyn core[df12db4294e9bfd3]::future::future::Future<Output = ()>>>>::{closure#0}, core[df12db4294e9bfd3]::option::Option<()>>::{closure#0}, (alloc[2182bb758b4b3781]::boxed::Box<tokio[4ef139f2c2dbb0b6]::runtime::scheduler::current_thread::Core>, core[df12db4294e9bfd3]::option::Option<()>)>
[INFO] [stdout]   16:     0x6110b9933177 - <tokio[4ef139f2c2dbb0b6]::runtime::scheduler::current_thread::CoreGuard>::block_on::<core[df12db4294e9bfd3]::pin::Pin<&mut core[df12db4294e9bfd3]::pin::Pin<&mut dyn core[df12db4294e9bfd3]::future::future::Future<Output = ()>>>>
[INFO] [stdout]   17:     0x6110b993014d - tokio[4ef139f2c2dbb0b6]::runtime::context::runtime::enter_runtime::<<tokio[4ef139f2c2dbb0b6]::runtime::scheduler::current_thread::CurrentThread>::block_on<core[df12db4294e9bfd3]::pin::Pin<&mut dyn core[df12db4294e9bfd3]::future::future::Future<Output = ()>>>::{closure#0}, ()>
[INFO] [stdout]   18:     0x6110b990a555 - <tokio[4ef139f2c2dbb0b6]::runtime::runtime::Runtime>::block_on::<core[df12db4294e9bfd3]::pin::Pin<&mut dyn core[df12db4294e9bfd3]::future::future::Future<Output = ()>>>
[INFO] [stdout]   19:     0x6110b98dd31e - <integration[8b8ad454e35edfa7]::export_deduplicates_same_content::{closure#0} as core[df12db4294e9bfd3]::ops::function::FnOnce<()>>::call_once
[INFO] [stdout]   20:     0x6110b995acfb - test[9d35eded1c95d3be]::__rust_begin_short_backtrace::<core[df12db4294e9bfd3]::result::Result<(), alloc[2182bb758b4b3781]::string::String>, fn() -> core[df12db4294e9bfd3]::result::Result<(), alloc[2182bb758b4b3781]::string::String>>
[INFO] [stdout]   21:     0x6110b9968365 - test[9d35eded1c95d3be]::run_test::{closure#0}
[INFO] [stdout]   22:     0x6110b9961c24 - std[70759c8f55707aa4]::sys::backtrace::__rust_begin_short_backtrace::<test[9d35eded1c95d3be]::run_test::{closure#1}, ()>
[INFO] [stdout]   23:     0x6110b996b4c2 - <std[70759c8f55707aa4]::thread::lifecycle::spawn_unchecked<test[9d35eded1c95d3be]::run_test::{closure#1}, ()>::{closure#1} as core[df12db4294e9bfd3]::ops::function::FnOnce<()>>::call_once::{shim:vtable#0}
[INFO] [stdout]   24:     0x6110b9de27f9 - <std[70759c8f55707aa4]::sys::thread::unix::Thread>::new::thread_start
[INFO] [stdout]   25:     0x7f0f1f8d1dfa - <unknown>
[INFO] [stdout]   26:     0x7f0f1f9653d4 - clone
[INFO] [stdout]   27:                0x0 - <unknown>
[INFO] [stdout] 
[INFO] [stdout] ---- exports_mkdocs_material_with_tabs_and_tables stdout ----
[INFO] [stdout] 
[INFO] [stdout] thread 'exports_mkdocs_material_with_tabs_and_tables' (4246) panicked at tests/integration.rs:15:6:
[INFO] [stdout] fixture should exist: Os { code: 2, kind: NotFound, message: "No such file or directory" }
[INFO] [stdout] stack backtrace:
[INFO] [stdout]    0:     0x6110b9de3a81 - <<std[70759c8f55707aa4]::sys::backtrace::BacktraceLock>::print::DisplayBacktrace as core[df12db4294e9bfd3]::fmt::Display>::fmt
[INFO] [stdout]    1:     0x6110b9dfcb7a - core[df12db4294e9bfd3]::fmt::write
[INFO] [stdout]    2:     0x6110b9de8c6c - <alloc[2182bb758b4b3781]::vec::Vec<u8> as core[df12db4294e9bfd3]::io::write::Write>::write_fmt
[INFO] [stdout]    3:     0x6110b9dbca06 - std[70759c8f55707aa4]::panicking::default_hook::{closure#0}
[INFO] [stdout]    4:     0x6110b9ddaaf9 - std[70759c8f55707aa4]::panicking::default_hook
[INFO] [stdout]    5:     0x6110b9967a10 - test[9d35eded1c95d3be]::test_main_inner::<test[9d35eded1c95d3be]::test_main_static::{closure#0}>::{closure#0}
[INFO] [stdout]    6:     0x6110b9ddae22 - std[70759c8f55707aa4]::panicking::panic_with_hook
[INFO] [stdout]    7:     0x6110b9dbcab2 - std[70759c8f55707aa4]::panicking::panic_handler::{closure#0}
[INFO] [stdout]    8:     0x6110b9db54a9 - std[70759c8f55707aa4]::sys::backtrace::__rust_end_short_backtrace::<std[70759c8f55707aa4]::panicking::panic_handler::{closure#0}, !>
[INFO] [stdout]    9:     0x6110b9dbd89d - __rustc[8fa7c3cbc660c2b3]::rust_begin_unwind
[INFO] [stdout]   10:     0x6110b9dfd35c - core[df12db4294e9bfd3]::panicking::panic_fmt
[INFO] [stdout]   11:     0x6110b9dfd132 - core[df12db4294e9bfd3]::result::unwrap_failed
[INFO] [stdout]   12:     0x6110b98dbdee - integration[8b8ad454e35edfa7]::fixture
[INFO] [stdout]   13:     0x6110b98d4590 - integration[8b8ad454e35edfa7]::exports_mkdocs_material_with_tabs_and_tables::{closure#0}
[INFO] [stdout]   14:     0x6110b9932993 - <tokio[4ef139f2c2dbb0b6]::runtime::scheduler::current_thread::Context>::enter::<core[df12db4294e9bfd3]::task::poll::Poll<()>, <tokio[4ef139f2c2dbb0b6]::runtime::scheduler::current_thread::CoreGuard>::block_on<core[df12db4294e9bfd3]::pin::Pin<&mut core[df12db4294e9bfd3]::pin::Pin<&mut dyn core[df12db4294e9bfd3]::future::future::Future<Output = ()>>>>::{closure#0}::{closure#0}>
[INFO] [stdout]   15:     0x6110b994835c - <tokio[4ef139f2c2dbb0b6]::runtime::context::scoped::Scoped<tokio[4ef139f2c2dbb0b6]::runtime::scheduler::Context>>::set::<<tokio[4ef139f2c2dbb0b6]::runtime::scheduler::current_thread::CoreGuard>::enter<<tokio[4ef139f2c2dbb0b6]::runtime::scheduler::current_thread::CoreGuard>::block_on<core[df12db4294e9bfd3]::pin::Pin<&mut core[df12db4294e9bfd3]::pin::Pin<&mut dyn core[df12db4294e9bfd3]::future::future::Future<Output = ()>>>>::{closure#0}, core[df12db4294e9bfd3]::option::Option<()>>::{closure#0}, (alloc[2182bb758b4b3781]::boxed::Box<tokio[4ef139f2c2dbb0b6]::runtime::scheduler::current_thread::Core>, core[df12db4294e9bfd3]::option::Option<()>)>
[INFO] [stdout]   16:     0x6110b9933177 - <tokio[4ef139f2c2dbb0b6]::runtime::scheduler::current_thread::CoreGuard>::block_on::<core[df12db4294e9bfd3]::pin::Pin<&mut core[df12db4294e9bfd3]::pin::Pin<&mut dyn core[df12db4294e9bfd3]::future::future::Future<Output = ()>>>>
[INFO] [stdout]   17:     0x6110b993014d - tokio[4ef139f2c2dbb0b6]::runtime::context::runtime::enter_runtime::<<tokio[4ef139f2c2dbb0b6]::runtime::scheduler::current_thread::CurrentThread>::block_on<core[df12db4294e9bfd3]::pin::Pin<&mut dyn core[df12db4294e9bfd3]::future::future::Future<Output = ()>>>::{closure#0}, ()>
[INFO] [stdout]   18:     0x6110b990a555 - <tokio[4ef139f2c2dbb0b6]::runtime::runtime::Runtime>::block_on::<core[df12db4294e9bfd3]::pin::Pin<&mut dyn core[df12db4294e9bfd3]::future::future::Future<Output = ()>>>
[INFO] [stdout]   19:     0x6110b98ddcce - <integration[8b8ad454e35edfa7]::exports_mkdocs_material_with_tabs_and_tables::{closure#0} as core[df12db4294e9bfd3]::ops::function::FnOnce<()>>::call_once
[INFO] [stdout]   20:     0x6110b995acfb - test[9d35eded1c95d3be]::__rust_begin_short_backtrace::<core[df12db4294e9bfd3]::result::Result<(), alloc[2182bb758b4b3781]::string::String>, fn() -> core[df12db4294e9bfd3]::result::Result<(), alloc[2182bb758b4b3781]::string::String>>
[INFO] [stdout]   21:     0x6110b9968365 - test[9d35eded1c95d3be]::run_test::{closure#0}
[INFO] [stdout]   22:     0x6110b9961c24 - std[70759c8f55707aa4]::sys::backtrace::__rust_begin_short_backtrace::<test[9d35eded1c95d3be]::run_test::{closure#1}, ()>
[INFO] [stdout]   23:     0x6110b996b4c2 - <std[70759c8f55707aa4]::thread::lifecycle::spawn_unchecked<test[9d35eded1c95d3be]::run_test::{closure#1}, ()>::{closure#1} as core[df12db4294e9bfd3]::ops::function::FnOnce<()>>::call_once::{shim:vtable#0}
[INFO] [stdout]   24:     0x6110b9de27f9 - <std[70759c8f55707aa4]::sys::thread::unix::Thread>::new::thread_start
[INFO] [stdout]   25:     0x7f0f1f8d1dfa - <unknown>
[INFO] [stdout]   26:     0x7f0f1f9653d4 - clone
[INFO] [stdout]   27:                0x0 - <unknown>
[INFO] [stdout] 
[INFO] [stdout] ---- detects_modern_gitbook stdout ----
[INFO] [stdout] 
[INFO] [stdout] thread 'detects_modern_gitbook' (4240) panicked at tests/integration.rs:15:6:
[INFO] [stdout] fixture should exist: Os { code: 2, kind: NotFound, message: "No such file or directory" }
[INFO] [stdout] stack backtrace:
[INFO] [stdout]    0:     0x6110b9de3a81 - <<std[70759c8f55707aa4]::sys::backtrace::BacktraceLock>::print::DisplayBacktrace as core[df12db4294e9bfd3]::fmt::Display>::fmt
[INFO] [stdout]    1:     0x6110b9dfcb7a - core[df12db4294e9bfd3]::fmt::write
[INFO] [stdout]    2:     0x6110b9de8c6c - <alloc[2182bb758b4b3781]::vec::Vec<u8> as core[df12db4294e9bfd3]::io::write::Write>::write_fmt
[INFO] [stdout]    3:     0x6110b9dbca06 - std[70759c8f55707aa4]::panicking::default_hook::{closure#0}
[INFO] [stdout]    4:     0x6110b9ddaaf9 - std[70759c8f55707aa4]::panicking::default_hook
[INFO] [stdout]    5:     0x6110b9967a10 - test[9d35eded1c95d3be]::test_main_inner::<test[9d35eded1c95d3be]::test_main_static::{closure#0}>::{closure#0}
[INFO] [stdout]    6:     0x6110b9ddae22 - std[70759c8f55707aa4]::panicking::panic_with_hook
[INFO] [stdout]    7:     0x6110b9dbcab2 - std[70759c8f55707aa4]::panicking::panic_handler::{closure#0}
[INFO] [stdout]    8:     0x6110b9db54a9 - std[70759c8f55707aa4]::sys::backtrace::__rust_end_short_backtrace::<std[70759c8f55707aa4]::panicking::panic_handler::{closure#0}, !>
[INFO] [stdout]    9:     0x6110b9dbd89d - __rustc[8fa7c3cbc660c2b3]::rust_begin_unwind
[INFO] [stdout]   10:     0x6110b9dfd35c - core[df12db4294e9bfd3]::panicking::panic_fmt
[INFO] [stdout]   11:     0x6110b9dfd132 - core[df12db4294e9bfd3]::result::unwrap_failed
[INFO] [stdout]   12:     0x6110b98dbdee - integration[8b8ad454e35edfa7]::fixture
[INFO] [stdout]   13:     0x6110b98cdeef - integration[8b8ad454e35edfa7]::detects_modern_gitbook::{closure#0}
[INFO] [stdout]   14:     0x6110b9932993 - <tokio[4ef139f2c2dbb0b6]::runtime::scheduler::current_thread::Context>::enter::<core[df12db4294e9bfd3]::task::poll::Poll<()>, <tokio[4ef139f2c2dbb0b6]::runtime::scheduler::current_thread::CoreGuard>::block_on<core[df12db4294e9bfd3]::pin::Pin<&mut core[df12db4294e9bfd3]::pin::Pin<&mut dyn core[df12db4294e9bfd3]::future::future::Future<Output = ()>>>>::{closure#0}::{closure#0}>
[INFO] [stdout]   15:     0x6110b994835c - <tokio[4ef139f2c2dbb0b6]::runtime::context::scoped::Scoped<tokio[4ef139f2c2dbb0b6]::runtime::scheduler::Context>>::set::<<tokio[4ef139f2c2dbb0b6]::runtime::scheduler::current_thread::CoreGuard>::enter<<tokio[4ef139f2c2dbb0b6]::runtime::scheduler::current_thread::CoreGuard>::block_on<core[df12db4294e9bfd3]::pin::Pin<&mut core[df12db4294e9bfd3]::pin::Pin<&mut dyn core[df12db4294e9bfd3]::future::future::Future<Output = ()>>>>::{closure#0}, core[df12db4294e9bfd3]::option::Option<()>>::{closure#0}, (alloc[2182bb758b4b3781]::boxed::Box<tokio[4ef139f2c2dbb0b6]::runtime::scheduler::current_thread::Core>, core[df12db4294e9bfd3]::option::Option<()>)>
[INFO] [stdout]   16:     0x6110b9933177 - <tokio[4ef139f2c2dbb0b6]::runtime::scheduler::current_thread::CoreGuard>::block_on::<core[df12db4294e9bfd3]::pin::Pin<&mut core[df12db4294e9bfd3]::pin::Pin<&mut dyn core[df12db4294e9bfd3]::future::future::Future<Output = ()>>>>
[INFO] [stdout]   17:     0x6110b993014d - tokio[4ef139f2c2dbb0b6]::runtime::context::runtime::enter_runtime::<<tokio[4ef139f2c2dbb0b6]::runtime::scheduler::current_thread::CurrentThread>::block_on<core[df12db4294e9bfd3]::pin::Pin<&mut dyn core[df12db4294e9bfd3]::future::future::Future<Output = ()>>>::{closure#0}, ()>
[INFO] [stdout]   18:     0x6110b990a555 - <tokio[4ef139f2c2dbb0b6]::runtime::runtime::Runtime>::block_on::<core[df12db4294e9bfd3]::pin::Pin<&mut dyn core[df12db4294e9bfd3]::future::future::Future<Output = ()>>>
[INFO] [stdout]   19:     0x6110b98dc93e - <integration[8b8ad454e35edfa7]::detects_modern_gitbook::{closure#0} as core[df12db4294e9bfd3]::ops::function::FnOnce<()>>::call_once
[INFO] [stdout]   20:     0x6110b995acfb - test[9d35eded1c95d3be]::__rust_begin_short_backtrace::<core[df12db4294e9bfd3]::result::Result<(), alloc[2182bb758b4b3781]::string::String>, fn() -> core[df12db4294e9bfd3]::result::Result<(), alloc[2182bb758b4b3781]::string::String>>
[INFO] [stdout]   21:     0x6110b9968365 - test[9d35eded1c95d3be]::run_test::{closure#0}
[INFO] [stdout]   22:     0x6110b9961c24 - std[70759c8f55707aa4]::sys::backtrace::__rust_begin_short_backtrace::<test[9d35eded1c95d3be]::run_test::{closure#1}, ()>
[INFO] [stdout]   23:     0x6110b996b4c2 - <std[70759c8f55707aa4]::thread::lifecycle::spawn_unchecked<test[9d35eded1c95d3be]::run_test::{closure#1}, ()>::{closure#1} as core[df12db4294e9bfd3]::ops::function::FnOnce<()>>::call_once::{shim:vtable#0}
[INFO] [stdout]   24:     0x6110b9de27f9 - <std[70759c8f55707aa4]::sys::thread::unix::Thread>::new::thread_start
[INFO] [stdout]   25:     0x7f0f1f8d1dfa - <unknown>
[INFO] [stdout]   26:     0x7f0f1f9653d4 - clone
[INFO] [stdout]   27:                0x0 - <unknown>
[INFO] [stdout] 
[INFO] [stdout] ---- export_creates_mirror_tree_and_manifest stdout ----
[INFO] [stdout] 
[INFO] [stdout] thread 'export_creates_mirror_tree_and_manifest' (4243) panicked at tests/integration.rs:15:6:
[INFO] [stdout] fixture should exist: Os { code: 2, kind: NotFound, message: "No such file or directory" }
[INFO] [stdout] stack backtrace:
[INFO] [stdout]    0:     0x6110b9de3a81 - <<std[70759c8f55707aa4]::sys::backtrace::BacktraceLock>::print::DisplayBacktrace as core[df12db4294e9bfd3]::fmt::Display>::fmt
[INFO] [stdout]    1:     0x6110b9dfcb7a - core[df12db4294e9bfd3]::fmt::write
[INFO] [stdout]    2:     0x6110b9de8c6c - <alloc[2182bb758b4b3781]::vec::Vec<u8> as core[df12db4294e9bfd3]::io::write::Write>::write_fmt
[INFO] [stdout]    3:     0x6110b9dbca06 - std[70759c8f55707aa4]::panicking::default_hook::{closure#0}
[INFO] [stdout]    4:     0x6110b9ddaaf9 - std[70759c8f55707aa4]::panicking::default_hook
[INFO] [stdout]    5:     0x6110b9967a10 - test[9d35eded1c95d3be]::test_main_inner::<test[9d35eded1c95d3be]::test_main_static::{closure#0}>::{closure#0}
[INFO] [stdout]    6:     0x6110b9ddae22 - std[70759c8f55707aa4]::panicking::panic_with_hook
[INFO] [stdout]    7:     0x6110b9dbcab2 - std[70759c8f55707aa4]::panicking::panic_handler::{closure#0}
[INFO] [stdout]    8:     0x6110b9db54a9 - std[70759c8f55707aa4]::sys::backtrace::__rust_end_short_backtrace::<std[70759c8f55707aa4]::panicking::panic_handler::{closure#0}, !>
[INFO] [stdout]    9:     0x6110b9dbd89d - __rustc[8fa7c3cbc660c2b3]::rust_begin_unwind
[INFO] [stdout]   10:     0x6110b9dfd35c - core[df12db4294e9bfd3]::panicking::panic_fmt
[INFO] [stdout]   11:     0x6110b9dfd132 - core[df12db4294e9bfd3]::result::unwrap_failed
[INFO] [stdout]   12:     0x6110b98dbdee - integration[8b8ad454e35edfa7]::fixture
[INFO] [stdout]   13:     0x6110b98d1d80 - integration[8b8ad454e35edfa7]::export_creates_mirror_tree_and_manifest::{closure#0}
[INFO] [stdout]   14:     0x6110b9932993 - <tokio[4ef139f2c2dbb0b6]::runtime::scheduler::current_thread::Context>::enter::<core[df12db4294e9bfd3]::task::poll::Poll<()>, <tokio[4ef139f2c2dbb0b6]::runtime::scheduler::current_thread::CoreGuard>::block_on<core[df12db4294e9bfd3]::pin::Pin<&mut core[df12db4294e9bfd3]::pin::Pin<&mut dyn core[df12db4294e9bfd3]::future::future::Future<Output = ()>>>>::{closure#0}::{closure#0}>
[INFO] [stdout]   15:     0x6110b994835c - <tokio[4ef139f2c2dbb0b6]::runtime::context::scoped::Scoped<tokio[4ef139f2c2dbb0b6]::runtime::scheduler::Context>>::set::<<tokio[4ef139f2c2dbb0b6]::runtime::scheduler::current_thread::CoreGuard>::enter<<tokio[4ef139f2c2dbb0b6]::runtime::scheduler::current_thread::CoreGuard>::block_on<core[df12db4294e9bfd3]::pin::Pin<&mut core[df12db4294e9bfd3]::pin::Pin<&mut dyn core[df12db4294e9bfd3]::future::future::Future<Output = ()>>>>::{closure#0}, core[df12db4294e9bfd3]::option::Option<()>>::{closure#0}, (alloc[2182bb758b4b3781]::boxed::Box<tokio[4ef139f2c2dbb0b6]::runtime::scheduler::current_thread::Core>, core[df12db4294e9bfd3]::option::Option<()>)>
[INFO] [stdout]   16:     0x6110b9933177 - <tokio[4ef139f2c2dbb0b6]::runtime::scheduler::current_thread::CoreGuard>::block_on::<core[df12db4294e9bfd3]::pin::Pin<&mut core[df12db4294e9bfd3]::pin::Pin<&mut dyn core[df12db4294e9bfd3]::future::future::Future<Output = ()>>>>
[INFO] [stdout]   17:     0x6110b993014d - tokio[4ef139f2c2dbb0b6]::runtime::context::runtime::enter_runtime::<<tokio[4ef139f2c2dbb0b6]::runtime::scheduler::current_thread::CurrentThread>::block_on<core[df12db4294e9bfd3]::pin::Pin<&mut dyn core[df12db4294e9bfd3]::future::future::Future<Output = ()>>>::{closure#0}, ()>
[INFO] [stdout]   18:     0x6110b990a555 - <tokio[4ef139f2c2dbb0b6]::runtime::runtime::Runtime>::block_on::<core[df12db4294e9bfd3]::pin::Pin<&mut dyn core[df12db4294e9bfd3]::future::future::Future<Output = ()>>>
[INFO] [stdout]   19:     0x6110b98dd74e - <integration[8b8ad454e35edfa7]::export_creates_mirror_tree_and_manifest::{closure#0} as core[df12db4294e9bfd3]::ops::function::FnOnce<()>>::call_once
[INFO] [stdout]   20:     0x6110b995acfb - test[9d35eded1c95d3be]::__rust_begin_short_backtrace::<core[df12db4294e9bfd3]::result::Result<(), alloc[2182bb758b4b3781]::string::String>, fn() -> core[df12db4294e9bfd3]::result::Result<(), alloc[2182bb758b4b3781]::string::String>>
[INFO] [stdout]   21:     0x6110b9968365 - test[9d35eded1c95d3be]::run_test::{closure#0}
[INFO] [stdout]   22:     0x6110b9961c24 - std[70759c8f55707aa4]::sys::backtrace::__rust_begin_short_backtrace::<test[9d35eded1c95d3be]::run_test::{closure#1}, ()>
[INFO] [stdout]   23:     0x6110b996b4c2 - <std[70759c8f55707aa4]::thread::lifecycle::spawn_unchecked<test[9d35eded1c95d3be]::run_test::{closure#1}, ()>::{closure#1} as core[df12db4294e9bfd3]::ops::function::FnOnce<()>>::call_once::{shim:vtable#0}
[INFO] [stdout]   24:     0x6110b9de27f9 - <std[70759c8f55707aa4]::sys::thread::unix::Thread>::new::thread_start
[INFO] [stdout]   25:     0x7f0f1f8d1dfa - <unknown>
[INFO] [stdout]   26:     0x7f0f1f9653d4 - clone
[INFO] [stdout]   27:                0x0 - <unknown>
[INFO] [stdout] 
[INFO] [stdout] ---- retries_flaky_route stdout ----
[INFO] [stdout] 
[INFO] [stdout] thread 'retries_flaky_route' (4249) panicked at tests/integration.rs:15:6:
[INFO] [stdout] fixture should exist: Os { code: 2, kind: NotFound, message: "No such file or directory" }
[INFO] [stdout] stack backtrace:
[INFO] [stdout]    0:     0x6110b9de3a81 - <<std[70759c8f55707aa4]::sys::backtrace::BacktraceLock>::print::DisplayBacktrace as core[df12db4294e9bfd3]::fmt::Display>::fmt
[INFO] [stdout]    1:     0x6110b9dfcb7a - core[df12db4294e9bfd3]::fmt::write
[INFO] [stdout]    2:     0x6110b9de8c6c - <alloc[2182bb758b4b3781]::vec::Vec<u8> as core[df12db4294e9bfd3]::io::write::Write>::write_fmt
[INFO] [stdout]    3:     0x6110b9dbca06 - std[70759c8f55707aa4]::panicking::default_hook::{closure#0}
[INFO] [stdout]    4:     0x6110b9ddaaf9 - std[70759c8f55707aa4]::panicking::default_hook
[INFO] [stdout]    5:     0x6110b9967a10 - test[9d35eded1c95d3be]::test_main_inner::<test[9d35eded1c95d3be]::test_main_static::{closure#0}>::{closure#0}
[INFO] [stdout]    6:     0x6110b9ddae22 - std[70759c8f55707aa4]::panicking::panic_with_hook
[INFO] [stdout]    7:     0x6110b9dbcab2 - std[70759c8f55707aa4]::panicking::panic_handler::{closure#0}
[INFO] [stdout]    8:     0x6110b9db54a9 - std[70759c8f55707aa4]::sys::backtrace::__rust_end_short_backtrace::<std[70759c8f55707aa4]::panicking::panic_handler::{closure#0}, !>
[INFO] [stdout]    9:     0x6110b9dbd89d - __rustc[8fa7c3cbc660c2b3]::rust_begin_unwind
[INFO] [stdout]   10:     0x6110b9dfd35c - core[df12db4294e9bfd3]::panicking::panic_fmt
[INFO] [stdout]   11:     0x6110b9dfd132 - core[df12db4294e9bfd3]::result::unwrap_failed
[INFO] [stdout]   12:     0x6110b98dbdee - integration[8b8ad454e35edfa7]::fixture
[INFO] [stdout]   13:     0x6110b98cc5e0 - integration[8b8ad454e35edfa7]::retries_flaky_route::{closure#0}
[INFO] [stdout]   14:     0x6110b9932993 - <tokio[4ef139f2c2dbb0b6]::runtime::scheduler::current_thread::Context>::enter::<core[df12db4294e9bfd3]::task::poll::Poll<()>, <tokio[4ef139f2c2dbb0b6]::runtime::scheduler::current_thread::CoreGuard>::block_on<core[df12db4294e9bfd3]::pin::Pin<&mut core[df12db4294e9bfd3]::pin::Pin<&mut dyn core[df12db4294e9bfd3]::future::future::Future<Output = ()>>>>::{closure#0}::{closure#0}>
[INFO] [stdout]   15:     0x6110b994835c - <tokio[4ef139f2c2dbb0b6]::runtime::context::scoped::Scoped<tokio[4ef139f2c2dbb0b6]::runtime::scheduler::Context>>::set::<<tokio[4ef139f2c2dbb0b6]::runtime::scheduler::current_thread::CoreGuard>::enter<<tokio[4ef139f2c2dbb0b6]::runtime::scheduler::current_thread::CoreGuard>::block_on<core[df12db4294e9bfd3]::pin::Pin<&mut core[df12db4294e9bfd3]::pin::Pin<&mut dyn core[df12db4294e9bfd3]::future::future::Future<Output = ()>>>>::{closure#0}, core[df12db4294e9bfd3]::option::Option<()>>::{closure#0}, (alloc[2182bb758b4b3781]::boxed::Box<tokio[4ef139f2c2dbb0b6]::runtime::scheduler::current_thread::Core>, core[df12db4294e9bfd3]::option::Option<()>)>
[INFO] [stdout]   16:     0x6110b9933177 - <tokio[4ef139f2c2dbb0b6]::runtime::scheduler::current_thread::CoreGuard>::block_on::<core[df12db4294e9bfd3]::pin::Pin<&mut core[df12db4294e9bfd3]::pin::Pin<&mut dyn core[df12db4294e9bfd3]::future::future::Future<Output = ()>>>>
[INFO] [stdout]   17:     0x6110b993014d - tokio[4ef139f2c2dbb0b6]::runtime::context::runtime::enter_runtime::<<tokio[4ef139f2c2dbb0b6]::runtime::scheduler::current_thread::CurrentThread>::block_on<core[df12db4294e9bfd3]::pin::Pin<&mut dyn core[df12db4294e9bfd3]::future::future::Future<Output = ()>>>::{closure#0}, ()>
[INFO] [stdout]   18:     0x6110b990a555 - <tokio[4ef139f2c2dbb0b6]::runtime::runtime::Runtime>::block_on::<core[df12db4294e9bfd3]::pin::Pin<&mut dyn core[df12db4294e9bfd3]::future::future::Future<Output = ()>>>
[INFO] [stdout]   19:     0x6110b98dc7de - <integration[8b8ad454e35edfa7]::retries_flaky_route::{closure#0} as core[df12db4294e9bfd3]::ops::function::FnOnce<()>>::call_once
[INFO] [stdout]   20:     0x6110b995acfb - test[9d35eded1c95d3be]::__rust_begin_short_backtrace::<core[df12db4294e9bfd3]::result::Result<(), alloc[2182bb758b4b3781]::string::String>, fn() -> core[df12db4294e9bfd3]::result::Result<(), alloc[2182bb758b4b3781]::string::String>>
[INFO] [stdout]   21:     0x6110b9968365 - test[9d35eded1c95d3be]::run_test::{closure#0}
[INFO] [stdout]   22:     0x6110b9961c24 - std[70759c8f55707aa4]::sys::backtrace::__rust_begin_short_backtrace::<test[9d35eded1c95d3be]::run_test::{closure#1}, ()>
[INFO] [stdout]   23:     0x6110b996b4c2 - <std[70759c8f55707aa4]::thread::lifecycle::spawn_unchecked<test[9d35eded1c95d3be]::run_test::{closure#1}, ()>::{closure#1} as core[df12db4294e9bfd3]::ops::function::FnOnce<()>>::call_once::{shim:vtable#0}
[INFO] [stdout]   24:     0x6110b9de27f9 - <std[70759c8f55707aa4]::sys::thread::unix::Thread>::new::thread_start
[INFO] [stdout]   25:     0x7f0f1f8d1dfa - <unknown>
[INFO] [stdout]   26:     0x7f0f1f9653d4 - clone
[INFO] [stdout]   27:                0x0 - <unknown>
[INFO] [stdout] 
[INFO] [stdout] 
[INFO] [stdout] failures:
[INFO] [stdout]     bundle_command_writes_single_file
[INFO] [stdout]     classic_gitbook_detects_and_exports_markdown
[INFO] [stdout]     crawl_manifest_respects_scope_and_excludes
[INFO] [stdout]     detects_docusaurus
[INFO] [stdout]     detects_mkdocs_material
[INFO] [stdout]     detects_modern_gitbook
[INFO] [stdout]     detects_nextra
[INFO] [stdout]     detects_vitepress
[INFO] [stdout]     export_creates_mirror_tree_and_manifest
[INFO] [stdout]     export_deduplicates_same_content
[INFO] [stdout]     exports_docusaurus_with_cleanup
[INFO] [stdout]     exports_mkdocs_material_with_tabs_and_tables
[INFO] [stdout]     exports_nextra_and_marks_no_browser_when_not_used
[INFO] [stdout]     exports_vitepress_with_container_cleanup
[INFO] [stdout]     retries_flaky_route
[INFO] [stdout] 
[INFO] [stdout] test result: FAILED. 1 passed; 15 failed; 5 ignored; 0 measured; 0 filtered out; finished in 0.12s
[INFO] [stdout] 
[INFO] [stderr] error: test failed, to rerun pass `--test integration`
[INFO] running `Command { std: "docker" "inspect" "a4f7816567ea3c8f7104eadc43093f5922bd0ca0d392552001ac6b04a40f55df", kill_on_drop: false }`
[INFO] running `Command { std: "docker" "rm" "-f" "a4f7816567ea3c8f7104eadc43093f5922bd0ca0d392552001ac6b04a40f55df", kill_on_drop: false }`
[INFO] [stdout] a4f7816567ea3c8f7104eadc43093f5922bd0ca0d392552001ac6b04a40f55df
