[INFO] fetching crate did-tz 0.5.1...
[INFO] testing did-tz-0.5.1 against 1.99.0-beta.8+cargoflags=--release for beta-release-1.100-2
[INFO] extracting crate did-tz 0.5.1 into /workspace/builds/worker-7-tc1/source
[INFO] started tweaking crates.io crate did-tz 0.5.1
[INFO] removed 0 missing tests
[INFO] finished tweaking crates.io crate did-tz 0.5.1
[INFO] tweaked toml for crates.io crate did-tz 0.5.1 written to /workspace/builds/worker-7-tc1/source/Cargo.toml
[INFO] validating manifest of crates.io crate did-tz 0.5.1 on toolchain 1.99.0-beta.8
[INFO] running `Command { std: CARGO_HOME="/workspace/cargo-home" RUSTUP_HOME="/workspace/rustup-home" "/workspace/cargo-home/bin/cargo" "+1.99.0-beta.8" "metadata" "--manifest-path" "Cargo.toml" "--no-deps", kill_on_drop: false }`
[INFO] crate crates.io crate did-tz 0.5.1 already has a lockfile, it will not be regenerated
[INFO] running `Command { std: CARGO_HOME="/workspace/cargo-home" RUSTUP_HOME="/workspace/rustup-home" "/workspace/cargo-home/bin/cargo" "+1.99.0-beta.8" "fetch" "--manifest-path" "Cargo.toml", kill_on_drop: false }`
[INFO] [stderr]     Updating crates.io index
[INFO] [stderr]  Downloading crates ...
[INFO] [stderr]   Downloaded zeroize_derive v1.4.3
[INFO] [stderr]   Downloaded static-regular-grammar v2.0.2
[INFO] [stderr]   Downloaded xsd-types v0.9.6
[INFO] [stderr]   Downloaded range-traits v0.3.2
[INFO] [stderr]   Downloaded btree-range-map v0.7.2
[INFO] [stderr]   Downloaded static-iref v3.0.0
[INFO] [stderr]   Downloaded ordered-float v3.9.2
[INFO] [stderr]   Downloaded abnf-core v0.5.0
[INFO] [stderr]   Downloaded pct-str v2.0.0
[INFO] [stderr]   Downloaded wiremock v0.5.22
[INFO] [stderr]   Downloaded utf8-decode v1.0.1
[INFO] [stderr]   Downloaded pretty_dtoa v0.3.0
[INFO] [stderr]   Downloaded btree-slab v0.6.1
[INFO] [stderr]   Downloaded abnf v0.13.0
[INFO] [stderr]   Downloaded cc-traits v2.0.0
[INFO] [stderr]   Downloaded iref v3.2.2
[INFO] [stderr]   Downloaded ryu_floating_decimal v0.1.0
[INFO] [stderr]   Downloaded serde_qs v0.8.5
[INFO] [stderr]   Downloaded infer v0.2.3
[INFO] [stderr]   Downloaded iref-core v3.2.2
[INFO] [stderr]   Downloaded deadpool v0.9.5
[INFO] [stderr]   Downloaded deadpool-runtime v0.1.4
[INFO] [stderr]   Downloaded ssi-multicodec v0.2.0
[INFO] [stderr]   Downloaded http-types v2.12.0
[INFO] [stderr]   Downloaded ssi-verification-methods-core v0.3.0
[INFO] [stderr]   Downloaded ssi-jwk v0.4.0
[INFO] [stderr]   Downloaded ssi-jws v0.5.0
[INFO] [stderr]   Downloaded p384 v0.13.1
[INFO] [stderr]   Downloaded ssi-crypto v0.2.1
[INFO] [stderr]   Downloaded keccak-hash v0.7.0
[INFO] [stderr]   Downloaded primitive-types v0.9.1
[INFO] [stderr]   Downloaded fixed-hash v0.7.0
[INFO] [stderr]   Downloaded ssi-claims-core v0.2.0
[INFO] [stderr]   Downloaded ssi-json-ld v0.3.3
[INFO] [stderr]   Downloaded langtag v0.4.0
[INFO] [stderr]   Downloaded enum-ordinalize v4.3.2
[INFO] [stderr]   Downloaded enum-ordinalize-derive v4.3.2
[INFO] [stderr]   Downloaded contextual v0.1.6
[INFO] [stderr]   Downloaded replace_with v0.1.8
[INFO] [stderr]   Downloaded linked-data-derive v0.1.0
[INFO] [stderr]   Downloaded smallstr v0.3.1
[INFO] [stderr]   Downloaded locspan v0.8.2
[INFO] [stderr]   Downloaded json-number v0.4.10
[INFO] [stderr]   Downloaded decoded-char v0.1.1
[INFO] [stderr]   Downloaded ssi-rdf v0.1.1
[INFO] [stderr]   Downloaded rdf-types v0.22.5
[INFO] [stderr]   Downloaded raw-btree v0.3.3
[INFO] [stderr]   Downloaded educe v0.5.11
[INFO] [stderr]   Downloaded linked-data v0.1.2
[INFO] [stderr]   Downloaded json-syntax v0.12.5
[INFO] [stderr]   Downloaded locspan-derive v0.6.0
[INFO] [stderr]   Downloaded im v15.1.0
[INFO] [stderr]   Downloaded educe v0.4.23
[INFO] [stderr]   Downloaded ssi-contexts v0.1.10
[INFO] [stderr]   Downloaded json-ld-syntax v0.21.4
[INFO] [stderr]   Downloaded permutohedron v0.2.4
[INFO] [stderr]   Downloaded mown v0.2.2
[INFO] [stderr]   Downloaded json-ld-compaction v0.21.4
[INFO] [stderr]   Downloaded enum-ordinalize v3.1.15
[INFO] [stderr]   Downloaded combination v0.1.5
[INFO] [stderr]   Downloaded json-ld-serialization v0.21.4
[INFO] [stderr]   Downloaded json-ld-expansion v0.21.4
[INFO] [stderr]   Downloaded json-ld-context-processing v0.21.4
[INFO] [stderr]   Downloaded ssi-eip712 v0.1.1
[INFO] [stderr]   Downloaded data-encoding-macro v0.1.20
[INFO] [stderr]   Downloaded simple_asn1 v0.5.4
[INFO] [stderr]   Downloaded multibase v0.9.2
[INFO] [stderr]   Downloaded bitmaps v2.1.0
[INFO] [stderr]   Downloaded json-ld-core v0.21.4
[INFO] [stderr]   Downloaded ssi-core v0.3.0
[INFO] [stderr]   Downloaded data-encoding-macro-internal v0.1.18
[INFO] [stderr]   Downloaded base256emoji v1.0.2
[INFO] [stderr]   Downloaded const-str v0.4.3
[INFO] [stderr]   Downloaded ssi-dids-core v0.3.1
[INFO] [stderr]   Downloaded sized-chunks v0.6.5
[INFO] [stderr]   Downloaded match-lookup v0.1.2
[INFO] [stderr]   Downloaded blake2b_simd v0.5.11
[INFO] [stderr]   Downloaded arrayvec v0.5.2
[INFO] [stderr]   Downloaded keccak v0.1.6
[INFO] [stderr]   Downloaded ssi-tzkey v0.4.0
[INFO] [stderr]   Downloaded clear_on_drop v0.2.5
[INFO] [stderr]   Downloaded wasm-bindgen-futures v0.4.72
[INFO] [stderr]   Downloaded json-ld v0.21.4
[INFO] [stderr]   Downloaded sha3 v0.10.9
[INFO] [stderr]   Downloaded web-sys v0.3.99
[INFO] [stderr]   Downloaded http v1.4.1
[INFO] [stderr]   Downloaded aws-lc-rs v1.17.0
[INFO] [stderr]   Downloaded aws-lc-sys v0.41.0
[INFO] [stderr]   Downloaded openssl-sys v0.9.116
[INFO] [stderr]   Downloaded openssl v0.10.80
[INFO] [stderr]   Downloaded webpki-root-certs v1.0.7
[INFO] [stderr]   Downloaded openssl-src v300.6.0+3.6.2
[INFO] [stderr]   Downloaded simd_cesu8 v1.1.1
[INFO] [stderr]   Downloaded hyper v1.10.0
[INFO] [stderr]   Downloaded ssi-claims v0.7.0
[INFO] [stderr]   Downloaded ssi-verification-methods v0.3.0
[INFO] [stderr]   Downloaded ssi-security v0.1.0
[INFO] [stderr]   Downloaded ssi-vc v0.9.0
[INFO] [stderr]   Downloaded ssi-jwt v0.6.0
[INFO] [stderr]   Downloaded ssi-caips v0.3.0
[INFO] [stderr]   Downloaded ssi-vc-jose-cose v0.7.0
[INFO] [stderr]   Downloaded serde_with v2.3.3
[INFO] [stderr]   Downloaded serde_with_macros v2.3.3
[INFO] [stderr]   Downloaded ssi-data-integrity v0.4.0
[INFO] [stderr]   Downloaded ssi-di-sd-primitives v0.3.0
[INFO] [stderr]   Downloaded ssi-data-integrity-suites v0.4.0
[INFO] [stderr]   Downloaded ssi-data-integrity-core v0.5.0
[INFO] [stderr]   Downloaded self_cell v1.2.2
[INFO] [stderr]   Downloaded bitvec v0.20.4
[INFO] [stderr]   Downloaded ssi-sd-jwt v0.6.0
[INFO] [stderr]   Downloaded json-patch v0.2.7
[INFO] [stderr]   Downloaded radium v0.6.2
[INFO] [stderr]   Downloaded treediff v3.0.2
[INFO] [stderr]   Downloaded coset v0.3.8
[INFO] [stderr]   Downloaded ssi-cose v0.2.0
[INFO] running `Command { std: "docker" "create" "-v" "/var/lib/crater-agent-workspace/builds/worker-7-tc1/source:/opt/rustwide/workdir:ro,Z" "-v" "/var/lib/crater-agent-workspace/builds/worker-7-tc1/target:/opt/rustwide/target:rw,Z" "-v" "/var/lib/crater-agent-workspace/cargo-home:/opt/rustwide/cargo-home:ro,Z" "-v" "/var/lib/crater-agent-workspace/rustup-home:/opt/rustwide/rustup-home:ro,Z" "-m" "1610612736" "--network" "none" "ghcr.io/rust-lang/crates-build-env/linux@sha256:77db811e55d90add9212f6832c23229e3de5f1c1f9905e8cb07319ea15df73ac" "sleep" "infinity", kill_on_drop: false }`
[INFO] [stdout] 31d9f69c800aa7028ce3e2dc1aaada85ae0d6b87cdc27a57f9d695c569303854
[INFO] running `Command { std: "docker" "start" "31d9f69c800aa7028ce3e2dc1aaada85ae0d6b87cdc27a57f9d695c569303854", kill_on_drop: false }`
[INFO] running `Command { std: "docker" "inspect" "31d9f69c800aa7028ce3e2dc1aaada85ae0d6b87cdc27a57f9d695c569303854", kill_on_drop: false }`
[INFO] running `Command { std: "docker" "exec" "-e" "SOURCE_DIR=/opt/rustwide/workdir" "-e" "CARGO_HOME=/opt/rustwide/cargo-home" "-e" "RUSTUP_HOME=/opt/rustwide/rustup-home" "-e" "CARGO_TARGET_DIR=/opt/rustwide/target" "-w" "/opt/rustwide/workdir" "--user" "0:0" "31d9f69c800aa7028ce3e2dc1aaada85ae0d6b87cdc27a57f9d695c569303854" "/opt/rustwide/cargo-home/bin/cargo" "+1.99.0-beta.8" "metadata" "--no-deps" "--format-version=1", kill_on_drop: false }`
[INFO] running `Command { std: "docker" "inspect" "31d9f69c800aa7028ce3e2dc1aaada85ae0d6b87cdc27a57f9d695c569303854", kill_on_drop: false }`
[INFO] running `Command { std: "docker" "exec" "-e" "SOURCE_DIR=/opt/rustwide/workdir" "-e" "CARGO_HOME=/opt/rustwide/cargo-home" "-e" "RUSTUP_HOME=/opt/rustwide/rustup-home" "-e" "CARGO_TARGET_DIR=/opt/rustwide/target" "-e" "CARGO_INCREMENTAL=0" "-e" "RUST_BACKTRACE=full" "-e" "RUSTFLAGS=--cap-lints=warn" "-e" "RUSTDOCFLAGS=--cap-lints=warn" "-w" "/opt/rustwide/workdir" "--user" "0:0" "31d9f69c800aa7028ce3e2dc1aaada85ae0d6b87cdc27a57f9d695c569303854" "/opt/rustwide/cargo-home/bin/cargo" "+1.99.0-beta.8" "build" "--frozen" "--message-format=json" "--release", kill_on_drop: false }`
[INFO] [stderr]    Compiling serde v1.0.228
[INFO] [stderr]    Compiling serde_core v1.0.228
[INFO] [stderr]    Compiling memchr v2.8.1
[INFO] [stderr]    Compiling generic-array v0.14.9
[INFO] [stderr]    Compiling thiserror v1.0.69
[INFO] [stderr]    Compiling proc-macro-error-attr v1.0.4
[INFO] [stderr]    Compiling typenum v1.20.0
[INFO] [stderr]    Compiling num-traits v0.2.19
[INFO] [stderr]    Compiling proc-macro-error v1.0.4
[INFO] [stderr]    Compiling cfg-if v1.0.4
[INFO] [stderr]    Compiling zerocopy v0.8.48
[INFO] [stderr]    Compiling slab v0.4.12
[INFO] [stderr]    Compiling minimal-lexical v0.2.1
[INFO] [stderr]    Compiling getrandom v0.2.17
[INFO] [stderr]    Compiling serde_derive v1.0.228
[INFO] [stderr]    Compiling zeroize_derive v1.4.3
[INFO] [stderr]    Compiling thiserror-impl v1.0.69
[INFO] [stderr]    Compiling zerocopy-derive v0.8.48
[INFO] [stderr]    Compiling ciborium-io v0.2.2
[INFO] [stderr]    Compiling cc-traits v2.0.0
[INFO] [stderr]    Compiling rand_core v0.6.4
[INFO] [stderr]    Compiling smallvec v1.15.1
[INFO] [stderr]    Compiling range-traits v0.3.2
[INFO] [stderr]    Compiling cpufeatures v0.2.17
[INFO] [stderr]    Compiling hex_fmt v0.3.0
[INFO] [stderr]    Compiling indoc v2.0.7
[INFO] [stderr]    Compiling lexical-util v1.0.7
[INFO] [stderr]    Compiling utf8-decode v1.0.1
[INFO] [stderr]    Compiling futures-sink v0.3.32
[INFO] [stderr]    Compiling futures-channel v0.3.32
[INFO] [stderr]    Compiling jobserver v0.1.34
[INFO] [stderr]    Compiling btree-slab v0.6.1
[INFO] [stderr]    Compiling futures-macro v0.3.32
[INFO] [stderr]    Compiling cc v1.2.62
[INFO] [stderr]    Compiling zeroize v1.8.2
[INFO] [stderr]    Compiling nom v7.1.3
[INFO] [stderr]    Compiling ahash v0.7.8
[INFO] [stderr]    Compiling enum-ordinalize-derive v4.3.2
[INFO] [stderr]    Compiling ryu-js v0.2.2
[INFO] [stderr]    Compiling num-integer v0.1.46
[INFO] [stderr]    Compiling ryu_floating_decimal v0.1.0
[INFO] [stderr]    Compiling hashbrown v0.12.3
[INFO] [stderr]    Compiling synstructure v0.13.2
[INFO] [stderr]    Compiling pct-str v2.0.0
[INFO] [stderr]    Compiling lexical-write-integer v1.0.6
[INFO] [stderr]    Compiling lexical-parse-integer v1.0.6
[INFO] [stderr]    Compiling futures-util v0.3.32
[INFO] [stderr]    Compiling enum-ordinalize v4.3.2
[INFO] [stderr]    Compiling num-bigint v0.4.6
[INFO] [stderr]    Compiling base64ct v1.8.3
[INFO] [stderr]    Compiling lexical-parse-float v1.0.6
[INFO] [stderr]    Compiling lexical-write-float v1.0.6
[INFO] [stderr]    Compiling contextual v0.1.6
[INFO] [stderr]    Compiling indexmap v2.14.0
[INFO] [stderr]    Compiling crypto-common v0.1.6
[INFO] [stderr]    Compiling block-buffer v0.10.4
[INFO] [stderr]    Compiling pem-rfc7468 v0.7.0
[INFO] [stderr]    Compiling indexmap v1.9.3
[INFO] [stderr]    Compiling educe v0.5.11
[INFO] [stderr]    Compiling digest v0.10.7
[INFO] [stderr]    Compiling locspan-derive v0.6.0
[INFO] [stderr]    Compiling im v15.1.0
[INFO] [stderr]    Compiling lexical-core v1.0.6
[INFO] [stderr]    Compiling lexical v7.0.5
[INFO] [stderr]    Compiling bitmaps v2.1.0
[INFO] [stderr]    Compiling replace_with v0.1.8
[INFO] [stderr]    Compiling raw-btree v0.3.3
[INFO] [stderr]    Compiling decoded-char v0.1.1
[INFO] [stderr]    Compiling pretty_dtoa v0.3.0
[INFO] [stderr]    Compiling sha2 v0.10.9
[INFO] [stderr]    Compiling der v0.7.10
[INFO] [stderr]    Compiling zerofrom-derive v0.1.7
[INFO] [stderr]    Compiling abnf-core v0.5.0
[INFO] [stderr]    Compiling enum-ordinalize v3.1.15
[INFO] [stderr]    Compiling abnf v0.13.0
[INFO] [stderr]    Compiling ordered-float v3.9.2
[INFO] [stderr]    Compiling rand_xoshiro v0.6.0
[INFO] [stderr]    Compiling yoke-derive v0.8.2
[INFO] [stderr]    Compiling crunchy v0.2.4
[INFO] [stderr]    Compiling ahash v0.8.12
[INFO] [stderr]    Compiling educe v0.4.23
[INFO] [stderr]    Compiling sized-chunks v0.6.5
[INFO] [stderr]    Compiling ff v0.13.1
[INFO] [stderr]    Compiling log v0.4.30
[INFO] [stderr]    Compiling group v0.13.0
[INFO] [stderr]    Compiling hashbrown v0.13.2
[INFO] [stderr]    Compiling crypto-bigint v0.5.5
[INFO] [stderr]    Compiling zerovec-derive v0.11.3
[INFO] [stderr]    Compiling hmac v0.12.1
[INFO] [stderr]    Compiling cmake v0.1.58
[INFO] [stderr]    Compiling displaydoc v0.2.6
[INFO] [stderr]    Compiling permutohedron v0.2.4
[INFO] [stderr]    Compiling tiny-keccak v2.0.2
[INFO] [stderr]    Compiling byteorder v1.5.0
[INFO] [stderr]    Compiling serde_json v1.0.150
[INFO] [stderr]    Compiling aws-lc-sys v0.41.0
[INFO] [stderr]    Compiling uint v0.9.5
[INFO] [stderr]    Compiling rfc6979 v0.4.0
[INFO] [stderr]    Compiling fixed-hash v0.7.0
[INFO] [stderr]    Compiling zerofrom v0.1.8
[INFO] [stderr]    Compiling signature v2.2.0
[INFO] [stderr]    Compiling num-rational v0.4.2
[INFO] [stderr]    Compiling primitive-types v0.9.1
[INFO] [stderr]    Compiling yoke v0.8.2
[INFO] [stderr]    Compiling btree-range-map v0.7.2
[INFO] [stderr]    Compiling spki v0.7.3
[INFO] [stderr]    Compiling zerovec v0.11.6
[INFO] [stderr]    Compiling chrono v0.4.44
[INFO] [stderr]    Compiling smallstr v0.3.1
[INFO] [stderr]    Compiling json-number v0.4.10
[INFO] [stderr]    Compiling locspan v0.8.2
[INFO] [stderr]    Compiling pkcs8 v0.10.2
[INFO] [stderr]    Compiling json-syntax v0.12.5
[INFO] [stderr]    Compiling futures-executor v0.3.32
[INFO] [stderr]    Compiling sec1 v0.7.3
[INFO] [stderr]    Compiling futures v0.3.32
[INFO] [stderr]    Compiling digest v0.9.0
[INFO] [stderr]    Compiling block-buffer v0.9.0
[INFO] [stderr]    Compiling pin-project-internal v1.1.13
[INFO] [stderr]    Compiling mown v0.2.2
[INFO] [stderr]    Compiling sha2 v0.9.9
[INFO] [stderr]    Compiling rand_chacha v0.3.1
[INFO] [stderr]    Compiling tinystr v0.8.3
[INFO] [stderr]    Compiling elliptic-curve v0.13.8
[INFO] [stderr]    Compiling keccak-hash v0.7.0
[INFO] [stderr]    Compiling async-trait v0.1.89
[INFO] [stderr]    Compiling aws-lc-rs v1.17.0
[INFO] [stderr]    Compiling icu_locale_core v2.2.0
[INFO] [stderr]    Compiling rand v0.8.6
[INFO] [stderr]    Compiling ecdsa v0.16.9
[INFO] [stderr]    Compiling bs58 v0.4.0
[INFO] [stderr]    Compiling half v2.7.1
[INFO] [stderr]    Compiling potential_utf v0.1.5
[INFO] [stderr]    Compiling k256 v0.13.4
[INFO] [stderr]    Compiling zerotrie v0.2.4
[INFO] [stderr]    Compiling ciborium-ll v0.2.2
[INFO] [stderr]    Compiling csv-core v0.1.13
[INFO] [stderr]    Compiling thiserror-impl v2.0.18
[INFO] [stderr]    Compiling pin-project v1.1.13
[INFO] [stderr]    Compiling ryu v1.0.23
[INFO] [stderr]    Compiling ciborium v0.2.2
[INFO] [stderr]    Compiling icu_collections v2.2.0
[INFO] [stderr]    Compiling http v1.4.1
[INFO] [stderr]    Compiling csv v1.4.0
[INFO] [stderr]    Compiling rustls-pki-types v1.14.1
[INFO] [stderr]    Compiling combination v0.1.5
[INFO] [stderr]    Compiling icu_provider v2.2.0
[INFO] [stderr]    Compiling static-regular-grammar v2.0.2
[INFO] [stderr]    Compiling data-encoding v2.11.0
[INFO] [stderr]    Compiling ssi-multicodec v0.2.0
[INFO] [stderr]    Compiling thiserror v2.0.18
[INFO] [stderr]    Compiling http-body v1.0.1
[INFO] [stderr]    Compiling serde_jcs v0.1.0
[INFO] [stderr]    Compiling match-lookup v0.1.2
[INFO] [stderr]    Compiling const-str v0.4.3
[INFO] [stderr]    Compiling ssi-contexts v0.1.10
[INFO] [stderr]    Compiling rustls v0.23.40
[INFO] [stderr]    Compiling ssi-core v0.3.0
[INFO] [stderr]    Compiling icu_properties v2.2.0
[INFO] [stderr]    Compiling icu_normalizer v2.2.0
[INFO] [stderr]    Compiling primeorder v0.13.6
[INFO] [stderr]    Compiling base256emoji v1.0.2
[INFO] [stderr]    Compiling clear_on_drop v0.2.5
[INFO] [stderr]    Compiling constant_time_eq v0.1.5
[INFO] [stderr]    Compiling arrayref v0.3.9
[INFO] [stderr]    Compiling arrayvec v0.5.2
[INFO] [stderr]    Compiling base-x v0.2.11
[INFO] [stderr]    Compiling unsigned-varint v0.7.2
[INFO] [stderr]    Compiling data-encoding-macro-internal v0.1.18
[INFO] [stderr]    Compiling p256 v0.13.2
[INFO] [stderr]    Compiling simple_asn1 v0.5.4
[INFO] [stderr]    Compiling num-derive v0.3.3
[INFO] [stderr]    Compiling hyper v1.10.0
[INFO] [stderr]    Compiling blake2b_simd v0.5.11
[INFO] [stderr]    Compiling tracing v0.1.44
[INFO] [stderr]    Compiling data-encoding-macro v0.1.20
[INFO] [stderr]    Compiling multibase v0.9.2
[INFO] [stderr]    Compiling rustls-native-certs v0.8.3
[INFO] [stderr]    Compiling serde_urlencoded v0.7.1
[INFO] [stderr]    Compiling tower v0.5.3
[INFO] [stderr]    Compiling bitflags v2.11.1
[INFO] [stderr]    Compiling http-body-util v0.1.3
[INFO] [stderr]    Compiling treediff v3.0.2
[INFO] [stderr]    Compiling idna_adapter v1.2.2
[INFO] [stderr]    Compiling json-patch v0.2.7
[INFO] [stderr]    Compiling idna v1.1.0
[INFO] [stderr]    Compiling hyper-util v0.1.20
[INFO] [stderr]    Compiling url v2.5.8
[INFO] [stderr]    Compiling iref-core v3.2.2
[INFO] [stderr]    Compiling langtag v0.4.0
[INFO] [stderr]    Compiling tower-http v0.6.11
[INFO] [stderr]    Compiling iref v3.2.2
[INFO] [stderr]    Compiling static-iref v3.0.0
[INFO] [stderr]    Compiling rdf-types v0.22.5
[INFO] [stderr]    Compiling linked-data-derive v0.1.0
[INFO] [stderr]    Compiling xsd-types v0.9.6
[INFO] [stderr]    Compiling ssi-crypto v0.2.1
[INFO] [stderr]    Compiling json-ld-syntax v0.21.4
[INFO] [stderr]    Compiling linked-data v0.1.2
[INFO] [stderr]    Compiling json-ld-core v0.21.4
[INFO] [stderr]    Compiling ssi-rdf v0.1.1
[INFO] [stderr]    Compiling ssi-eip712 v0.1.1
[INFO] [stderr]    Compiling json-ld-context-processing v0.21.4
[INFO] [stderr]    Compiling json-ld-serialization v0.21.4
[INFO] [stderr]    Compiling json-ld-expansion v0.21.4
[INFO] [stderr]    Compiling json-ld-compaction v0.21.4
[INFO] [stderr]    Compiling json-ld v0.21.4
[INFO] [stderr]    Compiling ssi-json-ld v0.3.3
[INFO] [stderr]    Compiling ssi-claims-core v0.2.0
[INFO] [stderr]    Compiling ssi-jwk v0.4.0
[INFO] [stderr]    Compiling ssi-jws v0.5.0
[INFO] [stderr]    Compiling ssi-verification-methods-core v0.3.0
[INFO] [stderr]    Compiling ssi-dids-core v0.3.1
[INFO] [stderr]    Compiling rustls-webpki v0.103.13
[INFO] [stderr]    Compiling tokio-rustls v0.26.4
[INFO] [stderr]    Compiling rustls-platform-verifier v0.7.0
[INFO] [stderr]    Compiling hyper-rustls v0.27.9
[INFO] [stderr]    Compiling reqwest v0.13.4
[INFO] [stderr]    Compiling did-tz v0.5.1 (/opt/rustwide/workdir)
[INFO] [stderr]     Finished `release` profile [optimized] target(s) in 3m 04s
[INFO] running `Command { std: "docker" "inspect" "31d9f69c800aa7028ce3e2dc1aaada85ae0d6b87cdc27a57f9d695c569303854", kill_on_drop: false }`
[INFO] running `Command { std: "docker" "exec" "-e" "SOURCE_DIR=/opt/rustwide/workdir" "-e" "CARGO_HOME=/opt/rustwide/cargo-home" "-e" "RUSTUP_HOME=/opt/rustwide/rustup-home" "-e" "CARGO_TARGET_DIR=/opt/rustwide/target" "-e" "CARGO_INCREMENTAL=0" "-e" "RUST_BACKTRACE=full" "-e" "RUSTFLAGS=--cap-lints=warn" "-e" "RUSTDOCFLAGS=--cap-lints=warn" "-w" "/opt/rustwide/workdir" "--user" "0:0" "31d9f69c800aa7028ce3e2dc1aaada85ae0d6b87cdc27a57f9d695c569303854" "/opt/rustwide/cargo-home/bin/cargo" "+1.99.0-beta.8" "test" "--frozen" "--no-run" "--message-format=json" "--release", kill_on_drop: false }`
[INFO] [stderr]    Compiling syn v1.0.109
[INFO] [stderr]    Compiling zerocopy v0.8.48
[INFO] [stderr]    Compiling futures-io v0.3.32
[INFO] [stderr]    Compiling hkdf v0.12.4
[INFO] [stderr]    Compiling curve25519-dalek-derive v0.1.1
[INFO] [stderr]    Compiling curve25519-dalek v4.1.3
[INFO] [stderr]    Compiling ed25519 v2.2.3
[INFO] [stderr]    Compiling tokio-macros v2.7.0
[INFO] [stderr]    Compiling ssi-multicodec v0.2.0
[INFO] [stderr]    Compiling keccak v0.1.6
[INFO] [stderr]    Compiling blake2 v0.10.6
[INFO] [stderr]    Compiling ring v0.17.14
[INFO] [stderr]    Compiling http v0.2.12
[INFO] [stderr]    Compiling url v2.5.8
[INFO] [stderr]    Compiling darling_core v0.20.11
[INFO] [stderr]    Compiling rustls v0.21.12
[INFO] [stderr]    Compiling futures-util v0.3.32
[INFO] [stderr]    Compiling elliptic-curve v0.13.8
[INFO] [stderr]    Compiling sha3 v0.10.9
[INFO] [stderr]    Compiling socket2 v0.5.10
[INFO] [stderr]    Compiling httpdate v1.0.3
[INFO] [stderr]    Compiling getrandom v0.1.16
[INFO] [stderr]    Compiling uuid v1.23.1
[INFO] [stderr]    Compiling radium v0.6.2
[INFO] [stderr]    Compiling tokio v1.52.3
[INFO] [stderr]    Compiling self_cell v1.2.2
[INFO] [stderr]    Compiling crossbeam-utils v0.8.21
[INFO] [stderr]    Compiling ciborium-io v0.2.2
[INFO] [stderr]    Compiling half v1.8.3
[INFO] [stderr]    Compiling ecdsa v0.16.9
[INFO] [stderr]    Compiling primeorder v0.13.6
[INFO] [stderr]    Compiling serde_cbor v0.11.2
[INFO] [stderr]    Compiling ordered-float v4.6.0
[INFO] [stderr]    Compiling p256 v0.13.2
[INFO] [stderr]    Compiling k256 v0.13.4
[INFO] [stderr]    Compiling p384 v0.13.1
[INFO] [stderr]    Compiling http-body v0.4.6
[INFO] [stderr]    Compiling rand_core v0.5.1
[INFO] [stderr]    Compiling rustls-pemfile v1.0.4
[INFO] [stderr]    Compiling webpki-roots v0.25.4
[INFO] [stderr]    Compiling anyhow v1.0.102
[INFO] [stderr]    Compiling funty v1.1.0
[INFO] [stderr]    Compiling wyz v0.2.0
[INFO] [stderr]    Compiling sync_wrapper v0.1.2
[INFO] [stderr]    Compiling ed25519-dalek v2.2.0
[INFO] [stderr]    Compiling concurrent-queue v2.5.0
[INFO] [stderr]    Compiling bitvec v0.20.4
[INFO] [stderr]    Compiling flate2 v1.1.9
[INFO] [stderr]    Compiling aho-corasick v1.1.4
[INFO] [stderr]    Compiling parking v2.2.1
[INFO] [stderr]    Compiling http-types v2.12.0
[INFO] [stderr]    Compiling waker-fn v1.2.0
[INFO] [stderr]    Compiling futures-lite v1.13.0
[INFO] [stderr]    Compiling async-channel v1.9.0
[INFO] [stderr]    Compiling darling_macro v0.20.11
[INFO] [stderr]    Compiling serde_qs v0.8.5
[INFO] [stderr]    Compiling num_cpus v1.17.0
[INFO] [stderr]    Compiling darling v0.20.11
[INFO] [stderr]    Compiling retain_mut v0.1.9
[INFO] [stderr]    Compiling serde_with_macros v2.3.3
[INFO] [stderr]    Compiling infer v0.2.3
[INFO] [stderr]    Compiling futures-executor v0.3.32
[INFO] [stderr]    Compiling proc-macro-error v1.0.4
[INFO] [stderr]    Compiling futures v0.3.32
[INFO] [stderr]    Compiling deadpool-runtime v0.1.4
[INFO] [stderr]    Compiling base64 v0.13.1
[INFO] [stderr]    Compiling assert-json-diff v2.0.2
[INFO] [stderr]    Compiling futures-timer v3.0.4
[INFO] [stderr]    Compiling serde_with v2.3.3
[INFO] [stderr]    Compiling regex-automata v0.4.14
[INFO] [stderr]    Compiling static-regular-grammar v2.0.2
[INFO] [stderr]    Compiling locspan-derive v0.6.0
[INFO] [stderr]    Compiling educe v0.4.23
[INFO] [stderr]    Compiling num-derive v0.3.3
[INFO] [stderr]    Compiling derivative v2.2.0
[INFO] [stderr]    Compiling json-syntax v0.12.5
[INFO] [stderr]    Compiling tokio-util v0.7.18
[INFO] [stderr]    Compiling hyper v1.10.0
[INFO] [stderr]    Compiling tokio-rustls v0.26.4
[INFO] [stderr]    Compiling tower v0.5.3
[INFO] [stderr]    Compiling deadpool v0.9.5
[INFO] [stderr]    Compiling tower-http v0.6.11
[INFO] [stderr]    Compiling h2 v0.3.27
[INFO] [stderr]    Compiling ahash v0.8.12
[INFO] [stderr]    Compiling ppv-lite86 v0.2.21
[INFO] [stderr]    Compiling half v2.7.1
[INFO] [stderr]    Compiling hashbrown v0.13.2
[INFO] [stderr]    Compiling hashbrown v0.14.5
[INFO] [stderr]    Compiling ciborium-ll v0.2.2
[INFO] [stderr]    Compiling hyper-util v0.1.20
[INFO] [stderr]    Compiling regex v1.12.3
[INFO] [stderr]    Compiling ciborium v0.2.2
[INFO] [stderr]    Compiling rand_chacha v0.3.1
[INFO] [stderr]    Compiling rand_chacha v0.2.2
[INFO] [stderr]    Compiling rand v0.8.6
[INFO] [stderr]    Compiling rand v0.7.3
[INFO] [stderr]    Compiling iref-core v3.2.2
[INFO] [stderr]    Compiling langtag v0.4.0
[INFO] [stderr]    Compiling sct v0.7.1
[INFO] [stderr]    Compiling rustls-webpki v0.101.7
[INFO] [stderr]    Compiling coset v0.3.8
[INFO] [stderr]    Compiling hyper-rustls v0.27.9
[INFO] [stderr]    Compiling reqwest v0.13.4
[INFO] [stderr]    Compiling iref v3.2.2
[INFO] [stderr]    Compiling static-iref v3.0.0
[INFO] [stderr]    Compiling linked-data-derive v0.1.0
[INFO] [stderr]    Compiling hyper v0.14.32
[INFO] [stderr]    Compiling rdf-types v0.22.5
[INFO] [stderr]    Compiling xsd-types v0.9.6
[INFO] [stderr]    Compiling ssi-crypto v0.2.1
[INFO] [stderr]    Compiling tokio-rustls v0.24.1
[INFO] [stderr]    Compiling json-ld-syntax v0.21.4
[INFO] [stderr]    Compiling linked-data v0.1.2
[INFO] [stderr]    Compiling hyper-rustls v0.24.2
[INFO] [stderr]    Compiling reqwest v0.11.27
[INFO] [stderr]    Compiling wiremock v0.5.22
[INFO] [stderr]    Compiling json-ld-core v0.21.4
[INFO] [stderr]    Compiling ssi-rdf v0.1.1
[INFO] [stderr]    Compiling ssi-eip712 v0.1.1
[INFO] [stderr]    Compiling ssi-security v0.1.0
[INFO] [stderr]    Compiling json-ld-context-processing v0.21.4
[INFO] [stderr]    Compiling json-ld-serialization v0.21.4
[INFO] [stderr]    Compiling json-ld-expansion v0.21.4
[INFO] [stderr]    Compiling json-ld-compaction v0.21.4
[INFO] [stderr]    Compiling json-ld v0.21.4
[INFO] [stderr]    Compiling ssi-json-ld v0.3.3
[INFO] [stderr]    Compiling ssi-claims-core v0.2.0
[INFO] [stderr]    Compiling ssi-di-sd-primitives v0.3.0
[INFO] [stderr]    Compiling ssi-jwk v0.4.0
[INFO] [stderr]    Compiling ssi-cose v0.2.0
[INFO] [stderr]    Compiling ssi-jws v0.5.0
[INFO] [stderr]    Compiling ssi-caips v0.3.0
[INFO] [stderr]    Compiling ssi-verification-methods-core v0.3.0
[INFO] [stderr]    Compiling ssi-tzkey v0.4.0
[INFO] [stderr]    Compiling ssi-jwt v0.6.0
[INFO] [stderr]    Compiling ssi-sd-jwt v0.6.0
[INFO] [stderr]    Compiling ssi-verification-methods v0.3.0
[INFO] [stderr]    Compiling ssi-dids-core v0.3.1
[INFO] [stderr]    Compiling did-tz v0.5.1 (/opt/rustwide/workdir)
[INFO] [stderr]    Compiling ssi-data-integrity-core v0.5.0
[INFO] [stderr]    Compiling ssi-data-integrity-suites v0.4.0
[INFO] [stderr]    Compiling ssi-data-integrity v0.4.0
[INFO] [stderr]    Compiling ssi-vc v0.9.0
[INFO] [stderr]    Compiling ssi-vc-jose-cose v0.7.0
[INFO] [stderr]    Compiling ssi-claims v0.7.0
[INFO] [stderr]     Finished `release` profile [optimized] target(s) in 3m 54s
[INFO] running `Command { std: "docker" "inspect" "31d9f69c800aa7028ce3e2dc1aaada85ae0d6b87cdc27a57f9d695c569303854", kill_on_drop: false }`
[INFO] running `Command { std: "docker" "exec" "-e" "SOURCE_DIR=/opt/rustwide/workdir" "-e" "CARGO_HOME=/opt/rustwide/cargo-home" "-e" "RUSTUP_HOME=/opt/rustwide/rustup-home" "-e" "CARGO_TARGET_DIR=/opt/rustwide/target" "-e" "CARGO_INCREMENTAL=0" "-e" "RUST_BACKTRACE=full" "-e" "RUSTFLAGS=--cap-lints=warn" "-e" "RUSTDOCFLAGS=--cap-lints=warn" "-w" "/opt/rustwide/workdir" "--user" "0:0" "31d9f69c800aa7028ce3e2dc1aaada85ae0d6b87cdc27a57f9d695c569303854" "/opt/rustwide/cargo-home/bin/cargo" "+1.99.0-beta.8" "test" "--frozen" "--release", kill_on_drop: false }`
[INFO] [stderr]     Finished `release` profile [optimized] target(s) in 0.73s
[INFO] [stderr]      Running unittests src/lib.rs (/opt/rustwide/target/release/deps/did_tz-2ec65bb345b3db67)
[INFO] [stdout] 
[INFO] [stdout] running 5 tests
[INFO] [stdout] test tests::test_json_patch_tz3 ... ok
[INFO] [stdout] test tests::test_json_patch_tz2 ... ok
[INFO] [stdout] test tests::test_json_patch_tz1 ... ok
[INFO] [stdout] test explorer::tests::test_execute_view ... FAILED
[INFO] [stdout] test explorer::tests::test_retrieve_did_manager ... FAILED
[INFO] [stdout] 
[INFO] [stdout] failures:
[INFO] [stdout] 
[INFO] [stdout] ---- explorer::tests::test_execute_view stdout ----
[INFO] [stdout] 
[INFO] [stdout] thread 'explorer::tests::test_execute_view' (8090) panicked at src/explorer.rs:144:9:
[INFO] [stdout] assertion failed: service_endpoint.is_ok()
[INFO] [stdout] stack backtrace:
[INFO] [stdout]    0:     0x6243f5f34751 - <<std[70759c8f55707aa4]::sys::backtrace::BacktraceLock>::print::DisplayBacktrace as core[df12db4294e9bfd3]::fmt::Display>::fmt
[INFO] [stdout]    1:     0x6243f5f4b73a - core[df12db4294e9bfd3]::fmt::write
[INFO] [stdout]    2:     0x6243f5f3965c - <alloc[2182bb758b4b3781]::vec::Vec<u8> as core[df12db4294e9bfd3]::io::write::Write>::write_fmt
[INFO] [stdout]    3:     0x6243f5f0ef46 - std[70759c8f55707aa4]::panicking::default_hook::{closure#0}
[INFO] [stdout]    4:     0x6243f5f2bee9 - std[70759c8f55707aa4]::panicking::default_hook
[INFO] [stdout]    5:     0x6243f5dad280 - test[9d35eded1c95d3be]::test_main_inner::<test[9d35eded1c95d3be]::test_main_static::{closure#0}>::{closure#0}
[INFO] [stdout]    6:     0x6243f5f2c212 - std[70759c8f55707aa4]::panicking::panic_with_hook
[INFO] [stdout]    7:     0x6243f5f0f024 - std[70759c8f55707aa4]::panicking::panic_handler::{closure#0}
[INFO] [stdout]    8:     0x6243f5f07bf9 - std[70759c8f55707aa4]::sys::backtrace::__rust_end_short_backtrace::<std[70759c8f55707aa4]::panicking::panic_handler::{closure#0}, !>
[INFO] [stdout]    9:     0x6243f5f0fddd - __rustc[8fa7c3cbc660c2b3]::rust_begin_unwind
[INFO] [stdout]   10:     0x6243f5f4be9c - core[df12db4294e9bfd3]::panicking::panic_fmt
[INFO] [stdout]   11:     0x6243f5f4be62 - core[df12db4294e9bfd3]::panicking::panic
[INFO] [stdout]   12:     0x6243f5a46492 - did_tz[984dd23e1eaad4d3]::explorer::tests::test_execute_view::{closure#0}
[INFO] [stdout]   13:     0x6243f5a4f703 - <tokio[47cac778aaf27f0a]::runtime::scheduler::current_thread::Context>::enter::<core[df12db4294e9bfd3]::task::poll::Poll<()>, <tokio[47cac778aaf27f0a]::runtime::scheduler::current_thread::CoreGuard>::block_on<core[df12db4294e9bfd3]::pin::Pin<&mut core[df12db4294e9bfd3]::pin::Pin<&mut dyn core[df12db4294e9bfd3]::future::future::Future<Output = ()>>>>::{closure#0}::{closure#0}>
[INFO] [stdout]   14:     0x6243f5a3bebc - <tokio[47cac778aaf27f0a]::runtime::context::scoped::Scoped<tokio[47cac778aaf27f0a]::runtime::scheduler::Context>>::set::<<tokio[47cac778aaf27f0a]::runtime::scheduler::current_thread::CoreGuard>::enter<<tokio[47cac778aaf27f0a]::runtime::scheduler::current_thread::CoreGuard>::block_on<core[df12db4294e9bfd3]::pin::Pin<&mut core[df12db4294e9bfd3]::pin::Pin<&mut dyn core[df12db4294e9bfd3]::future::future::Future<Output = ()>>>>::{closure#0}, core[df12db4294e9bfd3]::option::Option<()>>::{closure#0}, (alloc[2182bb758b4b3781]::boxed::Box<tokio[47cac778aaf27f0a]::runtime::scheduler::current_thread::Core>, core[df12db4294e9bfd3]::option::Option<()>)>
[INFO] [stdout]   15:     0x6243f5a4fa45 - <tokio[47cac778aaf27f0a]::runtime::scheduler::current_thread::CoreGuard>::block_on::<core[df12db4294e9bfd3]::pin::Pin<&mut core[df12db4294e9bfd3]::pin::Pin<&mut dyn core[df12db4294e9bfd3]::future::future::Future<Output = ()>>>>
[INFO] [stdout]   16:     0x6243f5a43e78 - tokio[47cac778aaf27f0a]::runtime::context::runtime::enter_runtime::<<tokio[47cac778aaf27f0a]::runtime::scheduler::current_thread::CurrentThread>::block_on<core[df12db4294e9bfd3]::pin::Pin<&mut dyn core[df12db4294e9bfd3]::future::future::Future<Output = ()>>>::{closure#0}, ()>
[INFO] [stdout]   17:     0x6243f5a4f5fb - <tokio[47cac778aaf27f0a]::runtime::runtime::Runtime>::block_on::<core[df12db4294e9bfd3]::pin::Pin<&mut dyn core[df12db4294e9bfd3]::future::future::Future<Output = ()>>>
[INFO] [stdout]   18:     0x6243f5a47cac - did_tz[984dd23e1eaad4d3]::explorer::tests::test_execute_view
[INFO] [stdout]   19:     0x6243f5a55819 - <did_tz[984dd23e1eaad4d3]::explorer::tests::test_execute_view::{closure#0} as core[df12db4294e9bfd3]::ops::function::FnOnce<()>>::call_once
[INFO] [stdout]   20:     0x6243f5da056b - test[9d35eded1c95d3be]::__rust_begin_short_backtrace::<core[df12db4294e9bfd3]::result::Result<(), alloc[2182bb758b4b3781]::string::String>, fn() -> core[df12db4294e9bfd3]::result::Result<(), alloc[2182bb758b4b3781]::string::String>>
[INFO] [stdout]   21:     0x6243f5dadbd5 - test[9d35eded1c95d3be]::run_test::{closure#0}
[INFO] [stdout]   22:     0x6243f5da7494 - std[70759c8f55707aa4]::sys::backtrace::__rust_begin_short_backtrace::<test[9d35eded1c95d3be]::run_test::{closure#1}, ()>
[INFO] [stdout]   23:     0x6243f5db0d32 - <std[70759c8f55707aa4]::thread::lifecycle::spawn_unchecked<test[9d35eded1c95d3be]::run_test::{closure#1}, ()>::{closure#1} as core[df12db4294e9bfd3]::ops::function::FnOnce<()>>::call_once::{shim:vtable#0}
[INFO] [stdout]   24:     0x6243f5f33c79 - <std[70759c8f55707aa4]::sys::thread::unix::Thread>::new::thread_start
[INFO] [stdout]   25:     0x7b37a8ccddfa - <unknown>
[INFO] [stdout]   26:     0x7b37a8d613d4 - clone
[INFO] [stdout]   27:                0x0 - <unknown>
[INFO] [stdout] 
[INFO] [stdout] ---- explorer::tests::test_retrieve_did_manager stdout ----
[INFO] [stdout] 
[INFO] [stdout] thread 'explorer::tests::test_retrieve_did_manager' (8091) panicked at src/explorer.rs:132:9:
[INFO] [stdout] assertion failed: did_manager.is_ok()
[INFO] [stdout] stack backtrace:
[INFO] [stdout]    0:     0x6243f5f34751 - <<std[70759c8f55707aa4]::sys::backtrace::BacktraceLock>::print::DisplayBacktrace as core[df12db4294e9bfd3]::fmt::Display>::fmt
[INFO] [stdout]    1:     0x6243f5f4b73a - core[df12db4294e9bfd3]::fmt::write
[INFO] [stdout]    2:     0x6243f5f3965c - <alloc[2182bb758b4b3781]::vec::Vec<u8> as core[df12db4294e9bfd3]::io::write::Write>::write_fmt
[INFO] [stdout]    3:     0x6243f5f0ef46 - std[70759c8f55707aa4]::panicking::default_hook::{closure#0}
[INFO] [stdout]    4:     0x6243f5f2bee9 - std[70759c8f55707aa4]::panicking::default_hook
[INFO] [stdout]    5:     0x6243f5dad280 - test[9d35eded1c95d3be]::test_main_inner::<test[9d35eded1c95d3be]::test_main_static::{closure#0}>::{closure#0}
[INFO] [stdout]    6:     0x6243f5f2c212 - std[70759c8f55707aa4]::panicking::panic_with_hook
[INFO] [stdout]    7:     0x6243f5f0f024 - std[70759c8f55707aa4]::panicking::panic_handler::{closure#0}
[INFO] [stdout]    8:     0x6243f5f07bf9 - std[70759c8f55707aa4]::sys::backtrace::__rust_end_short_backtrace::<std[70759c8f55707aa4]::panicking::panic_handler::{closure#0}, !>
[INFO] [stdout]    9:     0x6243f5f0fddd - __rustc[8fa7c3cbc660c2b3]::rust_begin_unwind
[INFO] [stdout]   10:     0x6243f5f4be9c - core[df12db4294e9bfd3]::panicking::panic_fmt
[INFO] [stdout]   11:     0x6243f5f4be62 - core[df12db4294e9bfd3]::panicking::panic
[INFO] [stdout]   12:     0x6243f5a4793b - did_tz[984dd23e1eaad4d3]::explorer::tests::test_retrieve_did_manager::{closure#0}
[INFO] [stdout]   13:     0x6243f5a4f703 - <tokio[47cac778aaf27f0a]::runtime::scheduler::current_thread::Context>::enter::<core[df12db4294e9bfd3]::task::poll::Poll<()>, <tokio[47cac778aaf27f0a]::runtime::scheduler::current_thread::CoreGuard>::block_on<core[df12db4294e9bfd3]::pin::Pin<&mut core[df12db4294e9bfd3]::pin::Pin<&mut dyn core[df12db4294e9bfd3]::future::future::Future<Output = ()>>>>::{closure#0}::{closure#0}>
[INFO] [stdout]   14:     0x6243f5a3bebc - <tokio[47cac778aaf27f0a]::runtime::context::scoped::Scoped<tokio[47cac778aaf27f0a]::runtime::scheduler::Context>>::set::<<tokio[47cac778aaf27f0a]::runtime::scheduler::current_thread::CoreGuard>::enter<<tokio[47cac778aaf27f0a]::runtime::scheduler::current_thread::CoreGuard>::block_on<core[df12db4294e9bfd3]::pin::Pin<&mut core[df12db4294e9bfd3]::pin::Pin<&mut dyn core[df12db4294e9bfd3]::future::future::Future<Output = ()>>>>::{closure#0}, core[df12db4294e9bfd3]::option::Option<()>>::{closure#0}, (alloc[2182bb758b4b3781]::boxed::Box<tokio[47cac778aaf27f0a]::runtime::scheduler::current_thread::Core>, core[df12db4294e9bfd3]::option::Option<()>)>
[INFO] [stdout]   15:     0x6243f5a4fa45 - <tokio[47cac778aaf27f0a]::runtime::scheduler::current_thread::CoreGuard>::block_on::<core[df12db4294e9bfd3]::pin::Pin<&mut core[df12db4294e9bfd3]::pin::Pin<&mut dyn core[df12db4294e9bfd3]::future::future::Future<Output = ()>>>>
[INFO] [stdout]   16:     0x6243f5a43e78 - tokio[47cac778aaf27f0a]::runtime::context::runtime::enter_runtime::<<tokio[47cac778aaf27f0a]::runtime::scheduler::current_thread::CurrentThread>::block_on<core[df12db4294e9bfd3]::pin::Pin<&mut dyn core[df12db4294e9bfd3]::future::future::Future<Output = ()>>>::{closure#0}, ()>
[INFO] [stdout]   17:     0x6243f5a4f5fb - <tokio[47cac778aaf27f0a]::runtime::runtime::Runtime>::block_on::<core[df12db4294e9bfd3]::pin::Pin<&mut dyn core[df12db4294e9bfd3]::future::future::Future<Output = ()>>>
[INFO] [stdout]   18:     0x6243f5a47e58 - did_tz[984dd23e1eaad4d3]::explorer::tests::test_retrieve_did_manager
[INFO] [stdout]   19:     0x6243f5a55839 - <did_tz[984dd23e1eaad4d3]::explorer::tests::test_retrieve_did_manager::{closure#0} as core[df12db4294e9bfd3]::ops::function::FnOnce<()>>::call_once
[INFO] [stdout]   20:     0x6243f5da056b - test[9d35eded1c95d3be]::__rust_begin_short_backtrace::<core[df12db4294e9bfd3]::result::Result<(), alloc[2182bb758b4b3781]::string::String>, fn() -> core[df12db4294e9bfd3]::result::Result<(), alloc[2182bb758b4b3781]::string::String>>
[INFO] [stdout]   21:     0x6243f5dadbd5 - test[9d35eded1c95d3be]::run_test::{closure#0}
[INFO] [stdout]   22:     0x6243f5da7494 - std[70759c8f55707aa4]::sys::backtrace::__rust_begin_short_backtrace::<test[9d35eded1c95d3be]::run_test::{closure#1}, ()>
[INFO] [stdout]   23:     0x6243f5db0d32 - <std[70759c8f55707aa4]::thread::lifecycle::spawn_unchecked<test[9d35eded1c95d3be]::run_test::{closure#1}, ()>::{closure#1} as core[df12db4294e9bfd3]::ops::function::FnOnce<()>>::call_once::{shim:vtable#0}
[INFO] [stdout]   24:     0x6243f5f33c79 - <std[70759c8f55707aa4]::sys::thread::unix::Thread>::new::thread_start
[INFO] [stdout]   25:     0x7b37a8ccddfa - <unknown>
[INFO] [stdout]   26:     0x7b37a8d613d4 - clone
[INFO] [stdout]   27:                0x0 - <unknown>
[INFO] [stdout] 
[INFO] [stdout] 
[INFO] [stdout] failures:
[INFO] [stdout]     explorer::tests::test_execute_view
[INFO] [stdout]     explorer::tests::test_retrieve_did_manager
[INFO] [stdout] 
[INFO] [stdout] test result: FAILED. 3 passed; 2 failed; 0 ignored; 0 measured; 0 filtered out; finished in 0.07s
[INFO] [stdout] 
[INFO] [stderr] error: test failed, to rerun pass `--lib`
[INFO] running `Command { std: "docker" "inspect" "31d9f69c800aa7028ce3e2dc1aaada85ae0d6b87cdc27a57f9d695c569303854", kill_on_drop: false }`
[INFO] running `Command { std: "docker" "rm" "-f" "31d9f69c800aa7028ce3e2dc1aaada85ae0d6b87cdc27a57f9d695c569303854", kill_on_drop: false }`
[INFO] [stdout] 31d9f69c800aa7028ce3e2dc1aaada85ae0d6b87cdc27a57f9d695c569303854
