[INFO] fetching crate corroded_dav_cli 0.6.0...
[INFO] testing corroded_dav_cli-0.6.0 against 1.99.0-beta.8+cargoflags=--release for beta-release-1.100-2
[INFO] extracting crate corroded_dav_cli 0.6.0 into /workspace/builds/worker-7-tc1/source
[INFO] started tweaking crates.io crate corroded_dav_cli 0.6.0
[INFO] finished tweaking crates.io crate corroded_dav_cli 0.6.0
[INFO] tweaked toml for crates.io crate corroded_dav_cli 0.6.0 written to /workspace/builds/worker-7-tc1/source/Cargo.toml
[INFO] validating manifest of crates.io crate corroded_dav_cli 0.6.0 on toolchain 1.99.0-beta.8
[INFO] running `Command { std: CARGO_HOME="/workspace/cargo-home" RUSTUP_HOME="/workspace/rustup-home" "/workspace/cargo-home/bin/cargo" "+1.99.0-beta.8" "metadata" "--manifest-path" "Cargo.toml" "--no-deps", kill_on_drop: false }`
[INFO] crate crates.io crate corroded_dav_cli 0.6.0 already has a lockfile, it will not be regenerated
[INFO] running `Command { std: CARGO_HOME="/workspace/cargo-home" RUSTUP_HOME="/workspace/rustup-home" "/workspace/cargo-home/bin/cargo" "+1.99.0-beta.8" "fetch" "--manifest-path" "Cargo.toml", kill_on_drop: false }`
[INFO] [stderr]     Updating crates.io index
[INFO] [stderr]  Downloading crates ...
[INFO] [stderr]   Downloaded rustydav v0.1.3
[INFO] [stderr]   Downloaded rustyline v11.0.0
[INFO] [stderr]   Downloaded wasm-bindgen-shared v0.2.103
[INFO] [stderr]   Downloaded rxml_validation v0.9.1
[INFO] [stderr]   Downloaded wasm-bindgen-futures v0.4.53
[INFO] [stderr]   Downloaded netrc v0.4.1
[INFO] [stderr]   Downloaded mktemp v0.5.1
[INFO] [stderr]   Downloaded wasm-bindgen-macro v0.2.103
[INFO] [stderr]   Downloaded wasm-bindgen-macro-support v0.2.103
[INFO] [stderr]   Downloaded dateparser v0.2.1
[INFO] [stderr]   Downloaded wasm-bindgen-backend v0.2.103
[INFO] [stderr]   Downloaded minidom v0.15.2
[INFO] [stderr]   Downloaded windows-core v0.62.0
[INFO] [stderr]   Downloaded wasm-bindgen v0.2.103
[INFO] [stderr]   Downloaded js-sys v0.3.80
[INFO] [stderr]   Downloaded rxml v0.9.1
[INFO] [stderr]   Downloaded web-sys v0.3.80
[INFO] running `Command { std: "docker" "create" "-v" "/var/lib/crater-agent-workspace/builds/worker-7-tc1/source:/opt/rustwide/workdir:ro,Z" "-v" "/var/lib/crater-agent-workspace/builds/worker-7-tc1/target:/opt/rustwide/target:rw,Z" "-v" "/var/lib/crater-agent-workspace/cargo-home:/opt/rustwide/cargo-home:ro,Z" "-v" "/var/lib/crater-agent-workspace/rustup-home:/opt/rustwide/rustup-home:ro,Z" "-m" "1610612736" "--network" "none" "ghcr.io/rust-lang/crates-build-env/linux@sha256:77db811e55d90add9212f6832c23229e3de5f1c1f9905e8cb07319ea15df73ac" "sleep" "infinity", kill_on_drop: false }`
[INFO] [stdout] bef47acc766eb47ad48fe998c34ddc15b677fd5e4079815ffb498a206d204699
[INFO] running `Command { std: "docker" "start" "bef47acc766eb47ad48fe998c34ddc15b677fd5e4079815ffb498a206d204699", kill_on_drop: false }`
[INFO] running `Command { std: "docker" "inspect" "bef47acc766eb47ad48fe998c34ddc15b677fd5e4079815ffb498a206d204699", kill_on_drop: false }`
[INFO] running `Command { std: "docker" "exec" "-e" "SOURCE_DIR=/opt/rustwide/workdir" "-e" "CARGO_HOME=/opt/rustwide/cargo-home" "-e" "RUSTUP_HOME=/opt/rustwide/rustup-home" "-e" "CARGO_TARGET_DIR=/opt/rustwide/target" "-w" "/opt/rustwide/workdir" "--user" "0:0" "bef47acc766eb47ad48fe998c34ddc15b677fd5e4079815ffb498a206d204699" "/opt/rustwide/cargo-home/bin/cargo" "+1.99.0-beta.8" "metadata" "--no-deps" "--format-version=1", kill_on_drop: false }`
[INFO] running `Command { std: "docker" "inspect" "bef47acc766eb47ad48fe998c34ddc15b677fd5e4079815ffb498a206d204699", kill_on_drop: false }`
[INFO] running `Command { std: "docker" "exec" "-e" "SOURCE_DIR=/opt/rustwide/workdir" "-e" "CARGO_HOME=/opt/rustwide/cargo-home" "-e" "RUSTUP_HOME=/opt/rustwide/rustup-home" "-e" "CARGO_TARGET_DIR=/opt/rustwide/target" "-e" "CARGO_INCREMENTAL=0" "-e" "RUST_BACKTRACE=full" "-e" "RUSTFLAGS=--cap-lints=warn" "-e" "RUSTDOCFLAGS=--cap-lints=warn" "-w" "/opt/rustwide/workdir" "--user" "0:0" "bef47acc766eb47ad48fe998c34ddc15b677fd5e4079815ffb498a206d204699" "/opt/rustwide/cargo-home/bin/cargo" "+1.99.0-beta.8" "build" "--frozen" "--message-format=json" "--release", kill_on_drop: false }`
[INFO] [stderr]    Compiling syn v2.0.106
[INFO] [stderr]    Compiling libc v0.2.176
[INFO] [stderr]    Compiling memchr v2.7.5
[INFO] [stderr]    Compiling bitflags v2.9.4
[INFO] [stderr]    Compiling serde_core v1.0.226
[INFO] [stderr]    Compiling log v0.4.28
[INFO] [stderr]    Compiling tracing v0.1.41
[INFO] [stderr]    Compiling smartstring v1.0.1
[INFO] [stderr]    Compiling futures-channel v0.3.31
[INFO] [stderr]    Compiling rustix v0.38.44
[INFO] [stderr]    Compiling linux-raw-sys v0.4.15
[INFO] [stderr]    Compiling regex-syntax v0.8.6
[INFO] [stderr]    Compiling num-traits v0.2.19
[INFO] [stderr]    Compiling convert_case v0.7.1
[INFO] [stderr]    Compiling nibble_vec v0.1.0
[INFO] [stderr]    Compiling encoding_rs v0.8.35
[INFO] [stderr]    Compiling iana-time-zone v0.1.64
[INFO] [stderr]    Compiling endian-type v0.1.2
[INFO] [stderr]    Compiling rxml_validation v0.9.1
[INFO] [stderr]    Compiling netrc v0.4.1
[INFO] [stderr]    Compiling radix_trie v0.2.1
[INFO] [stderr]    Compiling futures-util v0.3.31
[INFO] [stderr]    Compiling aho-corasick v1.1.3
[INFO] [stderr]    Compiling rxml v0.9.1
[INFO] [stderr]    Compiling chrono v0.4.42
[INFO] [stderr]    Compiling minidom v0.15.2
[INFO] [stderr]    Compiling socket2 v0.6.0
[INFO] [stderr]    Compiling mio v1.0.4
[INFO] [stderr]    Compiling openssl-sys v0.9.109
[INFO] [stderr]    Compiling socket2 v0.5.10
[INFO] [stderr]    Compiling dirs-sys-next v0.1.2
[INFO] [stderr]    Compiling regex-automata v0.4.10
[INFO] [stderr]    Compiling dirs-next v2.0.0
[INFO] [stderr]    Compiling tokio v1.47.1
[INFO] [stderr]    Compiling fd-lock v3.0.13
[INFO] [stderr]    Compiling nix v0.26.4
[INFO] [stderr]    Compiling synstructure v0.13.2
[INFO] [stderr]    Compiling rustyline v11.0.0
[INFO] [stderr]    Compiling zerovec-derive v0.11.1
[INFO] [stderr]    Compiling displaydoc v0.2.5
[INFO] [stderr]    Compiling openssl-macros v0.1.1
[INFO] [stderr]    Compiling serde_derive v1.0.226
[INFO] [stderr]    Compiling derive_more-impl v2.0.1
[INFO] [stderr]    Compiling zerofrom-derive v0.1.6
[INFO] [stderr]    Compiling yoke-derive v0.8.0
[INFO] [stderr]    Compiling openssl v0.10.73
[INFO] [stderr]    Compiling zerofrom v0.1.6
[INFO] [stderr]    Compiling yoke v0.8.0
[INFO] [stderr]    Compiling zerovec v0.11.4
[INFO] [stderr]    Compiling zerotrie v0.2.2
[INFO] [stderr]    Compiling regex v1.11.2
[INFO] [stderr]    Compiling dateparser v0.2.1
[INFO] [stderr]    Compiling serde v1.0.226
[INFO] [stderr]    Compiling tinystr v0.8.1
[INFO] [stderr]    Compiling potential_utf v0.1.3
[INFO] [stderr]    Compiling icu_collections v2.0.0
[INFO] [stderr]    Compiling icu_locale_core v2.0.0
[INFO] [stderr]    Compiling serde_urlencoded v0.7.1
[INFO] [stderr]    Compiling derive_more v2.0.1
[INFO] [stderr]    Compiling tokio-util v0.7.16
[INFO] [stderr]    Compiling icu_provider v2.0.0
[INFO] [stderr]    Compiling h2 v0.3.27
[INFO] [stderr]    Compiling native-tls v0.2.14
[INFO] [stderr]    Compiling tokio-native-tls v0.3.1
[INFO] [stderr]    Compiling icu_normalizer v2.0.0
[INFO] [stderr]    Compiling icu_properties v2.0.1
[INFO] [stderr]    Compiling idna_adapter v1.2.1
[INFO] [stderr]    Compiling idna v1.1.0
[INFO] [stderr]    Compiling url v2.5.7
[INFO] [stderr]    Compiling hyper v0.14.32
[INFO] [stderr]    Compiling hyper-tls v0.5.0
[INFO] [stderr]    Compiling reqwest v0.11.27
[INFO] [stderr]    Compiling rustydav v0.1.3
[INFO] [stderr]    Compiling corroded_dav_cli v0.6.0 (/opt/rustwide/workdir)
[INFO] [stdout] warning: use of deprecated associated function `derive_more::core::num::<impl u64>::max_value`: replaced by the `MAX` associated constant on this type
[INFO] [stdout]   --> src/filter.rs:76:52
[INFO] [stdout]    |
[INFO] [stdout] 76 |             if size > self.max_size.unwrap_or(u64::max_value()) {
[INFO] [stdout]    |                                                    ^^^^^^^^^
[INFO] [stdout]    |
[INFO] [stdout]    = note: `#[warn(deprecated)]` on by default
[INFO] [stdout] 
[INFO] [stdout] 
[INFO] [stderr]     Finished `release` profile [optimized] target(s) in 1m 29s
[INFO] running `Command { std: "docker" "inspect" "bef47acc766eb47ad48fe998c34ddc15b677fd5e4079815ffb498a206d204699", kill_on_drop: false }`
[INFO] running `Command { std: "docker" "exec" "-e" "SOURCE_DIR=/opt/rustwide/workdir" "-e" "CARGO_HOME=/opt/rustwide/cargo-home" "-e" "RUSTUP_HOME=/opt/rustwide/rustup-home" "-e" "CARGO_TARGET_DIR=/opt/rustwide/target" "-e" "CARGO_INCREMENTAL=0" "-e" "RUST_BACKTRACE=full" "-e" "RUSTFLAGS=--cap-lints=warn" "-e" "RUSTDOCFLAGS=--cap-lints=warn" "-w" "/opt/rustwide/workdir" "--user" "0:0" "bef47acc766eb47ad48fe998c34ddc15b677fd5e4079815ffb498a206d204699" "/opt/rustwide/cargo-home/bin/cargo" "+1.99.0-beta.8" "test" "--frozen" "--no-run" "--message-format=json" "--release", kill_on_drop: false }`
[INFO] [stderr]    Compiling getrandom v0.2.16
[INFO] [stdout] warning: use of deprecated associated function `derive_more::core::num::<impl u64>::max_value`: replaced by the `MAX` associated constant on this type
[INFO] [stdout]   --> src/filter.rs:76:52
[INFO] [stdout]    |
[INFO] [stdout] 76 |             if size > self.max_size.unwrap_or(u64::max_value()) {
[INFO] [stdout]    |                                                    ^^^^^^^^^
[INFO] [stdout]    |
[INFO] [stdout]    = note: `#[warn(deprecated)]` on by default
[INFO] [stdout] 
[INFO] [stdout] 
[INFO] [stderr]    Compiling uuid v1.4.1
[INFO] [stderr]    Compiling mktemp v0.5.1
[INFO] [stderr]    Compiling corroded_dav_cli v0.6.0 (/opt/rustwide/workdir)
[INFO] [stdout] warning: use of deprecated associated function `derive_more::core::num::<impl u64>::max_value`: replaced by the `MAX` associated constant on this type
[INFO] [stdout]   --> src/filter.rs:76:52
[INFO] [stdout]    |
[INFO] [stdout] 76 |             if size > self.max_size.unwrap_or(u64::max_value()) {
[INFO] [stdout]    |                                                    ^^^^^^^^^
[INFO] [stdout]    |
[INFO] [stdout]    = note: `#[warn(deprecated)]` on by default
[INFO] [stdout] 
[INFO] [stdout] 
[INFO] [stderr]     Finished `release` profile [optimized] target(s) in 3.71s
[INFO] running `Command { std: "docker" "inspect" "bef47acc766eb47ad48fe998c34ddc15b677fd5e4079815ffb498a206d204699", kill_on_drop: false }`
[INFO] running `Command { std: "docker" "exec" "-e" "SOURCE_DIR=/opt/rustwide/workdir" "-e" "CARGO_HOME=/opt/rustwide/cargo-home" "-e" "RUSTUP_HOME=/opt/rustwide/rustup-home" "-e" "CARGO_TARGET_DIR=/opt/rustwide/target" "-e" "CARGO_INCREMENTAL=0" "-e" "RUST_BACKTRACE=full" "-e" "RUSTFLAGS=--cap-lints=warn" "-e" "RUSTDOCFLAGS=--cap-lints=warn" "-w" "/opt/rustwide/workdir" "--user" "0:0" "bef47acc766eb47ad48fe998c34ddc15b677fd5e4079815ffb498a206d204699" "/opt/rustwide/cargo-home/bin/cargo" "+1.99.0-beta.8" "test" "--frozen" "--release", kill_on_drop: false }`
[INFO] [stderr] warning: use of deprecated associated function `derive_more::core::num::<impl u64>::max_value`: replaced by the `MAX` associated constant on this type
[INFO] [stderr]   --> src/filter.rs:76:52
[INFO] [stderr]    |
[INFO] [stderr] 76 |             if size > self.max_size.unwrap_or(u64::max_value()) {
[INFO] [stderr]    |                                                    ^^^^^^^^^
[INFO] [stderr]    |
[INFO] [stderr]    = note: `#[warn(deprecated)]` on by default
[INFO] [stderr] 
[INFO] [stderr] warning: `corroded_dav_cli` (lib) generated 1 warning
[INFO] [stderr] warning: `corroded_dav_cli` (lib test) generated 1 warning (1 duplicate)
[INFO] [stderr]     Finished `release` profile [optimized] target(s) in 0.18s
[INFO] [stderr]      Running unittests src/lib.rs (/opt/rustwide/target/release/deps/corroded_dav_cli-acbf7d53b3572d93)
[INFO] [stdout] 
[INFO] [stdout] running 7 tests
[INFO] [stdout] test tests::test_get_slice ... FAILED
[INFO] [stdout] test tests::test_ls_root ... FAILED
[INFO] [stdout] test tests::test_collection_lifecycle ... FAILED
[INFO] [stdout] test tests::test_ls_file ... FAILED
[INFO] [stdout] test tests::test_file_move_cycle ... FAILED
[INFO] [stdout] test tests::test_get ... FAILED
[INFO] [stderr] error: test failed, to rerun pass `--lib`
[INFO] [stdout] test tests::test_file_lifecycle ... FAILED
[INFO] [stdout] 
[INFO] [stdout] failures:
[INFO] [stdout] 
[INFO] [stdout] ---- tests::test_get_slice stdout ----
[INFO] [stdout] 
[INFO] [stdout] thread 'tests::test_get_slice' (1681) panicked at src/tests.rs:28:45:
[INFO] [stdout] Initial call failed: reqwest::Error { kind: Request, url: Url { scheme: "https", cannot_be_a_base: false, username: "", password: None, host: Some(Domain("www.webdavserver.com")), port: None, path: "/User2f1cd31", query: None, fragment: None }, source: hyper::Error(Connect, ConnectError("dns error", Custom { kind: Uncategorized, error: "failed to lookup address information: Temporary failure in name resolution" })) }
[INFO] [stdout] stack backtrace:
[INFO] [stdout]    0:     0x59c4c00efdb1 - <<std[70759c8f55707aa4]::sys::backtrace::BacktraceLock>::print::DisplayBacktrace as core[df12db4294e9bfd3]::fmt::Display>::fmt
[INFO] [stdout]    1:     0x59c4c0106eea - core[df12db4294e9bfd3]::fmt::write
[INFO] [stdout]    2:     0x59c4c00f506c - <alloc[2182bb758b4b3781]::vec::Vec<u8> as core[df12db4294e9bfd3]::io::write::Write>::write_fmt
[INFO] [stdout]    3:     0x59c4c00c8566 - std[70759c8f55707aa4]::panicking::default_hook::{closure#0}
[INFO] [stdout]    4:     0x59c4c00e67f9 - std[70759c8f55707aa4]::panicking::default_hook
[INFO] [stdout]    5:     0x59c4bfe45a60 - test[9d35eded1c95d3be]::test_main_inner::<test[9d35eded1c95d3be]::test_main_static::{closure#0}>::{closure#0}
[INFO] [stdout]    6:     0x59c4c00e6b22 - std[70759c8f55707aa4]::panicking::panic_with_hook
[INFO] [stdout]    7:     0x59c4c00c8612 - std[70759c8f55707aa4]::panicking::panic_handler::{closure#0}
[INFO] [stdout]    8:     0x59c4c00c09d9 - std[70759c8f55707aa4]::sys::backtrace::__rust_end_short_backtrace::<std[70759c8f55707aa4]::panicking::panic_handler::{closure#0}, !>
[INFO] [stdout]    9:     0x59c4c00c950d - __rustc[8fa7c3cbc660c2b3]::rust_begin_unwind
[INFO] [stdout]   10:     0x59c4c01076cc - core[df12db4294e9bfd3]::panicking::panic_fmt
[INFO] [stdout]   11:     0x59c4c01074a2 - core[df12db4294e9bfd3]::result::unwrap_failed
[INFO] [stdout]   12:     0x59c4bfe3414d - corroded_dav_cli[7128c2176ca31792]::tests::init_dav
[INFO] [stdout]   13:     0x59c4bfe34dc2 - corroded_dav_cli[7128c2176ca31792]::tests::test_get_slice
[INFO] [stdout]   14:     0x59c4bfe30e89 - <corroded_dav_cli[7128c2176ca31792]::tests::test_get_slice::{closure#0} as core[df12db4294e9bfd3]::ops::function::FnOnce<()>>::call_once
[INFO] [stdout]   15:     0x59c4bfe38d4b - test[9d35eded1c95d3be]::__rust_begin_short_backtrace::<core[df12db4294e9bfd3]::result::Result<(), alloc[2182bb758b4b3781]::string::String>, fn() -> core[df12db4294e9bfd3]::result::Result<(), alloc[2182bb758b4b3781]::string::String>>
[INFO] [stdout]   16:     0x59c4bfe463b5 - test[9d35eded1c95d3be]::run_test::{closure#0}
[INFO] [stdout]   17:     0x59c4bfe3fc74 - std[70759c8f55707aa4]::sys::backtrace::__rust_begin_short_backtrace::<test[9d35eded1c95d3be]::run_test::{closure#1}, ()>
[INFO] [stdout]   18:     0x59c4bfe49512 - <std[70759c8f55707aa4]::thread::lifecycle::spawn_unchecked<test[9d35eded1c95d3be]::run_test::{closure#1}, ()>::{closure#1} as core[df12db4294e9bfd3]::ops::function::FnOnce<()>>::call_once::{shim:vtable#0}
[INFO] [stdout]   19:     0x59c4c00eea59 - <std[70759c8f55707aa4]::sys::thread::unix::Thread>::new::thread_start
[INFO] [stdout]   20:     0x7e5a2aa25dfa - <unknown>
[INFO] [stdout]   21:     0x7e5a2aab93d4 - clone
[INFO] [stdout]   22:                0x0 - <unknown>
[INFO] [stdout] 
[INFO] [stdout] ---- tests::test_ls_root stdout ----
[INFO] [stdout] 
[INFO] [stdout] thread 'tests::test_ls_root' (1683) panicked at src/tests.rs:28:45:
[INFO] [stdout] Initial call failed: reqwest::Error { kind: Request, url: Url { scheme: "https", cannot_be_a_base: false, username: "", password: None, host: Some(Domain("www.webdavserver.com")), port: None, path: "/User2f1cd31", query: None, fragment: None }, source: hyper::Error(Connect, ConnectError("dns error", Custom { kind: Uncategorized, error: "failed to lookup address information: Temporary failure in name resolution" })) }
[INFO] [stdout] stack backtrace:
[INFO] [stdout]    0:     0x59c4c00efdb1 - <<std[70759c8f55707aa4]::sys::backtrace::BacktraceLock>::print::DisplayBacktrace as core[df12db4294e9bfd3]::fmt::Display>::fmt
[INFO] [stdout]    1:     0x59c4c0106eea - core[df12db4294e9bfd3]::fmt::write
[INFO] [stdout]    2:     0x59c4c00f506c - <alloc[2182bb758b4b3781]::vec::Vec<u8> as core[df12db4294e9bfd3]::io::write::Write>::write_fmt
[INFO] [stdout]    3:     0x59c4c00c8566 - std[70759c8f55707aa4]::panicking::default_hook::{closure#0}
[INFO] [stdout]    4:     0x59c4c00e67f9 - std[70759c8f55707aa4]::panicking::default_hook
[INFO] [stdout]    5:     0x59c4bfe45a60 - test[9d35eded1c95d3be]::test_main_inner::<test[9d35eded1c95d3be]::test_main_static::{closure#0}>::{closure#0}
[INFO] [stdout]    6:     0x59c4c00e6b22 - std[70759c8f55707aa4]::panicking::panic_with_hook
[INFO] [stdout]    7:     0x59c4c00c8612 - std[70759c8f55707aa4]::panicking::panic_handler::{closure#0}
[INFO] [stdout]    8:     0x59c4c00c09d9 - std[70759c8f55707aa4]::sys::backtrace::__rust_end_short_backtrace::<std[70759c8f55707aa4]::panicking::panic_handler::{closure#0}, !>
[INFO] [stdout]    9:     0x59c4c00c950d - __rustc[8fa7c3cbc660c2b3]::rust_begin_unwind
[INFO] [stdout]   10:     0x59c4c01076cc - core[df12db4294e9bfd3]::panicking::panic_fmt
[INFO] [stdout]   11:     0x59c4c01074a2 - core[df12db4294e9bfd3]::result::unwrap_failed
[INFO] [stdout]   12:     0x59c4bfe3414d - corroded_dav_cli[7128c2176ca31792]::tests::init_dav
[INFO] [stdout]   13:     0x59c4bfe34836 - corroded_dav_cli[7128c2176ca31792]::tests::test_ls_root
[INFO] [stdout]   14:     0x59c4bfe30e69 - <corroded_dav_cli[7128c2176ca31792]::tests::test_ls_root::{closure#0} as core[df12db4294e9bfd3]::ops::function::FnOnce<()>>::call_once
[INFO] [stdout]   15:     0x59c4bfe38d4b - test[9d35eded1c95d3be]::__rust_begin_short_backtrace::<core[df12db4294e9bfd3]::result::Result<(), alloc[2182bb758b4b3781]::string::String>, fn() -> core[df12db4294e9bfd3]::result::Result<(), alloc[2182bb758b4b3781]::string::String>>
[INFO] [stdout]   16:     0x59c4bfe463b5 - test[9d35eded1c95d3be]::run_test::{closure#0}
[INFO] [stdout]   17:     0x59c4bfe3fc74 - std[70759c8f55707aa4]::sys::backtrace::__rust_begin_short_backtrace::<test[9d35eded1c95d3be]::run_test::{closure#1}, ()>
[INFO] [stdout]   18:     0x59c4bfe49512 - <std[70759c8f55707aa4]::thread::lifecycle::spawn_unchecked<test[9d35eded1c95d3be]::run_test::{closure#1}, ()>::{closure#1} as core[df12db4294e9bfd3]::ops::function::FnOnce<()>>::call_once::{shim:vtable#0}
[INFO] [stdout]   19:     0x59c4c00eea59 - <std[70759c8f55707aa4]::sys::thread::unix::Thread>::new::thread_start
[INFO] [stdout]   20:     0x7e5a2aa25dfa - <unknown>
[INFO] [stdout]   21:     0x7e5a2aab93d4 - clone
[INFO] [stdout]   22:                0x0 - <unknown>
[INFO] [stdout] 
[INFO] [stdout] ---- tests::test_collection_lifecycle stdout ----
[INFO] [stdout] 
[INFO] [stdout] thread 'tests::test_collection_lifecycle' (1677) panicked at src/tests.rs:28:45:
[INFO] [stdout] Initial call failed: reqwest::Error { kind: Request, url: Url { scheme: "https", cannot_be_a_base: false, username: "", password: None, host: Some(Domain("www.webdavserver.com")), port: None, path: "/User2f1cd31", query: None, fragment: None }, source: hyper::Error(Connect, ConnectError("dns error", Custom { kind: Uncategorized, error: "failed to lookup address information: Temporary failure in name resolution" })) }
[INFO] [stdout] stack backtrace:
[INFO] [stdout]    0:     0x59c4c00efdb1 - <<std[70759c8f55707aa4]::sys::backtrace::BacktraceLock>::print::DisplayBacktrace as core[df12db4294e9bfd3]::fmt::Display>::fmt
[INFO] [stdout]    1:     0x59c4c0106eea - core[df12db4294e9bfd3]::fmt::write
[INFO] [stdout]    2:     0x59c4c00f506c - <alloc[2182bb758b4b3781]::vec::Vec<u8> as core[df12db4294e9bfd3]::io::write::Write>::write_fmt
[INFO] [stdout]    3:     0x59c4c00c8566 - std[70759c8f55707aa4]::panicking::default_hook::{closure#0}
[INFO] [stdout]    4:     0x59c4c00e67f9 - std[70759c8f55707aa4]::panicking::default_hook
[INFO] [stdout]    5:     0x59c4bfe45a60 - test[9d35eded1c95d3be]::test_main_inner::<test[9d35eded1c95d3be]::test_main_static::{closure#0}>::{closure#0}
[INFO] [stdout]    6:     0x59c4c00e6b22 - std[70759c8f55707aa4]::panicking::panic_with_hook
[INFO] [stdout]    7:     0x59c4c00c8612 - std[70759c8f55707aa4]::panicking::panic_handler::{closure#0}
[INFO] [stdout]    8:     0x59c4c00c09d9 - std[70759c8f55707aa4]::sys::backtrace::__rust_end_short_backtrace::<std[70759c8f55707aa4]::panicking::panic_handler::{closure#0}, !>
[INFO] [stdout]    9:     0x59c4c00c950d - __rustc[8fa7c3cbc660c2b3]::rust_begin_unwind
[INFO] [stdout]   10:     0x59c4c01076cc - core[df12db4294e9bfd3]::panicking::panic_fmt
[INFO] [stdout]   11:     0x59c4c01074a2 - core[df12db4294e9bfd3]::result::unwrap_failed
[INFO] [stdout]   12:     0x59c4bfe3414d - corroded_dav_cli[7128c2176ca31792]::tests::init_dav
[INFO] [stdout]   13:     0x59c4bfe373e6 - corroded_dav_cli[7128c2176ca31792]::tests::test_collection_lifecycle
[INFO] [stdout]   14:     0x59c4bfe30ee9 - <corroded_dav_cli[7128c2176ca31792]::tests::test_collection_lifecycle::{closure#0} as core[df12db4294e9bfd3]::ops::function::FnOnce<()>>::call_once
[INFO] [stdout]   15:     0x59c4bfe38d4b - test[9d35eded1c95d3be]::__rust_begin_short_backtrace::<core[df12db4294e9bfd3]::result::Result<(), alloc[2182bb758b4b3781]::string::String>, fn() -> core[df12db4294e9bfd3]::result::Result<(), alloc[2182bb758b4b3781]::string::String>>
[INFO] [stdout]   16:     0x59c4bfe463b5 - test[9d35eded1c95d3be]::run_test::{closure#0}
[INFO] [stdout]   17:     0x59c4bfe3fc74 - std[70759c8f55707aa4]::sys::backtrace::__rust_begin_short_backtrace::<test[9d35eded1c95d3be]::run_test::{closure#1}, ()>
[INFO] [stdout]   18:     0x59c4bfe49512 - <std[70759c8f55707aa4]::thread::lifecycle::spawn_unchecked<test[9d35eded1c95d3be]::run_test::{closure#1}, ()>::{closure#1} as core[df12db4294e9bfd3]::ops::function::FnOnce<()>>::call_once::{shim:vtable#0}
[INFO] [stdout]   19:     0x59c4c00eea59 - <std[70759c8f55707aa4]::sys::thread::unix::Thread>::new::thread_start
[INFO] [stdout]   20:     0x7e5a2aa25dfa - <unknown>
[INFO] [stdout]   21:     0x7e5a2aab93d4 - clone
[INFO] [stdout]   22:                0x0 - <unknown>
[INFO] [stdout] 
[INFO] [stdout] ---- tests::test_ls_file stdout ----
[INFO] [stdout] 
[INFO] [stdout] thread 'tests::test_ls_file' (1682) panicked at src/tests.rs:28:45:
[INFO] [stdout] Initial call failed: reqwest::Error { kind: Request, url: Url { scheme: "https", cannot_be_a_base: false, username: "", password: None, host: Some(Domain("www.webdavserver.com")), port: None, path: "/User2f1cd31", query: None, fragment: None }, source: hyper::Error(Connect, ConnectError("dns error", Custom { kind: Uncategorized, error: "failed to lookup address information: Temporary failure in name resolution" })) }
[INFO] [stdout] stack backtrace:
[INFO] [stdout]    0:     0x59c4c00efdb1 - <<std[70759c8f55707aa4]::sys::backtrace::BacktraceLock>::print::DisplayBacktrace as core[df12db4294e9bfd3]::fmt::Display>::fmt
[INFO] [stdout]    1:     0x59c4c0106eea - core[df12db4294e9bfd3]::fmt::write
[INFO] [stdout]    2:     0x59c4c00f506c - <alloc[2182bb758b4b3781]::vec::Vec<u8> as core[df12db4294e9bfd3]::io::write::Write>::write_fmt
[INFO] [stdout]    3:     0x59c4c00c8566 - std[70759c8f55707aa4]::panicking::default_hook::{closure#0}
[INFO] [stdout]    4:     0x59c4c00e67f9 - std[70759c8f55707aa4]::panicking::default_hook
[INFO] [stdout]    5:     0x59c4bfe45a60 - test[9d35eded1c95d3be]::test_main_inner::<test[9d35eded1c95d3be]::test_main_static::{closure#0}>::{closure#0}
[INFO] [stdout]    6:     0x59c4c00e6b22 - std[70759c8f55707aa4]::panicking::panic_with_hook
[INFO] [stdout]    7:     0x59c4c00c8612 - std[70759c8f55707aa4]::panicking::panic_handler::{closure#0}
[INFO] [stdout]    8:     0x59c4c00c09d9 - std[70759c8f55707aa4]::sys::backtrace::__rust_end_short_backtrace::<std[70759c8f55707aa4]::panicking::panic_handler::{closure#0}, !>
[INFO] [stdout]    9:     0x59c4c00c950d - __rustc[8fa7c3cbc660c2b3]::rust_begin_unwind
[INFO] [stdout]   10:     0x59c4c01076cc - core[df12db4294e9bfd3]::panicking::panic_fmt
[INFO] [stdout]   11:     0x59c4c01074a2 - core[df12db4294e9bfd3]::result::unwrap_failed
[INFO] [stdout]   12:     0x59c4bfe3414d - corroded_dav_cli[7128c2176ca31792]::tests::init_dav
[INFO] [stdout]   13:     0x59c4bfe34313 - corroded_dav_cli[7128c2176ca31792]::tests::test_ls_file
[INFO] [stdout]   14:     0x59c4bfe30e49 - <corroded_dav_cli[7128c2176ca31792]::tests::test_ls_file::{closure#0} as core[df12db4294e9bfd3]::ops::function::FnOnce<()>>::call_once
[INFO] [stdout]   15:     0x59c4bfe38d4b - test[9d35eded1c95d3be]::__rust_begin_short_backtrace::<core[df12db4294e9bfd3]::result::Result<(), alloc[2182bb758b4b3781]::string::String>, fn() -> core[df12db4294e9bfd3]::result::Result<(), alloc[2182bb758b4b3781]::string::String>>
[INFO] [stdout]   16:     0x59c4bfe463b5 - test[9d35eded1c95d3be]::run_test::{closure#0}
[INFO] [stdout]   17:     0x59c4bfe3fc74 - std[70759c8f55707aa4]::sys::backtrace::__rust_begin_short_backtrace::<test[9d35eded1c95d3be]::run_test::{closure#1}, ()>
[INFO] [stdout]   18:     0x59c4bfe49512 - <std[70759c8f55707aa4]::thread::lifecycle::spawn_unchecked<test[9d35eded1c95d3be]::run_test::{closure#1}, ()>::{closure#1} as core[df12db4294e9bfd3]::ops::function::FnOnce<()>>::call_once::{shim:vtable#0}
[INFO] [stdout]   19:     0x59c4c00eea59 - <std[70759c8f55707aa4]::sys::thread::unix::Thread>::new::thread_start
[INFO] [stdout]   20:     0x7e5a2aa25dfa - <unknown>
[INFO] [stdout]   21:     0x7e5a2aab93d4 - clone
[INFO] [stdout]   22:                0x0 - <unknown>
[INFO] [stdout] 
[INFO] [stdout] ---- tests::test_file_move_cycle stdout ----
[INFO] [stdout] 
[INFO] [stdout] thread 'tests::test_file_move_cycle' (1679) panicked at src/tests.rs:28:45:
[INFO] [stdout] Initial call failed: reqwest::Error { kind: Request, url: Url { scheme: "https", cannot_be_a_base: false, username: "", password: None, host: Some(Domain("www.webdavserver.com")), port: None, path: "/User2f1cd31", query: None, fragment: None }, source: hyper::Error(Connect, ConnectError("dns error", Custom { kind: Uncategorized, error: "failed to lookup address information: Temporary failure in name resolution" })) }
[INFO] [stdout] stack backtrace:
[INFO] [stdout]    0:     0x59c4c00efdb1 - <<std[70759c8f55707aa4]::sys::backtrace::BacktraceLock>::print::DisplayBacktrace as core[df12db4294e9bfd3]::fmt::Display>::fmt
[INFO] [stdout]    1:     0x59c4c0106eea - core[df12db4294e9bfd3]::fmt::write
[INFO] [stdout]    2:     0x59c4c00f506c - <alloc[2182bb758b4b3781]::vec::Vec<u8> as core[df12db4294e9bfd3]::io::write::Write>::write_fmt
[INFO] [stdout]    3:     0x59c4c00c8566 - std[70759c8f55707aa4]::panicking::default_hook::{closure#0}
[INFO] [stdout]    4:     0x59c4c00e67f9 - std[70759c8f55707aa4]::panicking::default_hook
[INFO] [stdout]    5:     0x59c4bfe45a60 - test[9d35eded1c95d3be]::test_main_inner::<test[9d35eded1c95d3be]::test_main_static::{closure#0}>::{closure#0}
[INFO] [stdout]    6:     0x59c4c00e6b22 - std[70759c8f55707aa4]::panicking::panic_with_hook
[INFO] [stdout]    7:     0x59c4c00c8612 - std[70759c8f55707aa4]::panicking::panic_handler::{closure#0}
[INFO] [stdout]    8:     0x59c4c00c09d9 - std[70759c8f55707aa4]::sys::backtrace::__rust_end_short_backtrace::<std[70759c8f55707aa4]::panicking::panic_handler::{closure#0}, !>
[INFO] [stdout]    9:     0x59c4c00c950d - __rustc[8fa7c3cbc660c2b3]::rust_begin_unwind
[INFO] [stdout]   10:     0x59c4c01076cc - core[df12db4294e9bfd3]::panicking::panic_fmt
[INFO] [stdout]   11:     0x59c4c01074a2 - core[df12db4294e9bfd3]::result::unwrap_failed
[INFO] [stdout]   12:     0x59c4bfe3414d - corroded_dav_cli[7128c2176ca31792]::tests::init_dav
[INFO] [stdout]   13:     0x59c4bfe36e7f - corroded_dav_cli[7128c2176ca31792]::tests::test_file_move_cycle
[INFO] [stdout]   14:     0x59c4bfe30ec9 - <corroded_dav_cli[7128c2176ca31792]::tests::test_file_move_cycle::{closure#0} as core[df12db4294e9bfd3]::ops::function::FnOnce<()>>::call_once
[INFO] [stdout]   15:     0x59c4bfe38d4b - test[9d35eded1c95d3be]::__rust_begin_short_backtrace::<core[df12db4294e9bfd3]::result::Result<(), alloc[2182bb758b4b3781]::string::String>, fn() -> core[df12db4294e9bfd3]::result::Result<(), alloc[2182bb758b4b3781]::string::String>>
[INFO] [stdout]   16:     0x59c4bfe463b5 - test[9d35eded1c95d3be]::run_test::{closure#0}
[INFO] [stdout]   17:     0x59c4bfe3fc74 - std[70759c8f55707aa4]::sys::backtrace::__rust_begin_short_backtrace::<test[9d35eded1c95d3be]::run_test::{closure#1}, ()>
[INFO] [stdout]   18:     0x59c4bfe49512 - <std[70759c8f55707aa4]::thread::lifecycle::spawn_unchecked<test[9d35eded1c95d3be]::run_test::{closure#1}, ()>::{closure#1} as core[df12db4294e9bfd3]::ops::function::FnOnce<()>>::call_once::{shim:vtable#0}
[INFO] [stdout]   19:     0x59c4c00eea59 - <std[70759c8f55707aa4]::sys::thread::unix::Thread>::new::thread_start
[INFO] [stdout]   20:     0x7e5a2aa25dfa - <unknown>
[INFO] [stdout]   21:     0x7e5a2aab93d4 - clone
[INFO] [stdout]   22:                0x0 - <unknown>
[INFO] [stdout] 
[INFO] [stdout] ---- tests::test_get stdout ----
[INFO] [stdout] 
[INFO] [stdout] thread 'tests::test_get' (1680) panicked at src/tests.rs:28:45:
[INFO] [stdout] Initial call failed: reqwest::Error { kind: Request, url: Url { scheme: "https", cannot_be_a_base: false, username: "", password: None, host: Some(Domain("www.webdavserver.com")), port: None, path: "/User2f1cd31", query: None, fragment: None }, source: hyper::Error(Connect, ConnectError("dns error", Custom { kind: Uncategorized, error: "failed to lookup address information: Temporary failure in name resolution" })) }
[INFO] [stdout] stack backtrace:
[INFO] [stdout]    0:     0x59c4c00efdb1 - <<std[70759c8f55707aa4]::sys::backtrace::BacktraceLock>::print::DisplayBacktrace as core[df12db4294e9bfd3]::fmt::Display>::fmt
[INFO] [stdout]    1:     0x59c4c0106eea - core[df12db4294e9bfd3]::fmt::write
[INFO] [stdout]    2:     0x59c4c00f506c - <alloc[2182bb758b4b3781]::vec::Vec<u8> as core[df12db4294e9bfd3]::io::write::Write>::write_fmt
[INFO] [stdout]    3:     0x59c4c00c8566 - std[70759c8f55707aa4]::panicking::default_hook::{closure#0}
[INFO] [stdout]    4:     0x59c4c00e67f9 - std[70759c8f55707aa4]::panicking::default_hook
[INFO] [stdout]    5:     0x59c4bfe45a60 - test[9d35eded1c95d3be]::test_main_inner::<test[9d35eded1c95d3be]::test_main_static::{closure#0}>::{closure#0}
[INFO] [stdout]    6:     0x59c4c00e6b22 - std[70759c8f55707aa4]::panicking::panic_with_hook
[INFO] [stdout]    7:     0x59c4c00c8612 - std[70759c8f55707aa4]::panicking::panic_handler::{closure#0}
[INFO] [stdout]    8:     0x59c4c00c09d9 - std[70759c8f55707aa4]::sys::backtrace::__rust_end_short_backtrace::<std[70759c8f55707aa4]::panicking::panic_handler::{closure#0}, !>
[INFO] [stdout]    9:     0x59c4c00c950d - __rustc[8fa7c3cbc660c2b3]::rust_begin_unwind
[INFO] [stdout]   10:     0x59c4c01076cc - core[df12db4294e9bfd3]::panicking::panic_fmt
[INFO] [stdout]   11:     0x59c4c01074a2 - core[df12db4294e9bfd3]::result::unwrap_failed
[INFO] [stdout]   12:     0x59c4bfe3414d - corroded_dav_cli[7128c2176ca31792]::tests::init_dav
[INFO] [stdout]   13:     0x59c4bfe37c76 - corroded_dav_cli[7128c2176ca31792]::tests::test_get
[INFO] [stdout]   14:     0x59c4bfe30f09 - <corroded_dav_cli[7128c2176ca31792]::tests::test_get::{closure#0} as core[df12db4294e9bfd3]::ops::function::FnOnce<()>>::call_once
[INFO] [stdout]   15:     0x59c4bfe38d4b - test[9d35eded1c95d3be]::__rust_begin_short_backtrace::<core[df12db4294e9bfd3]::result::Result<(), alloc[2182bb758b4b3781]::string::String>, fn() -> core[df12db4294e9bfd3]::result::Result<(), alloc[2182bb758b4b3781]::string::String>>
[INFO] [stdout]   16:     0x59c4bfe463b5 - test[9d35eded1c95d3be]::run_test::{closure#0}
[INFO] [stdout]   17:     0x59c4bfe3fc74 - std[70759c8f55707aa4]::sys::backtrace::__rust_begin_short_backtrace::<test[9d35eded1c95d3be]::run_test::{closure#1}, ()>
[INFO] [stdout]   18:     0x59c4bfe49512 - <std[70759c8f55707aa4]::thread::lifecycle::spawn_unchecked<test[9d35eded1c95d3be]::run_test::{closure#1}, ()>::{closure#1} as core[df12db4294e9bfd3]::ops::function::FnOnce<()>>::call_once::{shim:vtable#0}
[INFO] [stdout]   19:     0x59c4c00eea59 - <std[70759c8f55707aa4]::sys::thread::unix::Thread>::new::thread_start
[INFO] [stdout]   20:     0x7e5a2aa25dfa - <unknown>
[INFO] [stdout]   21:     0x7e5a2aab93d4 - clone
[INFO] [stdout]   22:                0x0 - <unknown>
[INFO] [stdout] 
[INFO] [stdout] ---- tests::test_file_lifecycle stdout ----
[INFO] [stdout] 
[INFO] [stdout] thread 'tests::test_file_lifecycle' (1678) panicked at src/tests.rs:28:45:
[INFO] [stdout] Initial call failed: reqwest::Error { kind: Request, url: Url { scheme: "https", cannot_be_a_base: false, username: "", password: None, host: Some(Domain("www.webdavserver.com")), port: None, path: "/User2f1cd31", query: None, fragment: None }, source: hyper::Error(Connect, ConnectError("dns error", Custom { kind: Uncategorized, error: "failed to lookup address information: Temporary failure in name resolution" })) }
[INFO] [stdout] stack backtrace:
[INFO] [stdout]    0:     0x59c4c00efdb1 - <<std[70759c8f55707aa4]::sys::backtrace::BacktraceLock>::print::DisplayBacktrace as core[df12db4294e9bfd3]::fmt::Display>::fmt
[INFO] [stdout]    1:     0x59c4c0106eea - core[df12db4294e9bfd3]::fmt::write
[INFO] [stdout]    2:     0x59c4c00f506c - <alloc[2182bb758b4b3781]::vec::Vec<u8> as core[df12db4294e9bfd3]::io::write::Write>::write_fmt
[INFO] [stdout]    3:     0x59c4c00c8566 - std[70759c8f55707aa4]::panicking::default_hook::{closure#0}
[INFO] [stdout]    4:     0x59c4c00e67f9 - std[70759c8f55707aa4]::panicking::default_hook
[INFO] [stdout]    5:     0x59c4bfe45a60 - test[9d35eded1c95d3be]::test_main_inner::<test[9d35eded1c95d3be]::test_main_static::{closure#0}>::{closure#0}
[INFO] [stdout]    6:     0x59c4c00e6b22 - std[70759c8f55707aa4]::panicking::panic_with_hook
[INFO] [stdout]    7:     0x59c4c00c8612 - std[70759c8f55707aa4]::panicking::panic_handler::{closure#0}
[INFO] [stdout]    8:     0x59c4c00c09d9 - std[70759c8f55707aa4]::sys::backtrace::__rust_end_short_backtrace::<std[70759c8f55707aa4]::panicking::panic_handler::{closure#0}, !>
[INFO] [stdout]    9:     0x59c4c00c950d - __rustc[8fa7c3cbc660c2b3]::rust_begin_unwind
[INFO] [stdout]   10:     0x59c4c01076cc - core[df12db4294e9bfd3]::panicking::panic_fmt
[INFO] [stdout]   11:     0x59c4c01074a2 - core[df12db4294e9bfd3]::result::unwrap_failed
[INFO] [stdout]   12:     0x59c4bfe3414d - corroded_dav_cli[7128c2176ca31792]::tests::init_dav
[INFO] [stdout]   13:     0x59c4bfe35366 - corroded_dav_cli[7128c2176ca31792]::tests::test_file_lifecycle
[INFO] [stdout]   14:     0x59c4bfe30ea9 - <corroded_dav_cli[7128c2176ca31792]::tests::test_file_lifecycle::{closure#0} as core[df12db4294e9bfd3]::ops::function::FnOnce<()>>::call_once
[INFO] [stdout]   15:     0x59c4bfe38d4b - test[9d35eded1c95d3be]::__rust_begin_short_backtrace::<core[df12db4294e9bfd3]::result::Result<(), alloc[2182bb758b4b3781]::string::String>, fn() -> core[df12db4294e9bfd3]::result::Result<(), alloc[2182bb758b4b3781]::string::String>>
[INFO] [stdout]   16:     0x59c4bfe463b5 - test[9d35eded1c95d3be]::run_test::{closure#0}
[INFO] [stdout]   17:     0x59c4bfe3fc74 - std[70759c8f55707aa4]::sys::backtrace::__rust_begin_short_backtrace::<test[9d35eded1c95d3be]::run_test::{closure#1}, ()>
[INFO] [stdout]   18:     0x59c4bfe49512 - <std[70759c8f55707aa4]::thread::lifecycle::spawn_unchecked<test[9d35eded1c95d3be]::run_test::{closure#1}, ()>::{closure#1} as core[df12db4294e9bfd3]::ops::function::FnOnce<()>>::call_once::{shim:vtable#0}
[INFO] [stdout]   19:     0x59c4c00eea59 - <std[70759c8f55707aa4]::sys::thread::unix::Thread>::new::thread_start
[INFO] [stdout]   20:     0x7e5a2aa25dfa - <unknown>
[INFO] [stdout]   21:     0x7e5a2aab93d4 - clone
[INFO] [stdout]   22:                0x0 - <unknown>
[INFO] [stdout] 
[INFO] [stdout] 
[INFO] [stdout] failures:
[INFO] [stdout]     tests::test_collection_lifecycle
[INFO] [stdout]     tests::test_file_lifecycle
[INFO] [stdout]     tests::test_file_move_cycle
[INFO] [stdout]     tests::test_get
[INFO] [stdout]     tests::test_get_slice
[INFO] [stdout]     tests::test_ls_file
[INFO] [stdout]     tests::test_ls_root
[INFO] [stdout] 
[INFO] [stdout] test result: FAILED. 0 passed; 7 failed; 0 ignored; 0 measured; 0 filtered out; finished in 0.16s
[INFO] [stdout] 
[INFO] running `Command { std: "docker" "inspect" "bef47acc766eb47ad48fe998c34ddc15b677fd5e4079815ffb498a206d204699", kill_on_drop: false }`
[INFO] running `Command { std: "docker" "rm" "-f" "bef47acc766eb47ad48fe998c34ddc15b677fd5e4079815ffb498a206d204699", kill_on_drop: false }`
[INFO] [stdout] bef47acc766eb47ad48fe998c34ddc15b677fd5e4079815ffb498a206d204699
