[INFO] fetching crate as2mca-api 0.3.0...
[INFO] testing as2mca-api-0.3.0 against 1.99.0-beta.8+cargoflags=--release for beta-release-1.100-2
[INFO] extracting crate as2mca-api 0.3.0 into /workspace/builds/worker-5-tc1/source
[INFO] started tweaking crates.io crate as2mca-api 0.3.0
[INFO] removed 0 missing examples
[INFO] removed 0 missing tests
[INFO] finished tweaking crates.io crate as2mca-api 0.3.0
[INFO] tweaked toml for crates.io crate as2mca-api 0.3.0 written to /workspace/builds/worker-5-tc1/source/Cargo.toml
[INFO] validating manifest of crates.io crate as2mca-api 0.3.0 on toolchain 1.99.0-beta.8
[INFO] running `Command { std: CARGO_HOME="/workspace/cargo-home" RUSTUP_HOME="/workspace/rustup-home" "/workspace/cargo-home/bin/cargo" "+1.99.0-beta.8" "metadata" "--manifest-path" "Cargo.toml" "--no-deps", kill_on_drop: false }`
[INFO] crate crates.io crate as2mca-api 0.3.0 already has a lockfile, it will not be regenerated
[INFO] running `Command { std: CARGO_HOME="/workspace/cargo-home" RUSTUP_HOME="/workspace/rustup-home" "/workspace/cargo-home/bin/cargo" "+1.99.0-beta.8" "fetch" "--manifest-path" "Cargo.toml", kill_on_drop: false }`
[INFO] [stderr]     Updating crates.io index
[INFO] [stderr]  Downloading crates ...
[INFO] [stderr]   Downloaded wasite v1.0.2
[INFO] [stderr]   Downloaded rstest_macros v0.26.1
[INFO] [stderr]   Downloaded whoami v2.1.2
[INFO] [stderr]   Downloaded futures-timer v3.0.4
[INFO] [stderr]   Downloaded rstest v0.26.1
[INFO] [stderr]   Downloaded local-ip-address v0.6.13
[INFO] [stderr]   Downloaded neli v0.7.4
[INFO] [stderr]   Downloaded neli-proc-macros v0.2.2
[INFO] [stderr]   Downloaded getset v0.1.7
[INFO] running `Command { std: "docker" "create" "-v" "/var/lib/crater-agent-workspace/builds/worker-5-tc1/source:/opt/rustwide/workdir:ro,Z" "-v" "/var/lib/crater-agent-workspace/builds/worker-5-tc1/target:/opt/rustwide/target:rw,Z" "-v" "/var/lib/crater-agent-workspace/cargo-home:/opt/rustwide/cargo-home:ro,Z" "-v" "/var/lib/crater-agent-workspace/rustup-home:/opt/rustwide/rustup-home:ro,Z" "-m" "1610612736" "--network" "none" "ghcr.io/rust-lang/crates-build-env/linux@sha256:77db811e55d90add9212f6832c23229e3de5f1c1f9905e8cb07319ea15df73ac" "sleep" "infinity", kill_on_drop: false }`
[INFO] [stdout] 131d2f3a4739b04885db3ed06d0be07f3990d2006e478db7847775b698bad83f
[INFO] running `Command { std: "docker" "start" "131d2f3a4739b04885db3ed06d0be07f3990d2006e478db7847775b698bad83f", kill_on_drop: false }`
[INFO] running `Command { std: "docker" "inspect" "131d2f3a4739b04885db3ed06d0be07f3990d2006e478db7847775b698bad83f", kill_on_drop: false }`
[INFO] running `Command { std: "docker" "exec" "-e" "SOURCE_DIR=/opt/rustwide/workdir" "-e" "CARGO_HOME=/opt/rustwide/cargo-home" "-e" "RUSTUP_HOME=/opt/rustwide/rustup-home" "-e" "CARGO_TARGET_DIR=/opt/rustwide/target" "-w" "/opt/rustwide/workdir" "--user" "0:0" "131d2f3a4739b04885db3ed06d0be07f3990d2006e478db7847775b698bad83f" "/opt/rustwide/cargo-home/bin/cargo" "+1.99.0-beta.8" "metadata" "--no-deps" "--format-version=1", kill_on_drop: false }`
[INFO] running `Command { std: "docker" "inspect" "131d2f3a4739b04885db3ed06d0be07f3990d2006e478db7847775b698bad83f", kill_on_drop: false }`
[INFO] running `Command { std: "docker" "exec" "-e" "SOURCE_DIR=/opt/rustwide/workdir" "-e" "CARGO_HOME=/opt/rustwide/cargo-home" "-e" "RUSTUP_HOME=/opt/rustwide/rustup-home" "-e" "CARGO_TARGET_DIR=/opt/rustwide/target" "-e" "CARGO_INCREMENTAL=0" "-e" "RUST_BACKTRACE=full" "-e" "RUSTFLAGS=--cap-lints=warn" "-e" "RUSTDOCFLAGS=--cap-lints=warn" "-w" "/opt/rustwide/workdir" "--user" "0:0" "131d2f3a4739b04885db3ed06d0be07f3990d2006e478db7847775b698bad83f" "/opt/rustwide/cargo-home/bin/cargo" "+1.99.0-beta.8" "build" "--frozen" "--message-format=json" "--release", kill_on_drop: false }`
[INFO] [stderr]    Compiling syn v2.0.119
[INFO] [stderr]    Compiling fs_extra v1.3.0
[INFO] [stderr]    Compiling futures-core v0.3.33
[INFO] [stderr]    Compiling dunce v1.0.5
[INFO] [stderr]    Compiling smallvec v1.15.2
[INFO] [stderr]    Compiling libc v0.2.189
[INFO] [stderr]    Compiling displaydoc v0.2.7
[INFO] [stderr]    Compiling aws-lc-rs v1.18.0
[INFO] [stderr]    Compiling zeroize v1.9.0
[INFO] [stderr]    Compiling http v1.5.0
[INFO] [stderr]    Compiling tracing-core v0.1.36
[INFO] [stderr]    Compiling mio v1.2.2
[INFO] [stderr]    Compiling futures-task v0.3.33
[INFO] [stderr]    Compiling rustls v0.23.43
[INFO] [stderr]    Compiling futures-sink v0.3.33
[INFO] [stderr]    Compiling num-conv v0.2.2
[INFO] [stderr]    Compiling time-core v0.1.9
[INFO] [stderr]    Compiling cookie v0.18.2
[INFO] [stderr]    Compiling futures-channel v0.3.33
[INFO] [stderr]    Compiling form_urlencoded v1.2.2
[INFO] [stderr]    Compiling futures-util v0.3.33
[INFO] [stderr]    Compiling serde_derive v1.0.229
[INFO] [stderr]    Compiling memchr v2.8.3
[INFO] [stderr]    Compiling rustls-pki-types v1.15.1
[INFO] [stderr]    Compiling deranged v0.5.8
[INFO] [stderr]    Compiling time-macros v0.2.32
[INFO] [stderr]    Compiling sync_wrapper v1.0.2
[INFO] [stderr]    Compiling openssl-probe v0.2.1
[INFO] [stderr]    Compiling ipnet v2.12.1
[INFO] [stderr]    Compiling psl-types v2.0.11
[INFO] [stderr]    Compiling bitflags v2.13.1
[INFO] [stderr]    Compiling thiserror-impl v2.0.20
[INFO] [stderr]    Compiling tokio v1.53.1
[INFO] [stderr]    Compiling rustls-native-certs v0.8.4
[INFO] [stderr]    Compiling http-body v1.1.0
[INFO] [stderr]    Compiling serde_json v1.0.151
[INFO] [stderr]    Compiling http-body-util v0.1.4
[INFO] [stderr]    Compiling jobserver v0.1.35
[INFO] [stderr]    Compiling cc v1.4.2
[INFO] [stderr]    Compiling thiserror v2.0.20
[INFO] [stderr]    Compiling time v0.3.55
[INFO] [stderr]    Compiling serde v1.0.229
[INFO] [stderr]    Compiling cmake v0.1.58
[INFO] [stderr]    Compiling aws-lc-sys v0.44.0
[INFO] [stderr]    Compiling quick-xml v0.41.0
[INFO] [stderr]    Compiling synstructure v0.13.2
[INFO] [stderr]    Compiling tokio-util v0.7.19
[INFO] [stderr]    Compiling tower v0.5.3
[INFO] [stderr]    Compiling zerofrom-derive v0.1.7
[INFO] [stderr]    Compiling yoke-derive v0.8.2
[INFO] [stderr]    Compiling zerovec-derive v0.11.3
[INFO] [stderr]    Compiling tracing-attributes v0.1.31
[INFO] [stderr]    Compiling zerofrom v0.1.8
[INFO] [stderr]    Compiling yoke v0.8.3
[INFO] [stderr]    Compiling tracing v0.1.44
[INFO] [stderr]    Compiling zerovec v0.11.6
[INFO] [stderr]    Compiling zerotrie v0.2.4
[INFO] [stderr]    Compiling h2 v0.4.15
[INFO] [stderr]    Compiling tinystr v0.8.3
[INFO] [stderr]    Compiling potential_utf v0.1.5
[INFO] [stderr]    Compiling icu_collections v2.2.0
[INFO] [stderr]    Compiling icu_locale_core v2.2.0
[INFO] [stderr]    Compiling icu_provider v2.2.0
[INFO] [stderr]    Compiling icu_normalizer v2.2.0
[INFO] [stderr]    Compiling icu_properties v2.2.0
[INFO] [stderr]    Compiling idna_adapter v1.2.2
[INFO] [stderr]    Compiling idna v1.1.0
[INFO] [stderr]    Compiling hyper v1.11.0
[INFO] [stderr]    Compiling url v2.5.8
[INFO] [stderr]    Compiling publicsuffix v2.3.0
[INFO] [stderr]    Compiling cookie_store v0.22.1
[INFO] [stderr]    Compiling tower-http v0.6.11
[INFO] [stderr]    Compiling hyper-util v0.1.20
[INFO] [stderr]    Compiling rustls-webpki v0.103.13
[INFO] [stderr]    Compiling tokio-rustls v0.26.4
[INFO] [stderr]    Compiling rustls-platform-verifier v0.7.0
[INFO] [stderr]    Compiling hyper-rustls v0.27.9
[INFO] [stderr]    Compiling reqwest v0.13.4
[INFO] [stderr]    Compiling as2mca-api v0.3.0 (/opt/rustwide/workdir)
[INFO] [stderr]     Finished `release` profile [optimized] target(s) in 2m 06s
[INFO] running `Command { std: "docker" "inspect" "131d2f3a4739b04885db3ed06d0be07f3990d2006e478db7847775b698bad83f", kill_on_drop: false }`
[INFO] running `Command { std: "docker" "exec" "-e" "SOURCE_DIR=/opt/rustwide/workdir" "-e" "CARGO_HOME=/opt/rustwide/cargo-home" "-e" "RUSTUP_HOME=/opt/rustwide/rustup-home" "-e" "CARGO_TARGET_DIR=/opt/rustwide/target" "-e" "CARGO_INCREMENTAL=0" "-e" "RUST_BACKTRACE=full" "-e" "RUSTFLAGS=--cap-lints=warn" "-e" "RUSTDOCFLAGS=--cap-lints=warn" "-w" "/opt/rustwide/workdir" "--user" "0:0" "131d2f3a4739b04885db3ed06d0be07f3990d2006e478db7847775b698bad83f" "/opt/rustwide/cargo-home/bin/cargo" "+1.99.0-beta.8" "test" "--frozen" "--no-run" "--message-format=json" "--release", kill_on_drop: false }`
[INFO] [stderr]    Compiling syn v3.0.3
[INFO] [stderr]    Compiling parking_lot_core v0.9.12
[INFO] [stderr]    Compiling errno v0.3.14
[INFO] [stderr]    Compiling mio v1.2.2
[INFO] [stderr]    Compiling socket2 v0.6.5
[INFO] [stderr]    Compiling futures-macro v0.3.33
[INFO] [stderr]    Compiling log v0.4.33
[INFO] [stderr]    Compiling futures-task v0.3.33
[INFO] [stderr]    Compiling tracing v0.1.44
[INFO] [stderr]    Compiling darling_core v0.20.11
[INFO] [stderr]    Compiling memchr v2.8.3
[INFO] [stderr]    Compiling memoffset v0.9.1
[INFO] [stderr]    Compiling aho-corasick v1.1.5
[INFO] [stderr]    Compiling regex-syntax v0.8.11
[INFO] [stderr]    Compiling toml_edit v0.25.13+spec-1.1.0
[INFO] [stderr]    Compiling parking_lot v0.12.5
[INFO] [stderr]    Compiling signal-hook-registry v1.4.8
[INFO] [stderr]    Compiling nix v0.29.0
[INFO] [stderr]    Compiling rstest_macros v0.26.1
[INFO] [stderr]    Compiling either v1.17.0
[INFO] [stderr]    Compiling rustls-platform-verifier v0.7.0
[INFO] [stderr]    Compiling getset v0.1.7
[INFO] [stderr]    Compiling relative-path v1.9.3
[INFO] [stderr]    Compiling glob v0.3.4
[INFO] [stderr]    Compiling tracing-log v0.2.0
[INFO] [stderr]    Compiling futures-util v0.3.33
[INFO] [stderr]    Compiling futures-timer v3.0.4
[INFO] [stderr]    Compiling whoami v2.1.2
[INFO] [stderr]    Compiling proc-macro-crate v3.5.0
[INFO] [stderr]    Compiling mac_address v1.1.8
[INFO] [stderr]    Compiling darling_macro v0.20.11
[INFO] [stderr]    Compiling regex-automata v0.4.18
[INFO] [stderr]    Compiling darling v0.20.11
[INFO] [stderr]    Compiling derive_builder_core v0.20.2
[INFO] [stderr]    Compiling derive_builder_macro v0.20.2
[INFO] [stderr]    Compiling derive_builder v0.20.2
[INFO] [stderr]    Compiling displaydoc v0.2.7
[INFO] [stderr]    Compiling serde_derive v1.0.229
[INFO] [stderr]    Compiling tokio-macros v2.7.2
[INFO] [stderr]    Compiling thiserror-impl v2.0.20
[INFO] [stderr]    Compiling tokio v1.53.1
[INFO] [stderr]    Compiling tinystr v0.8.3
[INFO] [stderr]    Compiling zerotrie v0.2.4
[INFO] [stderr]    Compiling icu_collections v2.2.0
[INFO] [stderr]    Compiling icu_locale_core v2.2.0
[INFO] [stderr]    Compiling thiserror v2.0.20
[INFO] [stderr]    Compiling regex v1.13.1
[INFO] [stderr]    Compiling icu_provider v2.2.0
[INFO] [stderr]    Compiling serde v1.0.229
[INFO] [stderr]    Compiling icu_properties v2.2.0
[INFO] [stderr]    Compiling icu_normalizer v2.2.0
[INFO] [stderr]    Compiling neli-proc-macros v0.2.2
[INFO] [stderr]    Compiling quick-xml v0.41.0
[INFO] [stderr]    Compiling tracing-serde v0.2.0
[INFO] [stderr]    Compiling neli v0.7.4
[INFO] [stderr]    Compiling matchers v0.2.0
[INFO] [stderr]    Compiling tracing-subscriber v0.3.23
[INFO] [stderr]    Compiling idna_adapter v1.2.2
[INFO] [stderr]    Compiling idna v1.1.0
[INFO] [stderr]    Compiling url v2.5.8
[INFO] [stderr]    Compiling publicsuffix v2.3.0
[INFO] [stderr]    Compiling cookie_store v0.22.1
[INFO] [stderr]    Compiling rstest v0.26.1
[INFO] [stderr]    Compiling local-ip-address v0.6.13
[INFO] [stderr]    Compiling tokio-util v0.7.19
[INFO] [stderr]    Compiling tokio-rustls v0.26.4
[INFO] [stderr]    Compiling tower v0.5.3
[INFO] [stderr]    Compiling h2 v0.4.15
[INFO] [stderr]    Compiling tower-http v0.6.11
[INFO] [stderr]    Compiling hyper v1.11.0
[INFO] [stderr]    Compiling hyper-util v0.1.20
[INFO] [stderr]    Compiling hyper-rustls v0.27.9
[INFO] [stderr]    Compiling reqwest v0.13.4
[INFO] [stderr]    Compiling as2mca-api v0.3.0 (/opt/rustwide/workdir)
[INFO] [stderr]     Finished `release` profile [optimized] target(s) in 3m 29s
[INFO] running `Command { std: "docker" "inspect" "131d2f3a4739b04885db3ed06d0be07f3990d2006e478db7847775b698bad83f", kill_on_drop: false }`
[INFO] running `Command { std: "docker" "exec" "-e" "SOURCE_DIR=/opt/rustwide/workdir" "-e" "CARGO_HOME=/opt/rustwide/cargo-home" "-e" "RUSTUP_HOME=/opt/rustwide/rustup-home" "-e" "CARGO_TARGET_DIR=/opt/rustwide/target" "-e" "CARGO_INCREMENTAL=0" "-e" "RUST_BACKTRACE=full" "-e" "RUSTFLAGS=--cap-lints=warn" "-e" "RUSTDOCFLAGS=--cap-lints=warn" "-w" "/opt/rustwide/workdir" "--user" "0:0" "131d2f3a4739b04885db3ed06d0be07f3990d2006e478db7847775b698bad83f" "/opt/rustwide/cargo-home/bin/cargo" "+1.99.0-beta.8" "test" "--frozen" "--release", kill_on_drop: false }`
[INFO] [stderr]     Finished `release` profile [optimized] target(s) in 0.34s
[INFO] [stderr]      Running unittests src/lib.rs (/opt/rustwide/target/release/deps/as2mca_api-9687281e8df319d4)
[INFO] [stdout] 
[INFO] [stdout] running 0 tests
[INFO] [stdout] 
[INFO] [stdout] test result: ok. 0 passed; 0 failed; 0 ignored; 0 measured; 0 filtered out; finished in 0.00s
[INFO] [stdout] 
[INFO] [stderr]      Running tests/class_tests.rs (/opt/rustwide/target/release/deps/class_tests-94c2706b0f8f51f1)
[INFO] [stdout] 
[INFO] [stdout] running 11 tests
[INFO] [stdout]   [2m2026-10-18T05:37:16.534510Z[0m [31mERROR[0m [1;31mas2mca_api::client[0m[31m: [1;31merror[0m[31m: HTTP request failed: error sending request for url (http://localhost:3000/platform2mca/authbasic)[0m
[INFO] [stdout]     [2;3mat[0m src/client.rs:161
[INFO] [stdout] 
[INFO] [stdout]   [2m2026-10-18T05:37:16.534510Z[0m [31mERROR[0m [1;31mas2mca_api::client[0m[31m: [1;31merror[0m[31m: HTTP request failed: error sending request for url (http://localhost:3000/platform2mca/authbasic)[0m
[INFO] [stdout]     [2;3mat[0m src/client.rs:161
[INFO] [stdout] 
[INFO] [stdout]   [2m2026-10-18T05:37:16.534942Z[0m [31mERROR[0m [1;31mas2mca_api::client[0m[31m: [1;31merror[0m[31m: HTTP request failed: error sending request for url (http://localhost:3000/platform2mca/authbasic)[0m
[INFO] [stdout]     [2;3mat[0m src/client.rs:161
[INFO] [stdout] 
[INFO] [stdout]   [2m2026-10-18T05:37:16.535336Z[0m [31mERROR[0m [1;31mas2mca_api::client[0m[31m: [1;31merror[0m[31m: HTTP request failed: error sending request for url (http://localhost:3000/platform2mca/authbasic)[0m
[INFO] [stdout]     [2;3mat[0m src/client.rs:161
[INFO] [stdout] 
[INFO] [stdout]   [2m2026-10-18T05:37:16.535573Z[0m [31mERROR[0m [1;31mas2mca_api::client[0m[31m: [1;31merror[0m[31m: HTTP request failed: error sending request for url (http://localhost:3000/platform2mca/authbasic)[0m
[INFO] [stdout]     [2;3mat[0m src/client.rs:161
[INFO] [stdout] 
[INFO] [stdout]   [2m2026-10-18T05:37:16.535740Z[0m [31mERROR[0m [1;31mas2mca_api::client[0m[31m: [1;31merror[0m[31m: HTTP request failed: error sending request for url (http://localhost:3000/platform2mca/authbasic)[0m
[INFO] [stdout]     [2;3mat[0m src/client.rs:161
[INFO] [stdout] 
[INFO] [stdout]   [2m2026-10-18T05:37:16.535959Z[0m [31mERROR[0m [1;31mas2mca_api::client[0m[31m: [1;31merror[0m[31m: HTTP request failed: error sending request for url (http://localhost:3000/platform2mca/authbasic)[0m
[INFO] [stdout]     [2;3mat[0m src/client.rs:161
[INFO] [stdout] 
[INFO] [stdout]   [2m2026-10-18T05:37:16.536060Z[0m [31mERROR[0m [1;31mas2mca_api::client[0m[31m: [1;31merror[0m[31m: HTTP request failed: error sending request for url (http://localhost:3000/platform2mca/authbasic)[0m
[INFO] [stdout]     [2;3mat[0m src/client.rs:161
[INFO] [stdout] 
[INFO] [stdout]   [2m2026-10-18T05:37:16.536133Z[0m [31mERROR[0m [1;31mas2mca_api::client[0m[31m: [1;31merror[0m[31m: HTTP request failed: error sending request for url (http://localhost:3000/platform2mca/authbasic)[0m
[INFO] [stdout]     [2;3mat[0m src/client.rs:161
[INFO] [stdout] 
[INFO] [stdout]   [2m2026-10-18T05:37:16.536308Z[0m [31mERROR[0m [1;31mas2mca_api::client[0m[31m: [1;31merror[0m[31m: HTTP request failed: error sending request for url (http://localhost:3000/platform2mca/authbasic)[0m
[INFO] [stdout]     [2;3mat[0m src/client.rs:161
[INFO] [stdout] 
[INFO] [stdout]   [2m2026-10-18T05:37:16.537476Z[0m [31mERROR[0m [1;31mas2mca_api::client[0m[31m: [1;31merror[0m[31m: HTTP request failed: error sending request for url (http://localhost:3000/platform2mca/authbasic)[0m
[INFO] [stdout]     [2;3mat[0m src/client.rs:161
[INFO] [stdout] 
[INFO] [stdout] test test_guides_groups_get ... FAILED
[INFO] [stdout] test test_class_states_get::case_1 ... FAILED
[INFO] [stdout] test test_class_children_get::case_1 ... FAILED
[INFO] [stdout] test test_object_backward_references_get::case_1 ... FAILED
[INFO] [stdout] test test_class_get::case_1 ... FAILED
[INFO] [stdout] test test_classes_get::case_1 ... FAILED
[INFO] [stdout] test test_object_class_and_archive_key_get::case_1 ... FAILED
[INFO] [stdout] test test_types_get ... FAILED
[INFO] [stdout] test test_guides_get ... FAILED
[INFO] [stdout] test test_class_transitions_get::case_1 ... FAILED
[INFO] [stdout] test test_class_need_collection_id_check::case_1 ... FAILED
[INFO] [stdout] 
[INFO] [stdout] failures:
[INFO] [stdout] 
[INFO] [stdout] ---- test_guides_groups_get stdout ----
[INFO] [stdout] 
[INFO] [stdout] thread 'test_guides_groups_get' (4841) panicked at tests/common/ctx.rs:71:6:
[INFO] [stdout] Failed to create context: Http(reqwest::Error { kind: Request, url: "http://localhost:3000/platform2mca/authbasic", source: hyper_util::client::legacy::Error(Connect, ConnectError("tcp connect error", 127.0.0.1:3000, Os { code: 111, kind: ConnectionRefused, message: "Connection refused" })) })
[INFO] [stdout] stack backtrace:
[INFO] [stdout]    0:     0x606192c382e1 - <<std[70759c8f55707aa4]::sys::backtrace::BacktraceLock>::print::DisplayBacktrace as core[df12db4294e9bfd3]::fmt::Display>::fmt
[INFO] [stdout]    1:     0x606192c5102a - core[df12db4294e9bfd3]::fmt::write
[INFO] [stdout]    2:     0x606192c3d29c - <alloc[2182bb758b4b3781]::vec::Vec<u8> as core[df12db4294e9bfd3]::io::write::Write>::write_fmt
[INFO] [stdout]    3:     0x606192c12b56 - std[70759c8f55707aa4]::panicking::default_hook::{closure#0}
[INFO] [stdout]    4:     0x606192c2fa79 - std[70759c8f55707aa4]::panicking::default_hook
[INFO] [stdout]    5:     0x6061927b6170 - test[9d35eded1c95d3be]::test_main_inner::<test[9d35eded1c95d3be]::test_main_static::{closure#0}>::{closure#0}
[INFO] [stdout]    6:     0x606192c2fda2 - std[70759c8f55707aa4]::panicking::panic_with_hook
[INFO] [stdout]    7:     0x606192c12c02 - std[70759c8f55707aa4]::panicking::panic_handler::{closure#0}
[INFO] [stdout]    8:     0x606192c0b809 - std[70759c8f55707aa4]::sys::backtrace::__rust_end_short_backtrace::<std[70759c8f55707aa4]::panicking::panic_handler::{closure#0}, !>
[INFO] [stdout]    9:     0x606192c139ed - __rustc[8fa7c3cbc660c2b3]::rust_begin_unwind
[INFO] [stdout]   10:     0x606192c5180c - core[df12db4294e9bfd3]::panicking::panic_fmt
[INFO] [stdout]   11:     0x606192c515e2 - core[df12db4294e9bfd3]::result::unwrap_failed
[INFO] [stdout]   12:     0x6061926dedb7 - <class_tests[e15c4438dccd5d6c]::common::ctx::ctx>::default::{closure#0}
[INFO] [stdout]   13:     0x6061926d967e - class_tests[e15c4438dccd5d6c]::test_guides_groups_get::{closure#0}
[INFO] [stdout]   14:     0x606192629e86 - <tokio[1aff88d5e03ba604]::runtime::runtime::Runtime>::block_on::<core[df12db4294e9bfd3]::pin::Pin<&mut dyn core[df12db4294e9bfd3]::future::future::Future<Output = ()>>>
[INFO] [stdout]   15:     0x6061926e0e12 - <class_tests[e15c4438dccd5d6c]::test_guides_groups_get::{closure#0} as core[df12db4294e9bfd3]::ops::function::FnOnce<()>>::call_once
[INFO] [stdout]   16:     0x6061927a945b - test[9d35eded1c95d3be]::__rust_begin_short_backtrace::<core[df12db4294e9bfd3]::result::Result<(), alloc[2182bb758b4b3781]::string::String>, fn() -> core[df12db4294e9bfd3]::result::Result<(), alloc[2182bb758b4b3781]::string::String>>
[INFO] [stdout]   17:     0x6061927b6ac5 - test[9d35eded1c95d3be]::run_test::{closure#0}
[INFO] [stdout]   18:     0x6061927b0384 - std[70759c8f55707aa4]::sys::backtrace::__rust_begin_short_backtrace::<test[9d35eded1c95d3be]::run_test::{closure#1}, ()>
[INFO] [stdout]   19:     0x6061927b9c22 - <std[70759c8f55707aa4]::thread::lifecycle::spawn_unchecked<test[9d35eded1c95d3be]::run_test::{closure#1}, ()>::{closure#1} as core[df12db4294e9bfd3]::ops::function::FnOnce<()>>::call_once::{shim:vtable#0}
[INFO] [stdout]   20:     0x606192c37809 - <std[70759c8f55707aa4]::sys::thread::unix::Thread>::new::thread_start
[INFO] [stdout]   21:     0x7ce579a29dfa - <unknown>
[INFO] [stdout]   22:     0x7ce579abd3d4 - clone
[INFO] [stdout]   23:                0x0 - <unknown>
[INFO] [stdout] 
[INFO] [stdout] ---- test_class_states_get::case_1 stdout ----
[INFO] [stdout] 
[INFO] [stdout] thread 'test_class_states_get::case_1' (4837) panicked at tests/common/ctx.rs:71:6:
[INFO] [stdout] Failed to create context: Http(reqwest::Error { kind: Request, url: "http://localhost:3000/platform2mca/authbasic", source: hyper_util::client::legacy::Error(Connect, ConnectError("tcp connect error", 127.0.0.1:3000, Os { code: 111, kind: ConnectionRefused, message: "Connection refused" })) })
[INFO] [stdout] stack backtrace:
[INFO] [stdout]    0:     0x606192c382e1 - <<std[70759c8f55707aa4]::sys::backtrace::BacktraceLock>::print::DisplayBacktrace as core[df12db4294e9bfd3]::fmt::Display>::fmt
[INFO] [stdout]    1:     0x606192c5102a - core[df12db4294e9bfd3]::fmt::write
[INFO] [stdout]    2:     0x606192c3d29c - <alloc[2182bb758b4b3781]::vec::Vec<u8> as core[df12db4294e9bfd3]::io::write::Write>::write_fmt
[INFO] [stdout]    3:     0x606192c12b56 - std[70759c8f55707aa4]::panicking::default_hook::{closure#0}
[INFO] [stdout]    4:     0x606192c2fa79 - std[70759c8f55707aa4]::panicking::default_hook
[INFO] [stdout]    5:     0x6061927b6170 - test[9d35eded1c95d3be]::test_main_inner::<test[9d35eded1c95d3be]::test_main_static::{closure#0}>::{closure#0}
[INFO] [stdout]    6:     0x606192c2fda2 - std[70759c8f55707aa4]::panicking::panic_with_hook
[INFO] [stdout]    7:     0x606192c12c02 - std[70759c8f55707aa4]::panicking::panic_handler::{closure#0}
[INFO] [stdout]    8:     0x606192c0b809 - std[70759c8f55707aa4]::sys::backtrace::__rust_end_short_backtrace::<std[70759c8f55707aa4]::panicking::panic_handler::{closure#0}, !>
[INFO] [stdout]    9:     0x606192c139ed - __rustc[8fa7c3cbc660c2b3]::rust_begin_unwind
[INFO] [stdout]   10:     0x606192c5180c - core[df12db4294e9bfd3]::panicking::panic_fmt
[INFO] [stdout]   11:     0x606192c515e2 - core[df12db4294e9bfd3]::result::unwrap_failed
[INFO] [stdout]   12:     0x60619270a07c - class_tests[e15c4438dccd5d6c]::test_class_states_get::<<class_tests[e15c4438dccd5d6c]::common::ctx::ctx>::default::{closure#0}>::{closure#0}
[INFO] [stdout]   13:     0x60619270bcad - class_tests[e15c4438dccd5d6c]::test_class_states_get::case_1::{closure#0}
[INFO] [stdout]   14:     0x606192629e86 - <tokio[1aff88d5e03ba604]::runtime::runtime::Runtime>::block_on::<core[df12db4294e9bfd3]::pin::Pin<&mut dyn core[df12db4294e9bfd3]::future::future::Future<Output = ()>>>
[INFO] [stdout]   15:     0x60619270c3bf - class_tests[e15c4438dccd5d6c]::test_class_states_get::case_1
[INFO] [stdout]   16:     0x6061926e0f29 - <class_tests[e15c4438dccd5d6c]::test_class_states_get::case_1::{closure#0} as core[df12db4294e9bfd3]::ops::function::FnOnce<()>>::call_once
[INFO] [stdout]   17:     0x6061927a945b - test[9d35eded1c95d3be]::__rust_begin_short_backtrace::<core[df12db4294e9bfd3]::result::Result<(), alloc[2182bb758b4b3781]::string::String>, fn() -> core[df12db4294e9bfd3]::result::Result<(), alloc[2182bb758b4b3781]::string::String>>
[INFO] [stdout]   18:     0x6061927b6ac5 - test[9d35eded1c95d3be]::run_test::{closure#0}
[INFO] [stdout]   19:     0x6061927b0384 - std[70759c8f55707aa4]::sys::backtrace::__rust_begin_short_backtrace::<test[9d35eded1c95d3be]::run_test::{closure#1}, ()>
[INFO] [stdout]   20:     0x6061927b9c22 - <std[70759c8f55707aa4]::thread::lifecycle::spawn_unchecked<test[9d35eded1c95d3be]::run_test::{closure#1}, ()>::{closure#1} as core[df12db4294e9bfd3]::ops::function::FnOnce<()>>::call_once::{shim:vtable#0}
[INFO] [stdout]   21:     0x606192c37809 - <std[70759c8f55707aa4]::sys::thread::unix::Thread>::new::thread_start
[INFO] [stdout]   22:     0x7ce579a29dfa - <unknown>
[INFO] [stdout]   23:     0x7ce579abd3d4 - clone
[INFO] [stdout]   24:                0x0 - <unknown>
[INFO] [stdout] 
[INFO] [stdout] ---- test_class_children_get::case_1 stdout ----
[INFO] [stdout] 
[INFO] [stdout] thread 'test_class_children_get::case_1' (4834) panicked at tests/common/ctx.rs:71:6:
[INFO] [stdout] Failed to create context: Http(reqwest::Error { kind: Request, url: "http://localhost:3000/platform2mca/authbasic", source: hyper_util::client::legacy::Error(Connect, ConnectError("tcp connect error", 127.0.0.1:3000, Os { code: 111, kind: ConnectionRefused, message: "Connection refused" })) })
[INFO] [stdout] stack backtrace:
[INFO] [stdout]    0:     0x606192c382e1 - <<std[70759c8f55707aa4]::sys::backtrace::BacktraceLock>::print::DisplayBacktrace as core[df12db4294e9bfd3]::fmt::Display>::fmt
[INFO] [stdout]    1:     0x606192c5102a - core[df12db4294e9bfd3]::fmt::write
[INFO] [stdout]    2:     0x606192c3d29c - <alloc[2182bb758b4b3781]::vec::Vec<u8> as core[df12db4294e9bfd3]::io::write::Write>::write_fmt
[INFO] [stdout]    3:     0x606192c12b56 - std[70759c8f55707aa4]::panicking::default_hook::{closure#0}
[INFO] [stdout]    4:     0x606192c2fa79 - std[70759c8f55707aa4]::panicking::default_hook
[INFO] [stdout]    5:     0x6061927b6170 - test[9d35eded1c95d3be]::test_main_inner::<test[9d35eded1c95d3be]::test_main_static::{closure#0}>::{closure#0}
[INFO] [stdout]    6:     0x606192c2fda2 - std[70759c8f55707aa4]::panicking::panic_with_hook
[INFO] [stdout]    7:     0x606192c12c02 - std[70759c8f55707aa4]::panicking::panic_handler::{closure#0}
[INFO] [stdout]    8:     0x606192c0b809 - std[70759c8f55707aa4]::sys::backtrace::__rust_end_short_backtrace::<std[70759c8f55707aa4]::panicking::panic_handler::{closure#0}, !>
[INFO] [stdout]    9:     0x606192c139ed - __rustc[8fa7c3cbc660c2b3]::rust_begin_unwind
[INFO] [stdout]   10:     0x606192c5180c - core[df12db4294e9bfd3]::panicking::panic_fmt
[INFO] [stdout]   11:     0x606192c515e2 - core[df12db4294e9bfd3]::result::unwrap_failed
[INFO] [stdout]   12:     0x6061926bb645 - class_tests[e15c4438dccd5d6c]::test_class_children_get::<<class_tests[e15c4438dccd5d6c]::common::ctx::ctx>::default::{closure#0}>::{closure#0}
[INFO] [stdout]   13:     0x6061926bd212 - class_tests[e15c4438dccd5d6c]::test_class_children_get::case_1::{closure#0}
[INFO] [stdout]   14:     0x606192629e86 - <tokio[1aff88d5e03ba604]::runtime::runtime::Runtime>::block_on::<core[df12db4294e9bfd3]::pin::Pin<&mut dyn core[df12db4294e9bfd3]::future::future::Future<Output = ()>>>
[INFO] [stdout]   15:     0x6061926bdb2f - class_tests[e15c4438dccd5d6c]::test_class_children_get::case_1
[INFO] [stdout]   16:     0x6061926e0f49 - <class_tests[e15c4438dccd5d6c]::test_class_children_get::case_1::{closure#0} as core[df12db4294e9bfd3]::ops::function::FnOnce<()>>::call_once
[INFO] [stdout]   17:     0x6061927a945b - test[9d35eded1c95d3be]::__rust_begin_short_backtrace::<core[df12db4294e9bfd3]::result::Result<(), alloc[2182bb758b4b3781]::string::String>, fn() -> core[df12db4294e9bfd3]::result::Result<(), alloc[2182bb758b4b3781]::string::String>>
[INFO] [stdout]   18:     0x6061927b6ac5 - test[9d35eded1c95d3be]::run_test::{closure#0}
[INFO] [stdout]   19:     0x6061927b0384 - std[70759c8f55707aa4]::sys::backtrace::__rust_begin_short_backtrace::<test[9d35eded1c95d3be]::run_test::{closure#1}, ()>
[INFO] [stdout]   20:     0x6061927b9c22 - <std[70759c8f55707aa4]::thread::lifecycle::spawn_unchecked<test[9d35eded1c95d3be]::run_test::{closure#1}, ()>::{closure#1} as core[df12db4294e9bfd3]::ops::function::FnOnce<()>>::call_once::{shim:vtable#0}
[INFO] [stdout]   21:     0x606192c37809 - <std[70759c8f55707aa4]::sys::thread::unix::Thread>::new::thread_start
[INFO] [stdout]   22:     0x7ce579a29dfa - <unknown>
[INFO] [stdout]   23:     0x7ce579abd3d4 - clone
[INFO] [stdout]   24:                0x0 - <unknown>
[INFO] [stdout] 
[INFO] [stdout] ---- test_object_backward_references_get::case_1 stdout ----
[INFO] [stdout] 
[INFO] [stdout] thread 'test_object_backward_references_get::case_1' (4842) panicked at tests/common/ctx.rs:71:6:
[INFO] [stdout] Failed to create context: Http(reqwest::Error { kind: Request, url: "http://localhost:3000/platform2mca/authbasic", source: hyper_util::client::legacy::Error(Connect, ConnectError("tcp connect error", 127.0.0.1:3000, Os { code: 111, kind: ConnectionRefused, message: "Connection refused" })) })
[INFO] [stdout] stack backtrace:
[INFO] [stdout]    0:     0x606192c382e1 - <<std[70759c8f55707aa4]::sys::backtrace::BacktraceLock>::print::DisplayBacktrace as core[df12db4294e9bfd3]::fmt::Display>::fmt
[INFO] [stdout]    1:     0x606192c5102a - core[df12db4294e9bfd3]::fmt::write
[INFO] [stdout]    2:     0x606192c3d29c - <alloc[2182bb758b4b3781]::vec::Vec<u8> as core[df12db4294e9bfd3]::io::write::Write>::write_fmt
[INFO] [stdout]    3:     0x606192c12b56 - std[70759c8f55707aa4]::panicking::default_hook::{closure#0}
[INFO] [stdout]    4:     0x606192c2fa79 - std[70759c8f55707aa4]::panicking::default_hook
[INFO] [stdout]    5:     0x6061927b6170 - test[9d35eded1c95d3be]::test_main_inner::<test[9d35eded1c95d3be]::test_main_static::{closure#0}>::{closure#0}
[INFO] [stdout]    6:     0x606192c2fda2 - std[70759c8f55707aa4]::panicking::panic_with_hook
[INFO] [stdout]    7:     0x606192c12c02 - std[70759c8f55707aa4]::panicking::panic_handler::{closure#0}
[INFO] [stdout]    8:     0x606192c0b809 - std[70759c8f55707aa4]::sys::backtrace::__rust_end_short_backtrace::<std[70759c8f55707aa4]::panicking::panic_handler::{closure#0}, !>
[INFO] [stdout]    9:     0x606192c139ed - __rustc[8fa7c3cbc660c2b3]::rust_begin_unwind
[INFO] [stdout]   10:     0x606192c5180c - core[df12db4294e9bfd3]::panicking::panic_fmt
[INFO] [stdout]   11:     0x606192c515e2 - core[df12db4294e9bfd3]::result::unwrap_failed
[INFO] [stdout]   12:     0x6061926ea77f - class_tests[e15c4438dccd5d6c]::test_object_backward_references_get::<<class_tests[e15c4438dccd5d6c]::common::ctx::ctx>::default::{closure#0}>::{closure#0}
[INFO] [stdout]   13:     0x6061926eda20 - class_tests[e15c4438dccd5d6c]::test_object_backward_references_get::case_1::{closure#0}
[INFO] [stdout]   14:     0x606192629e86 - <tokio[1aff88d5e03ba604]::runtime::runtime::Runtime>::block_on::<core[df12db4294e9bfd3]::pin::Pin<&mut dyn core[df12db4294e9bfd3]::future::future::Future<Output = ()>>>
[INFO] [stdout]   15:     0x6061926eed7f - class_tests[e15c4438dccd5d6c]::test_object_backward_references_get::case_1
[INFO] [stdout]   16:     0x6061926e0fa9 - <class_tests[e15c4438dccd5d6c]::test_object_backward_references_get::case_1::{closure#0} as core[df12db4294e9bfd3]::ops::function::FnOnce<()>>::call_once
[INFO] [stdout]   17:     0x6061927a945b - test[9d35eded1c95d3be]::__rust_begin_short_backtrace::<core[df12db4294e9bfd3]::result::Result<(), alloc[2182bb758b4b3781]::string::String>, fn() -> core[df12db4294e9bfd3]::result::Result<(), alloc[2182bb758b4b3781]::string::String>>
[INFO] [stdout]   18:     0x6061927b6ac5 - test[9d35eded1c95d3be]::run_test::{closure#0}
[INFO] [stdout]   19:     0x6061927b0384 - std[70759c8f55707aa4]::sys::backtrace::__rust_begin_short_backtrace::<test[9d35eded1c95d3be]::run_test::{closure#1}, ()>
[INFO] [stdout]   20:     0x6061927b9c22 - <std[70759c8f55707aa4]::thread::lifecycle::spawn_unchecked<test[9d35eded1c95d3be]::run_test::{closure#1}, ()>::{closure#1} as core[df12db4294e9bfd3]::ops::function::FnOnce<()>>::call_once::{shim:vtable#0}
[INFO] [stdout]   21:     0x606192c37809 - <std[70759c8f55707aa4]::sys::thread::unix::Thread>::new::thread_start
[INFO] [stdout]   22:     0x7ce579a29dfa - <unknown>
[INFO] [stdout]   23:     0x7ce579abd3d4 - clone
[INFO] [stdout]   24:                0x0 - <unknown>
[INFO] [stdout] 
[INFO] [stdout] ---- test_class_get::case_1 stdout ----
[INFO] [stdout] 
[INFO] [stdout] thread 'test_class_get::case_1' (4835) panicked at tests/common/ctx.rs:71:6:
[INFO] [stdout] Failed to create context: Http(reqwest::Error { kind: Request, url: "http://localhost:3000/platform2mca/authbasic", source: hyper_util::client::legacy::Error(Connect, ConnectError("tcp connect error", 127.0.0.1:3000, Os { code: 111, kind: ConnectionRefused, message: "Connection refused" })) })
[INFO] [stdout] stack backtrace:
[INFO] [stdout]    0:     0x606192c382e1 - <<std[70759c8f55707aa4]::sys::backtrace::BacktraceLock>::print::DisplayBacktrace as core[df12db4294e9bfd3]::fmt::Display>::fmt
[INFO] [stdout]    1:     0x606192c5102a - core[df12db4294e9bfd3]::fmt::write
[INFO] [stdout]    2:     0x606192c3d29c - <alloc[2182bb758b4b3781]::vec::Vec<u8> as core[df12db4294e9bfd3]::io::write::Write>::write_fmt
[INFO] [stdout]    3:     0x606192c12b56 - std[70759c8f55707aa4]::panicking::default_hook::{closure#0}
[INFO] [stdout]    4:     0x606192c2fa79 - std[70759c8f55707aa4]::panicking::default_hook
[INFO] [stdout]    5:     0x6061927b6170 - test[9d35eded1c95d3be]::test_main_inner::<test[9d35eded1c95d3be]::test_main_static::{closure#0}>::{closure#0}
[INFO] [stdout]    6:     0x606192c2fda2 - std[70759c8f55707aa4]::panicking::panic_with_hook
[INFO] [stdout]    7:     0x606192c12c02 - std[70759c8f55707aa4]::panicking::panic_handler::{closure#0}
[INFO] [stdout]    8:     0x606192c0b809 - std[70759c8f55707aa4]::sys::backtrace::__rust_end_short_backtrace::<std[70759c8f55707aa4]::panicking::panic_handler::{closure#0}, !>
[INFO] [stdout]    9:     0x606192c139ed - __rustc[8fa7c3cbc660c2b3]::rust_begin_unwind
[INFO] [stdout]   10:     0x606192c5180c - core[df12db4294e9bfd3]::panicking::panic_fmt
[INFO] [stdout]   11:     0x606192c515e2 - core[df12db4294e9bfd3]::result::unwrap_failed
[INFO] [stdout]   12:     0x606192692c27 - class_tests[e15c4438dccd5d6c]::test_class_get::<<class_tests[e15c4438dccd5d6c]::common::ctx::ctx>::default::{closure#0}>::{closure#0}
[INFO] [stdout]   13:     0x60619269483f - class_tests[e15c4438dccd5d6c]::test_class_get::case_1::{closure#0}
[INFO] [stdout]   14:     0x606192629e86 - <tokio[1aff88d5e03ba604]::runtime::runtime::Runtime>::block_on::<core[df12db4294e9bfd3]::pin::Pin<&mut dyn core[df12db4294e9bfd3]::future::future::Future<Output = ()>>>
[INFO] [stdout]   15:     0x606192694ccf - class_tests[e15c4438dccd5d6c]::test_class_get::case_1
[INFO] [stdout]   16:     0x6061926e0ee9 - <class_tests[e15c4438dccd5d6c]::test_class_get::case_1::{closure#0} as core[df12db4294e9bfd3]::ops::function::FnOnce<()>>::call_once
[INFO] [stdout]   17:     0x6061927a945b - test[9d35eded1c95d3be]::__rust_begin_short_backtrace::<core[df12db4294e9bfd3]::result::Result<(), alloc[2182bb758b4b3781]::string::String>, fn() -> core[df12db4294e9bfd3]::result::Result<(), alloc[2182bb758b4b3781]::string::String>>
[INFO] [stdout]   18:     0x6061927b6ac5 - test[9d35eded1c95d3be]::run_test::{closure#0}
[INFO] [stdout]   19:     0x6061927b0384 - std[70759c8f55707aa4]::sys::backtrace::__rust_begin_short_backtrace::<test[9d35eded1c95d3be]::run_test::{closure#1}, ()>
[INFO] [stdout]   20:     0x6061927b9c22 - <std[70759c8f55707aa4]::thread::lifecycle::spawn_unchecked<test[9d35eded1c95d3be]::run_test::{closure#1}, ()>::{closure#1} as core[df12db4294e9bfd3]::ops::function::FnOnce<()>>::call_once::{shim:vtable#0}
[INFO] [stdout]   21:     0x606192c37809 - <std[70759c8f55707aa4]::sys::thread::unix::Thread>::new::thread_start
[INFO] [stdout]   22:     0x7ce579a29dfa - <unknown>
[INFO] [stdout]   23:     0x7ce579abd3d4 - clone
[INFO] [stdout]   24:                0x0 - <unknown>
[INFO] [stdout] 
[INFO] [stdout] ---- test_classes_get::case_1 stdout ----
[INFO] [stdout] 
[INFO] [stdout] thread 'test_classes_get::case_1' (4839) panicked at tests/common/ctx.rs:71:6:
[INFO] [stdout] Failed to create context: Http(reqwest::Error { kind: Request, url: "http://localhost:3000/platform2mca/authbasic", source: hyper_util::client::legacy::Error(Connect, ConnectError("tcp connect error", 127.0.0.1:3000, Os { code: 111, kind: ConnectionRefused, message: "Connection refused" })) })
[INFO] [stdout] stack backtrace:
[INFO] [stdout]    0:     0x606192c382e1 - <<std[70759c8f55707aa4]::sys::backtrace::BacktraceLock>::print::DisplayBacktrace as core[df12db4294e9bfd3]::fmt::Display>::fmt
[INFO] [stdout]    1:     0x606192c5102a - core[df12db4294e9bfd3]::fmt::write
[INFO] [stdout]    2:     0x606192c3d29c - <alloc[2182bb758b4b3781]::vec::Vec<u8> as core[df12db4294e9bfd3]::io::write::Write>::write_fmt
[INFO] [stdout]    3:     0x606192c12b56 - std[70759c8f55707aa4]::panicking::default_hook::{closure#0}
[INFO] [stdout]    4:     0x606192c2fa79 - std[70759c8f55707aa4]::panicking::default_hook
[INFO] [stdout]    5:     0x6061927b6170 - test[9d35eded1c95d3be]::test_main_inner::<test[9d35eded1c95d3be]::test_main_static::{closure#0}>::{closure#0}
[INFO] [stdout]    6:     0x606192c2fda2 - std[70759c8f55707aa4]::panicking::panic_with_hook
[INFO] [stdout]    7:     0x606192c12c02 - std[70759c8f55707aa4]::panicking::panic_handler::{closure#0}
[INFO] [stdout]    8:     0x606192c0b809 - std[70759c8f55707aa4]::sys::backtrace::__rust_end_short_backtrace::<std[70759c8f55707aa4]::panicking::panic_handler::{closure#0}, !>
[INFO] [stdout]    9:     0x606192c139ed - __rustc[8fa7c3cbc660c2b3]::rust_begin_unwind
[INFO] [stdout]   10:     0x606192c5180c - core[df12db4294e9bfd3]::panicking::panic_fmt
[INFO] [stdout]   11:     0x606192c515e2 - core[df12db4294e9bfd3]::result::unwrap_failed
[INFO] [stdout]   12:     0x6061926fc89c - class_tests[e15c4438dccd5d6c]::test_classes_get::<<class_tests[e15c4438dccd5d6c]::common::ctx::ctx>::default::{closure#0}>::{closure#0}
[INFO] [stdout]   13:     0x6061926fe4e6 - class_tests[e15c4438dccd5d6c]::test_classes_get::case_1::{closure#0}
[INFO] [stdout]   14:     0x606192629e86 - <tokio[1aff88d5e03ba604]::runtime::runtime::Runtime>::block_on::<core[df12db4294e9bfd3]::pin::Pin<&mut dyn core[df12db4294e9bfd3]::future::future::Future<Output = ()>>>
[INFO] [stdout]   15:     0x6061926fea7f - class_tests[e15c4438dccd5d6c]::test_classes_get::case_1
[INFO] [stdout]   16:     0x6061926e0f09 - <class_tests[e15c4438dccd5d6c]::test_classes_get::case_1::{closure#0} as core[df12db4294e9bfd3]::ops::function::FnOnce<()>>::call_once
[INFO] [stdout]   17:     0x6061927a945b - test[9d35eded1c95d3be]::__rust_begin_short_backtrace::<core[df12db4294e9bfd3]::result::Result<(), alloc[2182bb758b4b3781]::string::String>, fn() -> core[df12db4294e9bfd3]::result::Result<(), alloc[2182bb758b4b3781]::string::String>>
[INFO] [stdout]   18:     0x6061927b6ac5 - test[9d35eded1c95d3be]::run_test::{closure#0}
[INFO] [stdout]   19:     0x6061927b0384 - std[70759c8f55707aa4]::sys::backtrace::__rust_begin_short_backtrace::<test[9d35eded1c95d3be]::run_test::{closure#1}, ()>
[INFO] [stdout]   20:     0x6061927b9c22 - <std[70759c8f55707aa4]::thread::lifecycle::spawn_unchecked<test[9d35eded1c95d3be]::run_test::{closure#1}, ()>::{closure#1} as core[df12db4294e9bfd3]::ops::function::FnOnce<()>>::call_once::{shim:vtable#0}
[INFO] [stdout]   21:     0x606192c37809 - <std[70759c8f55707aa4]::sys::thread::unix::Thread>::new::thread_start
[INFO] [stdout]   22:     0x7ce579a29dfa - <unknown>
[INFO] [stdout]   23:     0x7ce579abd3d4 - clone
[INFO] [stdout]   24:                0x0 - <unknown>
[INFO] [stdout] 
[INFO] [stdout] ---- test_object_class_and_archive_key_get::case_1 stdout ----
[INFO] [stdout] 
[INFO] [stdout] thread 'test_object_class_and_archive_key_get::case_1' (4845) panicked at tests/common/ctx.rs:71:6:
[INFO] [stdout] Failed to create context: Http(reqwest::Error { kind: Request, url: "http://localhost:3000/platform2mca/authbasic", source: hyper_util::client::legacy::Error(Connect, ConnectError("tcp connect error", 127.0.0.1:3000, Os { code: 111, kind: ConnectionRefused, message: "Connection refused" })) })
[INFO] [stdout] stack backtrace:
[INFO] [stdout]    0:     0x606192c382e1 - <<std[70759c8f55707aa4]::sys::backtrace::BacktraceLock>::print::DisplayBacktrace as core[df12db4294e9bfd3]::fmt::Display>::fmt
[INFO] [stdout]    1:     0x606192c5102a - core[df12db4294e9bfd3]::fmt::write
[INFO] [stdout]    2:     0x606192c3d29c - <alloc[2182bb758b4b3781]::vec::Vec<u8> as core[df12db4294e9bfd3]::io::write::Write>::write_fmt
[INFO] [stdout]    3:     0x606192c12b56 - std[70759c8f55707aa4]::panicking::default_hook::{closure#0}
[INFO] [stdout]    4:     0x606192c2fa79 - std[70759c8f55707aa4]::panicking::default_hook
[INFO] [stdout]    5:     0x6061927b6170 - test[9d35eded1c95d3be]::test_main_inner::<test[9d35eded1c95d3be]::test_main_static::{closure#0}>::{closure#0}
[INFO] [stdout]    6:     0x606192c2fda2 - std[70759c8f55707aa4]::panicking::panic_with_hook
[INFO] [stdout]    7:     0x606192c12c02 - std[70759c8f55707aa4]::panicking::panic_handler::{closure#0}
[INFO] [stdout]    8:     0x606192c0b809 - std[70759c8f55707aa4]::sys::backtrace::__rust_end_short_backtrace::<std[70759c8f55707aa4]::panicking::panic_handler::{closure#0}, !>
[INFO] [stdout]    9:     0x606192c139ed - __rustc[8fa7c3cbc660c2b3]::rust_begin_unwind
[INFO] [stdout]   10:     0x606192c5180c - core[df12db4294e9bfd3]::panicking::panic_fmt
[INFO] [stdout]   11:     0x606192c515e2 - core[df12db4294e9bfd3]::result::unwrap_failed
[INFO] [stdout]   12:     0x6061926caa39 - class_tests[e15c4438dccd5d6c]::test_object_class_and_archive_key_get::<<class_tests[e15c4438dccd5d6c]::common::ctx::ctx>::default::{closure#0}>::{closure#0}
[INFO] [stdout]   13:     0x6061926cc873 - class_tests[e15c4438dccd5d6c]::test_object_class_and_archive_key_get::case_1::{closure#0}
[INFO] [stdout]   14:     0x606192629e86 - <tokio[1aff88d5e03ba604]::runtime::runtime::Runtime>::block_on::<core[df12db4294e9bfd3]::pin::Pin<&mut dyn core[df12db4294e9bfd3]::future::future::Future<Output = ()>>>
[INFO] [stdout]   15:     0x6061926cd6ff - class_tests[e15c4438dccd5d6c]::test_object_class_and_archive_key_get::case_1
[INFO] [stdout]   16:     0x6061926e0fc9 - <class_tests[e15c4438dccd5d6c]::test_object_class_and_archive_key_get::case_1::{closure#0} as core[df12db4294e9bfd3]::ops::function::FnOnce<()>>::call_once
[INFO] [stdout]   17:     0x6061927a945b - test[9d35eded1c95d3be]::__rust_begin_short_backtrace::<core[df12db4294e9bfd3]::result::Result<(), alloc[2182bb758b4b3781]::string::String>, fn() -> core[df12db4294e9bfd3]::result::Result<(), alloc[2182bb758b4b3781]::string::String>>
[INFO] [stdout]   18:     0x6061927b6ac5 - test[9d35eded1c95d3be]::run_test::{closure#0}
[INFO] [stdout]   19:     0x6061927b0384 - std[70759c8f55707aa4]::sys::backtrace::__rust_begin_short_backtrace::<test[9d35eded1c95d3be]::run_test::{closure#1}, ()>
[INFO] [stdout]   20:     0x6061927b9c22 - <std[70759c8f55707aa4]::thread::lifecycle::spawn_unchecked<test[9d35eded1c95d3be]::run_test::{closure#1}, ()>::{closure#1} as core[df12db4294e9bfd3]::ops::function::FnOnce<()>>::call_once::{shim:vtable#0}
[INFO] [stdout]   21:     0x606192c37809 - <std[70759c8f55707aa4]::sys::thread::unix::Thread>::new::thread_start
[INFO] [stdout]   22:     0x7ce579a29dfa - <unknown>
[INFO] [stdout]   23:     0x7ce579abd3d4 - clone
[INFO] [stdout]   24:                0x0 - <unknown>
[INFO] [stdout] 
[INFO] [stdout] ---- test_types_get stdout ----
[INFO] [stdout] 
[INFO] [stdout] thread 'test_types_get' (4857) panicked at tests/common/ctx.rs:71:6:
[INFO] [stdout] Failed to create context: Http(reqwest::Error { kind: Request, url: "http://localhost:3000/platform2mca/authbasic", source: hyper_util::client::legacy::Error(Connect, ConnectError("tcp connect error", 127.0.0.1:3000, Os { code: 111, kind: ConnectionRefused, message: "Connection refused" })) })
[INFO] [stdout] stack backtrace:
[INFO] [stdout]    0:     0x606192c382e1 - <<std[70759c8f55707aa4]::sys::backtrace::BacktraceLock>::print::DisplayBacktrace as core[df12db4294e9bfd3]::fmt::Display>::fmt
[INFO] [stdout]    1:     0x606192c5102a - core[df12db4294e9bfd3]::fmt::write
[INFO] [stdout]    2:     0x606192c3d29c - <alloc[2182bb758b4b3781]::vec::Vec<u8> as core[df12db4294e9bfd3]::io::write::Write>::write_fmt
[INFO] [stdout]    3:     0x606192c12b56 - std[70759c8f55707aa4]::panicking::default_hook::{closure#0}
[INFO] [stdout]    4:     0x606192c2fa79 - std[70759c8f55707aa4]::panicking::default_hook
[INFO] [stdout]    5:     0x6061927b6170 - test[9d35eded1c95d3be]::test_main_inner::<test[9d35eded1c95d3be]::test_main_static::{closure#0}>::{closure#0}
[INFO] [stdout]    6:     0x606192c2fda2 - std[70759c8f55707aa4]::panicking::panic_with_hook
[INFO] [stdout]    7:     0x606192c12c02 - std[70759c8f55707aa4]::panicking::panic_handler::{closure#0}
[INFO] [stdout]    8:     0x606192c0b809 - std[70759c8f55707aa4]::sys::backtrace::__rust_end_short_backtrace::<std[70759c8f55707aa4]::panicking::panic_handler::{closure#0}, !>
[INFO] [stdout]    9:     0x606192c139ed - __rustc[8fa7c3cbc660c2b3]::rust_begin_unwind
[INFO] [stdout]   10:     0x606192c5180c - core[df12db4294e9bfd3]::panicking::panic_fmt
[INFO] [stdout]   11:     0x606192c515e2 - core[df12db4294e9bfd3]::result::unwrap_failed
[INFO] [stdout]   12:     0x6061926dedb7 - <class_tests[e15c4438dccd5d6c]::common::ctx::ctx>::default::{closure#0}
[INFO] [stdout]   13:     0x6061926d59e4 - class_tests[e15c4438dccd5d6c]::test_types_get::{closure#0}
[INFO] [stdout]   14:     0x606192629e86 - <tokio[1aff88d5e03ba604]::runtime::runtime::Runtime>::block_on::<core[df12db4294e9bfd3]::pin::Pin<&mut dyn core[df12db4294e9bfd3]::future::future::Future<Output = ()>>>
[INFO] [stdout]   15:     0x6061926e0b12 - <class_tests[e15c4438dccd5d6c]::test_types_get::{closure#0} as core[df12db4294e9bfd3]::ops::function::FnOnce<()>>::call_once
[INFO] [stdout]   16:     0x6061927a945b - test[9d35eded1c95d3be]::__rust_begin_short_backtrace::<core[df12db4294e9bfd3]::result::Result<(), alloc[2182bb758b4b3781]::string::String>, fn() -> core[df12db4294e9bfd3]::result::Result<(), alloc[2182bb758b4b3781]::string::String>>
[INFO] [stdout]   17:     0x6061927b6ac5 - test[9d35eded1c95d3be]::run_test::{closure#0}
[INFO] [stdout]   18:     0x6061927b0384 - std[70759c8f55707aa4]::sys::backtrace::__rust_begin_short_backtrace::<test[9d35eded1c95d3be]::run_test::{closure#1}, ()>
[INFO] [stdout]   19:     0x6061927b9c22 - <std[70759c8f55707aa4]::thread::lifecycle::spawn_unchecked<test[9d35eded1c95d3be]::run_test::{closure#1}, ()>::{closure#1} as core[df12db4294e9bfd3]::ops::function::FnOnce<()>>::call_once::{shim:vtable#0}
[INFO] [stdout]   20:     0x606192c37809 - <std[70759c8f55707aa4]::sys::thread::unix::Thread>::new::thread_start
[INFO] [stdout]   21:     0x7ce579a29dfa - <unknown>
[INFO] [stdout]   22:     0x7ce579abd3d4 - clone
[INFO] [stdout]   23:                0x0 - <unknown>
[INFO] [stdout] 
[INFO] [stdout] ---- test_guides_get stdout ----
[INFO] [stdout] 
[INFO] [stdout] thread 'test_guides_get' (4840) panicked at tests/common/ctx.rs:71:6:
[INFO] [stdout] Failed to create context: Http(reqwest::Error { kind: Request, url: "http://localhost:3000/platform2mca/authbasic", source: hyper_util::client::legacy::Error(Connect, ConnectError("tcp connect error", 127.0.0.1:3000, Os { code: 111, kind: ConnectionRefused, message: "Connection refused" })) })
[INFO] [stdout] stack backtrace:
[INFO] [stdout]    0:     0x606192c382e1 - <<std[70759c8f55707aa4]::sys::backtrace::BacktraceLock>::print::DisplayBacktrace as core[df12db4294e9bfd3]::fmt::Display>::fmt
[INFO] [stdout]    1:     0x606192c5102a - core[df12db4294e9bfd3]::fmt::write
[INFO] [stdout]    2:     0x606192c3d29c - <alloc[2182bb758b4b3781]::vec::Vec<u8> as core[df12db4294e9bfd3]::io::write::Write>::write_fmt
[INFO] [stdout]    3:     0x606192c12b56 - std[70759c8f55707aa4]::panicking::default_hook::{closure#0}
[INFO] [stdout]    4:     0x606192c2fa79 - std[70759c8f55707aa4]::panicking::default_hook
[INFO] [stdout]    5:     0x6061927b6170 - test[9d35eded1c95d3be]::test_main_inner::<test[9d35eded1c95d3be]::test_main_static::{closure#0}>::{closure#0}
[INFO] [stdout]    6:     0x606192c2fda2 - std[70759c8f55707aa4]::panicking::panic_with_hook
[INFO] [stdout]    7:     0x606192c12c02 - std[70759c8f55707aa4]::panicking::panic_handler::{closure#0}
[INFO] [stdout]    8:     0x606192c0b809 - std[70759c8f55707aa4]::sys::backtrace::__rust_end_short_backtrace::<std[70759c8f55707aa4]::panicking::panic_handler::{closure#0}, !>
[INFO] [stdout]    9:     0x606192c139ed - __rustc[8fa7c3cbc660c2b3]::rust_begin_unwind
[INFO] [stdout]   10:     0x606192c5180c - core[df12db4294e9bfd3]::panicking::panic_fmt
[INFO] [stdout]   11:     0x606192c515e2 - core[df12db4294e9bfd3]::result::unwrap_failed
[INFO] [stdout]   12:     0x6061926dedb7 - <class_tests[e15c4438dccd5d6c]::common::ctx::ctx>::default::{closure#0}
[INFO] [stdout]   13:     0x6061926d7844 - class_tests[e15c4438dccd5d6c]::test_guides_get::{closure#0}
[INFO] [stdout]   14:     0x606192629e86 - <tokio[1aff88d5e03ba604]::runtime::runtime::Runtime>::block_on::<core[df12db4294e9bfd3]::pin::Pin<&mut dyn core[df12db4294e9bfd3]::future::future::Future<Output = ()>>>
[INFO] [stdout]   15:     0x6061926e0c92 - <class_tests[e15c4438dccd5d6c]::test_guides_get::{closure#0} as core[df12db4294e9bfd3]::ops::function::FnOnce<()>>::call_once
[INFO] [stdout]   16:     0x6061927a945b - test[9d35eded1c95d3be]::__rust_begin_short_backtrace::<core[df12db4294e9bfd3]::result::Result<(), alloc[2182bb758b4b3781]::string::String>, fn() -> core[df12db4294e9bfd3]::result::Result<(), alloc[2182bb758b4b3781]::string::String>>
[INFO] [stdout]   17:     0x6061927b6ac5 - test[9d35eded1c95d3be]::run_test::{closure#0}
[INFO] [stdout]   18:     0x6061927b0384 - std[70759c8f55707aa4]::sys::backtrace::__rust_begin_short_backtrace::<test[9d35eded1c95d3be]::run_test::{closure#1}, ()>
[INFO] [stdout]   19:     0x6061927b9c22 - <std[70759c8f55707aa4]::thread::lifecycle::spawn_unchecked<test[9d35eded1c95d3be]::run_test::{closure#1}, ()>::{closure#1} as core[df12db4294e9bfd3]::ops::function::FnOnce<()>>::call_once::{shim:vtable#0}
[INFO] [stdout]   20:     0x606192c37809 - <std[70759c8f55707aa4]::sys::thread::unix::Thread>::new::thread_start
[INFO] [stdout]   21:     0x7ce579a29dfa - <unknown>
[INFO] [stdout]   22:     0x7ce579abd3d4 - clone
[INFO] [stdout]   23:                0x0 - <unknown>
[INFO] [stdout] 
[INFO] [stdout] ---- test_class_transitions_get::case_1 stdout ----
[INFO] [stdout] 
[INFO] [stdout] thread 'test_class_transitions_get::case_1' (4838) panicked at tests/common/ctx.rs:71:6:
[INFO] [stdout] Failed to create context: Http(reqwest::Error { kind: Request, url: "http://localhost:3000/platform2mca/authbasic", source: hyper_util::client::legacy::Error(Connect, ConnectError("tcp connect error", 127.0.0.1:3000, Os { code: 111, kind: ConnectionRefused, message: "Connection refused" })) })
[INFO] [stdout] stack backtrace:
[INFO] [stdout]    0:     0x606192c382e1 - <<std[70759c8f55707aa4]::sys::backtrace::BacktraceLock>::print::DisplayBacktrace as core[df12db4294e9bfd3]::fmt::Display>::fmt
[INFO] [stdout]    1:     0x606192c5102a - core[df12db4294e9bfd3]::fmt::write
[INFO] [stdout]    2:     0x606192c3d29c - <alloc[2182bb758b4b3781]::vec::Vec<u8> as core[df12db4294e9bfd3]::io::write::Write>::write_fmt
[INFO] [stdout]    3:     0x606192c12b56 - std[70759c8f55707aa4]::panicking::default_hook::{closure#0}
[INFO] [stdout]    4:     0x606192c2fa79 - std[70759c8f55707aa4]::panicking::default_hook
[INFO] [stdout]    5:     0x6061927b6170 - test[9d35eded1c95d3be]::test_main_inner::<test[9d35eded1c95d3be]::test_main_static::{closure#0}>::{closure#0}
[INFO] [stdout]    6:     0x606192c2fda2 - std[70759c8f55707aa4]::panicking::panic_with_hook
[INFO] [stdout]    7:     0x606192c12c02 - std[70759c8f55707aa4]::panicking::panic_handler::{closure#0}
[INFO] [stdout]    8:     0x606192c0b809 - std[70759c8f55707aa4]::sys::backtrace::__rust_end_short_backtrace::<std[70759c8f55707aa4]::panicking::panic_handler::{closure#0}, !>
[INFO] [stdout]    9:     0x606192c139ed - __rustc[8fa7c3cbc660c2b3]::rust_begin_unwind
[INFO] [stdout]   10:     0x606192c5180c - core[df12db4294e9bfd3]::panicking::panic_fmt
[INFO] [stdout]   11:     0x606192c515e2 - core[df12db4294e9bfd3]::result::unwrap_failed
[INFO] [stdout]   12:     0x606192719388 - class_tests[e15c4438dccd5d6c]::test_class_transitions_get::case_1::{closure#0}
[INFO] [stdout]   13:     0x606192629e86 - <tokio[1aff88d5e03ba604]::runtime::runtime::Runtime>::block_on::<core[df12db4294e9bfd3]::pin::Pin<&mut dyn core[df12db4294e9bfd3]::future::future::Future<Output = ()>>>
[INFO] [stdout]   14:     0x60619271b10f - class_tests[e15c4438dccd5d6c]::test_class_transitions_get::case_1
[INFO] [stdout]   15:     0x6061926e0f69 - <class_tests[e15c4438dccd5d6c]::test_class_transitions_get::case_1::{closure#0} as core[df12db4294e9bfd3]::ops::function::FnOnce<()>>::call_once
[INFO] [stdout]   16:     0x6061927a945b - test[9d35eded1c95d3be]::__rust_begin_short_backtrace::<core[df12db4294e9bfd3]::result::Result<(), alloc[2182bb758b4b3781]::string::String>, fn() -> core[df12db4294e9bfd3]::result::Result<(), alloc[2182bb758b4b3781]::string::String>>
[INFO] [stdout]   17:     0x6061927b6ac5 - test[9d35eded1c95d3be]::run_test::{closure#0}
[INFO] [stdout]   18:     0x6061927b0384 - std[70759c8f55707aa4]::sys::backtrace::__rust_begin_short_backtrace::<test[9d35eded1c95d3be]::run_test::{closure#1}, ()>
[INFO] [stdout]   19:     0x6061927b9c22 - <std[70759c8f55707aa4]::thread::lifecycle::spawn_unchecked<test[9d35eded1c95d3be]::run_test::{closure#1}, ()>::{closure#1} as core[df12db4294e9bfd3]::ops::function::FnOnce<()>>::call_once::{shim:vtable#0}
[INFO] [stdout]   20:     0x606192c37809 - <std[70759c8f55707aa4]::sys::thread::unix::Thread>::new::thread_start
[INFO] [stdout]   21:     0x7ce579a29dfa - <unknown>
[INFO] [stdout]   22:     0x7ce579abd3d4 - clone
[INFO] [stdout]   23:                0x0 - <unknown>
[INFO] [stdout] 
[INFO] [stdout] ---- test_class_need_collection_id_check::case_1 stdout ----
[INFO] [stdout] 
[INFO] [stdout] thread 'test_class_need_collection_id_check::case_1' (4836) panicked at tests/common/ctx.rs:71:6:
[INFO] [stdout] Failed to create context: Http(reqwest::Error { kind: Request, url: "http://localhost:3000/platform2mca/authbasic", source: hyper_util::client::legacy::Error(Connect, ConnectError("tcp connect error", 127.0.0.1:3000, Os { code: 111, kind: ConnectionRefused, message: "Connection refused" })) })
[INFO] [stdout] stack backtrace:
[INFO] [stdout]    0:     0x606192c382e1 - <<std[70759c8f55707aa4]::sys::backtrace::BacktraceLock>::print::DisplayBacktrace as core[df12db4294e9bfd3]::fmt::Display>::fmt
[INFO] [stdout]    1:     0x606192c5102a - core[df12db4294e9bfd3]::fmt::write
[INFO] [stdout]    2:     0x606192c3d29c - <alloc[2182bb758b4b3781]::vec::Vec<u8> as core[df12db4294e9bfd3]::io::write::Write>::write_fmt
[INFO] [stdout]    3:     0x606192c12b56 - std[70759c8f55707aa4]::panicking::default_hook::{closure#0}
[INFO] [stdout]    4:     0x606192c2fa79 - std[70759c8f55707aa4]::panicking::default_hook
[INFO] [stdout]    5:     0x6061927b6170 - test[9d35eded1c95d3be]::test_main_inner::<test[9d35eded1c95d3be]::test_main_static::{closure#0}>::{closure#0}
[INFO] [stdout]    6:     0x606192c2fda2 - std[70759c8f55707aa4]::panicking::panic_with_hook
[INFO] [stdout]    7:     0x606192c12c02 - std[70759c8f55707aa4]::panicking::panic_handler::{closure#0}
[INFO] [stdout]    8:     0x606192c0b809 - std[70759c8f55707aa4]::sys::backtrace::__rust_end_short_backtrace::<std[70759c8f55707aa4]::panicking::panic_handler::{closure#0}, !>
[INFO] [stdout]    9:     0x606192c139ed - __rustc[8fa7c3cbc660c2b3]::rust_begin_unwind
[INFO] [stdout]   10:     0x606192c5180c - core[df12db4294e9bfd3]::panicking::panic_fmt
[INFO] [stdout]   11:     0x606192c515e2 - core[df12db4294e9bfd3]::result::unwrap_failed
[INFO] [stdout]   12:     0x6061926633e1 - class_tests[e15c4438dccd5d6c]::test_class_need_collection_id_check::<<class_tests[e15c4438dccd5d6c]::common::ctx::ctx>::default::{closure#0}>::{closure#0}
[INFO] [stdout]   13:     0x606192664f59 - class_tests[e15c4438dccd5d6c]::test_class_need_collection_id_check::case_1::{closure#0}
[INFO] [stdout]   14:     0x606192629e86 - <tokio[1aff88d5e03ba604]::runtime::runtime::Runtime>::block_on::<core[df12db4294e9bfd3]::pin::Pin<&mut dyn core[df12db4294e9bfd3]::future::future::Future<Output = ()>>>
[INFO] [stdout]   15:     0x6061926652af - class_tests[e15c4438dccd5d6c]::test_class_need_collection_id_check::case_1
[INFO] [stdout]   16:     0x6061926e0f89 - <class_tests[e15c4438dccd5d6c]::test_class_need_collection_id_check::case_1::{closure#0} as core[df12db4294e9bfd3]::ops::function::FnOnce<()>>::call_once
[INFO] [stdout]   17:     0x6061927a945b - test[9d35eded1c95d3be]::__rust_begin_short_backtrace::<core[df12db4294e9bfd3]::result::Result<(), alloc[2182bb758b4b3781]::string::String>, fn() -> core[df12db4294e9bfd3]::result::Result<(), alloc[2182bb758b4b3781]::string::String>>
[INFO] [stdout]   18:     0x6061927b6ac5 - test[9d35eded1c95d3be]::run_test::{closure#0}
[INFO] [stdout]   19:     0x6061927b0384 - std[70759c8f55707aa4]::sys::backtrace::__rust_begin_short_backtrace::<test[9d35eded1c95d3be]::run_test::{closure#1}, ()>
[INFO] [stdout]   20:     0x6061927b9c22 - <std[70759c8f55707aa4]::thread::lifecycle::spawn_unchecked<test[9d35eded1c95d3be]::run_test::{closure#1}, ()>::{closure#1} as core[df12db4294e9bfd3]::ops::function::FnOnce<()>>::call_once::{shim:vtable#0}
[INFO] [stdout]   21:     0x606192c37809 - <std[70759c8f55707aa4]::sys::thread::unix::Thread>::new::thread_start
[INFO] [stdout]   22:     0x7ce579a29dfa - <unknown>
[INFO] [stdout]   23:     0x7ce579abd3d4 - clone
[INFO] [stdout]   24:                0x0 - <unknown>
[INFO] [stdout] 
[INFO] [stdout] 
[INFO] [stdout] failures:
[INFO] [stdout]     test_class_children_get::case_1
[INFO] [stdout]     test_class_get::case_1
[INFO] [stdout]     test_class_need_collection_id_check::case_1
[INFO] [stdout]     test_class_states_get::case_1
[INFO] [stdout]     test_class_transitions_get::case_1
[INFO] [stdout]     test_classes_get::case_1
[INFO] [stdout]     test_guides_get
[INFO] [stdout]     test_guides_groups_get
[INFO] [stdout]     test_object_backward_references_get::case_1
[INFO] [stdout]     test_object_class_and_archive_key_get::case_1
[INFO] [stdout]     test_types_get
[INFO] [stdout] 
[INFO] [stdout] test result: FAILED. 0 passed; 11 failed; 0 ignored; 0 measured; 0 filtered out; finished in 0.15s
[INFO] [stdout] 
[INFO] [stderr] error: test failed, to rerun pass `--test class_tests`
[INFO] running `Command { std: "docker" "inspect" "131d2f3a4739b04885db3ed06d0be07f3990d2006e478db7847775b698bad83f", kill_on_drop: false }`
[INFO] running `Command { std: "docker" "rm" "-f" "131d2f3a4739b04885db3ed06d0be07f3990d2006e478db7847775b698bad83f", kill_on_drop: false }`
[INFO] [stdout] 131d2f3a4739b04885db3ed06d0be07f3990d2006e478db7847775b698bad83f
