[INFO] cloning repository https://github.com/thundering-silence/ticket_z
[INFO] running `Command { std: "git" "-c" "credential.helper=" "-c" "credential.helper=/workspace/cargo-home/bin/git-credential-null" "clone" "--bare" "https://github.com/thundering-silence/ticket_z" "/workspace/cache/git-repos/https%3A%2F%2Fgithub.com%2Fthundering-silence%2Fticket_z", kill_on_drop: false }`
[INFO] [stderr] Cloning into bare repository '/workspace/cache/git-repos/https%3A%2F%2Fgithub.com%2Fthundering-silence%2Fticket_z'...
[INFO] running `Command { std: "git" "rev-parse" "HEAD", kill_on_drop: false }`
[INFO] [stdout] a971a3961e6d831912893f21f83197ad07fbb129
[INFO] testing thundering-silence/ticket_z/a971a3961e6d831912893f21f83197ad07fbb129 against 1.99.0-beta.8+cargoflags=--release for beta-release-1.100-2
[INFO] running `Command { std: "git" "clone" "/workspace/cache/git-repos/https%3A%2F%2Fgithub.com%2Fthundering-silence%2Fticket_z" "/workspace/builds/worker-1-tc1/source", kill_on_drop: false }`
[INFO] [stderr] Cloning into '/workspace/builds/worker-1-tc1/source'...
[INFO] [stderr] done.
[INFO] started tweaking git repo https://github.com/thundering-silence/ticket_z
[INFO] finished tweaking git repo https://github.com/thundering-silence/ticket_z
[INFO] tweaked toml for git repo https://github.com/thundering-silence/ticket_z written to /workspace/builds/worker-1-tc1/source/Cargo.toml
[INFO] validating manifest of git repo https://github.com/thundering-silence/ticket_z on toolchain 1.99.0-beta.8
[INFO] running `Command { std: CARGO_HOME="/workspace/cargo-home" RUSTUP_HOME="/workspace/rustup-home" "/workspace/cargo-home/bin/cargo" "+1.99.0-beta.8" "metadata" "--manifest-path" "Cargo.toml" "--no-deps", kill_on_drop: false }`
[INFO] crate git repo https://github.com/thundering-silence/ticket_z already has a lockfile, it will not be regenerated
[INFO] running `Command { std: CARGO_HOME="/workspace/cargo-home" RUSTUP_HOME="/workspace/rustup-home" "/workspace/cargo-home/bin/cargo" "+1.99.0-beta.8" "fetch" "--manifest-path" "Cargo.toml", kill_on_drop: false }`
[INFO] [stderr]     Updating crates.io index
[INFO] [stderr]  Downloading crates ...
[INFO] [stderr]   Downloaded tower-cookies v0.11.0
[INFO] [stderr]   Downloaded compression-core v0.4.30
[INFO] [stderr]   Downloaded async-compression v0.4.33
[INFO] [stderr]   Downloaded compression-codecs v0.4.32
[INFO] [stderr]   Downloaded testcontainers v0.22.0
[INFO] [stderr]   Downloaded reserve-port v2.3.0
[INFO] [stderr]   Downloaded bollard-stubs v1.45.0-rc.26.0.1
[INFO] [stderr]   Downloaded testcontainers v0.23.1
[INFO] [stderr]   Downloaded serde_with_macros v3.16.0
[INFO] [stderr]   Downloaded typetag-impl v0.2.21
[INFO] [stderr]   Downloaded typetag v0.2.21
[INFO] [stderr]   Downloaded expect-json-macros v1.5.0
[INFO] [stderr]   Downloaded testcontainers-modules v0.10.0
[INFO] [stderr]   Downloaded expect-json v1.5.0
[INFO] [stderr]   Downloaded bytesize v2.3.0
[INFO] [stderr]   Downloaded axum-test v18.3.0
[INFO] [stderr]   Downloaded schemars v1.1.0
[INFO] [stderr]   Downloaded bollard v0.17.1
[INFO] [stderr]   Downloaded serde_with v3.16.0
[INFO] [stderr]   Downloaded aws-lc-rs v1.15.0
[INFO] [stderr]   Downloaded aws-lc-sys v0.33.0
[INFO] running `Command { std: "docker" "create" "-v" "/var/lib/crater-agent-workspace/builds/worker-1-tc1/source:/opt/rustwide/workdir:ro,Z" "-v" "/var/lib/crater-agent-workspace/builds/worker-1-tc1/target:/opt/rustwide/target:rw,Z" "-v" "/var/lib/crater-agent-workspace/cargo-home:/opt/rustwide/cargo-home:ro,Z" "-v" "/var/lib/crater-agent-workspace/rustup-home:/opt/rustwide/rustup-home:ro,Z" "-m" "1610612736" "--network" "none" "ghcr.io/rust-lang/crates-build-env/linux@sha256:77db811e55d90add9212f6832c23229e3de5f1c1f9905e8cb07319ea15df73ac" "sleep" "infinity", kill_on_drop: false }`
[INFO] [stdout] fd7d5579c14ec11f2dbe7b9c42f3fda1f950097e4f93159dc4d5199976a251ed
[INFO] running `Command { std: "docker" "start" "fd7d5579c14ec11f2dbe7b9c42f3fda1f950097e4f93159dc4d5199976a251ed", kill_on_drop: false }`
[INFO] running `Command { std: "docker" "inspect" "fd7d5579c14ec11f2dbe7b9c42f3fda1f950097e4f93159dc4d5199976a251ed", kill_on_drop: false }`
[INFO] running `Command { std: "docker" "exec" "-e" "SOURCE_DIR=/opt/rustwide/workdir" "-e" "CARGO_HOME=/opt/rustwide/cargo-home" "-e" "RUSTUP_HOME=/opt/rustwide/rustup-home" "-e" "CARGO_TARGET_DIR=/opt/rustwide/target" "-w" "/opt/rustwide/workdir" "--user" "0:0" "fd7d5579c14ec11f2dbe7b9c42f3fda1f950097e4f93159dc4d5199976a251ed" "/opt/rustwide/cargo-home/bin/cargo" "+1.99.0-beta.8" "metadata" "--no-deps" "--format-version=1", kill_on_drop: false }`
[INFO] running `Command { std: "docker" "inspect" "fd7d5579c14ec11f2dbe7b9c42f3fda1f950097e4f93159dc4d5199976a251ed", kill_on_drop: false }`
[INFO] running `Command { std: "docker" "exec" "-e" "SOURCE_DIR=/opt/rustwide/workdir" "-e" "CARGO_HOME=/opt/rustwide/cargo-home" "-e" "RUSTUP_HOME=/opt/rustwide/rustup-home" "-e" "CARGO_TARGET_DIR=/opt/rustwide/target" "-e" "CARGO_INCREMENTAL=0" "-e" "RUST_BACKTRACE=full" "-e" "RUSTFLAGS=--cap-lints=warn" "-e" "RUSTDOCFLAGS=--cap-lints=warn" "-w" "/opt/rustwide/workdir" "--user" "0:0" "fd7d5579c14ec11f2dbe7b9c42f3fda1f950097e4f93159dc4d5199976a251ed" "/opt/rustwide/cargo-home/bin/cargo" "+1.99.0-beta.8" "build" "--frozen" "--message-format=json" "--release", kill_on_drop: false }`
[INFO] [stderr]    Compiling zerocopy v0.8.28
[INFO] [stderr]    Compiling jobserver v0.1.34
[INFO] [stderr]    Compiling parking_lot_core v0.9.12
[INFO] [stderr]    Compiling subtle v2.6.1
[INFO] [stderr]    Compiling syn v2.0.110
[INFO] [stderr]    Compiling num-traits v0.2.19
[INFO] [stderr]    Compiling crypto-common v0.1.7
[INFO] [stderr]    Compiling digest v0.10.7
[INFO] [stderr]    Compiling getrandom v0.3.4
[INFO] [stderr]    Compiling http v1.3.1
[INFO] [stderr]    Compiling inout v0.1.4
[INFO] [stderr]    Compiling foreign-types-shared v0.1.1
[INFO] [stderr]    Compiling nom v7.1.3
[INFO] [stderr]    Compiling openssl-probe v0.1.6
[INFO] [stderr]    Compiling time-core v0.1.6
[INFO] [stderr]    Compiling foreign-types v0.3.2
[INFO] [stderr]    Compiling zstd-safe v7.2.4
[INFO] [stderr]    Compiling serde_json v1.0.145
[INFO] [stderr]    Compiling cc v1.2.47
[INFO] [stderr]    Compiling cipher v0.4.4
[INFO] [stderr]    Compiling universal-hash v0.5.1
[INFO] [stderr]    Compiling hmac v0.12.1
[INFO] [stderr]    Compiling sha2 v0.10.9
[INFO] [stderr]    Compiling simd-adler32 v0.3.7
[INFO] [stderr]    Compiling polyval v0.6.2
[INFO] [stderr]    Compiling time-macros v0.2.24
[INFO] [stderr]    Compiling parking_lot v0.12.5
[INFO] [stderr]    Compiling miniz_oxide v0.8.9
[INFO] [stderr]    Compiling hkdf v0.12.4
[INFO] [stderr]    Compiling md-5 v0.10.6
[INFO] [stderr]    Compiling http-body v1.0.1
[INFO] [stderr]    Compiling atoi v2.0.0
[INFO] [stderr]    Compiling cmake v0.1.54
[INFO] [stderr]    Compiling http-body-util v0.1.3
[INFO] [stderr]    Compiling base64 v0.21.7
[INFO] [stderr]    Compiling home v0.5.12
[INFO] [stderr]    Compiling thiserror v2.0.17
[INFO] [stderr]    Compiling mime_guess v2.0.5
[INFO] [stderr]    Compiling flate2 v1.1.5
[INFO] [stderr]    Compiling time v0.3.44
[INFO] [stderr]    Compiling tempfile v3.23.0
[INFO] [stderr]    Compiling openssl-sys v0.9.111
[INFO] [stderr]    Compiling zstd-sys v2.0.16+zstd.1.5.7
[INFO] [stderr]    Compiling aws-lc-sys v0.33.0
[INFO] [stderr]    Compiling sqlformat v0.2.6
[INFO] [stderr]    Compiling brotli v8.0.2
[INFO] [stderr]    Compiling openssl v0.10.75
[INFO] [stderr]    Compiling native-tls v0.2.14
[INFO] [stderr]    Compiling num-integer v0.1.46
[INFO] [stderr]    Compiling ahash v0.8.12
[INFO] [stderr]    Compiling ppv-lite86 v0.2.21
[INFO] [stderr]    Compiling hashbrown v0.14.5
[INFO] [stderr]    Compiling rand_chacha v0.3.1
[INFO] [stderr]    Compiling hdrhistogram v7.5.4
[INFO] [stderr]    Compiling rand v0.8.5
[INFO] [stderr]    Compiling futures-intrusive v0.5.0
[INFO] [stderr]    Compiling hashlink v0.8.4
[INFO] [stderr]    Compiling ctr v0.9.2
[INFO] [stderr]    Compiling aes v0.8.4
[INFO] [stderr]    Compiling ghash v0.5.1
[INFO] [stderr]    Compiling syn v1.0.109
[INFO] [stderr]    Compiling aead v0.5.2
[INFO] [stderr]    Compiling cookie v0.18.1
[INFO] [stderr]    Compiling compression-core v0.4.30
[INFO] [stderr]    Compiling aws-lc-rs v1.15.0
[INFO] [stderr]    Compiling num-bigint v0.4.6
[INFO] [stderr]    Compiling unicase v2.8.1
[INFO] [stderr]    Compiling rand_chacha v0.9.0
[INFO] [stderr]    Compiling blowfish v0.9.1
[INFO] [stderr]    Compiling serde_path_to_error v0.1.20
[INFO] [stderr]    Compiling uuid v1.18.1
[INFO] [stderr]    Compiling aes-gcm v0.10.3
[INFO] [stderr]    Compiling socket2 v0.4.10
[INFO] [stderr]    Compiling iri-string v0.7.9
[INFO] [stderr]    Compiling synstructure v0.13.2
[INFO] [stderr]    Compiling rand v0.9.2
[INFO] [stderr]    Compiling bcrypt v0.17.1
[INFO] [stderr]    Compiling dotenv v0.15.0
[INFO] [stderr]    Compiling zerofrom-derive v0.1.6
[INFO] [stderr]    Compiling yoke-derive v0.8.1
[INFO] [stderr]    Compiling zerovec-derive v0.11.2
[INFO] [stderr]    Compiling displaydoc v0.2.5
[INFO] [stderr]    Compiling serde_derive v1.0.228
[INFO] [stderr]    Compiling tracing-attributes v0.1.30
[INFO] [stderr]    Compiling tokio-macros v2.6.0
[INFO] [stderr]    Compiling zerofrom v0.1.6
[INFO] [stderr]    Compiling yoke v0.8.1
[INFO] [stderr]    Compiling openssl-macros v0.1.1
[INFO] [stderr]    Compiling futures-macro v0.3.31
[INFO] [stderr]    Compiling zerovec v0.11.5
[INFO] [stderr]    Compiling zerotrie v0.2.3
[INFO] [stderr]    Compiling tokio v1.48.0
[INFO] [stderr]    Compiling thiserror-impl v1.0.69
[INFO] [stderr]    Compiling futures-util v0.3.31
[INFO] [stderr]    Compiling tinystr v0.8.2
[INFO] [stderr]    Compiling potential_utf v0.1.4
[INFO] [stderr]    Compiling tracing v0.1.41
[INFO] [stderr]    Compiling icu_collections v2.1.1
[INFO] [stderr]    Compiling icu_locale_core v2.1.1
[INFO] [stderr]    Compiling thiserror v1.0.69
[INFO] [stderr]    Compiling thiserror-impl v2.0.17
[INFO] [stderr]    Compiling axum-core v0.5.5
[INFO] [stderr]    Compiling icu_provider v2.1.1
[INFO] [stderr]    Compiling icu_properties v2.1.1
[INFO] [stderr]    Compiling icu_normalizer v2.1.1
[INFO] [stderr]    Compiling serde v1.0.228
[INFO] [stderr]    Compiling idna_adapter v1.2.1
[INFO] [stderr]    Compiling either v1.15.0
[INFO] [stderr]    Compiling idna v1.1.0
[INFO] [stderr]    Compiling simple_asn1 v0.6.3
[INFO] [stderr]    Compiling url v2.5.7
[INFO] [stderr]    Compiling serde_urlencoded v0.7.1
[INFO] [stderr]    Compiling async-trait v0.1.89
[INFO] [stderr]    Compiling sqlx-core v0.7.4
[INFO] [stderr]    Compiling tower-cookies v0.11.0
[INFO] [stderr]    Compiling tokio-util v0.7.17
[INFO] [stderr]    Compiling sqlx-postgres v0.7.4
[INFO] [stderr]    Compiling tokio-stream v0.1.17
[INFO] [stderr]    Compiling tower v0.5.2
[INFO] [stderr]    Compiling hyper v1.8.1
[INFO] [stderr]    Compiling combine v4.6.7
[INFO] [stderr]    Compiling hyper-util v0.1.18
[INFO] [stderr]    Compiling axum v0.8.7
[INFO] [stderr]    Compiling sqlx-macros-core v0.7.4
[INFO] [stderr]    Compiling sqlx-macros v0.7.4
[INFO] [stderr]    Compiling zstd v0.13.3
[INFO] [stderr]    Compiling compression-codecs v0.4.32
[INFO] [stderr]    Compiling async-compression v0.4.33
[INFO] [stderr]    Compiling tower-http v0.6.6
[INFO] [stderr]    Compiling redis v0.24.0
[INFO] [stderr]    Compiling sqlx v0.7.4
[INFO] [stderr]    Compiling jsonwebtoken v10.2.0
[INFO] [stderr]    Compiling ticket_z v0.1.0 (/opt/rustwide/workdir)
[INFO] [stdout] warning: unused import: `HeaderName`
[INFO] [stdout]  --> src/lib.rs:8:62
[INFO] [stdout]   |
[INFO] [stdout] 8 |     http::{header::AUTHORIZATION, request::Parts, HeaderMap, HeaderName, HeaderValue, StatusCode},
[INFO] [stdout]   |                                                              ^^^^^^^^^^
[INFO] [stdout]   |
[INFO] [stdout]   = note: `#[warn(unused_imports)]` (part of `#[warn(unused)]`) on by default
[INFO] [stdout] 
[INFO] [stdout] 
[INFO] [stdout] warning: unused import: `Value`
[INFO] [stdout]   --> src/lib.rs:17:24
[INFO] [stdout]    |
[INFO] [stdout] 17 | use serde_json::{json, Value};
[INFO] [stdout]    |                        ^^^^^
[INFO] [stdout] 
[INFO] [stdout] 
[INFO] [stdout] warning: unused import: `postgres::PgListener`
[INFO] [stdout]   --> src/lib.rs:18:12
[INFO] [stdout]    |
[INFO] [stdout] 18 | use sqlx::{postgres::PgListener, FromRow, PgPool};
[INFO] [stdout]    |            ^^^^^^^^^^^^^^^^^^^^
[INFO] [stdout] 
[INFO] [stdout] 
[INFO] [stderr]     Finished `release` profile [optimized] target(s) in 3m 19s
[INFO] [stderr] warning: the following packages contain code that will be rejected by a future version of Rust: redis v0.24.0, sqlx-postgres v0.7.4
[INFO] [stderr] note: to see what the problems were, use the option `--future-incompat-report`, or run `cargo report future-incompatibilities --id 8`
[INFO] running `Command { std: "docker" "inspect" "fd7d5579c14ec11f2dbe7b9c42f3fda1f950097e4f93159dc4d5199976a251ed", kill_on_drop: false }`
[INFO] running `Command { std: "docker" "exec" "-e" "SOURCE_DIR=/opt/rustwide/workdir" "-e" "CARGO_HOME=/opt/rustwide/cargo-home" "-e" "RUSTUP_HOME=/opt/rustwide/rustup-home" "-e" "CARGO_TARGET_DIR=/opt/rustwide/target" "-e" "CARGO_INCREMENTAL=0" "-e" "RUST_BACKTRACE=full" "-e" "RUSTFLAGS=--cap-lints=warn" "-e" "RUSTDOCFLAGS=--cap-lints=warn" "-w" "/opt/rustwide/workdir" "--user" "0:0" "fd7d5579c14ec11f2dbe7b9c42f3fda1f950097e4f93159dc4d5199976a251ed" "/opt/rustwide/cargo-home/bin/cargo" "+1.99.0-beta.8" "test" "--frozen" "--no-run" "--message-format=json" "--release", kill_on_drop: false }`
[INFO] [stderr]    Compiling futures-util v0.3.31
[INFO] [stderr]    Compiling bitflags v2.10.0
[INFO] [stderr]    Compiling ring v0.17.14
[INFO] [stderr]    Compiling hyper v1.8.1
[INFO] [stderr]    Compiling num-integer v0.1.46
[INFO] [stderr]    Compiling darling_core v0.21.3
[INFO] [stderr]    Compiling thiserror v2.0.17
[INFO] [stderr]    Compiling rustls v0.23.35
[INFO] [stderr]    Compiling aho-corasick v1.1.4
[INFO] [stderr]    Compiling regex-syntax v0.8.8
[INFO] [stderr]    Compiling structmeta-derive v0.3.0
[INFO] [stderr]    Compiling regex-automata v0.4.13
[INFO] [stderr]    Compiling rustls-pemfile v2.2.0
[INFO] [stderr]    Compiling serde_repr v0.1.20
[INFO] [stderr]    Compiling erased-serde v0.4.9
[INFO] [stderr]    Compiling rustix v1.1.2
[INFO] [stderr]    Compiling typetag v0.2.21
[INFO] [stderr]    Compiling dirs-sys v0.4.1
[INFO] [stderr]    Compiling docker_credential v1.3.2
[INFO] [stderr]    Compiling rustls-native-certs v0.7.3
[INFO] [stderr]    Compiling openssl v0.10.75
[INFO] [stderr]    Compiling num-bigint v0.4.6
[INFO] [stderr]    Compiling num-iter v0.1.45
[INFO] [stderr]    Compiling num-complex v0.4.6
[INFO] [stderr]    Compiling typetag-impl v0.2.21
[INFO] [stderr]    Compiling socket2 v0.5.10
[INFO] [stderr]    Compiling inventory v0.3.21
[INFO] [stderr]    Compiling chrono v0.4.42
[INFO] [stderr]    Compiling structmeta v0.3.0
[INFO] [stderr]    Compiling dirs v5.0.1
[INFO] [stderr]    Compiling email_address v0.2.9
[INFO] [stderr]    Compiling expect-json-macros v1.5.0
[INFO] [stderr]    Compiling filetime v0.2.26
[INFO] [stderr]    Compiling diff v0.1.13
[INFO] [stderr]    Compiling yansi v1.0.1
[INFO] [stderr]    Compiling reserve-port v2.3.0
[INFO] [stderr]    Compiling etcetera v0.8.0
[INFO] [stderr]    Compiling bytesize v2.3.0
[INFO] [stderr]    Compiling pretty_assertions v1.4.1
[INFO] [stderr]    Compiling xattr v1.6.1
[INFO] [stderr]    Compiling num-rational v0.4.2
[INFO] [stderr]    Compiling simple_asn1 v0.6.3
[INFO] [stderr]    Compiling tokio-tar v0.3.1
[INFO] [stderr]    Compiling num v0.4.3
[INFO] [stderr]    Compiling jsonwebtoken v10.2.0
[INFO] [stderr]    Compiling darling_macro v0.21.3
[INFO] [stderr]    Compiling darling v0.21.3
[INFO] [stderr]    Compiling serde_with_macros v3.16.0
[INFO] [stderr]    Compiling expect-json v1.5.0
[INFO] [stderr]    Compiling native-tls v0.2.14
[INFO] [stderr]    Compiling hyper-util v0.1.18
[INFO] [stderr]    Compiling serde_with v3.16.0
[INFO] [stderr]    Compiling tower v0.5.2
[INFO] [stderr]    Compiling sqlx-core v0.7.4
[INFO] [stderr]    Compiling regex v1.12.2
[INFO] [stderr]    Compiling futures-executor v0.3.31
[INFO] [stderr]    Compiling futures v0.3.31
[INFO] [stderr]    Compiling h2 v0.3.27
[INFO] [stderr]    Compiling tokio-native-tls v0.3.1
[INFO] [stderr]    Compiling tower-cookies v0.11.0
[INFO] [stderr]    Compiling redis v0.24.0
[INFO] [stderr]    Compiling rust-multipart-rfc7578_2 v0.8.0
[INFO] [stderr]    Compiling hyperlocal v0.9.1
[INFO] [stderr]    Compiling parse-display-derive v0.9.1
[INFO] [stderr]    Compiling bollard-stubs v1.45.0-rc.26.0.1
[INFO] [stderr]    Compiling sqlx-postgres v0.7.4
[INFO] [stderr]    Compiling axum v0.8.7
[INFO] [stderr]    Compiling tower-http v0.6.6
[INFO] [stderr]    Compiling parse-display v0.9.1
[INFO] [stderr]    Compiling hyper v0.14.32
[INFO] [stderr]    Compiling rustls-webpki v0.103.8
[INFO] [stderr]    Compiling sqlx v0.7.4
[INFO] [stderr]    Compiling ticket_z v0.1.0 (/opt/rustwide/workdir)
[INFO] [stderr]    Compiling axum-test v18.3.0
[INFO] [stdout] warning: unused import: `HeaderName`
[INFO] [stdout]  --> src/lib.rs:8:62
[INFO] [stdout]   |
[INFO] [stdout] 8 |     http::{header::AUTHORIZATION, request::Parts, HeaderMap, HeaderName, HeaderValue, StatusCode},
[INFO] [stdout]   |                                                              ^^^^^^^^^^
[INFO] [stdout]   |
[INFO] [stdout]   = note: `#[warn(unused_imports)]` (part of `#[warn(unused)]`) on by default
[INFO] [stdout] 
[INFO] [stdout] 
[INFO] [stdout] warning: unused import: `Value`
[INFO] [stdout]   --> src/lib.rs:17:24
[INFO] [stdout]    |
[INFO] [stdout] 17 | use serde_json::{json, Value};
[INFO] [stdout]    |                        ^^^^^
[INFO] [stdout] 
[INFO] [stdout] 
[INFO] [stdout] warning: unused import: `postgres::PgListener`
[INFO] [stdout]   --> src/lib.rs:18:12
[INFO] [stdout]    |
[INFO] [stdout] 18 | use sqlx::{postgres::PgListener, FromRow, PgPool};
[INFO] [stdout]    |            ^^^^^^^^^^^^^^^^^^^^
[INFO] [stdout] 
[INFO] [stdout] 
[INFO] [stderr]    Compiling hyper-tls v0.5.0
[INFO] [stderr]    Compiling reqwest v0.11.27
[INFO] [stderr]    Compiling tokio-rustls v0.26.4
[INFO] [stderr]    Compiling hyper-rustls v0.27.7
[INFO] [stderr]    Compiling bollard v0.17.1
[INFO] [stderr]    Compiling testcontainers v0.22.0
[INFO] [stderr]    Compiling testcontainers v0.23.1
[INFO] [stderr]    Compiling testcontainers-modules v0.10.0
[INFO] [stdout] warning: unused import: `HeaderName`
[INFO] [stdout]  --> src/lib.rs:8:62
[INFO] [stdout]   |
[INFO] [stdout] 8 |     http::{header::AUTHORIZATION, request::Parts, HeaderMap, HeaderName, HeaderValue, StatusCode},
[INFO] [stdout]   |                                                              ^^^^^^^^^^
[INFO] [stdout]   |
[INFO] [stdout]   = note: `#[warn(unused_imports)]` (part of `#[warn(unused)]`) on by default
[INFO] [stdout] 
[INFO] [stdout] 
[INFO] [stdout] warning: unused import: `Value`
[INFO] [stdout]   --> src/lib.rs:17:24
[INFO] [stdout]    |
[INFO] [stdout] 17 | use serde_json::{json, Value};
[INFO] [stdout]    |                        ^^^^^
[INFO] [stdout] 
[INFO] [stdout] 
[INFO] [stdout] warning: unused import: `postgres::PgListener`
[INFO] [stdout]   --> src/lib.rs:18:12
[INFO] [stdout]    |
[INFO] [stdout] 18 | use sqlx::{postgres::PgListener, FromRow, PgPool};
[INFO] [stdout]    |            ^^^^^^^^^^^^^^^^^^^^
[INFO] [stdout] 
[INFO] [stdout] 
[INFO] [stdout] warning: unused imports: `thread::sleep` and `time::Duration`
[INFO] [stdout]  --> tests/integration.rs:1:11
[INFO] [stdout]   |
[INFO] [stdout] 1 | use std::{thread::sleep, time::Duration};
[INFO] [stdout]   |           ^^^^^^^^^^^^^  ^^^^^^^^^^^^^^
[INFO] [stdout]   |
[INFO] [stdout]   = note: `#[warn(unused_imports)]` (part of `#[warn(unused)]`) on by default
[INFO] [stdout] 
[INFO] [stdout] 
[INFO] [stdout] warning: unused variable: `cloned_state`
[INFO] [stdout]   --> tests/integration.rs:68:9
[INFO] [stdout]    |
[INFO] [stdout] 68 |     let cloned_state = state.clone();
[INFO] [stdout]    |         ^^^^^^^^^^^^ help: if this is intentional, prefix it with an underscore: `_cloned_state`
[INFO] [stdout]    |
[INFO] [stdout]    = note: `#[warn(unused_variables)]` (part of `#[warn(unused)]`) on by default
[INFO] [stdout] 
[INFO] [stdout] 
[INFO] [stderr]     Finished `release` profile [optimized] target(s) in 2m 43s
[INFO] [stderr] warning: the following packages contain code that will be rejected by a future version of Rust: redis v0.24.0, sqlx-postgres v0.7.4
[INFO] [stderr] note: to see what the problems were, use the option `--future-incompat-report`, or run `cargo report future-incompatibilities --id 8`
[INFO] running `Command { std: "docker" "inspect" "fd7d5579c14ec11f2dbe7b9c42f3fda1f950097e4f93159dc4d5199976a251ed", kill_on_drop: false }`
[INFO] running `Command { std: "docker" "exec" "-e" "SOURCE_DIR=/opt/rustwide/workdir" "-e" "CARGO_HOME=/opt/rustwide/cargo-home" "-e" "RUSTUP_HOME=/opt/rustwide/rustup-home" "-e" "CARGO_TARGET_DIR=/opt/rustwide/target" "-e" "CARGO_INCREMENTAL=0" "-e" "RUST_BACKTRACE=full" "-e" "RUSTFLAGS=--cap-lints=warn" "-e" "RUSTDOCFLAGS=--cap-lints=warn" "-w" "/opt/rustwide/workdir" "--user" "0:0" "fd7d5579c14ec11f2dbe7b9c42f3fda1f950097e4f93159dc4d5199976a251ed" "/opt/rustwide/cargo-home/bin/cargo" "+1.99.0-beta.8" "test" "--frozen" "--release", kill_on_drop: false }`
[INFO] [stderr] warning: unused import: `HeaderName`
[INFO] [stderr]  --> src/lib.rs:8:62
[INFO] [stderr]   |
[INFO] [stderr] 8 |     http::{header::AUTHORIZATION, request::Parts, HeaderMap, HeaderName, HeaderValue, StatusCode},
[INFO] [stderr]   |                                                              ^^^^^^^^^^
[INFO] [stderr]   |
[INFO] [stderr]   = note: `#[warn(unused_imports)]` (part of `#[warn(unused)]`) on by default
[INFO] [stderr] 
[INFO] [stderr] warning: unused import: `Value`
[INFO] [stderr]   --> src/lib.rs:17:24
[INFO] [stderr]    |
[INFO] [stderr] 17 | use serde_json::{json, Value};
[INFO] [stderr]    |                        ^^^^^
[INFO] [stderr] 
[INFO] [stderr] warning: unused import: `postgres::PgListener`
[INFO] [stderr]   --> src/lib.rs:18:12
[INFO] [stderr]    |
[INFO] [stderr] 18 | use sqlx::{postgres::PgListener, FromRow, PgPool};
[INFO] [stderr]    |            ^^^^^^^^^^^^^^^^^^^^
[INFO] [stderr] 
[INFO] [stderr] warning: `ticket_z` (lib) generated 3 warnings (run `cargo fix --lib -p ticket_z` to apply 3 suggestions)
[INFO] [stderr] warning: unused imports: `thread::sleep` and `time::Duration`
[INFO] [stderr]  --> tests/integration.rs:1:11
[INFO] [stderr]   |
[INFO] [stderr] 1 | use std::{thread::sleep, time::Duration};
[INFO] [stderr]   |           ^^^^^^^^^^^^^  ^^^^^^^^^^^^^^
[INFO] [stderr]   |
[INFO] [stderr]   = note: `#[warn(unused_imports)]` (part of `#[warn(unused)]`) on by default
[INFO] [stderr] 
[INFO] [stderr] warning: unused variable: `cloned_state`
[INFO] [stderr]   --> tests/integration.rs:68:9
[INFO] [stderr]    |
[INFO] [stderr] 68 |     let cloned_state = state.clone();
[INFO] [stderr]    |         ^^^^^^^^^^^^ help: if this is intentional, prefix it with an underscore: `_cloned_state`
[INFO] [stderr]    |
[INFO] [stderr]    = note: `#[warn(unused_variables)]` (part of `#[warn(unused)]`) on by default
[INFO] [stderr] 
[INFO] [stderr] warning: `ticket_z` (test "integration") generated 2 warnings (run `cargo fix --test "integration" -p ticket_z` to apply 2 suggestions)
[INFO] [stderr] warning: `ticket_z` (lib test) generated 3 warnings (3 duplicates)
[INFO] [stderr]     Finished `release` profile [optimized] target(s) in 0.69s
[INFO] [stderr] warning: the following packages contain code that will be rejected by a future version of Rust: redis v0.24.0, sqlx-postgres v0.7.4
[INFO] [stderr] note: to see what the problems were, use the option `--future-incompat-report`, or run `cargo report future-incompatibilities --id 8`
[INFO] [stderr]      Running unittests src/lib.rs (/opt/rustwide/target/release/deps/ticket_z-60549f814d5b8085)
[INFO] [stdout] 
[INFO] [stdout] running 0 tests
[INFO] [stdout] 
[INFO] [stdout] test result: ok. 0 passed; 0 failed; 0 ignored; 0 measured; 0 filtered out; finished in 0.00s
[INFO] [stdout] 
[INFO] [stderr]      Running unittests src/main.rs (/opt/rustwide/target/release/deps/ticket_z-357edb067dd5593d)
[INFO] [stdout] 
[INFO] [stdout] running 0 tests
[INFO] [stdout] 
[INFO] [stdout] test result: ok. 0 passed; 0 failed; 0 ignored; 0 measured; 0 filtered out; finished in 0.00s
[INFO] [stdout] 
[INFO] [stderr]      Running tests/integration.rs (/opt/rustwide/target/release/deps/integration-0de5a83dedcc994b)
[INFO] [stdout] 
[INFO] [stdout] running 4 tests
[INFO] [stdout] test test_create_and_login_fail ... FAILED
[INFO] [stdout] test test_create_and_get_ticket_unauth ... FAILED
[INFO] [stdout] test test_ticket_lifecycle_ok ... FAILED
[INFO] [stdout] test test_create_and_login_ok ... FAILED
[INFO] [stdout] 
[INFO] [stdout] failures:
[INFO] [stdout] 
[INFO] [stdout] ---- test_create_and_login_fail stdout ----
[INFO] [stdout] 
[INFO] [stdout] thread 'test_create_and_login_fail' (6183) panicked at tests/integration.rs:22:64:
[INFO] [stdout] called `Result::unwrap()` on an `Err` value: Client(Init(SocketNotFoundError("/var/run/docker.sock")))
[INFO] [stdout] stack backtrace:
[INFO] [stdout]    0:     0x625fb79327a1 - <<std[70759c8f55707aa4]::sys::backtrace::BacktraceLock>::print::DisplayBacktrace as core[df12db4294e9bfd3]::fmt::Display>::fmt
[INFO] [stdout]    1:     0x625fb794b72a - core[df12db4294e9bfd3]::fmt::write
[INFO] [stdout]    2:     0x625fb7937d1c - <alloc[2182bb758b4b3781]::vec::Vec<u8> as core[df12db4294e9bfd3]::io::write::Write>::write_fmt
[INFO] [stdout]    3:     0x625fb790c316 - std[70759c8f55707aa4]::panicking::default_hook::{closure#0}
[INFO] [stdout]    4:     0x625fb7929e09 - std[70759c8f55707aa4]::panicking::default_hook
[INFO] [stdout]    5:     0x625fb70a6cb0 - test[9d35eded1c95d3be]::test_main_inner::<test[9d35eded1c95d3be]::test_main_static::{closure#0}>::{closure#0}
[INFO] [stdout]    6:     0x625fb792a132 - std[70759c8f55707aa4]::panicking::panic_with_hook
[INFO] [stdout]    7:     0x625fb790c3c2 - std[70759c8f55707aa4]::panicking::panic_handler::{closure#0}
[INFO] [stdout]    8:     0x625fb79048a9 - std[70759c8f55707aa4]::sys::backtrace::__rust_end_short_backtrace::<std[70759c8f55707aa4]::panicking::panic_handler::{closure#0}, !>
[INFO] [stdout]    9:     0x625fb790d2bd - __rustc[8fa7c3cbc660c2b3]::rust_begin_unwind
[INFO] [stdout]   10:     0x625fb794bf0c - core[df12db4294e9bfd3]::panicking::panic_fmt
[INFO] [stdout]   11:     0x625fb794bce2 - core[df12db4294e9bfd3]::result::unwrap_failed
[INFO] [stdout]   12:     0x625fb70384bc - integration[259543bfde0f352f]::setup::{closure#0}
[INFO] [stdout]   13:     0x625fb703f6c6 - integration[259543bfde0f352f]::test_create_and_login_fail::{closure#0}
[INFO] [stdout]   14:     0x625fb6f68f5a - <tokio[a7804e150847feca]::runtime::scheduler::current_thread::CurrentThread>::block_on::<core[df12db4294e9bfd3]::pin::Pin<&mut dyn core[df12db4294e9bfd3]::future::future::Future<Output = ()>>>
[INFO] [stdout]   15:     0x625fb6f85cf2 - <tokio[a7804e150847feca]::runtime::runtime::Runtime>::block_on::<core[df12db4294e9bfd3]::pin::Pin<&mut dyn core[df12db4294e9bfd3]::future::future::Future<Output = ()>>>
[INFO] [stdout]   16:     0x625fb7049b7d - <integration[259543bfde0f352f]::test_create_and_login_fail::{closure#0} as core[df12db4294e9bfd3]::ops::function::FnOnce<()>>::call_once
[INFO] [stdout]   17:     0x625fb7099f9b - test[9d35eded1c95d3be]::__rust_begin_short_backtrace::<core[df12db4294e9bfd3]::result::Result<(), alloc[2182bb758b4b3781]::string::String>, fn() -> core[df12db4294e9bfd3]::result::Result<(), alloc[2182bb758b4b3781]::string::String>>
[INFO] [stdout]   18:     0x625fb70a7605 - test[9d35eded1c95d3be]::run_test::{closure#0}
[INFO] [stdout]   19:     0x625fb70a0ec4 - std[70759c8f55707aa4]::sys::backtrace::__rust_begin_short_backtrace::<test[9d35eded1c95d3be]::run_test::{closure#1}, ()>
[INFO] [stdout]   20:     0x625fb70aa762 - <std[70759c8f55707aa4]::thread::lifecycle::spawn_unchecked<test[9d35eded1c95d3be]::run_test::{closure#1}, ()>::{closure#1} as core[df12db4294e9bfd3]::ops::function::FnOnce<()>>::call_once::{shim:vtable#0}
[INFO] [stdout]   21:     0x625fb7931639 - <std[70759c8f55707aa4]::sys::thread::unix::Thread>::new::thread_start
[INFO] [stdout]   22:     0x7bc1122c4dfa - <unknown>
[INFO] [stdout]   23:     0x7bc1123583d4 - clone
[INFO] [stdout]   24:                0x0 - <unknown>
[INFO] [stdout] 
[INFO] [stdout] ---- test_create_and_get_ticket_unauth stdout ----
[INFO] [stdout] 
[INFO] [stdout] thread 'test_create_and_get_ticket_unauth' (6182) panicked at tests/integration.rs:22:64:
[INFO] [stdout] called `Result::unwrap()` on an `Err` value: Client(Init(SocketNotFoundError("/var/run/docker.sock")))
[INFO] [stdout] stack backtrace:
[INFO] [stdout]    0:     0x625fb79327a1 - <<std[70759c8f55707aa4]::sys::backtrace::BacktraceLock>::print::DisplayBacktrace as core[df12db4294e9bfd3]::fmt::Display>::fmt
[INFO] [stdout]    1:     0x625fb794b72a - core[df12db4294e9bfd3]::fmt::write
[INFO] [stdout]    2:     0x625fb7937d1c - <alloc[2182bb758b4b3781]::vec::Vec<u8> as core[df12db4294e9bfd3]::io::write::Write>::write_fmt
[INFO] [stdout]    3:     0x625fb790c316 - std[70759c8f55707aa4]::panicking::default_hook::{closure#0}
[INFO] [stdout]    4:     0x625fb7929e09 - std[70759c8f55707aa4]::panicking::default_hook
[INFO] [stdout]    5:     0x625fb70a6cb0 - test[9d35eded1c95d3be]::test_main_inner::<test[9d35eded1c95d3be]::test_main_static::{closure#0}>::{closure#0}
[INFO] [stdout]    6:     0x625fb792a132 - std[70759c8f55707aa4]::panicking::panic_with_hook
[INFO] [stdout]    7:     0x625fb790c3c2 - std[70759c8f55707aa4]::panicking::panic_handler::{closure#0}
[INFO] [stdout]    8:     0x625fb79048a9 - std[70759c8f55707aa4]::sys::backtrace::__rust_end_short_backtrace::<std[70759c8f55707aa4]::panicking::panic_handler::{closure#0}, !>
[INFO] [stdout]    9:     0x625fb790d2bd - __rustc[8fa7c3cbc660c2b3]::rust_begin_unwind
[INFO] [stdout]   10:     0x625fb794bf0c - core[df12db4294e9bfd3]::panicking::panic_fmt
[INFO] [stdout]   11:     0x625fb794bce2 - core[df12db4294e9bfd3]::result::unwrap_failed
[INFO] [stdout]   12:     0x625fb70384bc - integration[259543bfde0f352f]::setup::{closure#0}
[INFO] [stdout]   13:     0x625fb7040336 - integration[259543bfde0f352f]::test_create_and_get_ticket_unauth::{closure#0}
[INFO] [stdout]   14:     0x625fb6f68f5a - <tokio[a7804e150847feca]::runtime::scheduler::current_thread::CurrentThread>::block_on::<core[df12db4294e9bfd3]::pin::Pin<&mut dyn core[df12db4294e9bfd3]::future::future::Future<Output = ()>>>
[INFO] [stdout]   15:     0x625fb6f85cf2 - <tokio[a7804e150847feca]::runtime::runtime::Runtime>::block_on::<core[df12db4294e9bfd3]::pin::Pin<&mut dyn core[df12db4294e9bfd3]::future::future::Future<Output = ()>>>
[INFO] [stdout]   16:     0x625fb7049cdd - <integration[259543bfde0f352f]::test_create_and_get_ticket_unauth::{closure#0} as core[df12db4294e9bfd3]::ops::function::FnOnce<()>>::call_once
[INFO] [stdout]   17:     0x625fb7099f9b - test[9d35eded1c95d3be]::__rust_begin_short_backtrace::<core[df12db4294e9bfd3]::result::Result<(), alloc[2182bb758b4b3781]::string::String>, fn() -> core[df12db4294e9bfd3]::result::Result<(), alloc[2182bb758b4b3781]::string::String>>
[INFO] [stdout]   18:     0x625fb70a7605 - test[9d35eded1c95d3be]::run_test::{closure#0}
[INFO] [stdout]   19:     0x625fb70a0ec4 - std[70759c8f55707aa4]::sys::backtrace::__rust_begin_short_backtrace::<test[9d35eded1c95d3be]::run_test::{closure#1}, ()>
[INFO] [stdout]   20:     0x625fb70aa762 - <std[70759c8f55707aa4]::thread::lifecycle::spawn_unchecked<test[9d35eded1c95d3be]::run_test::{closure#1}, ()>::{closure#1} as core[df12db4294e9bfd3]::ops::function::FnOnce<()>>::call_once::{shim:vtable#0}
[INFO] [stdout]   21:     0x625fb7931639 - <std[70759c8f55707aa4]::sys::thread::unix::Thread>::new::thread_start
[INFO] [stdout]   22:     0x7bc1122c4dfa - <unknown>
[INFO] [stdout]   23:     0x7bc1123583d4 - clone
[INFO] [stdout]   24:                0x0 - <unknown>
[INFO] [stdout] 
[INFO] [stdout] ---- test_ticket_lifecycle_ok stdout ----
[INFO] [stdout] 
[INFO] [stdout] thread 'test_ticket_lifecycle_ok' (6185) panicked at tests/integration.rs:22:64:
[INFO] [stdout] called `Result::unwrap()` on an `Err` value: Client(Init(SocketNotFoundError("/var/run/docker.sock")))
[INFO] [stdout] stack backtrace:
[INFO] [stdout]    0:     0x625fb79327a1 - <<std[70759c8f55707aa4]::sys::backtrace::BacktraceLock>::print::DisplayBacktrace as core[df12db4294e9bfd3]::fmt::Display>::fmt
[INFO] [stdout]    1:     0x625fb794b72a - core[df12db4294e9bfd3]::fmt::write
[INFO] [stdout]    2:     0x625fb7937d1c - <alloc[2182bb758b4b3781]::vec::Vec<u8> as core[df12db4294e9bfd3]::io::write::Write>::write_fmt
[INFO] [stdout]    3:     0x625fb790c316 - std[70759c8f55707aa4]::panicking::default_hook::{closure#0}
[INFO] [stdout]    4:     0x625fb7929e09 - std[70759c8f55707aa4]::panicking::default_hook
[INFO] [stdout]    5:     0x625fb70a6cb0 - test[9d35eded1c95d3be]::test_main_inner::<test[9d35eded1c95d3be]::test_main_static::{closure#0}>::{closure#0}
[INFO] [stdout]    6:     0x625fb792a132 - std[70759c8f55707aa4]::panicking::panic_with_hook
[INFO] [stdout]    7:     0x625fb790c3c2 - std[70759c8f55707aa4]::panicking::panic_handler::{closure#0}
[INFO] [stdout]    8:     0x625fb79048a9 - std[70759c8f55707aa4]::sys::backtrace::__rust_end_short_backtrace::<std[70759c8f55707aa4]::panicking::panic_handler::{closure#0}, !>
[INFO] [stdout]    9:     0x625fb790d2bd - __rustc[8fa7c3cbc660c2b3]::rust_begin_unwind
[INFO] [stdout]   10:     0x625fb794bf0c - core[df12db4294e9bfd3]::panicking::panic_fmt
[INFO] [stdout]   11:     0x625fb794bce2 - core[df12db4294e9bfd3]::result::unwrap_failed
[INFO] [stdout]   12:     0x625fb70384bc - integration[259543bfde0f352f]::setup::{closure#0}
[INFO] [stdout]   13:     0x625fb703d206 - integration[259543bfde0f352f]::test_ticket_lifecycle_ok::{closure#0}
[INFO] [stdout]   14:     0x625fb6f68f5a - <tokio[a7804e150847feca]::runtime::scheduler::current_thread::CurrentThread>::block_on::<core[df12db4294e9bfd3]::pin::Pin<&mut dyn core[df12db4294e9bfd3]::future::future::Future<Output = ()>>>
[INFO] [stdout]   15:     0x625fb6f85cf2 - <tokio[a7804e150847feca]::runtime::runtime::Runtime>::block_on::<core[df12db4294e9bfd3]::pin::Pin<&mut dyn core[df12db4294e9bfd3]::future::future::Future<Output = ()>>>
[INFO] [stdout]   16:     0x625fb7049a1d - <integration[259543bfde0f352f]::test_ticket_lifecycle_ok::{closure#0} as core[df12db4294e9bfd3]::ops::function::FnOnce<()>>::call_once
[INFO] [stdout]   17:     0x625fb7099f9b - test[9d35eded1c95d3be]::__rust_begin_short_backtrace::<core[df12db4294e9bfd3]::result::Result<(), alloc[2182bb758b4b3781]::string::String>, fn() -> core[df12db4294e9bfd3]::result::Result<(), alloc[2182bb758b4b3781]::string::String>>
[INFO] [stdout]   18:     0x625fb70a7605 - test[9d35eded1c95d3be]::run_test::{closure#0}
[INFO] [stdout]   19:     0x625fb70a0ec4 - std[70759c8f55707aa4]::sys::backtrace::__rust_begin_short_backtrace::<test[9d35eded1c95d3be]::run_test::{closure#1}, ()>
[INFO] [stdout]   20:     0x625fb70aa762 - <std[70759c8f55707aa4]::thread::lifecycle::spawn_unchecked<test[9d35eded1c95d3be]::run_test::{closure#1}, ()>::{closure#1} as core[df12db4294e9bfd3]::ops::function::FnOnce<()>>::call_once::{shim:vtable#0}
[INFO] [stdout]   21:     0x625fb7931639 - <std[70759c8f55707aa4]::sys::thread::unix::Thread>::new::thread_start
[INFO] [stdout]   22:     0x7bc1122c4dfa - <unknown>
[INFO] [stdout]   23:     0x7bc1123583d4 - clone
[INFO] [stdout]   24:                0x0 - <unknown>
[INFO] [stdout] 
[INFO] [stdout] ---- test_create_and_login_ok stdout ----
[INFO] [stdout] 
[INFO] [stdout] thread 'test_create_and_login_ok' (6184) panicked at tests/integration.rs:22:64:
[INFO] [stdout] called `Result::unwrap()` on an `Err` value: Client(Init(SocketNotFoundError("/var/run/docker.sock")))
[INFO] [stdout] stack backtrace:
[INFO] [stdout]    0:     0x625fb79327a1 - <<std[70759c8f55707aa4]::sys::backtrace::BacktraceLock>::print::DisplayBacktrace as core[df12db4294e9bfd3]::fmt::Display>::fmt
[INFO] [stdout]    1:     0x625fb794b72a - core[df12db4294e9bfd3]::fmt::write
[INFO] [stdout]    2:     0x625fb7937d1c - <alloc[2182bb758b4b3781]::vec::Vec<u8> as core[df12db4294e9bfd3]::io::write::Write>::write_fmt
[INFO] [stdout]    3:     0x625fb790c316 - std[70759c8f55707aa4]::panicking::default_hook::{closure#0}
[INFO] [stdout]    4:     0x625fb7929e09 - std[70759c8f55707aa4]::panicking::default_hook
[INFO] [stdout]    5:     0x625fb70a6cb0 - test[9d35eded1c95d3be]::test_main_inner::<test[9d35eded1c95d3be]::test_main_static::{closure#0}>::{closure#0}
[INFO] [stdout]    6:     0x625fb792a132 - std[70759c8f55707aa4]::panicking::panic_with_hook
[INFO] [stdout]    7:     0x625fb790c3c2 - std[70759c8f55707aa4]::panicking::panic_handler::{closure#0}
[INFO] [stdout]    8:     0x625fb79048a9 - std[70759c8f55707aa4]::sys::backtrace::__rust_end_short_backtrace::<std[70759c8f55707aa4]::panicking::panic_handler::{closure#0}, !>
[INFO] [stdout]    9:     0x625fb790d2bd - __rustc[8fa7c3cbc660c2b3]::rust_begin_unwind
[INFO] [stdout]   10:     0x625fb794bf0c - core[df12db4294e9bfd3]::panicking::panic_fmt
[INFO] [stdout]   11:     0x625fb794bce2 - core[df12db4294e9bfd3]::result::unwrap_failed
[INFO] [stdout]   12:     0x625fb70384bc - integration[259543bfde0f352f]::setup::{closure#0}
[INFO] [stdout]   13:     0x625fb703c408 - integration[259543bfde0f352f]::test_create_and_login_ok::{closure#0}
[INFO] [stdout]   14:     0x625fb6f68f5a - <tokio[a7804e150847feca]::runtime::scheduler::current_thread::CurrentThread>::block_on::<core[df12db4294e9bfd3]::pin::Pin<&mut dyn core[df12db4294e9bfd3]::future::future::Future<Output = ()>>>
[INFO] [stdout]   15:     0x625fb6f85cf2 - <tokio[a7804e150847feca]::runtime::runtime::Runtime>::block_on::<core[df12db4294e9bfd3]::pin::Pin<&mut dyn core[df12db4294e9bfd3]::future::future::Future<Output = ()>>>
[INFO] [stdout]   16:     0x625fb70498bd - <integration[259543bfde0f352f]::test_create_and_login_ok::{closure#0} as core[df12db4294e9bfd3]::ops::function::FnOnce<()>>::call_once
[INFO] [stdout]   17:     0x625fb7099f9b - test[9d35eded1c95d3be]::__rust_begin_short_backtrace::<core[df12db4294e9bfd3]::result::Result<(), alloc[2182bb758b4b3781]::string::String>, fn() -> core[df12db4294e9bfd3]::result::Result<(), alloc[2182bb758b4b3781]::string::String>>
[INFO] [stdout]   18:     0x625fb70a7605 - test[9d35eded1c95d3be]::run_test::{closure#0}
[INFO] [stdout]   19:     0x625fb70a0ec4 - std[70759c8f55707aa4]::sys::backtrace::__rust_begin_short_backtrace::<test[9d35eded1c95d3be]::run_test::{closure#1}, ()>
[INFO] [stdout]   20:     0x625fb70aa762 - <std[70759c8f55707aa4]::thread::lifecycle::spawn_unchecked<test[9d35eded1c95d3be]::run_test::{closure#1}, ()>::{closure#1} as core[df12db4294e9bfd3]::ops::function::FnOnce<()>>::call_once::{shim:vtable#0}
[INFO] [stdout]   21:     0x625fb7931639 - <std[70759c8f55707aa4]::sys::thread::unix::Thread>::new::thread_start
[INFO] [stdout]   22:     0x7bc1122c4dfa - <unknown>
[INFO] [stdout]   23:     0x7bc1123583d4 - clone
[INFO] [stdout]   24:                0x0 - <unknown>
[INFO] [stdout] 
[INFO] [stdout] 
[INFO] [stdout] failures:
[INFO] [stdout]     test_create_and_get_ticket_unauth
[INFO] [stdout]     test_create_and_login_fail
[INFO] [stdout]     test_create_and_login_ok
[INFO] [stdout]     test_ticket_lifecycle_ok
[INFO] [stdout] 
[INFO] [stdout] test result: FAILED. 0 passed; 4 failed; 0 ignored; 0 measured; 0 filtered out; finished in 0.01s
[INFO] [stdout] 
[INFO] [stderr] error: test failed, to rerun pass `--test integration`
[INFO] running `Command { std: "docker" "inspect" "fd7d5579c14ec11f2dbe7b9c42f3fda1f950097e4f93159dc4d5199976a251ed", kill_on_drop: false }`
[INFO] running `Command { std: "docker" "rm" "-f" "fd7d5579c14ec11f2dbe7b9c42f3fda1f950097e4f93159dc4d5199976a251ed", kill_on_drop: false }`
[INFO] [stdout] fd7d5579c14ec11f2dbe7b9c42f3fda1f950097e4f93159dc4d5199976a251ed
