[INFO] cloning repository https://github.com/thanhdv66/frankenpandas
[INFO] running `Command { std: "git" "-c" "credential.helper=" "-c" "credential.helper=/workspace/cargo-home/bin/git-credential-null" "clone" "--bare" "https://github.com/thanhdv66/frankenpandas" "/workspace/cache/git-repos/https%3A%2F%2Fgithub.com%2Fthanhdv66%2Ffrankenpandas", kill_on_drop: false }`
[INFO] [stderr] Cloning into bare repository '/workspace/cache/git-repos/https%3A%2F%2Fgithub.com%2Fthanhdv66%2Ffrankenpandas'...
[INFO] running `Command { std: "git" "rev-parse" "HEAD", kill_on_drop: false }`
[INFO] [stdout] 5eb6ca6a95444467e3ef6463aea5bb73b8f8c962
[INFO] testing thanhdv66/frankenpandas against 1.99.0-beta.8+cargoflags=--release for beta-release-1.100-2
[INFO] running `Command { std: "git" "clone" "/workspace/cache/git-repos/https%3A%2F%2Fgithub.com%2Fthanhdv66%2Ffrankenpandas" "/workspace/builds/worker-4-tc1/source", kill_on_drop: false }`
[INFO] [stderr] Cloning into '/workspace/builds/worker-4-tc1/source'...
[INFO] [stderr] done.
[INFO] removed /workspace/builds/worker-4-tc1/source/rust-toolchain.toml
[INFO] started tweaking git repo https://github.com/thanhdv66/frankenpandas
[INFO] finished tweaking git repo https://github.com/thanhdv66/frankenpandas
[INFO] tweaked toml for git repo https://github.com/thanhdv66/frankenpandas written to /workspace/builds/worker-4-tc1/source/Cargo.toml
[INFO] validating manifest of git repo https://github.com/thanhdv66/frankenpandas on toolchain 1.99.0-beta.8
[INFO] running `Command { std: CARGO_HOME="/workspace/cargo-home" RUSTUP_HOME="/workspace/rustup-home" "/workspace/cargo-home/bin/cargo" "+1.99.0-beta.8" "metadata" "--manifest-path" "Cargo.toml" "--no-deps", kill_on_drop: false }`
[INFO] crate git repo https://github.com/thanhdv66/frankenpandas already has a lockfile, it will not be regenerated
[INFO] running `Command { std: CARGO_HOME="/workspace/cargo-home" RUSTUP_HOME="/workspace/rustup-home" "/workspace/cargo-home/bin/cargo" "+1.99.0-beta.8" "fetch" "--manifest-path" "Cargo.toml", kill_on_drop: false }`
[INFO] [stderr]     Updating crates.io index
[INFO] [stderr]  Downloading crates ...
[INFO] [stderr]   Downloaded franken-evidence v0.2.0
[INFO] [stderr]   Downloaded franken-kernel v0.2.0
[INFO] [stderr]   Downloaded franken-decision v0.2.0
[INFO] [stderr]   Downloaded raptorq v2.0.0
[INFO] [stderr]   Downloaded nix v0.31.1
[INFO] [stderr]   Downloaded asupersync v0.2.0
[INFO] running `Command { std: "docker" "create" "-v" "/var/lib/crater-agent-workspace/builds/worker-4-tc1/source:/opt/rustwide/workdir:ro,Z" "-v" "/var/lib/crater-agent-workspace/builds/worker-4-tc1/target:/opt/rustwide/target:rw,Z" "-v" "/var/lib/crater-agent-workspace/cargo-home:/opt/rustwide/cargo-home:ro,Z" "-v" "/var/lib/crater-agent-workspace/rustup-home:/opt/rustwide/rustup-home:ro,Z" "-m" "1610612736" "--network" "none" "ghcr.io/rust-lang/crates-build-env/linux@sha256:77db811e55d90add9212f6832c23229e3de5f1c1f9905e8cb07319ea15df73ac" "sleep" "infinity", kill_on_drop: false }`
[INFO] [stdout] 0a53a2b524fe2ee2d8e1b5e32ac9d418abe067633e600c35743799ec03b548fa
[INFO] running `Command { std: "docker" "start" "0a53a2b524fe2ee2d8e1b5e32ac9d418abe067633e600c35743799ec03b548fa", kill_on_drop: false }`
[INFO] running `Command { std: "docker" "inspect" "0a53a2b524fe2ee2d8e1b5e32ac9d418abe067633e600c35743799ec03b548fa", kill_on_drop: false }`
[INFO] running `Command { std: "docker" "exec" "-e" "SOURCE_DIR=/opt/rustwide/workdir" "-e" "CARGO_HOME=/opt/rustwide/cargo-home" "-e" "RUSTUP_HOME=/opt/rustwide/rustup-home" "-e" "CARGO_TARGET_DIR=/opt/rustwide/target" "-w" "/opt/rustwide/workdir" "--user" "0:0" "0a53a2b524fe2ee2d8e1b5e32ac9d418abe067633e600c35743799ec03b548fa" "/opt/rustwide/cargo-home/bin/cargo" "+1.99.0-beta.8" "metadata" "--no-deps" "--format-version=1", kill_on_drop: false }`
[INFO] running `Command { std: "docker" "inspect" "0a53a2b524fe2ee2d8e1b5e32ac9d418abe067633e600c35743799ec03b548fa", kill_on_drop: false }`
[INFO] running `Command { std: "docker" "exec" "-e" "SOURCE_DIR=/opt/rustwide/workdir" "-e" "CARGO_HOME=/opt/rustwide/cargo-home" "-e" "RUSTUP_HOME=/opt/rustwide/rustup-home" "-e" "CARGO_TARGET_DIR=/opt/rustwide/target" "-e" "CARGO_INCREMENTAL=0" "-e" "RUST_BACKTRACE=full" "-e" "RUSTFLAGS=--cap-lints=warn" "-e" "RUSTDOCFLAGS=--cap-lints=warn" "-w" "/opt/rustwide/workdir" "--user" "0:0" "0a53a2b524fe2ee2d8e1b5e32ac9d418abe067633e600c35743799ec03b548fa" "/opt/rustwide/cargo-home/bin/cargo" "+1.99.0-beta.8" "build" "--frozen" "--message-format=json" "--release", kill_on_drop: false }`
[INFO] [stderr]    Compiling serde_core v1.0.228
[INFO] [stderr]    Compiling zerocopy v0.8.39
[INFO] [stderr]    Compiling libc v0.2.180
[INFO] [stderr]    Compiling once_cell v1.21.3
[INFO] [stderr]    Compiling arrow-schema v54.3.1
[INFO] [stderr]    Compiling ahash v0.8.12
[INFO] [stderr]    Compiling syn v2.0.115
[INFO] [stderr]    Compiling regex-syntax v0.8.9
[INFO] [stderr]    Compiling lexical-util v1.0.7
[INFO] [stderr]    Compiling num-complex v0.4.6
[INFO] [stderr]    Compiling chrono v0.4.44
[INFO] [stderr]    Compiling flatbuffers v24.12.23
[INFO] [stderr]    Compiling num-bigint v0.4.6
[INFO] [stderr]    Compiling num-iter v0.1.45
[INFO] [stderr]    Compiling generic-array v0.14.7
[INFO] [stderr]    Compiling comfy-table v7.2.2
[INFO] [stderr]    Compiling snap v1.1.1
[INFO] [stderr]    Compiling ordered-float v2.10.1
[INFO] [stderr]    Compiling bumpalo v3.19.1
[INFO] [stderr]    Compiling integer-encoding v3.0.4
[INFO] [stderr]    Compiling twox-hash v1.6.3
[INFO] [stderr]    Compiling thrift v0.17.0
[INFO] [stderr]    Compiling csv-core v0.1.13
[INFO] [stderr]    Compiling seq-macro v0.3.6
[INFO] [stderr]    Compiling lexical-parse-integer v1.0.6
[INFO] [stderr]    Compiling lexical-write-integer v1.0.6
[INFO] [stderr]    Compiling lexical-parse-float v1.0.6
[INFO] [stderr]    Compiling block-buffer v0.10.4
[INFO] [stderr]    Compiling crypto-common v0.1.7
[INFO] [stderr]    Compiling lexical-write-float v1.0.6
[INFO] [stderr]    Compiling digest v0.10.7
[INFO] [stderr]    Compiling sha2 v0.10.9
[INFO] [stderr]    Compiling lexical-core v1.0.6
[INFO] [stderr]    Compiling getrandom v0.3.4
[INFO] [stderr]    Compiling num-rational v0.4.2
[INFO] [stderr]    Compiling regex-automata v0.4.14
[INFO] [stderr]    Compiling num v0.4.3
[INFO] [stderr]    Compiling zerocopy-derive v0.8.39
[INFO] [stderr]    Compiling serde_derive v1.0.228
[INFO] [stderr]    Compiling thiserror-impl v2.0.18
[INFO] [stderr]    Compiling serde_json v1.0.149
[INFO] [stderr]    Compiling csv v1.4.0
[INFO] [stderr]    Compiling thiserror v2.0.18
[INFO] [stderr]    Compiling serde v1.0.228
[INFO] [stderr]    Compiling regex v1.12.3
[INFO] [stderr]    Compiling fp-types v0.1.0 (/opt/rustwide/workdir/crates/fp-types)
[INFO] [stderr]    Compiling fp-runtime v0.1.0 (/opt/rustwide/workdir/crates/fp-runtime)
[INFO] [stderr]    Compiling serde_yaml v0.9.34+deprecated
[INFO] [stderr]    Compiling raptorq v2.0.0
[INFO] [stderr]    Compiling fp-columnar v0.1.0 (/opt/rustwide/workdir/crates/fp-columnar)
[INFO] [stderr]    Compiling fp-index v0.1.0 (/opt/rustwide/workdir/crates/fp-index)
[INFO] [stderr]    Compiling fp-frame v0.1.0 (/opt/rustwide/workdir/crates/fp-frame)
[INFO] [stderr]    Compiling half v2.7.1
[INFO] [stderr]    Compiling arrow-buffer v54.3.1
[INFO] [stderr]    Compiling arrow-data v54.3.1
[INFO] [stderr]    Compiling arrow-array v54.3.1
[INFO] [stderr]    Compiling fp-groupby v0.1.0 (/opt/rustwide/workdir/crates/fp-groupby)
[INFO] [stderr]    Compiling fp-join v0.1.0 (/opt/rustwide/workdir/crates/fp-join)
[INFO] [stderr]    Compiling fp-expr v0.1.0 (/opt/rustwide/workdir/crates/fp-expr)
[INFO] [stderr]    Compiling arrow-select v54.3.1
[INFO] [stderr]    Compiling arrow-row v54.3.1
[INFO] [stderr]    Compiling arrow-ipc v54.3.1
[INFO] [stderr]    Compiling arrow-arith v54.3.1
[INFO] [stderr]    Compiling arrow-cast v54.3.1
[INFO] [stderr]    Compiling arrow-ord v54.3.1
[INFO] [stderr]    Compiling arrow-string v54.3.1
[INFO] [stderr]    Compiling parquet v54.3.1
[INFO] [stderr]    Compiling arrow v54.3.1
[INFO] [stderr]    Compiling fp-io v0.1.0 (/opt/rustwide/workdir/crates/fp-io)
[INFO] [stderr]    Compiling fp-conformance v0.1.0 (/opt/rustwide/workdir/crates/fp-conformance)
[INFO] [stderr]    Compiling fp-frankentui v0.1.0 (/opt/rustwide/workdir/crates/fp-frankentui)
[INFO] [stderr]     Finished `release` profile [optimized] target(s) in 3m 38s
[INFO] running `Command { std: "docker" "inspect" "0a53a2b524fe2ee2d8e1b5e32ac9d418abe067633e600c35743799ec03b548fa", kill_on_drop: false }`
[INFO] running `Command { std: "docker" "exec" "-e" "SOURCE_DIR=/opt/rustwide/workdir" "-e" "CARGO_HOME=/opt/rustwide/cargo-home" "-e" "RUSTUP_HOME=/opt/rustwide/rustup-home" "-e" "CARGO_TARGET_DIR=/opt/rustwide/target" "-e" "CARGO_INCREMENTAL=0" "-e" "RUST_BACKTRACE=full" "-e" "RUSTFLAGS=--cap-lints=warn" "-e" "RUSTDOCFLAGS=--cap-lints=warn" "-w" "/opt/rustwide/workdir" "--user" "0:0" "0a53a2b524fe2ee2d8e1b5e32ac9d418abe067633e600c35743799ec03b548fa" "/opt/rustwide/cargo-home/bin/cargo" "+1.99.0-beta.8" "test" "--frozen" "--no-run" "--message-format=json" "--release", kill_on_drop: false }`
[INFO] [stderr]    Compiling libc v0.2.180
[INFO] [stderr]    Compiling getrandom v0.4.1
[INFO] [stderr]    Compiling ppv-lite86 v0.2.21
[INFO] [stderr]    Compiling fp-frame v0.1.0 (/opt/rustwide/workdir/crates/fp-frame)
[INFO] [stderr]    Compiling fp-columnar v0.1.0 (/opt/rustwide/workdir/crates/fp-columnar)
[INFO] [stderr]    Compiling fp-index v0.1.0 (/opt/rustwide/workdir/crates/fp-index)
[INFO] [stderr]    Compiling fp-groupby v0.1.0 (/opt/rustwide/workdir/crates/fp-groupby)
[INFO] [stderr]    Compiling fp-join v0.1.0 (/opt/rustwide/workdir/crates/fp-join)
[INFO] [stderr]    Compiling fp-expr v0.1.0 (/opt/rustwide/workdir/crates/fp-expr)
[INFO] [stderr]    Compiling fp-types v0.1.0 (/opt/rustwide/workdir/crates/fp-types)
[INFO] [stderr]    Compiling fp-runtime v0.1.0 (/opt/rustwide/workdir/crates/fp-runtime)
[INFO] [stderr]    Compiling getrandom v0.3.4
[INFO] [stderr]    Compiling ahash v0.8.12
[INFO] [stderr]    Compiling rand_core v0.9.5
[INFO] [stderr]    Compiling tempfile v3.25.0
[INFO] [stderr]    Compiling wait-timeout v0.2.1
[INFO] [stderr]    Compiling rand_chacha v0.9.0
[INFO] [stderr]    Compiling rand v0.9.2
[INFO] [stderr]    Compiling arrow-array v54.3.1
[INFO] [stderr]    Compiling rand_xorshift v0.4.0
[INFO] [stderr]    Compiling rusty-fork v0.3.1
[INFO] [stderr]    Compiling proptest v1.10.0
[INFO] [stderr]    Compiling arrow-select v54.3.1
[INFO] [stderr]    Compiling arrow-ipc v54.3.1
[INFO] [stderr]    Compiling arrow-arith v54.3.1
[INFO] [stderr]    Compiling arrow-row v54.3.1
[INFO] [stderr]    Compiling arrow-cast v54.3.1
[INFO] [stderr]    Compiling arrow-string v54.3.1
[INFO] [stderr]    Compiling arrow-ord v54.3.1
[INFO] [stderr]    Compiling arrow v54.3.1
[INFO] [stderr]    Compiling parquet v54.3.1
[INFO] [stderr]    Compiling fp-io v0.1.0 (/opt/rustwide/workdir/crates/fp-io)
[INFO] [stderr]    Compiling fp-conformance v0.1.0 (/opt/rustwide/workdir/crates/fp-conformance)
[INFO] [stderr]    Compiling fp-frankentui v0.1.0 (/opt/rustwide/workdir/crates/fp-frankentui)
[INFO] [stderr]     Finished `release` profile [optimized] target(s) in 4m 01s
[INFO] running `Command { std: "docker" "inspect" "0a53a2b524fe2ee2d8e1b5e32ac9d418abe067633e600c35743799ec03b548fa", kill_on_drop: false }`
[INFO] running `Command { std: "docker" "exec" "-e" "SOURCE_DIR=/opt/rustwide/workdir" "-e" "CARGO_HOME=/opt/rustwide/cargo-home" "-e" "RUSTUP_HOME=/opt/rustwide/rustup-home" "-e" "CARGO_TARGET_DIR=/opt/rustwide/target" "-e" "CARGO_INCREMENTAL=0" "-e" "RUST_BACKTRACE=full" "-e" "RUSTFLAGS=--cap-lints=warn" "-e" "RUSTDOCFLAGS=--cap-lints=warn" "-w" "/opt/rustwide/workdir" "--user" "0:0" "0a53a2b524fe2ee2d8e1b5e32ac9d418abe067633e600c35743799ec03b548fa" "/opt/rustwide/cargo-home/bin/cargo" "+1.99.0-beta.8" "test" "--frozen" "--release", kill_on_drop: false }`
[INFO] [stderr]     Finished `release` profile [optimized] target(s) in 0.24s
[INFO] [stderr]      Running unittests src/lib.rs (/opt/rustwide/target/release/deps/fp_columnar-ee74b8fc6761b61c)
[INFO] [stdout] 
[INFO] [stdout] running 55 tests
[INFO] [stdout] test tests::column_data_int64_roundtrip ... ok
[INFO] [stdout] test tests::comparison_tests::fillna_replaces_missing ... ok
[INFO] [stdout] test tests::comparison_tests::comparison_bool_ordering ... ok
[INFO] [stdout] test tests::comparison_tests::comparison_gt_int64 ... ok
[INFO] [stdout] test tests::comparison_tests::comparison_empty_columns ... ok
[INFO] [stdout] test tests::comparison_tests::filter_by_mask_empty_result ... ok
[INFO] [stdout] test tests::column_data_float64_roundtrip ... ok
[INFO] [stdout] test tests::comparison_tests::comparison_utf8_lexicographic ... ok
[INFO] [stdout] test tests::comparison_tests::compare_scalar_with_missing_scalar ... ok
[INFO] [stdout] test tests::comparison_tests::comparison_null_propagation ... ok
[INFO] [stdout] test tests::comparison_tests::filter_by_mask_basic ... ok
[INFO] [stdout] test tests::comparison_tests::compare_scalar_gt ... ok
[INFO] [stdout] test tests::comparison_tests::dropna_removes_missing ... ok
[INFO] [stdout] test tests::comparison_tests::comparison_all_ops_numeric ... ok
[INFO] [stdout] test tests::comparison_tests::comparison_equality_equal_values ... ok
[INFO] [stdout] test tests::comparison_tests::comparison_length_mismatch_error ... ok
[INFO] [stdout] test tests::comparison_tests::filter_by_mask_null_treated_as_false ... ok
[INFO] [stdout] test tests::crack_tests::crack_all_same_values ... ok
[INFO] [stdout] test tests::crack_tests::crack_duplicate_crack_point_is_idempotent ... ok
[INFO] [stdout] test tests::crack_tests::crack_empty_column ... ok
[INFO] [stdout] test tests::crack_tests::crack_filter_lte_basic ... ok
[INFO] [stdout] test tests::crack_tests::crack_filter_lt ... ok
[INFO] [stdout] test tests::crack_tests::crack_filter_gt_basic ... ok
[INFO] [stdout] test tests::crack_tests::crack_filter_gte ... ok
[INFO] [stdout] test tests::crack_tests::crack_filter_eq ... ok
[INFO] [stdout] test tests::crack_tests::crack_int64_column ... ok
[INFO] [stdout] test tests::crack_tests::crack_isomorphism_with_full_scan ... ok
[INFO] [stdout] test tests::numeric_addition_propagates_missing ... ok
[INFO] [stdout] test tests::crack_tests::crack_single_element ... ok
[INFO] [stdout] test tests::reindex_injects_missing_values ... ok
[INFO] [stdout] test tests::validity_mask_all_invalid ... ok
[INFO] [stdout] test tests::validity_mask_all_valid ... ok
[INFO] [stdout] test tests::crack_tests::crack_progressive_refinement ... ok
[INFO] [stdout] test tests::crack_tests::crack_large_column_correctness ... ok
[INFO] [stdout] test tests::validity_mask_and_or_not ... ok
[INFO] [stdout] test tests::validity_mask_equality ... ok
[INFO] [stdout] test tests::validity_mask_boundary_65_elements ... ok
[INFO] [stdout] test tests::validity_mask_bits_iterator ... ok
[INFO] [stdout] test tests::validity_mask_dense_null_half ... ok
[INFO] [stdout] test tests::validity_mask_empty ... ok
[INFO] [stdout] test tests::validity_mask_serde_round_trip ... ok
[INFO] [stdout] test tests::validity_mask_set_and_get ... ok
[INFO] [stdout] test tests::vectorized_all_four_ops_f64 ... ok
[INFO] [stdout] test tests::vectorized_division_promotes_to_float64 ... ok
[INFO] [stdout] test tests::vectorized_empty_columns ... ok
[INFO] [stdout] test tests::vectorized_f64_addition_matches_scalar ... ok
[INFO] [stdout] test tests::vectorized_f64_with_nulls_propagates_missing ... ok
[INFO] [stdout] test tests::vectorized_i64_addition_matches_scalar ... ok
[INFO] [stdout] test tests::vectorized_i64_with_nulls_propagates_missing ... ok
[INFO] [stdout] test tests::vectorized_mixed_type_falls_back_to_scalar ... ok
[INFO] [stdout] test tests::validity_mask_nan_is_invalid ... ok
[INFO] [stdout] test tests::validity_mask_from_values_packs_correctly ... ok
[INFO] [stdout] test tests::vectorized_i64_sub_and_mul ... ok
[INFO] [stdout] test tests::vectorized_large_column_matches_scalar_semantics ... ok
[INFO] [stdout] test tests::vectorized_nan_vs_null_distinction_preserved ... ok
[INFO] [stdout] 
[INFO] [stdout] test result: ok. 55 passed; 0 failed; 0 ignored; 0 measured; 0 filtered out; finished in 0.02s
[INFO] [stdout] 
[INFO] [stderr]      Running unittests src/lib.rs (/opt/rustwide/target/release/deps/fp_conformance-6080b6ea58b14223)
[INFO] [stdout] 
[INFO] [stdout] running 117 tests
[INFO] [stdout] test tests::ci_gate_commit_pipeline_is_subset_of_full ... ok
[INFO] [stdout] test tests::ci_gate_pipeline_order_is_monotonic ... ok
[INFO] [stdout] test tests::artifact_id_short_hash_is_deterministic ... ok
[INFO] [stdout] test tests::ci_gate_labels_are_nonempty ... ok
[INFO] [stdout] test tests::ci_pipeline_result_display_format ... ok
[INFO] [stdout] test tests::ci_gate_serialization_round_trip ... ok
[INFO] [stdout] test tests::ci_forensics_report_collects_violations_with_replay_commands ... ok
[INFO] [stdout] test tests::compat_closure_case_log_is_deterministic_for_same_inputs ... ok
[INFO] [stdout] test tests::ci_gate_rule_ids_are_stable_and_nonempty ... ok
[INFO] [stdout] test tests::compat_closure_case_log_contains_required_fields ... ok
[INFO] [stdout] test tests::decode_proof_status_variants_serialize_correctly ... ok
[INFO] [stdout] test tests::build_differential_report_aggregates_correctly ... ok
[INFO] [stdout] test tests::differential_result_converts_to_case_result ... ok
[INFO] [stdout] test tests::differential_result_with_drift_converts_mismatch_string ... ok
[INFO] [stdout] test tests::decode_proof_artifact_round_trip_serialization ... ok
[INFO] [stdout] test tests::compat_closure_mode_split_contracts_hold_across_seed_span ... ok
[INFO] [stdout] test tests::compat_closure_final_evidence_pack_writes_json_artifacts ... FAILED
[INFO] [stdout] test tests::differential_validation_log_contains_required_fields ... ok
[INFO] [stdout] test tests::compat_closure_e2e_scenario_report_contains_required_step_fields ... ok
[INFO] [stdout] test tests::differential_validation_log_writes_jsonl ... ok
[INFO] [stdout] test tests::drift_summary_counts_categories ... ok
[INFO] [stdout] test tests::compat_closure_e2e_scenario_report_writes_json ... ok
[INFO] [stdout] test tests::ci_pipeline_conformance_only_runs_and_reports ... ok
[INFO] [stdout] test tests::differential_suite_produces_structured_drift ... ok
[INFO] [stdout] test tests::compat_closure_final_evidence_pack_contains_required_fields ... FAILED
[INFO] [stdout] test tests::failure_digest_display_format ... ok
[INFO] [stdout] test tests::differential_report_serializes_to_json ... ok
[INFO] [stdout] test tests::failure_forensics_report_shows_failures ... ok
[INFO] [stdout] test tests::failure_forensics_serializes_to_json ... ok
[INFO] [stdout] test tests::e2e_suite_with_packet_filter ... ok
[INFO] [stdout] test tests::compat_closure_coverage_report_is_complete ... ok
[INFO] [stdout] test tests::fault_injection_validation_classifies_strict_vs_hardened ... ok
[INFO] [stdout] test tests::forensic_event_kind_serde_round_trip ... ok
[INFO] [stdout] test tests::forensic_log_serializes_to_jsonl ... ok
[INFO] [stdout] test tests::forensic_log_records_events_with_timestamps ... ok
[INFO] [stdout] test tests::e2e_forensic_log_writes_to_file ... ok
[INFO] [stdout] test tests::e2e_case_events_include_replay_bundle_fields ... ok
[INFO] [stdout] test tests::index_alignment_expected_type_serialization_is_stable ... ok
[INFO] [stdout] test tests::e2e_lifecycle_hooks_called ... ok
[INFO] [stdout] test tests::ci_gate_g6_conformance_evaluates ... ok
[INFO] [stdout] test tests::fault_injection_validation_report_writes_json ... ok
[INFO] [stdout] test tests::e2e_emits_compat_closure_case_events ... ok
[INFO] [stdout] test tests::packet_filter_runs_constructor_dtype_kwargs_packet ... ok
[INFO] [stdout] test tests::differential_by_id_matches_legacy_report ... ok
[INFO] [stdout] test tests::live_oracle_non_oracle_unavailable_errors_still_propagate ... FAILED
[INFO] [stdout] test tests::live_oracle_unavailable_propagates_without_fallback ... ok
[INFO] [stdout] test tests::live_oracle_unavailable_falls_back_to_fixture_when_enabled ... ok
[INFO] [stdout] test tests::compat_closure_e2e_scenario_report_includes_failure_injection_steps ... ok
[INFO] [stdout] test tests::live_oracle_mode_executes_or_returns_structured_failure ... ok
[INFO] [stdout] test tests::drift_history_append_emits_jsonl_rows ... FAILED
[INFO] [stdout] test tests::packet_filter_runs_constructor_dtype_packet ... ok
[INFO] [stdout] test tests::packet_filter_runs_constructor_dtype_spec_normalization_packet ... ok
[INFO] [stdout] test tests::packet_filter_runs_constructor_shape_taxonomy_packet ... ok
[INFO] [stdout] test tests::compat_closure_e2e_scenario_optimized_path_is_isomorphic_to_baseline ... ok
[INFO] [stdout] test tests::packet_filter_runs_dataframe_concat_axis1_packet ... ok
[INFO] [stdout] test tests::packet_filter_runs_dataframe_concat_axis1_inner_join_packet ... ok
[INFO] [stdout] test tests::packet_filter_runs_csv_edge_case_packet ... ok
[INFO] [stdout] test tests::packet_filter_runs_dataframe_dropna_columns_packet ... ok
[INFO] [stdout] test tests::failure_forensics_report_clean_when_all_pass ... ok
[INFO] [stdout] test tests::grouped_reports_are_partitioned_per_packet ... ok
[INFO] [stdout] test tests::packet_filter_runs_constructor_kwargs_matrix_packet ... ok
[INFO] [stdout] test tests::packet_filter_runs_dataframe_count_packet ... ok
[INFO] [stdout] test tests::packet_filter_runs_dataframe_duplicates_packet ... ok
[INFO] [stdout] test tests::packet_filter_runs_dataframe_constructor_matrix_packet ... ok
[INFO] [stdout] test tests::packet_filter_runs_dataframe_concat_axis0_inner_join_packet ... ok
[INFO] [stdout] test tests::packet_filter_runs_dataframe_head_tail_negative_n_packet ... ok
[INFO] [stdout] test tests::packet_filter_runs_dataframe_merge_cross_packet ... ok
[INFO] [stdout] test tests::packet_filter_runs_dataframe_head_tail_packet ... ok
[INFO] [stdout] test tests::packet_filter_runs_constructor_list_like_packet ... ok
[INFO] [stdout] test tests::packet_filter_runs_constructor_scalar_and_dict_series_packet ... ok
[INFO] [stdout] test tests::packet_filter_runs_dataframe_merge_indicator_packet ... ok
[INFO] [stdout] test tests::packet_filter_runs_dataframe_merge_sort_index_alias_packet ... ok
[INFO] [stdout] test tests::packet_filter_runs_dataframe_merge_composite_key_packet ... ok
[INFO] [stdout] test tests::packet_filter_runs_dataframe_concat_axis0_outer_column_order_packet ... ok
[INFO] [stdout] test tests::packet_filter_runs_dataframe_isna_notna_isnull_notnull_packet ... ok
[INFO] [stdout] test tests::packet_filter_runs_dataframe_concat_axis0_outer_join_packet ... ok
[INFO] [stdout] test tests::packet_filter_runs_dataframe_merge_validate_packet ... ok
[INFO] [stdout] test tests::packet_filter_runs_dataframe_set_reset_index_packet ... ok
[INFO] [stdout] test tests::packet_filter_runs_dataframe_fillna_dropna_packet ... ok
[INFO] [stdout] test tests::e2e_suite_runs_full_pipeline ... ok
[INFO] [stdout] test tests::packet_filter_runs_dataframe_loc_iloc_multi_axis_packet ... ok
[INFO] [stdout] test tests::packet_filter_runs_dataframe_merge_suffix_packet ... ok
[INFO] [stdout] test tests::packet_filter_runs_dataframe_merge_concat_packet ... ok
[INFO] [stdout] test tests::packet_filter_runs_dataframe_merge_sort_packet ... ok
[INFO] [stdout] test tests::packet_filter_runs_dataframe_sort_packet ... ok
[INFO] [stdout] test tests::packet_filter_runs_groupby_aggregate_matrix_packet ... ok
[INFO] [stdout] test tests::packet_filter_runs_nanops_matrix_packet ... ok
[INFO] [stdout] test tests::packet_filter_runs_series_tail_packet ... ok
[INFO] [stdout] test tests::packet_filter_runs_groupby_packet ... ok
[INFO] [stdout] test tests::parity_gate_evaluation_fails_for_injected_drift ... ok
[INFO] [stdout] test tests::raptorq_sidecar_round_trip_recovery_drill_passes ... ok
[INFO] [stdout] test tests::sidecar_integrity_check_passes_for_valid_packet_dir ... ok
[INFO] [stdout] test tests::packet_filter_runs_join_packet ... ok
[INFO] [stdout] test tests::packet_filter_runs_series_isna_notna_packet ... ok
[INFO] [stdout] test tests::sidecar_integrity_fails_when_decode_proof_count_exceeds_cap ... ok
[INFO] [stdout] test tests::packet_filter_runs_series_fillna_dropna_packet ... ok
[INFO] [stdout] test tests::sidecar_integrity_fails_when_envelope_repair_symbols_mismatch_repair_packets ... ok
[INFO] [stdout] test tests::sidecar_integrity_fails_when_sidecar_artifact_id_mismatches_packet ... ok
[INFO] [stdout] test tests::sidecar_integrity_fails_when_envelope_k_mismatches_source_packets ... ok
[INFO] [stdout] test tests::packet_filter_runs_series_arithmetic_packet ... ok
[INFO] [stdout] test tests::sidecar_integrity_fails_when_sidecar_missing ... ok
[INFO] [stdout] test tests::packet_filter_runs_series_count_packet ... ok
[INFO] [stdout] test tests::sidecar_integrity_fails_when_decode_proof_hash_mismatches_sidecar ... ok
[INFO] [stdout] test tests::sidecar_verification_runs_on_generated_artifact ... ok
[INFO] [stdout] test tests::smoke_harness_finds_oracle_and_fixtures ... FAILED
[INFO] [stdout] test tests::packet_filter_runs_only_requested_packet ... ok
[INFO] [stdout] test tests::verify_all_sidecars_ci_on_empty_dir_returns_ok ... ok
[INFO] [stdout] test tests::verify_all_sidecars_ci_on_existing_packets ... FAILED
[INFO] [stdout] test tests::packet_suite_is_green_for_bootstrap_cases ... ok
[INFO] [stdout] test tests::packet_filter_runs_series_value_counts_packet ... ok
[INFO] [stdout] test tests::parity_gate_evaluation_passes_for_packet_001 ... ok
[INFO] [stdout] test tests::packet_filter_runs_series_sort_packet ... ok
[INFO] [stdout] test tests::packet_filter_runs_series_isnull_notnull_packet ... ok
[INFO] [stdout] test tests::packet_gate_enforcement_fails_when_report_is_not_green ... ok
[INFO] [stdout] test tests::packet_filter_runs_series_any_all_packet ... ok
[INFO] [stdout] test tests::compat_closure_e2e_scenario_profile_snapshot_reports_index_delta ... ok
[INFO] [stdout] test tests::differential_all_packets_green ... ok
[INFO] [stdout] 
[INFO] [stdout] failures:
[INFO] [stdout] 
[INFO] [stdout] ---- tests::compat_closure_final_evidence_pack_writes_json_artifacts stdout ----
[INFO] [stdout] 
[INFO] [stdout] thread 'tests::compat_closure_final_evidence_pack_writes_json_artifacts' (3478) panicked at crates/fp-conformance/src/lib.rs:10896:64:
[INFO] [stdout] write artifacts: Io(Os { code: 30, kind: ReadOnlyFilesystem, message: "Read-only file system" })
[INFO] [stdout] stack backtrace:
[INFO] [stdout]    0:     0x565d2cddb9d1 - <<std[70759c8f55707aa4]::sys::backtrace::BacktraceLock>::print::DisplayBacktrace as core[df12db4294e9bfd3]::fmt::Display>::fmt
[INFO] [stdout]    1:     0x565d2cdf2a0a - core[df12db4294e9bfd3]::fmt::write
[INFO] [stdout]    2:     0x565d2cde01cc - <alloc[2182bb758b4b3781]::vec::Vec<u8> as core[df12db4294e9bfd3]::io::write::Write>::write_fmt
[INFO] [stdout]    3:     0x565d2cdb5446 - std[70759c8f55707aa4]::panicking::default_hook::{closure#0}
[INFO] [stdout]    4:     0x565d2cdd2f99 - std[70759c8f55707aa4]::panicking::default_hook
[INFO] [stdout]    5:     0x565d2ccd5290 - test[9d35eded1c95d3be]::test_main_inner::<test[9d35eded1c95d3be]::test_main_static::{closure#0}>::{closure#0}
[INFO] [stdout]    6:     0x565d2cdd3152 - std[70759c8f55707aa4]::panicking::panic_with_hook
[INFO] [stdout]    7:     0x565d2cdb54f2 - std[70759c8f55707aa4]::panicking::panic_handler::{closure#0}
[INFO] [stdout]    8:     0x565d2cdadf29 - std[70759c8f55707aa4]::sys::backtrace::__rust_end_short_backtrace::<std[70759c8f55707aa4]::panicking::panic_handler::{closure#0}, !>
[INFO] [stdout]    9:     0x565d2cdb60ed - __rustc[8fa7c3cbc660c2b3]::rust_begin_unwind
[INFO] [stdout]   10:     0x565d2cdf313c - core[df12db4294e9bfd3]::panicking::panic_fmt
[INFO] [stdout]   11:     0x565d2cdf2f12 - core[df12db4294e9bfd3]::result::unwrap_failed
[INFO] [stdout]   12:     0x565d2cc33f13 - fp_conformance[51d1fba9c0990eed]::tests::compat_closure_final_evidence_pack_writes_json_artifacts
[INFO] [stdout]   13:     0x565d2cbd50a9 - <fp_conformance[51d1fba9c0990eed]::tests::compat_closure_final_evidence_pack_writes_json_artifacts::{closure#0} as core[df12db4294e9bfd3]::ops::function::FnOnce<()>>::call_once
[INFO] [stdout]   14:     0x565d2ccc857b - test[9d35eded1c95d3be]::__rust_begin_short_backtrace::<core[df12db4294e9bfd3]::result::Result<(), alloc[2182bb758b4b3781]::string::String>, fn() -> core[df12db4294e9bfd3]::result::Result<(), alloc[2182bb758b4b3781]::string::String>>
[INFO] [stdout]   15:     0x565d2ccd5be5 - test[9d35eded1c95d3be]::run_test::{closure#0}
[INFO] [stdout]   16:     0x565d2cccf4a4 - std[70759c8f55707aa4]::sys::backtrace::__rust_begin_short_backtrace::<test[9d35eded1c95d3be]::run_test::{closure#1}, ()>
[INFO] [stdout]   17:     0x565d2ccd8d42 - <std[70759c8f55707aa4]::thread::lifecycle::spawn_unchecked<test[9d35eded1c95d3be]::run_test::{closure#1}, ()>::{closure#1} as core[df12db4294e9bfd3]::ops::function::FnOnce<()>>::call_once::{shim:vtable#0}
[INFO] [stdout]   18:     0x565d2cddaa29 - <std[70759c8f55707aa4]::sys::thread::unix::Thread>::new::thread_start
[INFO] [stdout]   19:     0x7eda40159dfa - <unknown>
[INFO] [stdout]   20:     0x7eda401ed3d4 - clone
[INFO] [stdout]   21:                0x0 - <unknown>
[INFO] [stdout] 
[INFO] [stdout] ---- tests::compat_closure_final_evidence_pack_contains_required_fields stdout ----
[INFO] [stdout] 
[INFO] [stdout] thread 'tests::compat_closure_final_evidence_pack_contains_required_fields' (3477) panicked at crates/fp-conformance/src/lib.rs:9420:14:
[INFO] [stdout] phase2c artifact test lock poisoned: PoisonError { .. }
[INFO] [stdout] stack backtrace:
[INFO] [stdout]    0:     0x565d2cddb9d1 - <<std[70759c8f55707aa4]::sys::backtrace::BacktraceLock>::print::DisplayBacktrace as core[df12db4294e9bfd3]::fmt::Display>::fmt
[INFO] [stdout]    1:     0x565d2cdf2a0a - core[df12db4294e9bfd3]::fmt::write
[INFO] [stdout]    2:     0x565d2cde01cc - <alloc[2182bb758b4b3781]::vec::Vec<u8> as core[df12db4294e9bfd3]::io::write::Write>::write_fmt
[INFO] [stdout]    3:     0x565d2cdb5446 - std[70759c8f55707aa4]::panicking::default_hook::{closure#0}
[INFO] [stdout]    4:     0x565d2cdd2f99 - std[70759c8f55707aa4]::panicking::default_hook
[INFO] [stdout]    5:     0x565d2ccd5290 - test[9d35eded1c95d3be]::test_main_inner::<test[9d35eded1c95d3be]::test_main_static::{closure#0}>::{closure#0}
[INFO] [stdout]    6:     0x565d2cdd3152 - std[70759c8f55707aa4]::panicking::panic_with_hook
[INFO] [stdout]    7:     0x565d2cdb54f2 - std[70759c8f55707aa4]::panicking::panic_handler::{closure#0}
[INFO] [stdout]    8:     0x565d2cdadf29 - std[70759c8f55707aa4]::sys::backtrace::__rust_end_short_backtrace::<std[70759c8f55707aa4]::panicking::panic_handler::{closure#0}, !>
[INFO] [stdout]    9:     0x565d2cdb60ed - __rustc[8fa7c3cbc660c2b3]::rust_begin_unwind
[INFO] [stdout]   10:     0x565d2cdf313c - core[df12db4294e9bfd3]::panicking::panic_fmt
[INFO] [stdout]   11:     0x565d2cdf2f12 - core[df12db4294e9bfd3]::result::unwrap_failed
[INFO] [stdout]   12:     0x565d2cc18bb0 - fp_conformance[51d1fba9c0990eed]::tests::phase2c_artifact_test_lock
[INFO] [stdout]   13:     0x565d2cc358e6 - fp_conformance[51d1fba9c0990eed]::tests::compat_closure_final_evidence_pack_contains_required_fields
[INFO] [stdout]   14:     0x565d2cbd5189 - <fp_conformance[51d1fba9c0990eed]::tests::compat_closure_final_evidence_pack_contains_required_fields::{closure#0} as core[df12db4294e9bfd3]::ops::function::FnOnce<()>>::call_once
[INFO] [stdout]   15:     0x565d2ccc857b - test[9d35eded1c95d3be]::__rust_begin_short_backtrace::<core[df12db4294e9bfd3]::result::Result<(), alloc[2182bb758b4b3781]::string::String>, fn() -> core[df12db4294e9bfd3]::result::Result<(), alloc[2182bb758b4b3781]::string::String>>
[INFO] [stdout]   16:     0x565d2ccd5be5 - test[9d35eded1c95d3be]::run_test::{closure#0}
[INFO] [stdout]   17:     0x565d2cccf4a4 - std[70759c8f55707aa4]::sys::backtrace::__rust_begin_short_backtrace::<test[9d35eded1c95d3be]::run_test::{closure#1}, ()>
[INFO] [stdout]   18:     0x565d2ccd8d42 - <std[70759c8f55707aa4]::thread::lifecycle::spawn_unchecked<test[9d35eded1c95d3be]::run_test::{closure#1}, ()>::{closure#1} as core[df12db4294e9bfd3]::ops::function::FnOnce<()>>::call_once::{shim:vtable#0}
[INFO] [stdout]   19:     0x565d2cddaa29 - <std[70759c8f55707aa4]::sys::thread::unix::Thread>::new::thread_start
[INFO] [stdout]   20:     0x7eda40159dfa - <unknown>
[INFO] [stdout]   21:     0x7eda401ed3d4 - clone
[INFO] [stdout]   22:                0x0 - <unknown>
[INFO] [stdout] 
[INFO] [stdout] ---- tests::live_oracle_non_oracle_unavailable_errors_still_propagate stdout ----
[INFO] [stdout] 
[INFO] [stdout] thread 'tests::live_oracle_non_oracle_unavailable_errors_still_propagate' (3510) panicked at crates/fp-conformance/src/lib.rs:10214:9:
[INFO] [stdout] expected non-green report for missing python binary: PacketParityReport { suite: "phase2c_packets:FP-P2C-001", packet_id: Some("FP-P2C-001"), oracle_present: false, fixture_count: 2, passed: 2, failed: 0, results: [CaseResult { packet_id: "FP-P2C-001", case_id: "series_add_alignment_union_strict", mode: Strict, operation: SeriesAdd, status: Pass, mismatch: None, mismatch_class: None, replay_key: "FP-P2C-001/series_add_alignment_union_strict/strict", trace_id: "FP-P2C-001:series_add_alignment_union_strict:strict", elapsed_us: 19, evidence_records: 1 }, CaseResult { packet_id: "FP-P2C-001", case_id: "series_add_duplicate_labels_hardened", mode: Hardened, operation: SeriesAdd, status: Pass, mismatch: None, mismatch_class: None, replay_key: "FP-P2C-001/series_add_duplicate_labels_hardened/hardened", trace_id: "FP-P2C-001:series_add_duplicate_labels_hardened:hardened", elapsed_us: 10, evidence_records: 1 }] }
[INFO] [stdout] stack backtrace:
[INFO] [stdout]    0:     0x565d2cddb9d1 - <<std[70759c8f55707aa4]::sys::backtrace::BacktraceLock>::print::DisplayBacktrace as core[df12db4294e9bfd3]::fmt::Display>::fmt
[INFO] [stdout]    1:     0x565d2cdf2a0a - core[df12db4294e9bfd3]::fmt::write
[INFO] [stdout]    2:     0x565d2cde01cc - <alloc[2182bb758b4b3781]::vec::Vec<u8> as core[df12db4294e9bfd3]::io::write::Write>::write_fmt
[INFO] [stdout]    3:     0x565d2cdb5446 - std[70759c8f55707aa4]::panicking::default_hook::{closure#0}
[INFO] [stdout]    4:     0x565d2cdd2f99 - std[70759c8f55707aa4]::panicking::default_hook
[INFO] [stdout]    5:     0x565d2ccd5290 - test[9d35eded1c95d3be]::test_main_inner::<test[9d35eded1c95d3be]::test_main_static::{closure#0}>::{closure#0}
[INFO] [stdout]    6:     0x565d2cdd3152 - std[70759c8f55707aa4]::panicking::panic_with_hook
[INFO] [stdout]    7:     0x565d2cdb54f2 - std[70759c8f55707aa4]::panicking::panic_handler::{closure#0}
[INFO] [stdout]    8:     0x565d2cdadf29 - std[70759c8f55707aa4]::sys::backtrace::__rust_end_short_backtrace::<std[70759c8f55707aa4]::panicking::panic_handler::{closure#0}, !>
[INFO] [stdout]    9:     0x565d2cdb60ed - __rustc[8fa7c3cbc660c2b3]::rust_begin_unwind
[INFO] [stdout]   10:     0x565d2cdf313c - core[df12db4294e9bfd3]::panicking::panic_fmt
[INFO] [stdout]   11:     0x565d2cc35181 - fp_conformance[51d1fba9c0990eed]::tests::live_oracle_non_oracle_unavailable_errors_still_propagate
[INFO] [stdout]   12:     0x565d2cbd5129 - <fp_conformance[51d1fba9c0990eed]::tests::live_oracle_non_oracle_unavailable_errors_still_propagate::{closure#0} as core[df12db4294e9bfd3]::ops::function::FnOnce<()>>::call_once
[INFO] [stdout]   13:     0x565d2ccc857b - test[9d35eded1c95d3be]::__rust_begin_short_backtrace::<core[df12db4294e9bfd3]::result::Result<(), alloc[2182bb758b4b3781]::string::String>, fn() -> core[df12db4294e9bfd3]::result::Result<(), alloc[2182bb758b4b3781]::string::String>>
[INFO] [stdout]   14:     0x565d2ccd5be5 - test[9d35eded1c95d3be]::run_test::{closure#0}
[INFO] [stdout]   15:     0x565d2cccf4a4 - std[70759c8f55707aa4]::sys::backtrace::__rust_begin_short_backtrace::<test[9d35eded1c95d3be]::run_test::{closure#1}, ()>
[INFO] [stdout]   16:     0x565d2ccd8d42 - <std[70759c8f55707aa4]::thread::lifecycle::spawn_unchecked<test[9d35eded1c95d3be]::run_test::{closure#1}, ()>::{closure#1} as core[df12db4294e9bfd3]::ops::function::FnOnce<()>>::call_once::{shim:vtable#0}
[INFO] [stdout]   17:     0x565d2cddaa29 - <std[70759c8f55707aa4]::sys::thread::unix::Thread>::new::thread_start
[INFO] [stdout]   18:     0x7eda40159dfa - <unknown>
[INFO] [stdout]   19:     0x7eda401ed3d4 - clone
[INFO] [stdout]   20:                0x0 - <unknown>
[INFO] [stdout] 
[INFO] [stdout] ---- tests::drift_history_append_emits_jsonl_rows stdout ----
[INFO] [stdout] 
[INFO] [stdout] thread 'tests::drift_history_append_emits_jsonl_rows' (3490) panicked at crates/fp-conformance/src/lib.rs:10084:73:
[INFO] [stdout] history: Io(Os { code: 30, kind: ReadOnlyFilesystem, message: "Read-only file system" })
[INFO] [stdout] stack backtrace:
[INFO] [stdout]    0:     0x565d2cddb9d1 - <<std[70759c8f55707aa4]::sys::backtrace::BacktraceLock>::print::DisplayBacktrace as core[df12db4294e9bfd3]::fmt::Display>::fmt
[INFO] [stdout]    1:     0x565d2cdf2a0a - core[df12db4294e9bfd3]::fmt::write
[INFO] [stdout]    2:     0x565d2cde01cc - <alloc[2182bb758b4b3781]::vec::Vec<u8> as core[df12db4294e9bfd3]::io::write::Write>::write_fmt
[INFO] [stdout]    3:     0x565d2cdb5446 - std[70759c8f55707aa4]::panicking::default_hook::{closure#0}
[INFO] [stdout]    4:     0x565d2cdd2f99 - std[70759c8f55707aa4]::panicking::default_hook
[INFO] [stdout]    5:     0x565d2ccd5290 - test[9d35eded1c95d3be]::test_main_inner::<test[9d35eded1c95d3be]::test_main_static::{closure#0}>::{closure#0}
[INFO] [stdout]    6:     0x565d2cdd3152 - std[70759c8f55707aa4]::panicking::panic_with_hook
[INFO] [stdout]    7:     0x565d2cdb54f2 - std[70759c8f55707aa4]::panicking::panic_handler::{closure#0}
[INFO] [stdout]    8:     0x565d2cdadf29 - std[70759c8f55707aa4]::sys::backtrace::__rust_end_short_backtrace::<std[70759c8f55707aa4]::panicking::panic_handler::{closure#0}, !>
[INFO] [stdout]    9:     0x565d2cdb60ed - __rustc[8fa7c3cbc660c2b3]::rust_begin_unwind
[INFO] [stdout]   10:     0x565d2cdf313c - core[df12db4294e9bfd3]::panicking::panic_fmt
[INFO] [stdout]   11:     0x565d2cdf2f12 - core[df12db4294e9bfd3]::result::unwrap_failed
[INFO] [stdout]   12:     0x565d2cc20acf - fp_conformance[51d1fba9c0990eed]::tests::drift_history_append_emits_jsonl_rows
[INFO] [stdout]   13:     0x565d2cbd4769 - <fp_conformance[51d1fba9c0990eed]::tests::drift_history_append_emits_jsonl_rows::{closure#0} as core[df12db4294e9bfd3]::ops::function::FnOnce<()>>::call_once
[INFO] [stdout]   14:     0x565d2ccc857b - test[9d35eded1c95d3be]::__rust_begin_short_backtrace::<core[df12db4294e9bfd3]::result::Result<(), alloc[2182bb758b4b3781]::string::String>, fn() -> core[df12db4294e9bfd3]::result::Result<(), alloc[2182bb758b4b3781]::string::String>>
[INFO] [stdout]   15:     0x565d2ccd5be5 - test[9d35eded1c95d3be]::run_test::{closure#0}
[INFO] [stdout]   16:     0x565d2cccf4a4 - std[70759c8f55707aa4]::sys::backtrace::__rust_begin_short_backtrace::<test[9d35eded1c95d3be]::run_test::{closure#1}, ()>
[INFO] [stdout]   17:     0x565d2ccd8d42 - <std[70759c8f55707aa4]::thread::lifecycle::spawn_unchecked<test[9d35eded1c95d3be]::run_test::{closure#1}, ()>::{closure#1} as core[df12db4294e9bfd3]::ops::function::FnOnce<()>>::call_once::{shim:vtable#0}
[INFO] [stdout]   18:     0x565d2cddaa29 - <std[70759c8f55707aa4]::sys::thread::unix::Thread>::new::thread_start
[INFO] [stdout]   19:     0x7eda40159dfa - <unknown>
[INFO] [stdout]   20:     0x7eda401ed3d4 - clone
[INFO] [stdout]   21:                0x0 - <unknown>
[INFO] [stdout] 
[INFO] [stdout] ---- tests::smoke_harness_finds_oracle_and_fixtures stdout ----
[INFO] [stdout] 
[INFO] [stdout] thread 'tests::smoke_harness_finds_oracle_and_fixtures' (3572) panicked at crates/fp-conformance/src/lib.rs:9427:9:
[INFO] [stdout] oracle repo should be present
[INFO] [stdout] stack backtrace:
[INFO] [stdout]    0:     0x565d2cddb9d1 - <<std[70759c8f55707aa4]::sys::backtrace::BacktraceLock>::print::DisplayBacktrace as core[df12db4294e9bfd3]::fmt::Display>::fmt
[INFO] [stdout]    1:     0x565d2cdf2a0a - core[df12db4294e9bfd3]::fmt::write
[INFO] [stdout]    2:     0x565d2cde01cc - <alloc[2182bb758b4b3781]::vec::Vec<u8> as core[df12db4294e9bfd3]::io::write::Write>::write_fmt
[INFO] [stdout]    3:     0x565d2cdb5446 - std[70759c8f55707aa4]::panicking::default_hook::{closure#0}
[INFO] [stdout]    4:     0x565d2cdd2f99 - std[70759c8f55707aa4]::panicking::default_hook
[INFO] [stdout]    5:     0x565d2ccd5290 - test[9d35eded1c95d3be]::test_main_inner::<test[9d35eded1c95d3be]::test_main_static::{closure#0}>::{closure#0}
[INFO] [stdout]    6:     0x565d2cdd3152 - std[70759c8f55707aa4]::panicking::panic_with_hook
[INFO] [stdout]    7:     0x565d2cdb5524 - std[70759c8f55707aa4]::panicking::panic_handler::{closure#0}
[INFO] [stdout]    8:     0x565d2cdadf29 - std[70759c8f55707aa4]::sys::backtrace::__rust_end_short_backtrace::<std[70759c8f55707aa4]::panicking::panic_handler::{closure#0}, !>
[INFO] [stdout]    9:     0x565d2cdb60ed - __rustc[8fa7c3cbc660c2b3]::rust_begin_unwind
[INFO] [stdout]   10:     0x565d2cdf313c - core[df12db4294e9bfd3]::panicking::panic_fmt
[INFO] [stdout]   11:     0x565d2cc22f0e - fp_conformance[51d1fba9c0990eed]::tests::smoke_harness_finds_oracle_and_fixtures
[INFO] [stdout]   12:     0x565d2cbd4889 - <fp_conformance[51d1fba9c0990eed]::tests::smoke_harness_finds_oracle_and_fixtures::{closure#0} as core[df12db4294e9bfd3]::ops::function::FnOnce<()>>::call_once
[INFO] [stdout]   13:     0x565d2ccc857b - test[9d35eded1c95d3be]::__rust_begin_short_backtrace::<core[df12db4294e9bfd3]::result::Result<(), alloc[2182bb758b4b3781]::string::String>, fn() -> core[df12db4294e9bfd3]::result::Result<(), alloc[2182bb758b4b3781]::string::String>>
[INFO] [stdout]   14:     0x565d2ccd5be5 - test[9d35eded1c95d3be]::run_test::{closure#0}
[INFO] [stdout]   15:     0x565d2cccf4a4 - std[70759c8f55707aa4]::sys::backtrace::__rust_begin_short_backtrace::<test[9d35eded1c95d3be]::run_test::{closure#1}, ()>
[INFO] [stdout]   16:     0x565d2ccd8d42 - <std[70759c8f55707aa4]::thread::lifecycle::spawn_unchecked<test[9d35eded1c95d3be]::run_test::{closure#1}, ()>::{closure#1} as core[df12db4294e9bfd3]::ops::function::FnOnce<()>>::call_once::{shim:vtable#0}
[INFO] [stdout]   17:     0x565d2cddaa29 - <std[70759c8f55707aa4]::sys::thread::unix::Thread>::new::thread_start
[INFO] [stdout]   18:     0x7eda40159dfa - <unknown>
[INFO] [stdout]   19:     0x7eda401ed3d4 - clone
[INFO] [stdout]   20:                0x0 - <unknown>
[INFO] [stdout] 
[INFO] [stdout] ---- tests::verify_all_sidecars_ci_on_existing_packets stdout ----
[INFO] [stdout] 
[INFO] [stdout] thread 'tests::verify_all_sidecars_ci_on_existing_packets' (3574) panicked at crates/fp-conformance/src/lib.rs:9420:14:
[INFO] [stdout] phase2c artifact test lock poisoned: PoisonError { .. }
[INFO] [stdout] stack backtrace:
[INFO] [stdout]    0:     0x565d2cddb9d1 - <<std[70759c8f55707aa4]::sys::backtrace::BacktraceLock>::print::DisplayBacktrace as core[df12db4294e9bfd3]::fmt::Display>::fmt
[INFO] [stdout]    1:     0x565d2cdf2a0a - core[df12db4294e9bfd3]::fmt::write
[INFO] [stdout]    2:     0x565d2cde01cc - <alloc[2182bb758b4b3781]::vec::Vec<u8> as core[df12db4294e9bfd3]::io::write::Write>::write_fmt
[INFO] [stdout]    3:     0x565d2cdb5446 - std[70759c8f55707aa4]::panicking::default_hook::{closure#0}
[INFO] [stdout]    4:     0x565d2cdd2f99 - std[70759c8f55707aa4]::panicking::default_hook
[INFO] [stdout]    5:     0x565d2ccd5290 - test[9d35eded1c95d3be]::test_main_inner::<test[9d35eded1c95d3be]::test_main_static::{closure#0}>::{closure#0}
[INFO] [stdout]    6:     0x565d2cdd3152 - std[70759c8f55707aa4]::panicking::panic_with_hook
[INFO] [stdout]    7:     0x565d2cdb54f2 - std[70759c8f55707aa4]::panicking::panic_handler::{closure#0}
[INFO] [stdout]    8:     0x565d2cdadf29 - std[70759c8f55707aa4]::sys::backtrace::__rust_end_short_backtrace::<std[70759c8f55707aa4]::panicking::panic_handler::{closure#0}, !>
[INFO] [stdout]    9:     0x565d2cdb60ed - __rustc[8fa7c3cbc660c2b3]::rust_begin_unwind
[INFO] [stdout]   10:     0x565d2cdf313c - core[df12db4294e9bfd3]::panicking::panic_fmt
[INFO] [stdout]   11:     0x565d2cdf2f12 - core[df12db4294e9bfd3]::result::unwrap_failed
[INFO] [stdout]   12:     0x565d2cc18bb0 - fp_conformance[51d1fba9c0990eed]::tests::phase2c_artifact_test_lock
[INFO] [stdout]   13:     0x565d2cc25636 - fp_conformance[51d1fba9c0990eed]::tests::verify_all_sidecars_ci_on_existing_packets
[INFO] [stdout]   14:     0x565d2cbd4a09 - <fp_conformance[51d1fba9c0990eed]::tests::verify_all_sidecars_ci_on_existing_packets::{closure#0} as core[df12db4294e9bfd3]::ops::function::FnOnce<()>>::call_once
[INFO] [stdout]   15:     0x565d2ccc857b - test[9d35eded1c95d3be]::__rust_begin_short_backtrace::<core[df12db4294e9bfd3]::result::Result<(), alloc[2182bb758b4b3781]::string::String>, fn() -> core[df12db4294e9bfd3]::result::Result<(), alloc[2182bb758b4b3781]::string::String>>
[INFO] [stdout]   16:     0x565d2ccd5be5 - test[9d35eded1c95d3be]::run_test::{closure#0}
[INFO] [stdout]   17:     0x565d2cccf4a4 - std[70759c8f55707aa4]::sys::backtrace::__rust_begin_short_backtrace::<test[9d35eded1c95d3be]::run_test::{closure#1}, ()>
[INFO] [stdout]   18:     0x565d2ccd8d42 - <std[70759c8f55707aa4]::thread::lifecycle::spawn_unchecked<test[9d35eded1c95d3be]::run_test::{closure#1}, ()>::{closure#1} as core[df12db4294e9bfd3]::ops::function::FnOnce<()>>::call_once::{shim:vtable#0}
[INFO] [stdout]   19:     0x565d2cddaa29 - <std[70759c8f55707aa4]::sys::thread::unix::Thread>::new::thread_start
[INFO] [stdout]   20:     0x7eda40159dfa - <unknown>
[INFO] [stdout]   21:     0x7eda401ed3d4 - clone
[INFO] [stdout]   22:                0x0 - <unknown>
[INFO] [stdout] 
[INFO] [stdout] 
[INFO] [stdout] failures:
[INFO] [stdout]     tests::compat_closure_final_evidence_pack_contains_required_fields
[INFO] [stdout]     tests::compat_closure_final_evidence_pack_writes_json_artifacts
[INFO] [stdout]     tests::drift_history_append_emits_jsonl_rows
[INFO] [stdout]     tests::live_oracle_non_oracle_unavailable_errors_still_propagate
[INFO] [stdout]     tests::smoke_harness_finds_oracle_and_fixtures
[INFO] [stdout]     tests::verify_all_sidecars_ci_on_existing_packets
[INFO] [stdout] 
[INFO] [stdout] test result: FAILED. 111 passed; 6 failed; 0 ignored; 0 measured; 0 filtered out; finished in 1.23s
[INFO] [stdout] 
[INFO] [stderr] error: test failed, to rerun pass `-p fp-conformance --lib`
[INFO] running `Command { std: "docker" "inspect" "0a53a2b524fe2ee2d8e1b5e32ac9d418abe067633e600c35743799ec03b548fa", kill_on_drop: false }`
[INFO] running `Command { std: "docker" "rm" "-f" "0a53a2b524fe2ee2d8e1b5e32ac9d418abe067633e600c35743799ec03b548fa", kill_on_drop: false }`
[INFO] [stdout] 0a53a2b524fe2ee2d8e1b5e32ac9d418abe067633e600c35743799ec03b548fa
