[INFO] cloning repository https://github.com/sjrusso8/spark-connect-rs
[INFO] running `Command { std: "git" "-c" "credential.helper=" "-c" "credential.helper=/workspace/cargo-home/bin/git-credential-null" "clone" "--bare" "https://github.com/sjrusso8/spark-connect-rs" "/workspace/cache/git-repos/https%3A%2F%2Fgithub.com%2Fsjrusso8%2Fspark-connect-rs", kill_on_drop: false }`
[INFO] [stderr] Cloning into bare repository '/workspace/cache/git-repos/https%3A%2F%2Fgithub.com%2Fsjrusso8%2Fspark-connect-rs'...
[INFO] running `Command { std: "git" "rev-parse" "HEAD", kill_on_drop: false }`
[INFO] [stdout] bb520be066b48bfc1a6f712770003c7ec8c1adbc
[INFO] testing sjrusso8/spark-connect-rs/bb520be066b48bfc1a6f712770003c7ec8c1adbc against 1.100.0-beta.1+cargoflags=--release for beta-release-1.100-2
[INFO] running `Command { std: "git" "clone" "/workspace/cache/git-repos/https%3A%2F%2Fgithub.com%2Fsjrusso8%2Fspark-connect-rs" "/workspace/builds/worker-3-tc2/source", kill_on_drop: false }`
[INFO] [stderr] Cloning into '/workspace/builds/worker-3-tc2/source'...
[INFO] [stderr] done.
[INFO] started tweaking git repo https://github.com/sjrusso8/spark-connect-rs
[INFO] finished tweaking git repo https://github.com/sjrusso8/spark-connect-rs
[INFO] tweaked toml for git repo https://github.com/sjrusso8/spark-connect-rs written to /workspace/builds/worker-3-tc2/source/Cargo.toml
[INFO] validating manifest of git repo https://github.com/sjrusso8/spark-connect-rs on toolchain 1.100.0-beta.1
[INFO] running `Command { std: CARGO_HOME="/workspace/cargo-home" RUSTUP_HOME="/workspace/rustup-home" "/workspace/cargo-home/bin/cargo" "+1.100.0-beta.1" "metadata" "--manifest-path" "Cargo.toml" "--no-deps", kill_on_drop: false }`
[INFO] crate git repo https://github.com/sjrusso8/spark-connect-rs already has a lockfile, it will not be regenerated
[INFO] running `Command { std: CARGO_HOME="/workspace/cargo-home" RUSTUP_HOME="/workspace/rustup-home" "/workspace/cargo-home/bin/cargo" "+1.100.0-beta.1" "fetch" "--manifest-path" "Cargo.toml", kill_on_drop: false }`
[INFO] [stderr] warning: `package.homepage` is redundant with `package.repository`
[INFO] [stderr]   --> crates/connect/Cargo.toml:25:1
[INFO] [stderr]    |
[INFO] [stderr] 25 | homepage.workspace = true
[INFO] [stderr]    | ^^^^^^^^
[INFO] [stderr] ...
[INFO] [stderr] 29 | repository.workspace = true
[INFO] [stderr]    | ----------
[INFO] [stderr]    |
[INFO] [stderr]    = note: `cargo::redundant_homepage` is set to `warn` by default
[INFO] [stderr] help: consider removing `package.homepage`
[INFO] [stderr] warning: `spark-connect-rs` (manifest) generated 1 warning
[INFO] [stderr] warning: examples/Cargo.toml: unused manifest key: bin.5.required-feature
[INFO] [stderr] warning: `examples` (manifest) generated 1 warning
[INFO] [stderr]     Blocking waiting for file lock on package cache
[INFO] [stderr]     Blocking waiting for file lock on package cache
[ERROR] error running command: no output for 300 seconds
[INFO] testing sjrusso8/spark-connect-rs/bb520be066b48bfc1a6f712770003c7ec8c1adbc against 1.100.0-beta.1+cargoflags=--release for beta-release-1.100-2
[INFO] running `Command { std: "git" "clone" "/workspace/cache/git-repos/https%3A%2F%2Fgithub.com%2Fsjrusso8%2Fspark-connect-rs" "/workspace/builds/worker-3-tc2/source", kill_on_drop: false }`
[INFO] [stderr] Cloning into '/workspace/builds/worker-3-tc2/source'...
[INFO] [stderr] done.
[INFO] started tweaking git repo https://github.com/sjrusso8/spark-connect-rs
[INFO] finished tweaking git repo https://github.com/sjrusso8/spark-connect-rs
[INFO] tweaked toml for git repo https://github.com/sjrusso8/spark-connect-rs written to /workspace/builds/worker-3-tc2/source/Cargo.toml
[INFO] validating manifest of git repo https://github.com/sjrusso8/spark-connect-rs on toolchain 1.100.0-beta.1
[INFO] running `Command { std: CARGO_HOME="/workspace/cargo-home" RUSTUP_HOME="/workspace/rustup-home" "/workspace/cargo-home/bin/cargo" "+1.100.0-beta.1" "metadata" "--manifest-path" "Cargo.toml" "--no-deps", kill_on_drop: false }`
[INFO] crate git repo https://github.com/sjrusso8/spark-connect-rs already has a lockfile, it will not be regenerated
[INFO] running `Command { std: CARGO_HOME="/workspace/cargo-home" RUSTUP_HOME="/workspace/rustup-home" "/workspace/cargo-home/bin/cargo" "+1.100.0-beta.1" "fetch" "--manifest-path" "Cargo.toml", kill_on_drop: false }`
[INFO] [stderr] warning: `package.homepage` is redundant with `package.repository`
[INFO] [stderr]   --> crates/connect/Cargo.toml:25:1
[INFO] [stderr]    |
[INFO] [stderr] 25 | homepage.workspace = true
[INFO] [stderr]    | ^^^^^^^^
[INFO] [stderr] ...
[INFO] [stderr] 29 | repository.workspace = true
[INFO] [stderr]    | ----------
[INFO] [stderr]    |
[INFO] [stderr]    = note: `cargo::redundant_homepage` is set to `warn` by default
[INFO] [stderr] help: consider removing `package.homepage`
[INFO] [stderr] warning: `spark-connect-rs` (manifest) generated 1 warning
[INFO] [stderr] warning: examples/Cargo.toml: unused manifest key: bin.5.required-feature
[INFO] [stderr] warning: `examples` (manifest) generated 1 warning
[INFO] [stderr]     Blocking waiting for file lock on package cache
[INFO] [stderr]     Blocking waiting for file lock on package cache
[ERROR] error running command: no output for 300 seconds
[INFO] testing sjrusso8/spark-connect-rs/bb520be066b48bfc1a6f712770003c7ec8c1adbc against 1.100.0-beta.1+cargoflags=--release for beta-release-1.100-2
[INFO] running `Command { std: "git" "clone" "/workspace/cache/git-repos/https%3A%2F%2Fgithub.com%2Fsjrusso8%2Fspark-connect-rs" "/workspace/builds/worker-3-tc2/source", kill_on_drop: false }`
[INFO] [stderr] Cloning into '/workspace/builds/worker-3-tc2/source'...
[INFO] [stderr] done.
[INFO] started tweaking git repo https://github.com/sjrusso8/spark-connect-rs
[INFO] finished tweaking git repo https://github.com/sjrusso8/spark-connect-rs
[INFO] tweaked toml for git repo https://github.com/sjrusso8/spark-connect-rs written to /workspace/builds/worker-3-tc2/source/Cargo.toml
[INFO] validating manifest of git repo https://github.com/sjrusso8/spark-connect-rs on toolchain 1.100.0-beta.1
[INFO] running `Command { std: CARGO_HOME="/workspace/cargo-home" RUSTUP_HOME="/workspace/rustup-home" "/workspace/cargo-home/bin/cargo" "+1.100.0-beta.1" "metadata" "--manifest-path" "Cargo.toml" "--no-deps", kill_on_drop: false }`
[INFO] crate git repo https://github.com/sjrusso8/spark-connect-rs already has a lockfile, it will not be regenerated
[INFO] running `Command { std: CARGO_HOME="/workspace/cargo-home" RUSTUP_HOME="/workspace/rustup-home" "/workspace/cargo-home/bin/cargo" "+1.100.0-beta.1" "fetch" "--manifest-path" "Cargo.toml", kill_on_drop: false }`
[INFO] [stderr] warning: `package.homepage` is redundant with `package.repository`
[INFO] [stderr]   --> crates/connect/Cargo.toml:25:1
[INFO] [stderr]    |
[INFO] [stderr] 25 | homepage.workspace = true
[INFO] [stderr]    | ^^^^^^^^
[INFO] [stderr] ...
[INFO] [stderr] 29 | repository.workspace = true
[INFO] [stderr]    | ----------
[INFO] [stderr]    |
[INFO] [stderr]    = note: `cargo::redundant_homepage` is set to `warn` by default
[INFO] [stderr] help: consider removing `package.homepage`
[INFO] [stderr] warning: `spark-connect-rs` (manifest) generated 1 warning
[INFO] [stderr] warning: examples/Cargo.toml: unused manifest key: bin.5.required-feature
[INFO] [stderr] warning: `examples` (manifest) generated 1 warning
[INFO] [stderr]     Blocking waiting for file lock on package cache
[INFO] [stderr]     Blocking waiting for file lock on package cache
[ERROR] error running command: no output for 300 seconds
[INFO] testing sjrusso8/spark-connect-rs/bb520be066b48bfc1a6f712770003c7ec8c1adbc against 1.100.0-beta.1+cargoflags=--release for beta-release-1.100-2
[INFO] running `Command { std: "git" "clone" "/workspace/cache/git-repos/https%3A%2F%2Fgithub.com%2Fsjrusso8%2Fspark-connect-rs" "/workspace/builds/worker-3-tc2/source", kill_on_drop: false }`
[INFO] [stderr] Cloning into '/workspace/builds/worker-3-tc2/source'...
[INFO] [stderr] done.
[INFO] started tweaking git repo https://github.com/sjrusso8/spark-connect-rs
[INFO] finished tweaking git repo https://github.com/sjrusso8/spark-connect-rs
[INFO] tweaked toml for git repo https://github.com/sjrusso8/spark-connect-rs written to /workspace/builds/worker-3-tc2/source/Cargo.toml
[INFO] validating manifest of git repo https://github.com/sjrusso8/spark-connect-rs on toolchain 1.100.0-beta.1
[INFO] running `Command { std: CARGO_HOME="/workspace/cargo-home" RUSTUP_HOME="/workspace/rustup-home" "/workspace/cargo-home/bin/cargo" "+1.100.0-beta.1" "metadata" "--manifest-path" "Cargo.toml" "--no-deps", kill_on_drop: false }`
[INFO] crate git repo https://github.com/sjrusso8/spark-connect-rs already has a lockfile, it will not be regenerated
[INFO] running `Command { std: CARGO_HOME="/workspace/cargo-home" RUSTUP_HOME="/workspace/rustup-home" "/workspace/cargo-home/bin/cargo" "+1.100.0-beta.1" "fetch" "--manifest-path" "Cargo.toml", kill_on_drop: false }`
[INFO] [stderr] warning: `package.homepage` is redundant with `package.repository`
[INFO] [stderr]   --> crates/connect/Cargo.toml:25:1
[INFO] [stderr]    |
[INFO] [stderr] 25 | homepage.workspace = true
[INFO] [stderr]    | ^^^^^^^^
[INFO] [stderr] ...
[INFO] [stderr] 29 | repository.workspace = true
[INFO] [stderr]    | ----------
[INFO] [stderr]    |
[INFO] [stderr]    = note: `cargo::redundant_homepage` is set to `warn` by default
[INFO] [stderr] help: consider removing `package.homepage`
[INFO] [stderr] warning: `spark-connect-rs` (manifest) generated 1 warning
[INFO] [stderr] warning: examples/Cargo.toml: unused manifest key: bin.5.required-feature
[INFO] [stderr] warning: `examples` (manifest) generated 1 warning
[INFO] [stderr]     Blocking waiting for file lock on package cache
[INFO] [stderr]     Blocking waiting for file lock on package cache
[ERROR] error running command: no output for 300 seconds
[INFO] testing sjrusso8/spark-connect-rs/bb520be066b48bfc1a6f712770003c7ec8c1adbc against 1.100.0-beta.1+cargoflags=--release for beta-release-1.100-2
[INFO] running `Command { std: "git" "clone" "/workspace/cache/git-repos/https%3A%2F%2Fgithub.com%2Fsjrusso8%2Fspark-connect-rs" "/workspace/builds/worker-3-tc2/source", kill_on_drop: false }`
[INFO] [stderr] Cloning into '/workspace/builds/worker-3-tc2/source'...
[INFO] [stderr] done.
[INFO] started tweaking git repo https://github.com/sjrusso8/spark-connect-rs
[INFO] finished tweaking git repo https://github.com/sjrusso8/spark-connect-rs
[INFO] tweaked toml for git repo https://github.com/sjrusso8/spark-connect-rs written to /workspace/builds/worker-3-tc2/source/Cargo.toml
[INFO] validating manifest of git repo https://github.com/sjrusso8/spark-connect-rs on toolchain 1.100.0-beta.1
[INFO] running `Command { std: CARGO_HOME="/workspace/cargo-home" RUSTUP_HOME="/workspace/rustup-home" "/workspace/cargo-home/bin/cargo" "+1.100.0-beta.1" "metadata" "--manifest-path" "Cargo.toml" "--no-deps", kill_on_drop: false }`
[INFO] crate git repo https://github.com/sjrusso8/spark-connect-rs already has a lockfile, it will not be regenerated
[INFO] running `Command { std: CARGO_HOME="/workspace/cargo-home" RUSTUP_HOME="/workspace/rustup-home" "/workspace/cargo-home/bin/cargo" "+1.100.0-beta.1" "fetch" "--manifest-path" "Cargo.toml", kill_on_drop: false }`
[INFO] [stderr] warning: `package.homepage` is redundant with `package.repository`
[INFO] [stderr]   --> crates/connect/Cargo.toml:25:1
[INFO] [stderr]    |
[INFO] [stderr] 25 | homepage.workspace = true
[INFO] [stderr]    | ^^^^^^^^
[INFO] [stderr] ...
[INFO] [stderr] 29 | repository.workspace = true
[INFO] [stderr]    | ----------
[INFO] [stderr]    |
[INFO] [stderr]    = note: `cargo::redundant_homepage` is set to `warn` by default
[INFO] [stderr] help: consider removing `package.homepage`
[INFO] [stderr] warning: `spark-connect-rs` (manifest) generated 1 warning
[INFO] [stderr] warning: examples/Cargo.toml: unused manifest key: bin.5.required-feature
[INFO] [stderr] warning: `examples` (manifest) generated 1 warning
[INFO] [stderr]     Blocking waiting for file lock on package cache
[INFO] [stderr]     Blocking waiting for file lock on package cache
[INFO] running `Command { std: "docker" "create" "-v" "/var/lib/crater-agent-workspace/builds/worker-3-tc2/source:/opt/rustwide/workdir:ro,Z" "-v" "/var/lib/crater-agent-workspace/builds/worker-3-tc2/target:/opt/rustwide/target:rw,Z" "-v" "/var/lib/crater-agent-workspace/cargo-home:/opt/rustwide/cargo-home:ro,Z" "-v" "/var/lib/crater-agent-workspace/rustup-home:/opt/rustwide/rustup-home:ro,Z" "-m" "1610612736" "--network" "none" "ghcr.io/rust-lang/crates-build-env/linux@sha256:77db811e55d90add9212f6832c23229e3de5f1c1f9905e8cb07319ea15df73ac" "sleep" "infinity", kill_on_drop: false }`
[INFO] [stdout] fd4326fc48317acd34b15bd39c565400bbb0b1bb84b93566baa4f1e92db1bc93
[INFO] running `Command { std: "docker" "start" "fd4326fc48317acd34b15bd39c565400bbb0b1bb84b93566baa4f1e92db1bc93", kill_on_drop: false }`
[INFO] running `Command { std: "docker" "inspect" "fd4326fc48317acd34b15bd39c565400bbb0b1bb84b93566baa4f1e92db1bc93", kill_on_drop: false }`
[INFO] running `Command { std: "docker" "exec" "-e" "SOURCE_DIR=/opt/rustwide/workdir" "-e" "CARGO_HOME=/opt/rustwide/cargo-home" "-e" "RUSTUP_HOME=/opt/rustwide/rustup-home" "-e" "CARGO_TARGET_DIR=/opt/rustwide/target" "-w" "/opt/rustwide/workdir" "--user" "0:0" "fd4326fc48317acd34b15bd39c565400bbb0b1bb84b93566baa4f1e92db1bc93" "/opt/rustwide/cargo-home/bin/cargo" "+1.100.0-beta.1" "metadata" "--no-deps" "--format-version=1", kill_on_drop: false }`
[INFO] running `Command { std: "docker" "inspect" "fd4326fc48317acd34b15bd39c565400bbb0b1bb84b93566baa4f1e92db1bc93", kill_on_drop: false }`
[INFO] running `Command { std: "docker" "exec" "-e" "SOURCE_DIR=/opt/rustwide/workdir" "-e" "CARGO_HOME=/opt/rustwide/cargo-home" "-e" "RUSTUP_HOME=/opt/rustwide/rustup-home" "-e" "CARGO_TARGET_DIR=/opt/rustwide/target" "-e" "CARGO_INCREMENTAL=0" "-e" "RUST_BACKTRACE=full" "-e" "RUSTFLAGS=--cap-lints=warn" "-e" "RUSTDOCFLAGS=--cap-lints=warn" "-w" "/opt/rustwide/workdir" "--user" "0:0" "fd4326fc48317acd34b15bd39c565400bbb0b1bb84b93566baa4f1e92db1bc93" "/opt/rustwide/cargo-home/bin/cargo" "+1.100.0-beta.1" "build" "--frozen" "--message-format=json" "--release", kill_on_drop: false }`
[INFO] [stderr] warning: `package.homepage` is redundant with `package.repository`
[INFO] [stderr]   --> crates/connect/Cargo.toml:25:1
[INFO] [stderr]    |
[INFO] [stderr] 25 | homepage.workspace = true
[INFO] [stderr]    | ^^^^^^^^
[INFO] [stderr] ...
[INFO] [stderr] 29 | repository.workspace = true
[INFO] [stderr]    | ----------
[INFO] [stderr]    |
[INFO] [stderr]    = note: `cargo::redundant_homepage` is set to `warn` by default
[INFO] [stderr] help: consider removing `package.homepage`
[INFO] [stderr] warning: `spark-connect-rs` (manifest) generated 1 warning
[INFO] [stderr] warning: examples/Cargo.toml: unused manifest key: bin.5.required-feature
[INFO] [stderr] warning: `examples` (manifest) generated 1 warning
[INFO] [stderr]    Compiling proc-macro2 v1.0.95
[INFO] [stderr]    Compiling libc v0.2.172
[INFO] [stderr]    Compiling libm v0.2.7
[INFO] [stderr]    Compiling once_cell v1.18.0
[INFO] [stderr]    Compiling iana-time-zone v0.1.57
[INFO] [stderr]    Compiling anyhow v1.0.75
[INFO] [stderr]    Compiling num-traits v0.2.16
[INFO] [stderr]    Compiling num-bigint v0.4.4
[INFO] [stderr]    Compiling num-iter v0.1.43
[INFO] [stderr]    Compiling num-rational v0.4.1
[INFO] [stderr]    Compiling ahash v0.8.11
[INFO] [stderr]    Compiling arrow-schema v55.0.0
[INFO] [stderr]    Compiling either v1.12.0
[INFO] [stderr]    Compiling lexical-util v1.0.6
[INFO] [stderr]    Compiling serde v1.0.197
[INFO] [stderr]    Compiling semver v1.0.18
[INFO] [stderr]    Compiling itertools v0.12.1
[INFO] [stderr]    Compiling tracing-core v0.1.31
[INFO] [stderr]    Compiling icu_locid_transform_data v1.5.1
[INFO] [stderr]    Compiling http v0.2.12
[INFO] [stderr]    Compiling indexmap v2.9.0
[INFO] [stderr]    Compiling rustix v0.38.11
[INFO] [stderr]    Compiling icu_properties_data v1.5.1
[INFO] [stderr]    Compiling regex-syntax v0.7.5
[INFO] [stderr]    Compiling linux-raw-sys v0.4.5
[INFO] [stderr]    Compiling bytes v1.10.1
[INFO] [stderr]    Compiling prettyplease v0.2.14
[INFO] [stderr]    Compiling getrandom v0.3.2
[INFO] [stderr]    Compiling quote v1.0.40
[INFO] [stderr]    Compiling lexical-write-integer v1.0.5
[INFO] [stderr]    Compiling getrandom v0.2.10
[INFO] [stderr]    Compiling socket2 v0.5.9
[INFO] [stderr]    Compiling mio v1.0.2
[INFO] [stderr]    Compiling lexical-parse-integer v1.0.5
[INFO] [stderr]    Compiling syn v2.0.100
[INFO] [stderr]    Compiling icu_normalizer_data v1.5.1
[INFO] [stderr]    Compiling lexical-write-float v1.0.5
[INFO] [stderr]    Compiling lexical-parse-float v1.0.5
[INFO] [stderr]    Compiling http-body v0.4.6
[INFO] [stderr]    Compiling rand_core v0.6.4
[INFO] [stderr]    Compiling rustc_version v0.4.0
[INFO] [stderr]    Compiling aho-corasick v1.0.5
[INFO] [stderr]    Compiling fixedbitset v0.4.2
[INFO] [stderr]    Compiling strum v0.26.2
[INFO] [stderr]    Compiling num-integer v0.1.45
[INFO] [stderr]    Compiling num-complex v0.4.4
[INFO] [stderr]    Compiling half v2.6.0
[INFO] [stderr]    Compiling chrono v0.4.40
[INFO] [stderr]    Compiling regex-automata v0.3.8
[INFO] [stderr]    Compiling lexical-core v1.0.5
[INFO] [stderr]    Compiling petgraph v0.6.4
[INFO] [stderr]    Compiling flatbuffers v25.2.10
[INFO] [stderr]    Compiling atoi v2.0.0
[INFO] [stderr]    Compiling rand_chacha v0.3.1
[INFO] [stderr]    Compiling multimap v0.8.3
[INFO] [stderr]    Compiling serde_json v1.0.115
[INFO] [stderr]    Compiling csv-core v0.1.10
[INFO] [stderr]    Compiling axum v0.6.20
[INFO] [stderr]    Compiling rand v0.8.5
[INFO] [stderr]    Compiling rand_core v0.9.3
[INFO] [stderr]    Compiling regex-syntax v0.8.2
[INFO] [stderr]    Compiling simdutf8 v0.1.5
[INFO] [stderr]    Compiling uuid v1.16.0
[INFO] [stderr]    Compiling rand_chacha v0.9.0
[INFO] [stderr]    Compiling rand v0.9.1
[INFO] [stderr]    Compiling tower v0.5.1
[INFO] [stderr]    Compiling tempfile v3.8.0
[INFO] [stderr]    Compiling regex v1.9.5
[INFO] [stderr]    Compiling csv v1.2.2
[INFO] [stderr]    Compiling synstructure v0.13.1
[INFO] [stderr]    Compiling num v0.4.1
[INFO] [stderr]    Compiling arrow-buffer v55.0.0
[INFO] [stderr]    Compiling zerofrom-derive v0.1.6
[INFO] [stderr]    Compiling yoke-derive v0.7.5
[INFO] [stderr]    Compiling zerovec-derive v0.10.3
[INFO] [stderr]    Compiling tokio-macros v2.5.0
[INFO] [stderr]    Compiling displaydoc v0.2.5
[INFO] [stderr]    Compiling prost-derive v0.12.6
[INFO] [stderr]    Compiling tracing-attributes v0.1.26
[INFO] [stderr]    Compiling futures-macro v0.3.31
[INFO] [stderr]    Compiling icu_provider_macros v1.5.0
[INFO] [stderr]    Compiling strum_macros v0.26.2
[INFO] [stderr]    Compiling pin-project-internal v1.1.5
[INFO] [stderr]    Compiling async-trait v0.1.88
[INFO] [stderr]    Compiling async-stream-impl v0.3.6
[INFO] [stderr]    Compiling thiserror-impl v2.0.12
[INFO] [stderr]    Compiling arrow-data v55.0.0
[INFO] [stderr]    Compiling tokio v1.44.2
[INFO] [stderr]    Compiling async-stream v0.3.6
[INFO] [stderr]    Compiling futures-util v0.3.31
[INFO] [stderr]    Compiling tracing v0.1.37
[INFO] [stderr]    Compiling pin-project v1.1.5
[INFO] [stderr]    Compiling zerofrom v0.1.6
[INFO] [stderr]    Compiling arrow-array v55.0.0
[INFO] [stderr]    Compiling yoke v0.7.5
[INFO] [stderr]    Compiling thiserror v2.0.12
[INFO] [stderr]    Compiling zerovec v0.10.4
[INFO] [stderr]    Compiling prost v0.12.6
[INFO] [stderr]    Compiling comfy-table v7.1.1
[INFO] [stderr]    Compiling prost-types v0.12.6
[INFO] [stderr]    Compiling tinystr v0.7.6
[INFO] [stderr]    Compiling icu_locid v1.5.0
[INFO] [stderr]    Compiling icu_collections v1.5.0
[INFO] [stderr]    Compiling prost-build v0.12.6
[INFO] [stderr]    Compiling axum-core v0.3.4
[INFO] [stderr]    Compiling icu_provider v1.5.0
[INFO] [stderr]    Compiling tonic-build v0.11.0
[INFO] [stderr]    Compiling arrow-select v55.0.0
[INFO] [stderr]    Compiling arrow-ipc v55.0.0
[INFO] [stderr]    Compiling arrow-arith v55.0.0
[INFO] [stderr]    Compiling arrow-row v55.0.0
[INFO] [stderr]    Compiling icu_locid_transform v1.5.0
[INFO] [stderr]    Compiling spark-connect-rs v0.0.2 (/opt/rustwide/workdir/crates/connect)
[INFO] [stderr]    Compiling icu_properties v1.5.1
[INFO] [stderr]    Compiling tokio-util v0.7.8
[INFO] [stderr]    Compiling arrow-cast v55.0.0
[INFO] [stderr]    Compiling tokio-io-timeout v1.2.0
[INFO] [stderr]    Compiling h2 v0.3.26
[INFO] [stderr]    Compiling tower v0.4.13
[INFO] [stderr]    Compiling arrow-ord v55.0.0
[INFO] [stderr]    Compiling arrow-string v55.0.0
[INFO] [stderr]    Compiling icu_normalizer v1.5.0
[INFO] [stderr]    Compiling tokio-stream v0.1.17
[INFO] [stderr]    Compiling idna_adapter v1.2.0
[INFO] [stderr]    Compiling idna v1.0.3
[INFO] [stderr]    Compiling arrow-json v55.0.0
[INFO] [stderr]    Compiling arrow-csv v55.0.0
[INFO] [stderr]    Compiling hyper v0.14.32
[INFO] [stderr]    Compiling url v2.5.4
[INFO] [stderr]    Compiling arrow v55.0.0
[INFO] [stderr] error: could not compile `arrow-ord` (lib)
[INFO] [stderr] 
[INFO] [stderr] Caused by:
[INFO] [stderr]   process didn't exit successfully: `/opt/rustwide/rustup-home/toolchains/1.100.0-beta.1-x86_64-unknown-linux-gnu/bin/rustc --crate-name arrow_ord --edition=2021 /opt/rustwide/cargo-home/registry/src/index.crates.io-1949cf8c6b5b557f/arrow-ord-55.0.0/src/lib.rs --error-format=json --json=diagnostic-rendered-ansi,artifacts,future-incompat,unused-externs-silent --crate-type lib --emit=dep-info,metadata,link -C opt-level=3 -C embed-bitcode=no --check-cfg 'cfg(docsrs,test)' --check-cfg 'cfg(feature, values())' -C metadata=e2ed15d5f431cb5f -C extra-filename=-6e58a30743def962 --out-dir /opt/rustwide/target/release/build/arrow-ord/6e58a30743def962/out -C strip=debuginfo -L dependency=/opt/rustwide/target/release/build/ahash/fe9c86923d4b2103/out -L dependency=/opt/rustwide/target/release/build/arrow-array/9568c0b4b3f5fb46/out -L dependency=/opt/rustwide/target/release/build/arrow-buffer/caf4d138df75c207/out -L dependency=/opt/rustwide/target/release/build/arrow-data/6957e800fa56ddfe/out -L dependency=/opt/rustwide/target/release/build/arrow-schema/65e0f6715bb53a41/out -L dependency=/opt/rustwide/target/release/build/bytes/8e96b21583e366fa/out -L dependency=/opt/rustwide/target/release/build/cfg-if/193575a6b29a3ab9/out -L dependency=/opt/rustwide/target/release/build/chrono/36447e3c96cc918a/out -L dependency=/opt/rustwide/target/release/build/getrandom/81bd243f9035f858/out -L dependency=/opt/rustwide/target/release/build/half/a47221f11cd61fd6/out -L dependency=/opt/rustwide/target/release/build/hashbrown/866a6b85555eac9d/out -L dependency=/opt/rustwide/target/release/build/iana-time-zone/15d0ddd995693048/out -L dependency=/opt/rustwide/target/release/build/libc/497dc2e61057816d/out -L dependency=/opt/rustwide/target/release/build/libm/4ea31e437f5281b6/out -L dependency=/opt/rustwide/target/release/build/num-bigint/38e1216ce0ec2adf/out -L dependency=/opt/rustwide/target/release/build/num-complex/c72c3ed817fc4a24/out -L dependency=/opt/rustwide/target/release/build/num-integer/0144d35b9ff185d5/out -L dependency=/opt/rustwide/target/release/build/num-iter/7299101fe461d740/out -L dependency=/opt/rustwide/target/release/build/num-rational/688d0265893a79e9/out -L dependency=/opt/rustwide/target/release/build/num-traits/75d202a7575d6cf6/out -L dependency=/opt/rustwide/target/release/build/num/0dd9b0e9fc9296c2/out -L dependency=/opt/rustwide/target/release/build/once_cell/fea566fa5e4a55ed/out -L dependency=/opt/rustwide/target/release/build/zerocopy/8d43f704d862c0ec/out --extern arrow_array=/opt/rustwide/target/release/build/arrow-array/9568c0b4b3f5fb46/out/libarrow_array-9568c0b4b3f5fb46.rmeta --extern arrow_buffer=/opt/rustwide/target/release/build/arrow-buffer/caf4d138df75c207/out/libarrow_buffer-caf4d138df75c207.rmeta --extern arrow_data=/opt/rustwide/target/release/build/arrow-data/6957e800fa56ddfe/out/libarrow_data-6957e800fa56ddfe.rmeta --extern arrow_schema=/opt/rustwide/target/release/build/arrow-schema/65e0f6715bb53a41/out/libarrow_schema-65e0f6715bb53a41.rmeta --extern arrow_select=/opt/rustwide/target/release/build/arrow-select/4f7df80779967388/out/libarrow_select-4f7df80779967388.rmeta --cap-lints allow --cap-lints=warn --force-warn=unused_crate_dependencies` (signal: 9, SIGKILL: kill)
[INFO] [stderr] warning: build failed, waiting for other jobs to finish...
[INFO] [stderr] error: could not compile `arrow-cast` (lib)
[INFO] [stderr] 
[INFO] [stderr] Caused by:
[INFO] [stderr]   process didn't exit successfully: `/opt/rustwide/rustup-home/toolchains/1.100.0-beta.1-x86_64-unknown-linux-gnu/bin/rustc --crate-name arrow_cast --edition=2021 /opt/rustwide/cargo-home/registry/src/index.crates.io-1949cf8c6b5b557f/arrow-cast-55.0.0/src/lib.rs --error-format=json --json=diagnostic-rendered-ansi,artifacts,future-incompat,unused-externs-silent --crate-type lib --emit=dep-info,metadata,link -C opt-level=3 -C embed-bitcode=no --cfg 'feature="comfy-table"' --cfg 'feature="prettyprint"' --check-cfg 'cfg(docsrs,test)' --check-cfg 'cfg(feature, values("comfy-table", "force_validate", "prettyprint"))' -C metadata=e730a6f7a5489bcb -C extra-filename=-4a4bd9b9b2319b09 --out-dir /opt/rustwide/target/release/build/arrow-cast/4a4bd9b9b2319b09/out -C strip=debuginfo -L dependency=/opt/rustwide/target/release/build/ahash/fe9c86923d4b2103/out -L dependency=/opt/rustwide/target/release/build/arrow-array/9568c0b4b3f5fb46/out -L dependency=/opt/rustwide/target/release/build/arrow-buffer/caf4d138df75c207/out -L dependency=/opt/rustwide/target/release/build/arrow-data/6957e800fa56ddfe/out -L dependency=/opt/rustwide/target/release/build/arrow-schema/65e0f6715bb53a41/out -L dependency=/opt/rustwide/target/release/build/bytes/8e96b21583e366fa/out -L dependency=/opt/rustwide/target/release/build/cfg-if/193575a6b29a3ab9/out -L dependency=/opt/rustwide/target/release/build/chrono/36447e3c96cc918a/out -L dependency=/opt/rustwide/target/release/build/getrandom/81bd243f9035f858/out -L dependency=/opt/rustwide/target/release/build/half/a47221f11cd61fd6/out -L dependency=/opt/rustwide/target/release/build/hashbrown/866a6b85555eac9d/out -L dependency=/opt/rustwide/target/release/build/iana-time-zone/15d0ddd995693048/out -L dependency=/opt/rustwide/target/release/build/lexical-parse-float/73a0f46f932b998e/out -L dependency=/opt/rustwide/target/release/build/lexical-parse-integer/f49cf67aef24f116/out -L dependency=/opt/rustwide/target/release/build/lexical-util/f1f16726348f96e0/out -L dependency=/opt/rustwide/target/release/build/lexical-write-float/b61fbf393218c74f/out -L dependency=/opt/rustwide/target/release/build/lexical-write-integer/3a0bec3cfe85aa8a/out -L dependency=/opt/rustwide/target/release/build/libc/497dc2e61057816d/out -L dependency=/opt/rustwide/target/release/build/libm/4ea31e437f5281b6/out -L dependency=/opt/rustwide/target/release/build/num-bigint/38e1216ce0ec2adf/out -L dependency=/opt/rustwide/target/release/build/num-complex/c72c3ed817fc4a24/out -L dependency=/opt/rustwide/target/release/build/num-integer/0144d35b9ff185d5/out -L dependency=/opt/rustwide/target/release/build/num-iter/7299101fe461d740/out -L dependency=/opt/rustwide/target/release/build/num-rational/688d0265893a79e9/out -L dependency=/opt/rustwide/target/release/build/num-traits/75d202a7575d6cf6/out -L dependency=/opt/rustwide/target/release/build/num/0dd9b0e9fc9296c2/out -L dependency=/opt/rustwide/target/release/build/once_cell/fea566fa5e4a55ed/out -L dependency=/opt/rustwide/target/release/build/static_assertions/306fc8cfb43dc741/out -L dependency=/opt/rustwide/target/release/build/strum/809042195687a329/out -L dependency=/opt/rustwide/target/release/build/strum_macros/aadb91d741785038/out -L dependency=/opt/rustwide/target/release/build/unicode-width/ea791f740d5f4cd5/out -L dependency=/opt/rustwide/target/release/build/zerocopy/8d43f704d862c0ec/out --extern arrow_array=/opt/rustwide/target/release/build/arrow-array/9568c0b4b3f5fb46/out/libarrow_array-9568c0b4b3f5fb46.rmeta --extern arrow_buffer=/opt/rustwide/target/release/build/arrow-buffer/caf4d138df75c207/out/libarrow_buffer-caf4d138df75c207.rmeta --extern arrow_data=/opt/rustwide/target/release/build/arrow-data/6957e800fa56ddfe/out/libarrow_data-6957e800fa56ddfe.rmeta --extern arrow_schema=/opt/rustwide/target/release/build/arrow-schema/65e0f6715bb53a41/out/libarrow_schema-65e0f6715bb53a41.rmeta --extern arrow_select=/opt/rustwide/target/release/build/arrow-select/4f7df80779967388/out/libarrow_select-4f7df80779967388.rmeta --extern atoi=/opt/rustwide/target/release/build/atoi/63d900ba593711c5/out/libatoi-63d900ba593711c5.rmeta --extern base64=/opt/rustwide/target/release/build/base64/5ba8d8f2fe9c6ccd/out/libbase64-5ba8d8f2fe9c6ccd.rmeta --extern chrono=/opt/rustwide/target/release/build/chrono/36447e3c96cc918a/out/libchrono-36447e3c96cc918a.rmeta --extern comfy_table=/opt/rustwide/target/release/build/comfy-table/4c64e3633714fb1c/out/libcomfy_table-4c64e3633714fb1c.rmeta --extern half=/opt/rustwide/target/release/build/half/a47221f11cd61fd6/out/libhalf-a47221f11cd61fd6.rmeta --extern lexical_core=/opt/rustwide/target/release/build/lexical-core/734d8a9c7b492846/out/liblexical_core-734d8a9c7b492846.rmeta --extern num=/opt/rustwide/target/release/build/num/0dd9b0e9fc9296c2/out/libnum-0dd9b0e9fc9296c2.rmeta --extern ryu=/opt/rustwide/target/release/build/ryu/4a7e0d6b878f3012/out/libryu-4a7e0d6b878f3012.rmeta --cap-lints allow --cap-lints=warn --force-warn=unused_crate_dependencies` (signal: 9, SIGKILL: kill)
[INFO] running `Command { std: "docker" "inspect" "fd4326fc48317acd34b15bd39c565400bbb0b1bb84b93566baa4f1e92db1bc93", kill_on_drop: false }`
[INFO] running `Command { std: "docker" "rm" "-f" "fd4326fc48317acd34b15bd39c565400bbb0b1bb84b93566baa4f1e92db1bc93", kill_on_drop: false }`
[INFO] [stdout] fd4326fc48317acd34b15bd39c565400bbb0b1bb84b93566baa4f1e92db1bc93
