[INFO] cloning repository https://github.com/roscore/razer-chroma-mcp
[INFO] running `Command { std: "git" "-c" "credential.helper=" "-c" "credential.helper=/workspace/cargo-home/bin/git-credential-null" "clone" "--bare" "https://github.com/roscore/razer-chroma-mcp" "/workspace/cache/git-repos/https%3A%2F%2Fgithub.com%2Froscore%2Frazer-chroma-mcp", kill_on_drop: false }`
[INFO] [stderr] Cloning into bare repository '/workspace/cache/git-repos/https%3A%2F%2Fgithub.com%2Froscore%2Frazer-chroma-mcp'...
[INFO] running `Command { std: "git" "rev-parse" "HEAD", kill_on_drop: false }`
[INFO] [stdout] 4ee456f548ad48d418d0e13c69a89e8f585df31f
[INFO] testing roscore/razer-chroma-mcp against 1.99.0-beta.8+cargoflags=--release for beta-release-1.100-2
[INFO] running `Command { std: "git" "clone" "/workspace/cache/git-repos/https%3A%2F%2Fgithub.com%2Froscore%2Frazer-chroma-mcp" "/workspace/builds/worker-1-tc1/source", kill_on_drop: false }`
[INFO] [stderr] Cloning into '/workspace/builds/worker-1-tc1/source'...
[INFO] [stderr] done.
[INFO] started tweaking git repo https://github.com/roscore/razer-chroma-mcp
[INFO] finished tweaking git repo https://github.com/roscore/razer-chroma-mcp
[INFO] tweaked toml for git repo https://github.com/roscore/razer-chroma-mcp written to /workspace/builds/worker-1-tc1/source/Cargo.toml
[INFO] validating manifest of git repo https://github.com/roscore/razer-chroma-mcp on toolchain 1.99.0-beta.8
[INFO] running `Command { std: CARGO_HOME="/workspace/cargo-home" RUSTUP_HOME="/workspace/rustup-home" "/workspace/cargo-home/bin/cargo" "+1.99.0-beta.8" "metadata" "--manifest-path" "Cargo.toml" "--no-deps", kill_on_drop: false }`
[INFO] crate git repo https://github.com/roscore/razer-chroma-mcp already has a lockfile, it will not be regenerated
[INFO] running `Command { std: CARGO_HOME="/workspace/cargo-home" RUSTUP_HOME="/workspace/rustup-home" "/workspace/cargo-home/bin/cargo" "+1.99.0-beta.8" "fetch" "--manifest-path" "Cargo.toml", kill_on_drop: false }`
[INFO] [stderr]  Downloading crates ...
[INFO] [stderr]   Downloaded rmcp-macros v1.5.0
[INFO] [stderr]   Downloaded rmcp v1.5.0
[INFO] running `Command { std: "docker" "create" "-v" "/var/lib/crater-agent-workspace/builds/worker-1-tc1/source:/opt/rustwide/workdir:ro,Z" "-v" "/var/lib/crater-agent-workspace/builds/worker-1-tc1/target:/opt/rustwide/target:rw,Z" "-v" "/var/lib/crater-agent-workspace/cargo-home:/opt/rustwide/cargo-home:ro,Z" "-v" "/var/lib/crater-agent-workspace/rustup-home:/opt/rustwide/rustup-home:ro,Z" "-m" "1610612736" "--network" "none" "ghcr.io/rust-lang/crates-build-env/linux@sha256:77db811e55d90add9212f6832c23229e3de5f1c1f9905e8cb07319ea15df73ac" "sleep" "infinity", kill_on_drop: false }`
[INFO] [stdout] 4df355cdf8dfcf3af2e39371365c937b9d8eae7987faaeee193deb65c9fe4228
[INFO] running `Command { std: "docker" "start" "4df355cdf8dfcf3af2e39371365c937b9d8eae7987faaeee193deb65c9fe4228", kill_on_drop: false }`
[INFO] running `Command { std: "docker" "inspect" "4df355cdf8dfcf3af2e39371365c937b9d8eae7987faaeee193deb65c9fe4228", kill_on_drop: false }`
[INFO] running `Command { std: "docker" "exec" "-e" "SOURCE_DIR=/opt/rustwide/workdir" "-e" "CARGO_HOME=/opt/rustwide/cargo-home" "-e" "RUSTUP_HOME=/opt/rustwide/rustup-home" "-e" "CARGO_TARGET_DIR=/opt/rustwide/target" "-w" "/opt/rustwide/workdir" "--user" "0:0" "4df355cdf8dfcf3af2e39371365c937b9d8eae7987faaeee193deb65c9fe4228" "/opt/rustwide/cargo-home/bin/cargo" "+1.99.0-beta.8" "metadata" "--no-deps" "--format-version=1", kill_on_drop: false }`
[INFO] running `Command { std: "docker" "inspect" "4df355cdf8dfcf3af2e39371365c937b9d8eae7987faaeee193deb65c9fe4228", kill_on_drop: false }`
[INFO] running `Command { std: "docker" "exec" "-e" "SOURCE_DIR=/opt/rustwide/workdir" "-e" "CARGO_HOME=/opt/rustwide/cargo-home" "-e" "RUSTUP_HOME=/opt/rustwide/rustup-home" "-e" "CARGO_TARGET_DIR=/opt/rustwide/target" "-e" "CARGO_INCREMENTAL=0" "-e" "RUST_BACKTRACE=full" "-e" "RUSTFLAGS=--cap-lints=warn" "-e" "RUSTDOCFLAGS=--cap-lints=warn" "-w" "/opt/rustwide/workdir" "--user" "0:0" "4df355cdf8dfcf3af2e39371365c937b9d8eae7987faaeee193deb65c9fe4228" "/opt/rustwide/cargo-home/bin/cargo" "+1.99.0-beta.8" "build" "--frozen" "--message-format=json" "--release", kill_on_drop: false }`
[INFO] [stderr]    Compiling proc-macro2 v1.0.106
[INFO] [stderr]    Compiling quote v1.0.45
[INFO] [stderr]    Compiling libc v0.2.185
[INFO] [stderr]    Compiling itoa v1.0.18
[INFO] [stderr]    Compiling stable_deref_trait v1.2.1
[INFO] [stderr]    Compiling futures-core v0.3.32
[INFO] [stderr]    Compiling bytes v1.11.1
[INFO] [stderr]    Compiling memchr v2.8.0
[INFO] [stderr]    Compiling futures-sink v0.3.32
[INFO] [stderr]    Compiling futures-task v0.3.32
[INFO] [stderr]    Compiling zmij v1.0.21
[INFO] [stderr]    Compiling slab v0.4.12
[INFO] [stderr]    Compiling shlex v1.3.0
[INFO] [stderr]    Compiling smallvec v1.15.1
[INFO] [stderr]    Compiling futures-io v0.3.32
[INFO] [stderr]    Compiling find-msvc-tools v0.1.9
[INFO] [stderr]    Compiling serde_core v1.0.228
[INFO] [stderr]    Compiling futures-channel v0.3.32
[INFO] [stderr]    Compiling tracing-core v0.1.36
[INFO] [stderr]    Compiling litemap v0.8.2
[INFO] [stderr]    Compiling writeable v0.6.3
[INFO] [stderr]    Compiling cc v1.2.60
[INFO] [stderr]    Compiling zeroize v1.8.2
[INFO] [stderr]    Compiling icu_properties_data v2.2.0
[INFO] [stderr]    Compiling icu_normalizer_data v2.2.0
[INFO] [stderr]    Compiling serde v1.0.228
[INFO] [stderr]    Compiling utf8_iter v1.0.4
[INFO] [stderr]    Compiling untrusted v0.9.0
[INFO] [stderr]    Compiling httparse v1.10.1
[INFO] [stderr]    Compiling autocfg v1.5.0
[INFO] [stderr]    Compiling percent-encoding v2.3.2
[INFO] [stderr]    Compiling rustls-pki-types v1.14.0
[INFO] [stderr]    Compiling ident_case v1.0.1
[INFO] [stderr]    Compiling rustls v0.23.38
[INFO] [stderr]    Compiling tower-service v0.3.3
[INFO] [stderr]    Compiling try-lock v0.2.5
[INFO] [stderr]    Compiling strsim v0.11.1
[INFO] [stderr]    Compiling serde_json v1.0.149
[INFO] [stderr]    Compiling want v0.3.1
[INFO] [stderr]    Compiling log v0.4.29
[INFO] [stderr]    Compiling num-traits v0.2.19
[INFO] [stderr]    Compiling ref-cast v1.0.25
[INFO] [stderr]    Compiling crossbeam-utils v0.8.21
[INFO] [stderr]    Compiling thiserror v2.0.18
[INFO] [stderr]    Compiling subtle v2.6.1
[INFO] [stderr]    Compiling regex-syntax v0.8.10
[INFO] [stderr]    Compiling http v1.4.0
[INFO] [stderr]    Compiling form_urlencoded v1.2.2
[INFO] [stderr]    Compiling syn v2.0.117
[INFO] [stderr]    Compiling sync_wrapper v1.0.2
[INFO] [stderr]    Compiling ipnet v2.12.0
[INFO] [stderr]    Compiling powerfmt v0.2.0
[INFO] [stderr]    Compiling lazy_static v1.5.0
[INFO] [stderr]    Compiling base64 v0.22.1
[INFO] [stderr]    Compiling iana-time-zone v0.1.65
[INFO] [stderr]    Compiling tower-layer v0.3.3
[INFO] [stderr]    Compiling deranged v0.5.8
[INFO] [stderr]    Compiling sharded-slab v0.1.7
[INFO] [stderr]    Compiling webpki-roots v1.0.7
[INFO] [stderr]    Compiling errno v0.3.14
[INFO] [stderr]    Compiling mio v1.2.0
[INFO] [stderr]    Compiling socket2 v0.6.3
[INFO] [stderr]    Compiling signal-hook-registry v1.4.8
[INFO] [stderr]    Compiling getrandom v0.2.17
[INFO] [stderr]    Compiling tracing-log v0.2.0
[INFO] [stderr]    Compiling thread_local v1.1.9
[INFO] [stderr]    Compiling bitflags v2.11.1
[INFO] [stderr]    Compiling rmcp v1.5.0
[INFO] [stderr]    Compiling anyhow v1.0.102
[INFO] [stderr]    Compiling ring v0.17.14
[INFO] [stderr]    Compiling num-conv v0.2.1
[INFO] [stderr]    Compiling nu-ansi-term v0.50.3
[INFO] [stderr]    Compiling dyn-clone v1.0.20
[INFO] [stderr]    Compiling ryu v1.0.23
[INFO] [stderr]    Compiling time-core v0.1.8
[INFO] [stderr]    Compiling iri-string v0.7.12
[INFO] [stderr]    Compiling http-body v1.0.1
[INFO] [stderr]    Compiling clap_builder v4.6.0
[INFO] [stderr]    Compiling pastey v0.2.1
[INFO] [stderr]    Compiling http-body-util v0.1.3
[INFO] [stderr]    Compiling crossbeam-channel v0.5.15
[INFO] [stderr]    Compiling regex-automata v0.4.14
[INFO] [stderr]    Compiling time v0.3.47
[INFO] [stderr]    Compiling synstructure v0.13.2
[INFO] [stderr]    Compiling darling_core v0.23.0
[INFO] [stderr]    Compiling serde_derive_internals v0.29.1
[INFO] [stderr]    Compiling zerovec-derive v0.11.3
[INFO] [stderr]    Compiling displaydoc v0.2.5
[INFO] [stderr]    Compiling tokio-macros v2.7.0
[INFO] [stderr]    Compiling futures-macro v0.3.32
[INFO] [stderr]    Compiling tracing-attributes v0.1.31
[INFO] [stderr]    Compiling serde_derive v1.0.228
[INFO] [stderr]    Compiling thiserror-impl v2.0.18
[INFO] [stderr]    Compiling ref-cast-impl v1.0.25
[INFO] [stderr]    Compiling schemars_derive v1.2.1
[INFO] [stderr]    Compiling zerofrom-derive v0.1.7
[INFO] [stderr]    Compiling yoke-derive v0.8.2
[INFO] [stderr]    Compiling tokio v1.52.1
[INFO] [stderr]    Compiling matchers v0.2.0
[INFO] [stderr]    Compiling async-trait v0.1.89
[INFO] [stderr]    Compiling clap_derive v4.6.1
[INFO] [stderr]    Compiling futures-util v0.3.32
[INFO] [stderr]    Compiling tracing v0.1.44
[INFO] [stderr]    Compiling thiserror-impl v1.0.69
[INFO] [stderr]    Compiling zerofrom v0.1.7
[INFO] [stderr]    Compiling tracing-subscriber v0.3.23
[INFO] [stderr]    Compiling yoke v0.8.2
[INFO] [stderr]    Compiling zerovec v0.11.6
[INFO] [stderr]    Compiling zerotrie v0.2.4
[INFO] [stderr]    Compiling darling_macro v0.23.0
[INFO] [stderr]    Compiling darling v0.23.0
[INFO] [stderr]    Compiling rmcp-macros v1.5.0
[INFO] [stderr]    Compiling tinystr v0.8.3
[INFO] [stderr]    Compiling potential_utf v0.1.5
[INFO] [stderr]    Compiling icu_collections v2.2.0
[INFO] [stderr]    Compiling icu_locale_core v2.2.0
[INFO] [stderr]    Compiling thiserror v1.0.69
[INFO] [stderr]    Compiling clap v4.6.1
[INFO] [stderr]    Compiling icu_provider v2.2.0
[INFO] [stderr]    Compiling tracing-appender v0.2.4
[INFO] [stderr]    Compiling icu_normalizer v2.2.0
[INFO] [stderr]    Compiling icu_properties v2.2.0
[INFO] [stderr]    Compiling chrono v0.4.44
[INFO] [stderr]    Compiling serde_urlencoded v0.7.1
[INFO] [stderr]    Compiling futures-executor v0.3.32
[INFO] [stderr]    Compiling futures v0.3.32
[INFO] [stderr]    Compiling idna_adapter v1.2.1
[INFO] [stderr]    Compiling idna v1.1.0
[INFO] [stderr]    Compiling schemars v1.2.1
[INFO] [stderr]    Compiling url v2.5.8
[INFO] [stderr]    Compiling hyper v1.9.0
[INFO] [stderr]    Compiling tower v0.5.3
[INFO] [stderr]    Compiling tokio-util v0.7.18
[INFO] [stderr]    Compiling tower-http v0.6.8
[INFO] [stderr]    Compiling hyper-util v0.1.20
[INFO] [stderr]    Compiling rustls-webpki v0.103.12
[INFO] [stderr]    Compiling tokio-rustls v0.26.4
[INFO] [stderr]    Compiling hyper-rustls v0.27.9
[INFO] [stderr]    Compiling reqwest v0.12.28
[INFO] [stderr]    Compiling razer-chroma-mcp v0.1.0 (/opt/rustwide/workdir)
[INFO] [stderr]     Finished `release` profile [optimized] target(s) in 2m 59s
[INFO] running `Command { std: "docker" "inspect" "4df355cdf8dfcf3af2e39371365c937b9d8eae7987faaeee193deb65c9fe4228", kill_on_drop: false }`
[INFO] running `Command { std: "docker" "exec" "-e" "SOURCE_DIR=/opt/rustwide/workdir" "-e" "CARGO_HOME=/opt/rustwide/cargo-home" "-e" "RUSTUP_HOME=/opt/rustwide/rustup-home" "-e" "CARGO_TARGET_DIR=/opt/rustwide/target" "-e" "CARGO_INCREMENTAL=0" "-e" "RUST_BACKTRACE=full" "-e" "RUSTFLAGS=--cap-lints=warn" "-e" "RUSTDOCFLAGS=--cap-lints=warn" "-w" "/opt/rustwide/workdir" "--user" "0:0" "4df355cdf8dfcf3af2e39371365c937b9d8eae7987faaeee193deb65c9fe4228" "/opt/rustwide/cargo-home/bin/cargo" "+1.99.0-beta.8" "test" "--frozen" "--no-run" "--message-format=json" "--release", kill_on_drop: false }`
[INFO] [stderr]    Compiling equivalent v1.0.2
[INFO] [stderr]    Compiling hashbrown v0.17.0
[INFO] [stderr]    Compiling aho-corasick v1.1.4
[INFO] [stderr]    Compiling regex-syntax v0.8.10
[INFO] [stderr]    Compiling tokio v1.52.1
[INFO] [stderr]    Compiling futures-util v0.3.32
[INFO] [stderr]    Compiling bitflags v2.11.1
[INFO] [stderr]    Compiling httpdate v1.0.3
[INFO] [stderr]    Compiling getrandom v0.4.2
[INFO] [stderr]    Compiling num_cpus v1.17.0
[INFO] [stderr]    Compiling fastrand v2.4.1
[INFO] [stderr]    Compiling deadpool-runtime v0.1.4
[INFO] [stderr]    Compiling assert-json-diff v2.0.2
[INFO] [stderr]    Compiling console v0.16.3
[INFO] [stderr]    Compiling similar v2.7.0
[INFO] [stderr]    Compiling filetime v0.2.27
[INFO] [stderr]    Compiling rustix v1.1.4
[INFO] [stderr]    Compiling indexmap v2.14.0
[INFO] [stderr]    Compiling regex-automata v0.4.14
[INFO] [stderr]    Compiling tempfile v3.27.0
[INFO] [stderr]    Compiling insta v1.47.2
[INFO] [stderr]    Compiling futures-executor v0.3.32
[INFO] [stderr]    Compiling futures v0.3.32
[INFO] [stderr]    Compiling tokio-util v0.7.18
[INFO] [stderr]    Compiling tower v0.5.3
[INFO] [stderr]    Compiling tokio-rustls v0.26.4
[INFO] [stderr]    Compiling deadpool v0.12.3
[INFO] [stderr]    Compiling tower-http v0.6.8
[INFO] [stderr]    Compiling matchers v0.2.0
[INFO] [stderr]    Compiling regex v1.12.3
[INFO] [stderr]    Compiling tracing-subscriber v0.3.23
[INFO] [stderr]    Compiling h2 v0.4.13
[INFO] [stderr]    Compiling rmcp v1.5.0
[INFO] [stderr]    Compiling tracing-appender v0.2.4
[INFO] [stderr]    Compiling hyper v1.9.0
[INFO] [stderr]    Compiling hyper-util v0.1.20
[INFO] [stderr]    Compiling hyper-rustls v0.27.9
[INFO] [stderr]    Compiling wiremock v0.6.5
[INFO] [stderr]    Compiling reqwest v0.12.28
[INFO] [stderr]    Compiling razer-chroma-mcp v0.1.0 (/opt/rustwide/workdir)
[INFO] [stderr]     Finished `release` profile [optimized] target(s) in 4m 29s
[INFO] running `Command { std: "docker" "inspect" "4df355cdf8dfcf3af2e39371365c937b9d8eae7987faaeee193deb65c9fe4228", kill_on_drop: false }`
[INFO] running `Command { std: "docker" "exec" "-e" "SOURCE_DIR=/opt/rustwide/workdir" "-e" "CARGO_HOME=/opt/rustwide/cargo-home" "-e" "RUSTUP_HOME=/opt/rustwide/rustup-home" "-e" "CARGO_TARGET_DIR=/opt/rustwide/target" "-e" "CARGO_INCREMENTAL=0" "-e" "RUST_BACKTRACE=full" "-e" "RUSTFLAGS=--cap-lints=warn" "-e" "RUSTDOCFLAGS=--cap-lints=warn" "-w" "/opt/rustwide/workdir" "--user" "0:0" "4df355cdf8dfcf3af2e39371365c937b9d8eae7987faaeee193deb65c9fe4228" "/opt/rustwide/cargo-home/bin/cargo" "+1.99.0-beta.8" "test" "--frozen" "--release", kill_on_drop: false }`
[INFO] [stderr]     Finished `release` profile [optimized] target(s) in 0.33s
[INFO] [stderr]      Running unittests src/lib.rs (/opt/rustwide/target/release/deps/razer_chroma_mcp-373b6a92971b8f35)
[INFO] [stdout] 
[INFO] [stdout] running 102 tests
[INFO] [stdout] test chroma::color::tests::bgr_u32_round_trip ... ok
[INFO] [stdout] test chroma::color::tests::rejects_bad_length ... ok
[INFO] [stdout] test chroma::devices::tests::parse_is_case_insensitive ... ok
[INFO] [stdout] test chroma::effects::tests::keyboard_custom_serializes_as_6x22 ... ok
[INFO] [stdout] test chroma::color::tests::bgr_u32_black_is_zero ... ok
[INFO] [stdout] test chroma::color::tests::parses_long_hex ... ok
[INFO] [stdout] test chroma::color::tests::bgr_u32_packs_low_to_high ... ok
[INFO] [stdout] test chroma::client::tests::chroma_module_disabled_is_distinct_from_synapse_not_running ... ok
[INFO] [stdout] test chroma::devices::tests::keyboard_grid_is_6x22 ... ok
[INFO] [stdout] test chroma::effects::tests::validate_grid_rejects_wrong_size ... ok
[INFO] [stdout] test cli::uninstall::tests::missing_file_is_noop ... ok
[INFO] [stdout] test chroma::devices::tests::path_segment_stable ... ok
[INFO] [stdout] test chroma::color::tests::rejects_non_hex_chars ... ok
[INFO] [stdout] test cli::pattern::tests::unknown_pattern_returns_error ... ok
[INFO] [stdout] test cli::uninstall::tests::removes_our_key_and_preserves_others ... ok
[INFO] [stdout] test chroma::effects::tests::validate_grid_accepts_correct_size ... ok
[INFO] [stdout] test chroma::devices::tests::parse_rejects_unknown ... ok
[INFO] [stdout] test chroma::client::tests::connection_refused_maps_to_synapse_not_running ... ok
[INFO] [stdout] test chroma::color::tests::parses_case_insensitive ... ok
[INFO] [stdout] test chroma::color::tests::parses_short_hex ... ok
[INFO] [stdout] test chroma::color::tests::rejects_missing_hash ... ok
[INFO] [stdout] test config::paths::tests::has_entry_returns_false_when_key_absent ... ok
[INFO] [stdout] test config::paths::tests::has_entry_returns_none_on_missing_file ... ok
[INFO] [stdout] test config::merge::tests::non_object_mcp_servers_errors ... ok
[INFO] [stdout] test mcp::tools::tests::color_input_parses_hex ... ok
[INFO] [stdout] test config::paths::tests::has_entry_detects_mcp_servers_key ... ok
[INFO] [stdout] test mcp::tools::tests::color_input_parses_rgb_object ... ok
[INFO] [stdout] test mcp::tools::tests::signal_error_args_message_optional ... ok
[INFO] [stdout] test signals::controller::tests::cp_complete ... ok
[INFO] [stdout] test mcp::tools::tests::empty_args_deserializes_from_empty_object ... ok
[INFO] [stdout] test config::merge::tests::missing_file_creates_it ... ok
[INFO] [stdout] test config::merge::tests::bare_object_adds_mcp_servers ... ok
[INFO] [stdout] test signals::controller::tests::cp_lowlevel ... ok
[INFO] [stdout] test signals::controller::tests::cp_error ... ok
[INFO] [stdout] test signals::controller::tests::cp_needs_input ... ok
[INFO] [stdout] test signals::controller::tests::cp_thinking ... ok
[INFO] [stdout] test signals::controller::tests::cp_idle ... ok
[INFO] [stdout] test config::merge::tests::malformed_json_quarantines_and_errors ... ok
[INFO] [stdout] test signals::controller::tests::err_complete ... ok
[INFO] [stdout] test config::merge::tests::empty_file_treated_as_empty_object ... ok
[INFO] [stdout] test config::merge::tests::non_object_root_errors ... ok
[INFO] [stdout] test config::merge::tests::preserves_existing_other_servers ... ok
[INFO] [stdout] test signals::controller::tests::err_idle ... ok
[INFO] [stdout] test signals::controller::tests::err_needs_input ... ok
[INFO] [stdout] test signals::controller::tests::err_error ... ok
[INFO] [stdout] test signals::controller::tests::err_lowlevel ... ok
[INFO] [stdout] test signals::controller::tests::err_thinking ... ok
[INFO] [stdout] test signals::controller::tests::idle_complete ... ok
[INFO] [stdout] test signals::controller::tests::idle_idle ... ok
[INFO] [stdout] test signals::controller::tests::idle_error ... ok
[INFO] [stdout] test signals::controller::tests::idle_thinking ... ok
[INFO] [stdout] test signals::controller::tests::idle_lowlevel ... ok
[INFO] [stdout] test signals::controller::tests::ni_error ... ok
[INFO] [stdout] test signals::controller::tests::ni_complete ... ok
[INFO] [stdout] test signals::controller::tests::idle_needs_input ... ok
[INFO] [stdout] test signals::controller::tests::ni_idle ... ok
[INFO] [stdout] test signals::controller::tests::ni_lowlevel ... ok
[INFO] [stdout] test signals::controller::tests::ni_needs_input ... ok
[INFO] [stdout] test signals::controller::tests::ni_thinking ... ok
[INFO] [stdout] test signals::controller::tests::off_complete ... ok
[INFO] [stdout] test signals::controller::tests::off_error ... ok
[INFO] [stdout] test config::merge::tests::replaces_existing_entry_with_different_values ... ok
[INFO] [stdout] test signals::controller::tests::off_needs_input ... ok
[INFO] [stdout] test signals::controller::tests::th_idle ... ok
[INFO] [stdout] test signals::controller::tests::off_idle ... ok
[INFO] [stdout] test signals::controller::tests::th_lowlevel ... ok
[INFO] [stdout] test signals::controller::tests::th_needs_input ... ok
[INFO] [stdout] test signals::controller::tests::th_thinking ... ok
[INFO] [stdout] test signals::controller::tests::uc_complete ... ok
[INFO] [stdout] test signals::controller::tests::uc_error ... ok
[INFO] [stdout] test signals::controller::tests::uc_idle ... ok
[INFO] [stdout] test signals::controller::tests::off_lowlevel ... ok
[INFO] [stdout] test signals::controller::tests::uc_lowlevel ... ok
[INFO] [stdout] test signals::controller::tests::uc_needs_input ... ok
[INFO] [stdout] test signals::controller::tests::off_thinking ... ok
[INFO] [stdout] test signals::controller::tests::th_complete ... ok
[INFO] [stdout] test signals::controller::tests::th_error ... ok
[INFO] [stdout] test signals::palette::tests::scale_to_half_halves_channels ... ok
[INFO] [stdout] test signals::patterns::complete::tests::asterisk_has_lit_center_ray ... ok
[INFO] [stdout] test signals::patterns::complete::tests::asterisk_mask_is_6x22 ... ok
[INFO] [stdout] test signals::patterns::complete::tests::last_tick_returns_dark_frame ... ok
[INFO] [stdout] test signals::patterns::complete::tests::total_runs_approximately_1_8_seconds ... ok
[INFO] [stdout] test signals::palette::tests::lerp_endpoints_return_endpoints ... ok
[INFO] [stdout] test signals::patterns::needs_input::tests::stage1_produces_three_flashes_at_90_percent_within_900ms ... ok
[INFO] [stdout] test signals::patterns::needs_input::tests::stage2_breathing_amplitude_at_least_40_percent ... ok
[INFO] [stdout] test signals::patterns::needs_input::tests::stage3_accents_differ_from_base_on_counter_rhythm ... ok
[INFO] [stdout] test cli::uninstall::tests::no_entry_no_write ... ok
[INFO] [stdout] test signals::patterns::thinking::tests::brightness_stays_in_35_to_65_percent_band ... ok
[INFO] [stdout] test signals::patterns::thinking::tests::frame_is_6_by_22 ... ok
[INFO] [stdout] test signals::tests::as_persistent_returns_none_for_complete ... ok
[INFO] [stdout] test signals::tests::claudestate_is_copy_and_small ... ok
[INFO] [stdout] test signals::tests::persistent_round_trip ... ok
[INFO] [stdout] test signals::controller::tests::uc_thinking ... ok
[INFO] [stdout] test signals::inactivity::tests::bump_resets_elapsed ... ok
[INFO] [stdout] test signals::inactivity::tests::eligibility_excludes_thinking_and_needs_input ... ok
[INFO] [stdout] test signals::patterns::thinking::tests::is_animated_across_cycle ... ok
[INFO] [stdout] test chroma::effects::tests::static_effect_snapshot ... ok
[INFO] [stdout] test chroma::effects::tests::none_effect_snapshot ... ok
[INFO] [stdout] test chroma::effects::tests::breathing_two_colors_snapshot ... ok
[INFO] [stdout] test signals::palette::tests::scale_is_clamped ... ok
[INFO] [stdout] test config::merge::tests::idempotent_rerun_does_not_write ... ok
[INFO] [stdout] test config::merge::tests::backup_rotation_keeps_three ... ok
[INFO] [stdout] 
[INFO] [stdout] test result: ok. 102 passed; 0 failed; 0 ignored; 0 measured; 0 filtered out; finished in 0.09s
[INFO] [stdout] 
[INFO] [stderr]      Running unittests src/main.rs (/opt/rustwide/target/release/deps/razer_chroma_mcp-319d2c0cf3a2fab6)
[INFO] [stdout] 
[INFO] [stdout] running 2 tests
[INFO] [stdout] test tests::prune_is_silent_on_missing_dir ... ok
[INFO] [stdout] test tests::prune_removes_files_older_than_retention_window ... ok
[INFO] [stdout] 
[INFO] [stdout] test result: ok. 2 passed; 0 failed; 0 ignored; 0 measured; 0 filtered out; finished in 0.00s
[INFO] [stdout] 
[INFO] [stderr]      Running tests/chroma_client.rs (/opt/rustwide/target/release/deps/chroma_client-04380657e90883e8)
[INFO] [stdout] 
[INFO] [stdout] running 1 test
[INFO] [stdout] test init_session_returns_session_id_and_uri ... ok
[INFO] [stdout] 
[INFO] [stdout] test result: ok. 1 passed; 0 failed; 0 ignored; 0 measured; 0 filtered out; finished in 0.00s
[INFO] [stdout] 
[INFO] [stderr]      Running tests/chroma_session.rs (/opt/rustwide/target/release/deps/chroma_session-cc46f4b17abf9bb6)
[INFO] [stdout] 
[INFO] [stdout] running 1 test
[INFO] [stdout] test heartbeat_loop_retries_and_reconnects_after_three_failures ... ok
[INFO] [stdout] 
[INFO] [stdout] test result: ok. 1 passed; 0 failed; 0 ignored; 0 measured; 0 filtered out; finished in 0.33s
[INFO] [stdout] 
[INFO] [stderr]      Running tests/mcp_subprocess.rs (/opt/rustwide/target/release/deps/mcp_subprocess-a9f258874ec2ee78)
[INFO] [stdout] 
[INFO] [stdout] running 1 test
[INFO] [stderr] 
[INFO] [stderr] thread 'main' (4147) panicked at /opt/rustwide/cargo-home/registry/src/index.crates.io-1949cf8c6b5b557f/tracing-appender-0.2.4/src/rolling.rs:154:14:
[INFO] [stderr] initializing rolling file appender failed: InitError { context: "failed to create log directory", source: Os { code: 30, kind: ReadOnlyFilesystem, message: "Read-only file system" } }
[INFO] [stderr] stack backtrace:
[INFO] [stderr]    0:     0x5803c11768d6 - <unknown>
[INFO] [stderr]    1:     0x5803c0d81fca - <unknown>
[INFO] [stderr]    2:     0x5803c117e4dc - <unknown>
[INFO] [stderr]    3:     0x5803c11573e2 - <unknown>
[INFO] [stderr]    4:     0x5803c116d2e6 - <unknown>
[INFO] [stderr]    5:     0x5803c116d73b - <unknown>
[INFO] [stderr]    6:     0x5803c1157492 - <unknown>
[INFO] [stderr]    7:     0x5803c114fa89 - <unknown>
[INFO] [stderr]    8:     0x5803c1158acd - <unknown>
[INFO] [stderr]    9:     0x5803c0d826ec - <unknown>
[INFO] [stderr]   10:     0x5803c0d824c2 - <unknown>
[INFO] [stderr]   11:     0x5803c0f4fce4 - <unknown>
[INFO] [stderr]   12:     0x5803c0f36509 - <unknown>
[INFO] [stderr]   13:     0x5803c0f50ce6 - <unknown>
[INFO] [stderr]   14:     0x5803c0e96d83 - <unknown>
[INFO] [stderr]   15:     0x5803c0f25c9d - <unknown>
[INFO] [stderr]   16:     0x5803c116c8d0 - <unknown>
[INFO] [stderr]   17:     0x5803c0f8a9b5 - <unknown>
[INFO] [stderr]   18:     0x7c29aaf7e601 - <unknown>
[INFO] [stderr]   19:     0x7c29aaf7e718 - __libc_start_main
[INFO] [stderr]   20:     0x5803c0d33065 - <unknown>
[INFO] [stderr]   21:                0x0 - <unknown>
[INFO] [stdout] test get_session_status_round_trip ... FAILED
[INFO] [stdout] 
[INFO] [stdout] failures:
[INFO] [stdout] 
[INFO] [stdout] ---- get_session_status_round_trip stdout ----
[INFO] [stdout] 
[INFO] [stdout] thread 'get_session_status_round_trip' (4129) panicked at tests/mcp_subprocess.rs:27:5:
[INFO] [stdout] server closed stdout before sending a frame
[INFO] [stdout] stack backtrace:
[INFO] [stdout]    0:     0x5f2e8d97d8f6 - <unknown>
[INFO] [stdout]    1:     0x5f2e8d86768a - <unknown>
[INFO] [stdout]    2:     0x5f2e8d98340c - <unknown>
[INFO] [stdout]    3:     0x5f2e8d959772 - <unknown>
[INFO] [stdout]    4:     0x5f2e8d975841 - <unknown>
[INFO] [stdout]    5:     0x5f2e8d975c82 - <unknown>
[INFO] [stdout]    6:     0x5f2e8d959854 - <unknown>
[INFO] [stdout]    7:     0x5f2e8d9525d9 - <unknown>
[INFO] [stdout]    8:     0x5f2e8d95a68d - <unknown>
[INFO] [stdout]    9:     0x5f2e8d867dac - <unknown>
[INFO] [stdout]   10:     0x5f2e8d92bfca - <unknown>
[INFO] [stdout]   11:     0x5f2e8d8f7359 - <unknown>
[INFO] [stdout]   12:     0x5f2e8d92dab2 - <unknown>
[INFO] [stdout]   13:     0x5f2e8d98517b - <unknown>
[INFO] [stdout]   14:     0x5f2e8d9932d1 - <unknown>
[INFO] [stdout]   15:     0x5f2e8d98c9e4 - <unknown>
[INFO] [stdout]   16:     0x5f2e8d9970f2 - <unknown>
[INFO] [stdout]   17:     0x5f2e8d97cc3e - <unknown>
[INFO] [stdout]   18:     0x76a8d0998dfa - <unknown>
[INFO] [stdout]   19:     0x76a8d0a2c3d4 - clone
[INFO] [stdout]   20:                0x0 - <unknown>
[INFO] [stdout] 
[INFO] [stdout] 
[INFO] [stdout] failures:
[INFO] [stdout]     get_session_status_round_trip
[INFO] [stdout] 
[INFO] [stdout] test result: FAILED. 0 passed; 1 failed; 0 ignored; 0 measured; 0 filtered out; finished in 0.02s
[INFO] [stdout] 
[INFO] [stderr] error: test failed, to rerun pass `--test mcp_subprocess`
[INFO] running `Command { std: "docker" "inspect" "4df355cdf8dfcf3af2e39371365c937b9d8eae7987faaeee193deb65c9fe4228", kill_on_drop: false }`
[INFO] running `Command { std: "docker" "rm" "-f" "4df355cdf8dfcf3af2e39371365c937b9d8eae7987faaeee193deb65c9fe4228", kill_on_drop: false }`
[INFO] [stdout] 4df355cdf8dfcf3af2e39371365c937b9d8eae7987faaeee193deb65c9fe4228
